[INFO] fetching crate c6o-obsidian-export 21.9.0...
[INFO] checking c6o-obsidian-export-21.9.0 against nightly-2024-02-05 for check-cfg
[INFO] extracting crate c6o-obsidian-export 21.9.0 into /workspace/builds/worker-7-tc1/source
[INFO] validating manifest of crates.io crate c6o-obsidian-export 21.9.0 on toolchain nightly-2024-02-05
[INFO] running `Command { std: CARGO_HOME="/workspace/cargo-home" RUSTUP_HOME="/workspace/rustup-home" "/workspace/cargo-home/bin/cargo" "+nightly-2024-02-05" "metadata" "--manifest-path" "Cargo.toml" "--no-deps", kill_on_drop: false }`
[INFO] started tweaking crates.io crate c6o-obsidian-export 21.9.0
[INFO] finished tweaking crates.io crate c6o-obsidian-export 21.9.0
[INFO] tweaked toml for crates.io crate c6o-obsidian-export 21.9.0 written to /workspace/builds/worker-7-tc1/source/Cargo.toml
[INFO] crate crates.io crate c6o-obsidian-export 21.9.0 already has a lockfile, it will not be regenerated
[INFO] running `Command { std: CARGO_HOME="/workspace/cargo-home" RUSTUP_HOME="/workspace/rustup-home" "/workspace/cargo-home/bin/cargo" "+nightly-2024-02-05" "fetch" "--manifest-path" "Cargo.toml", kill_on_drop: false }`
[INFO] [stderr]     Updating crates.io index
[INFO] [stderr]  Downloading crates ...
[INFO] [stderr]   Downloaded pathdiff v0.2.0
[INFO] [stderr]   Downloaded matter v0.1.0-alpha4
[INFO] [stderr]   Downloaded globset v0.4.8
[INFO] [stderr]   Downloaded ctor v0.1.21
[INFO] [stderr]   Downloaded snafu-derive v0.6.10
[INFO] [stderr]   Downloaded serde_yaml v0.8.21
[INFO] [stderr]   Downloaded output_vt100 v0.1.2
[INFO] [stderr]   Downloaded diff v0.1.12
[INFO] [stderr]   Downloaded thread_local v1.1.3
[INFO] [stderr]   Downloaded snafu v0.6.10
[INFO] [stderr]   Downloaded syn v1.0.75
[INFO] [stderr]   Downloaded eyre v0.6.5
[INFO] [stderr]   Downloaded bstr v0.2.16
[INFO] [stderr]   Downloaded pulldown-cmark v0.8.0
[INFO] [stderr]   Downloaded gumdrop_derive v0.8.0
[INFO] [stderr]   Downloaded pulldown-cmark-to-cmark v6.0.3
[INFO] [stderr]   Downloaded gumdrop v0.8.0
[INFO] running `Command { std: "docker" "create" "-v" "/var/lib/crater-agent-workspace/builds/worker-7-tc1/target:/opt/rustwide/target:rw,Z" "-v" "/var/lib/crater-agent-workspace/builds/worker-7-tc1/source:/opt/rustwide/workdir:ro,Z" "-v" "/var/lib/crater-agent-workspace/cargo-home:/opt/rustwide/cargo-home:ro,Z" "-v" "/var/lib/crater-agent-workspace/rustup-home:/opt/rustwide/rustup-home:ro,Z" "-e" "SOURCE_DIR=/opt/rustwide/workdir" "-e" "CARGO_TARGET_DIR=/opt/rustwide/target" "-e" "CARGO_HOME=/opt/rustwide/cargo-home" "-e" "RUSTUP_HOME=/opt/rustwide/rustup-home" "-w" "/opt/rustwide/workdir" "-m" "1610612736" "--user" "0:0" "--network" "none" "ghcr.io/rust-lang/crates-build-env/linux@sha256:2788e3201cd34a07e3172128adcd8b3090168a8e3bcc40d7c032b9dda1df7d1c" "/opt/rustwide/cargo-home/bin/cargo" "+nightly-2024-02-05" "metadata" "--no-deps" "--format-version=1", kill_on_drop: false }`
[INFO] [stdout] f16a79c3892d62ccbec0889c9131544cefe4110432c10008f72f780b4462ad4e
[INFO] running `Command { std: "docker" "start" "-a" "f16a79c3892d62ccbec0889c9131544cefe4110432c10008f72f780b4462ad4e", kill_on_drop: false }`
[INFO] running `Command { std: "docker" "inspect" "f16a79c3892d62ccbec0889c9131544cefe4110432c10008f72f780b4462ad4e", kill_on_drop: false }`
[INFO] running `Command { std: "docker" "rm" "-f" "f16a79c3892d62ccbec0889c9131544cefe4110432c10008f72f780b4462ad4e", kill_on_drop: false }`
[INFO] [stdout] f16a79c3892d62ccbec0889c9131544cefe4110432c10008f72f780b4462ad4e
[INFO] running `Command { std: "docker" "create" "-v" "/var/lib/crater-agent-workspace/builds/worker-7-tc1/target:/opt/rustwide/target:rw,Z" "-v" "/var/lib/crater-agent-workspace/builds/worker-7-tc1/source:/opt/rustwide/workdir:ro,Z" "-v" "/var/lib/crater-agent-workspace/cargo-home:/opt/rustwide/cargo-home:ro,Z" "-v" "/var/lib/crater-agent-workspace/rustup-home:/opt/rustwide/rustup-home:ro,Z" "-e" "SOURCE_DIR=/opt/rustwide/workdir" "-e" "CARGO_TARGET_DIR=/opt/rustwide/target" "-e" "CARGO_INCREMENTAL=0" "-e" "RUST_BACKTRACE=full" "-e" "RUSTFLAGS=--cap-lints=forbid" "-e" "RUSTDOCFLAGS=--cap-lints=forbid" "-e" "CARGO_HOME=/opt/rustwide/cargo-home" "-e" "RUSTUP_HOME=/opt/rustwide/rustup-home" "-w" "/opt/rustwide/workdir" "-m" "1610612736" "--user" "0:0" "--network" "none" "ghcr.io/rust-lang/crates-build-env/linux@sha256:2788e3201cd34a07e3172128adcd8b3090168a8e3bcc40d7c032b9dda1df7d1c" "/opt/rustwide/cargo-home/bin/cargo" "+nightly-2024-02-05" "check" "--frozen" "--all" "--all-targets" "--message-format=json", kill_on_drop: false }`
[INFO] [stdout] 411dad57defe684ae926b682854e3ce25c0b348e357990a80b245ffc77b7d8fa
[INFO] running `Command { std: "docker" "start" "-a" "411dad57defe684ae926b682854e3ce25c0b348e357990a80b245ffc77b7d8fa", kill_on_drop: false }`
[INFO] [stderr]    Compiling autocfg v1.0.1
[INFO] [stderr]    Compiling libc v0.2.101
[INFO] [stderr]    Compiling proc-macro2 v1.0.29
[INFO] [stderr]    Compiling crossbeam-utils v0.8.5
[INFO] [stderr]    Compiling unicode-xid v0.2.2
[INFO] [stderr]    Compiling syn v1.0.75
[INFO] [stderr]    Compiling crossbeam-epoch v0.9.5
[INFO] [stderr]    Compiling version_check v0.9.3
[INFO] [stderr]    Compiling rayon-core v1.9.1
[INFO] [stderr]    Compiling log v0.4.14
[INFO] [stderr]     Checking unicode-width v0.1.8
[INFO] [stderr]    Compiling serde v1.0.130
[INFO] [stderr]     Checking once_cell v1.8.0
[INFO] [stderr]    Compiling pulldown-cmark v0.8.0
[INFO] [stderr]     Checking bstr v0.2.16
[INFO] [stderr]    Compiling eyre v0.6.5
[INFO] [stderr]     Checking getopts v0.2.21
[INFO] [stderr]     Checking hashbrown v0.11.2
[INFO] [stderr]     Checking linked-hash-map v0.5.4
[INFO] [stderr]     Checking thread_local v1.1.3
[INFO] [stderr]     Checking either v1.6.1
[INFO] [stderr]     Checking dtoa v0.4.8
[INFO] [stderr]     Checking matter v0.1.0-alpha4
[INFO] [stderr]    Compiling unicase v2.6.0
[INFO] [stderr]     Checking yaml-rust v0.4.5
[INFO] [stderr]     Checking pathdiff v0.2.0
[INFO] [stderr]     Checking diff v0.1.12
[INFO] [stderr]    Compiling memoffset v0.6.4
[INFO] [stderr]    Compiling indexmap v1.7.0
[INFO] [stderr]    Compiling rayon v1.5.1
[INFO] [stderr]     Checking globset v0.4.8
[INFO] [stderr]     Checking pretty_assertions v0.7.2
[INFO] [stderr]     Checking crossbeam-channel v0.5.1
[INFO] [stderr]     Checking ignore v0.4.18
[INFO] [stderr]    Compiling quote v1.0.9
[INFO] [stderr]     Checking crossbeam-deque v0.8.1
[INFO] [stderr]     Checking num_cpus v1.13.0
[INFO] [stderr]     Checking getrandom v0.2.3
[INFO] [stderr]     Checking rand_core v0.6.3
[INFO] [stderr]     Checking rand_chacha v0.3.1
[INFO] [stderr]     Checking rand v0.8.4
[INFO] [stderr]     Checking pulldown-cmark-to-cmark v6.0.3
[INFO] [stderr]     Checking tempfile v3.2.0
[INFO] [stderr]     Checking serde_yaml v0.8.21
[INFO] [stderr]    Compiling gumdrop_derive v0.8.0
[INFO] [stderr]    Compiling snafu-derive v0.6.10
[INFO] [stderr]     Checking gumdrop v0.8.0
[INFO] [stderr]     Checking snafu v0.6.10
[INFO] [stderr]     Checking c6o-obsidian-export v21.9.0 (/opt/rustwide/workdir)
[INFO] [stdout] error[E0432]: unresolved import `obsidian_export`
[INFO] [stdout]  --> tests/postprocessors_test.rs:1:5
[INFO] [stdout]   |
[INFO] [stdout] 1 | use obsidian_export::{Context, Exporter, MarkdownEvents, PostprocessorResult};
[INFO] [stdout]   |     ^^^^^^^^^^^^^^^ use of undeclared crate or module `obsidian_export`
[INFO] [stdout]   |
[INFO] [stdout] help: there is a crate or module with a similar name
[INFO] [stdout]   |
[INFO] [stdout] 1 | use c6o_obsidian_export::{Context, Exporter, MarkdownEvents, PostprocessorResult};
[INFO] [stdout]   |     ~~~~~~~~~~~~~~~~~~~
[INFO] [stdout] 
[INFO] [stdout] 
[INFO] [stdout] error[E0432]: unresolved import `obsidian_export`
[INFO] [stdout]  --> tests/export_test.rs:1:5
[INFO] [stdout]   |
[INFO] [stdout] 1 | use obsidian_export::{ExportError, Exporter, FrontmatterStrategy};
[INFO] [stdout]   |     ^^^^^^^^^^^^^^^ use of undeclared crate or module `obsidian_export`
[INFO] [stdout]   |
[INFO] [stdout] help: there is a crate or module with a similar name
[INFO] [stdout]   |
[INFO] [stdout] 1 | use c6o_obsidian_export::{ExportError, Exporter, FrontmatterStrategy};
[INFO] [stdout]   |     ~~~~~~~~~~~~~~~~~~~
[INFO] [stdout] 
[INFO] [stdout] 
[INFO] [stdout] error: aborting due to 1 previous error
[INFO] [stdout] 
[INFO] [stdout] 
[INFO] [stdout] For more information about this error, try `rustc --explain E0432`.
[INFO] [stdout] 
[INFO] [stderr] error: could not compile `c6o-obsidian-export` (test "postprocessors_test") due to 2 previous errors
[INFO] [stderr] warning: build failed, waiting for other jobs to finish...
[INFO] [stdout] error: aborting due to 1 previous error
[INFO] [stdout] 
[INFO] [stdout] 
[INFO] [stdout] For more information about this error, try `rustc --explain E0432`.
[INFO] [stdout] 
[INFO] [stderr] error: could not compile `c6o-obsidian-export` (test "export_test") due to 2 previous errors
[INFO] running `Command { std: "docker" "inspect" "411dad57defe684ae926b682854e3ce25c0b348e357990a80b245ffc77b7d8fa", kill_on_drop: false }`
[INFO] running `Command { std: "docker" "rm" "-f" "411dad57defe684ae926b682854e3ce25c0b348e357990a80b245ffc77b7d8fa", kill_on_drop: false }`
[INFO] [stdout] 411dad57defe684ae926b682854e3ce25c0b348e357990a80b245ffc77b7d8fa
[INFO] checking c6o-obsidian-export-21.9.0 against nightly-2024-02-05+rustflags=-Dunexpected_cfgs+cargoflags=-Zcheck-cfg for check-cfg
[INFO] extracting crate c6o-obsidian-export 21.9.0 into /workspace/builds/worker-7-tc2/source
[INFO] validating manifest of crates.io crate c6o-obsidian-export 21.9.0 on toolchain nightly-2024-02-05
[INFO] running `Command { std: CARGO_HOME="/workspace/cargo-home" RUSTUP_HOME="/workspace/rustup-home" "/workspace/cargo-home/bin/cargo" "+nightly-2024-02-05" "metadata" "--manifest-path" "Cargo.toml" "--no-deps", kill_on_drop: false }`
[INFO] started tweaking crates.io crate c6o-obsidian-export 21.9.0
[INFO] finished tweaking crates.io crate c6o-obsidian-export 21.9.0
[INFO] tweaked toml for crates.io crate c6o-obsidian-export 21.9.0 written to /workspace/builds/worker-7-tc2/source/Cargo.toml
[INFO] crate crates.io crate c6o-obsidian-export 21.9.0 already has a lockfile, it will not be regenerated
[INFO] running `Command { std: CARGO_HOME="/workspace/cargo-home" RUSTUP_HOME="/workspace/rustup-home" "/workspace/cargo-home/bin/cargo" "+nightly-2024-02-05" "fetch" "--manifest-path" "Cargo.toml", kill_on_drop: false }`
[INFO] running `Command { std: "docker" "create" "-v" "/var/lib/crater-agent-workspace/builds/worker-7-tc2/target:/opt/rustwide/target:rw,Z" "-v" "/var/lib/crater-agent-workspace/builds/worker-7-tc2/source:/opt/rustwide/workdir:ro,Z" "-v" "/var/lib/crater-agent-workspace/cargo-home:/opt/rustwide/cargo-home:ro,Z" "-v" "/var/lib/crater-agent-workspace/rustup-home:/opt/rustwide/rustup-home:ro,Z" "-e" "SOURCE_DIR=/opt/rustwide/workdir" "-e" "CARGO_TARGET_DIR=/opt/rustwide/target" "-e" "CARGO_HOME=/opt/rustwide/cargo-home" "-e" "RUSTUP_HOME=/opt/rustwide/rustup-home" "-w" "/opt/rustwide/workdir" "-m" "1610612736" "--user" "0:0" "--network" "none" "ghcr.io/rust-lang/crates-build-env/linux@sha256:2788e3201cd34a07e3172128adcd8b3090168a8e3bcc40d7c032b9dda1df7d1c" "/opt/rustwide/cargo-home/bin/cargo" "+nightly-2024-02-05" "metadata" "--no-deps" "--format-version=1", kill_on_drop: false }`
[INFO] [stdout] 7b141dfd29292480784a5513b538c8c2139616ef2ee96aa027b836719f4cc537
[INFO] running `Command { std: "docker" "start" "-a" "7b141dfd29292480784a5513b538c8c2139616ef2ee96aa027b836719f4cc537", kill_on_drop: false }`
[INFO] running `Command { std: "docker" "inspect" "7b141dfd29292480784a5513b538c8c2139616ef2ee96aa027b836719f4cc537", kill_on_drop: false }`
[INFO] running `Command { std: "docker" "rm" "-f" "7b141dfd29292480784a5513b538c8c2139616ef2ee96aa027b836719f4cc537", kill_on_drop: false }`
[INFO] [stdout] 7b141dfd29292480784a5513b538c8c2139616ef2ee96aa027b836719f4cc537
[INFO] running `Command { std: "docker" "create" "-v" "/var/lib/crater-agent-workspace/builds/worker-7-tc2/target:/opt/rustwide/target:rw,Z" "-v" "/var/lib/crater-agent-workspace/builds/worker-7-tc2/source:/opt/rustwide/workdir:ro,Z" "-v" "/var/lib/crater-agent-workspace/cargo-home:/opt/rustwide/cargo-home:ro,Z" "-v" "/var/lib/crater-agent-workspace/rustup-home:/opt/rustwide/rustup-home:ro,Z" "-e" "SOURCE_DIR=/opt/rustwide/workdir" "-e" "CARGO_TARGET_DIR=/opt/rustwide/target" "-e" "CARGO_INCREMENTAL=0" "-e" "RUST_BACKTRACE=full" "-e" "RUSTFLAGS=--cap-lints=forbid -Dunexpected_cfgs" "-e" "RUSTDOCFLAGS=--cap-lints=forbid" "-e" "CARGO_HOME=/opt/rustwide/cargo-home" "-e" "RUSTUP_HOME=/opt/rustwide/rustup-home" "-w" "/opt/rustwide/workdir" "-m" "1610612736" "--user" "0:0" "--network" "none" "ghcr.io/rust-lang/crates-build-env/linux@sha256:2788e3201cd34a07e3172128adcd8b3090168a8e3bcc40d7c032b9dda1df7d1c" "/opt/rustwide/cargo-home/bin/cargo" "+nightly-2024-02-05" "check" "--frozen" "--all" "--all-targets" "--message-format=json" "-Zcheck-cfg", kill_on_drop: false }`
[INFO] [stdout] 994fb4648647155e0a684c2fa8be37f53b218aea7531a950d3f7caa723898034
[INFO] running `Command { std: "docker" "start" "-a" "994fb4648647155e0a684c2fa8be37f53b218aea7531a950d3f7caa723898034", kill_on_drop: false }`
[INFO] [stderr]    Compiling autocfg v1.0.1
[INFO] [stderr]    Compiling libc v0.2.101
[INFO] [stderr]    Compiling crossbeam-utils v0.8.5
[INFO] [stderr]    Compiling proc-macro2 v1.0.29
[INFO] [stderr]    Compiling unicode-xid v0.2.2
[INFO] [stderr]    Compiling syn v1.0.75
[INFO] [stderr]    Compiling crossbeam-epoch v0.9.5
[INFO] [stderr]    Compiling version_check v0.9.3
[INFO] [stderr]    Compiling log v0.4.14
[INFO] [stderr]    Compiling rayon-core v1.9.1
[INFO] [stderr]    Compiling pulldown-cmark v0.8.0
[INFO] [stderr]     Checking once_cell v1.8.0
[INFO] [stderr]    Compiling serde v1.0.130
[INFO] [stderr]     Checking unicode-width v0.1.8
[INFO] [stderr]     Checking bstr v0.2.16
[INFO] [stderr]     Checking linked-hash-map v0.5.4
[INFO] [stderr]     Checking hashbrown v0.11.2
[INFO] [stderr]    Compiling eyre v0.6.5
[INFO] [stderr]     Checking getopts v0.2.21
[INFO] [stderr]     Checking thread_local v1.1.3
[INFO] [stderr]     Checking yaml-rust v0.4.5
[INFO] [stderr]     Checking dtoa v0.4.8
[INFO] [stderr]    Compiling unicase v2.6.0
[INFO] [stderr]     Checking either v1.6.1
[INFO] [stderr]     Checking matter v0.1.0-alpha4
[INFO] [stderr]     Checking pathdiff v0.2.0
[INFO] [stderr]    Compiling memoffset v0.6.4
[INFO] [stderr]    Compiling indexmap v1.7.0
[INFO] [stderr]    Compiling rayon v1.5.1
[INFO] [stderr]     Checking diff v0.1.12
[INFO] [stderr]     Checking globset v0.4.8
[INFO] [stderr]     Checking pretty_assertions v0.7.2
[INFO] [stderr]     Checking crossbeam-channel v0.5.1
[INFO] [stderr]    Compiling quote v1.0.9
[INFO] [stderr]     Checking ignore v0.4.18
[INFO] [stderr]     Checking num_cpus v1.13.0
[INFO] [stderr]     Checking getrandom v0.2.3
[INFO] [stderr]     Checking rand_core v0.6.3
[INFO] [stderr]     Checking crossbeam-deque v0.8.1
[INFO] [stderr]     Checking rand_chacha v0.3.1
[INFO] [stderr]     Checking rand v0.8.4
[INFO] [stderr]     Checking pulldown-cmark-to-cmark v6.0.3
[INFO] [stderr]     Checking tempfile v3.2.0
[INFO] [stderr]     Checking serde_yaml v0.8.21
[INFO] [stderr]    Compiling snafu-derive v0.6.10
[INFO] [stderr]    Compiling gumdrop_derive v0.8.0
[INFO] [stderr]     Checking gumdrop v0.8.0
[INFO] [stderr]     Checking snafu v0.6.10
[INFO] [stderr]     Checking c6o-obsidian-export v21.9.0 (/opt/rustwide/workdir)
[INFO] [stdout] error[E0432]: unresolved import `obsidian_export`
[INFO] [stdout]  --> tests/postprocessors_test.rs:1:5
[INFO] [stdout]   |
[INFO] [stdout] 1 | use obsidian_export::{Context, Exporter, MarkdownEvents, PostprocessorResult};
[INFO] [stdout]   |     ^^^^^^^^^^^^^^^ use of undeclared crate or module `obsidian_export`
[INFO] [stdout]   |
[INFO] [stdout] help: there is a crate or module with a similar name
[INFO] [stdout]   |
[INFO] [stdout] 1 | use c6o_obsidian_export::{Context, Exporter, MarkdownEvents, PostprocessorResult};
[INFO] [stdout]   |     ~~~~~~~~~~~~~~~~~~~
[INFO] [stdout] 
[INFO] [stdout] 
[INFO] [stdout] error[E0432]: unresolved import `obsidian_export`
[INFO] [stdout]  --> tests/export_test.rs:1:5
[INFO] [stdout]   |
[INFO] [stdout] 1 | use obsidian_export::{ExportError, Exporter, FrontmatterStrategy};
[INFO] [stdout]   |     ^^^^^^^^^^^^^^^ use of undeclared crate or module `obsidian_export`
[INFO] [stdout]   |
[INFO] [stdout] help: there is a crate or module with a similar name
[INFO] [stdout]   |
[INFO] [stdout] 1 | use c6o_obsidian_export::{ExportError, Exporter, FrontmatterStrategy};
[INFO] [stdout]   |     ~~~~~~~~~~~~~~~~~~~
[INFO] [stdout] 
[INFO] [stdout] 
[INFO] [stdout] error: aborting due to 1 previous error
[INFO] [stdout] 
[INFO] [stdout] 
[INFO] [stdout] For more information about this error, try `rustc --explain E0432`.
[INFO] [stdout] 
[INFO] [stderr] error: could not compile `c6o-obsidian-export` (test "postprocessors_test") due to 2 previous errors
[INFO] [stderr] warning: build failed, waiting for other jobs to finish...
[INFO] [stdout] error: aborting due to 1 previous error
[INFO] [stdout] 
[INFO] [stdout] 
[INFO] [stdout] For more information about this error, try `rustc --explain E0432`.
[INFO] [stdout] 
[INFO] [stderr] error: could not compile `c6o-obsidian-export` (test "export_test") due to 2 previous errors
[INFO] running `Command { std: "docker" "inspect" "994fb4648647155e0a684c2fa8be37f53b218aea7531a950d3f7caa723898034", kill_on_drop: false }`
[INFO] running `Command { std: "docker" "rm" "-f" "994fb4648647155e0a684c2fa8be37f53b218aea7531a950d3f7caa723898034", kill_on_drop: false }`
[INFO] [stdout] 994fb4648647155e0a684c2fa8be37f53b218aea7531a950d3f7caa723898034
