[INFO] fetching crate bytey_derive 0.2.0...
[INFO] checking bytey_derive-0.2.0 against nightly-2024-02-05 for check-cfg
[INFO] extracting crate bytey_derive 0.2.0 into /workspace/builds/worker-3-tc1/source
[INFO] validating manifest of crates.io crate bytey_derive 0.2.0 on toolchain nightly-2024-02-05
[INFO] running `Command { std: CARGO_HOME="/workspace/cargo-home" RUSTUP_HOME="/workspace/rustup-home" "/workspace/cargo-home/bin/cargo" "+nightly-2024-02-05" "metadata" "--manifest-path" "Cargo.toml" "--no-deps", kill_on_drop: false }`
[INFO] started tweaking crates.io crate bytey_derive 0.2.0
[INFO] finished tweaking crates.io crate bytey_derive 0.2.0
[INFO] tweaked toml for crates.io crate bytey_derive 0.2.0 written to /workspace/builds/worker-3-tc1/source/Cargo.toml
[INFO] running `Command { std: CARGO_HOME="/workspace/cargo-home" RUSTUP_HOME="/workspace/rustup-home" "/workspace/cargo-home/bin/cargo" "+nightly-2024-02-05" "generate-lockfile" "--manifest-path" "Cargo.toml", kill_on_drop: false }`
[INFO] [stderr]     Updating crates.io index
[INFO] running `Command { std: CARGO_HOME="/workspace/cargo-home" RUSTUP_HOME="/workspace/rustup-home" "/workspace/cargo-home/bin/cargo" "+nightly-2024-02-05" "fetch" "--manifest-path" "Cargo.toml", kill_on_drop: false }`
[INFO] running `Command { std: "docker" "create" "-v" "/var/lib/crater-agent-workspace/builds/worker-3-tc1/target:/opt/rustwide/target:rw,Z" "-v" "/var/lib/crater-agent-workspace/builds/worker-3-tc1/source:/opt/rustwide/workdir:ro,Z" "-v" "/var/lib/crater-agent-workspace/cargo-home:/opt/rustwide/cargo-home:ro,Z" "-v" "/var/lib/crater-agent-workspace/rustup-home:/opt/rustwide/rustup-home:ro,Z" "-e" "SOURCE_DIR=/opt/rustwide/workdir" "-e" "CARGO_TARGET_DIR=/opt/rustwide/target" "-e" "CARGO_HOME=/opt/rustwide/cargo-home" "-e" "RUSTUP_HOME=/opt/rustwide/rustup-home" "-w" "/opt/rustwide/workdir" "-m" "1610612736" "--user" "0:0" "--network" "none" "ghcr.io/rust-lang/crates-build-env/linux@sha256:2788e3201cd34a07e3172128adcd8b3090168a8e3bcc40d7c032b9dda1df7d1c" "/opt/rustwide/cargo-home/bin/cargo" "+nightly-2024-02-05" "metadata" "--no-deps" "--format-version=1", kill_on_drop: false }`
[INFO] [stdout] 4eca8c8cfabb7b6950310cfb5ab009e48ce8ffa8f11856dc2f8dd7790e77cd1b
[INFO] running `Command { std: "docker" "start" "-a" "4eca8c8cfabb7b6950310cfb5ab009e48ce8ffa8f11856dc2f8dd7790e77cd1b", kill_on_drop: false }`
[INFO] running `Command { std: "docker" "inspect" "4eca8c8cfabb7b6950310cfb5ab009e48ce8ffa8f11856dc2f8dd7790e77cd1b", kill_on_drop: false }`
[INFO] running `Command { std: "docker" "rm" "-f" "4eca8c8cfabb7b6950310cfb5ab009e48ce8ffa8f11856dc2f8dd7790e77cd1b", kill_on_drop: false }`
[INFO] [stdout] 4eca8c8cfabb7b6950310cfb5ab009e48ce8ffa8f11856dc2f8dd7790e77cd1b
[INFO] running `Command { std: "docker" "create" "-v" "/var/lib/crater-agent-workspace/builds/worker-3-tc1/target:/opt/rustwide/target:rw,Z" "-v" "/var/lib/crater-agent-workspace/builds/worker-3-tc1/source:/opt/rustwide/workdir:ro,Z" "-v" "/var/lib/crater-agent-workspace/cargo-home:/opt/rustwide/cargo-home:ro,Z" "-v" "/var/lib/crater-agent-workspace/rustup-home:/opt/rustwide/rustup-home:ro,Z" "-e" "SOURCE_DIR=/opt/rustwide/workdir" "-e" "CARGO_TARGET_DIR=/opt/rustwide/target" "-e" "CARGO_INCREMENTAL=0" "-e" "RUST_BACKTRACE=full" "-e" "RUSTFLAGS=--cap-lints=forbid" "-e" "RUSTDOCFLAGS=--cap-lints=forbid" "-e" "CARGO_HOME=/opt/rustwide/cargo-home" "-e" "RUSTUP_HOME=/opt/rustwide/rustup-home" "-w" "/opt/rustwide/workdir" "-m" "1610612736" "--user" "0:0" "--network" "none" "ghcr.io/rust-lang/crates-build-env/linux@sha256:2788e3201cd34a07e3172128adcd8b3090168a8e3bcc40d7c032b9dda1df7d1c" "/opt/rustwide/cargo-home/bin/cargo" "+nightly-2024-02-05" "check" "--frozen" "--all" "--all-targets" "--message-format=json", kill_on_drop: false }`
[INFO] [stdout] 74687d09f780f34fc3d6d03e6b9ebc5668e69f7872861edc1bde8a6d525f9f94
[INFO] running `Command { std: "docker" "start" "-a" "74687d09f780f34fc3d6d03e6b9ebc5668e69f7872861edc1bde8a6d525f9f94", kill_on_drop: false }`
[INFO] [stderr]    Compiling syn v1.0.109
[INFO] [stderr]     Checking bytey_derive v0.2.0 (/opt/rustwide/workdir)
[INFO] [stdout] error[E0432]: unresolved import `bytey`
[INFO] [stdout]  --> tests/read_enum.rs:1:5
[INFO] [stdout]   |
[INFO] [stdout] 1 | use bytey::ByteBuffer;
[INFO] [stdout]   |     ^^^^^ use of undeclared crate or module `bytey`
[INFO] [stdout] 
[INFO] [stdout] 
[INFO] [stdout] error[E0432]: unresolved import `bytey`
[INFO] [stdout]  --> tests/write_enum.rs:1:5
[INFO] [stdout]   |
[INFO] [stdout] 1 | use bytey::ByteBuffer;
[INFO] [stdout]   |     ^^^^^ use of undeclared crate or module `bytey`
[INFO] [stdout] 
[INFO] [stdout] 
[INFO] [stdout] error[E0432]: unresolved import `bytey`
[INFO] [stdout]  --> tests/write_struct.rs:1:5
[INFO] [stdout]   |
[INFO] [stdout] 1 | use bytey::ByteBuffer;
[INFO] [stdout]   |     ^^^^^ use of undeclared crate or module `bytey`
[INFO] [stdout] 
[INFO] [stdout] 
[INFO] [stdout] error[E0432]: unresolved import `bytey`
[INFO] [stdout]  --> tests/read_struct.rs:1:5
[INFO] [stdout]   |
[INFO] [stdout] 1 | use bytey::ByteBuffer;
[INFO] [stdout]   |     ^^^^^ use of undeclared crate or module `bytey`
[INFO] [stdout] 
[INFO] [stdout] 
[INFO] [stdout] error[E0433]: failed to resolve: could not find `bytey` in the list of imported crates
[INFO] [stdout]  --> tests/write_enum.rs:5:14
[INFO] [stdout]   |
[INFO] [stdout] 5 |     #[derive(ByteBufferWrite)]
[INFO] [stdout]   |              ^^^^^^^^^^^^^^^ could not find `bytey` in the list of imported crates
[INFO] [stdout]   |
[INFO] [stdout]   = note: this error originates in the derive macro `ByteBufferWrite` (in Nightly builds, run with -Z macro-backtrace for more info)
[INFO] [stdout] 
[INFO] [stdout] 
[INFO] [stdout] error[E0433]: failed to resolve: could not find `bytey` in the list of imported crates
[INFO] [stdout]  --> tests/read_enum.rs:5:14
[INFO] [stdout]   |
[INFO] [stdout] 5 |     #[derive(ByteBufferWrite, ByteBufferRead, PartialEq, Debug)]
[INFO] [stdout]   |              ^^^^^^^^^^^^^^^ could not find `bytey` in the list of imported crates
[INFO] [stdout]   |
[INFO] [stdout]   = note: this error originates in the derive macro `ByteBufferWrite` (in Nightly builds, run with -Z macro-backtrace for more info)
[INFO] [stdout] 
[INFO] [stdout] 
[INFO] [stdout] error[E0433]: failed to resolve: could not find `bytey` in the list of imported crates
[INFO] [stdout]  --> tests/write_struct.rs:6:14
[INFO] [stdout]   |
[INFO] [stdout] 6 |     #[derive(ByteBufferWrite)]
[INFO] [stdout]   |              ^^^^^^^^^^^^^^^ could not find `bytey` in the list of imported crates
[INFO] [stdout]   |
[INFO] [stdout]   = note: this error originates in the derive macro `ByteBufferWrite` (in Nightly builds, run with -Z macro-backtrace for more info)
[INFO] [stdout] 
[INFO] [stdout] 
[INFO] [stdout] error[E0433]: failed to resolve: could not find `bytey` in the list of imported crates
[INFO] [stdout]  --> tests/read_struct.rs:6:14
[INFO] [stdout]   |
[INFO] [stdout] 6 |     #[derive(ByteBufferWrite, ByteBufferRead, PartialEq, Debug)]
[INFO] [stdout]   |              ^^^^^^^^^^^^^^^ could not find `bytey` in the list of imported crates
[INFO] [stdout]   |
[INFO] [stdout]   = note: this error originates in the derive macro `ByteBufferWrite` (in Nightly builds, run with -Z macro-backtrace for more info)
[INFO] [stdout] 
[INFO] [stdout] 
[INFO] [stdout] error[E0433]: failed to resolve: could not find `bytey` in the list of imported crates
[INFO] [stdout]   --> tests/write_struct.rs:38:14
[INFO] [stdout]    |
[INFO] [stdout] 38 |     #[derive(ByteBufferWrite)]
[INFO] [stdout]    |              ^^^^^^^^^^^^^^^ could not find `bytey` in the list of imported crates
[INFO] [stdout]    |
[INFO] [stdout]    = note: this error originates in the derive macro `ByteBufferWrite` (in Nightly builds, run with -Z macro-backtrace for more info)
[INFO] [stdout] 
[INFO] [stdout] 
[INFO] [stdout] error[E0433]: failed to resolve: could not find `bytey` in the list of imported crates
[INFO] [stdout]  --> tests/read_enum.rs:5:31
[INFO] [stdout]   |
[INFO] [stdout] 5 |     #[derive(ByteBufferWrite, ByteBufferRead, PartialEq, Debug)]
[INFO] [stdout]   |                               ^^^^^^^^^^^^^^ could not find `bytey` in the list of imported crates
[INFO] [stdout]   |
[INFO] [stdout]   = note: this error originates in the derive macro `ByteBufferRead` (in Nightly builds, run with -Z macro-backtrace for more info)
[INFO] [stdout] 
[INFO] [stdout] 
[INFO] [stdout] error[E0433]: failed to resolve: could not find `bytey` in the list of imported crates
[INFO] [stdout]  --> tests/read_struct.rs:6:31
[INFO] [stdout]   |
[INFO] [stdout] 6 |     #[derive(ByteBufferWrite, ByteBufferRead, PartialEq, Debug)]
[INFO] [stdout]   |                               ^^^^^^^^^^^^^^ could not find `bytey` in the list of imported crates
[INFO] [stdout]   |
[INFO] [stdout]   = note: this error originates in the derive macro `ByteBufferRead` (in Nightly builds, run with -Z macro-backtrace for more info)
[INFO] [stdout] 
[INFO] [stdout] 
[INFO] [stdout] error: aborting due to 2 previous errors
[INFO] [stdout] 
[INFO] [stdout] 
[INFO] [stdout] Some errors have detailed explanations: E0432, E0433.
[INFO] [stdout] 
[INFO] [stdout] For more information about an error, try `rustc --explain E0432`.
[INFO] [stdout] 
[INFO] [stdout] error[E0433]: failed to resolve: could not find `bytey` in the list of imported crates
[INFO] [stdout]   --> tests/read_struct.rs:30:14
[INFO] [stdout]    |
[INFO] [stdout] 30 |     #[derive(ByteBufferWrite, ByteBufferRead, PartialEq, Debug)]
[INFO] [stdout]    |              ^^^^^^^^^^^^^^^ could not find `bytey` in the list of imported crates
[INFO] [stdout]    |
[INFO] [stdout]    = note: this error originates in the derive macro `ByteBufferWrite` (in Nightly builds, run with -Z macro-backtrace for more info)
[INFO] [stdout] 
[INFO] [stdout] 
[INFO] [stderr] error: could not compile `bytey_derive` (test "write_enum") due to 3 previous errors
[INFO] [stderr] warning: build failed, waiting for other jobs to finish...
[INFO] [stdout] error: aborting due to 3 previous errors
[INFO] [stdout] 
[INFO] [stdout] 
[INFO] [stdout] Some errors have detailed explanations: E0432, E0433.
[INFO] [stdout] 
[INFO] [stdout] For more information about an error, try `rustc --explain E0432`.
[INFO] [stdout] 
[INFO] [stderr] error: could not compile `bytey_derive` (test "read_enum") due to 4 previous errors
[INFO] [stdout] error: aborting due to 3 previous errors
[INFO] [stdout] 
[INFO] [stdout] 
[INFO] [stdout] Some errors have detailed explanations: E0432, E0433.
[INFO] [stdout] 
[INFO] [stdout] For more information about an error, try `rustc --explain E0432`.
[INFO] [stdout] 
[INFO] [stderr] error: could not compile `bytey_derive` (test "write_struct") due to 4 previous errors
[INFO] [stdout] error[E0433]: failed to resolve: could not find `bytey` in the list of imported crates
[INFO] [stdout]   --> tests/read_struct.rs:30:31
[INFO] [stdout]    |
[INFO] [stdout] 30 |     #[derive(ByteBufferWrite, ByteBufferRead, PartialEq, Debug)]
[INFO] [stdout]    |                               ^^^^^^^^^^^^^^ could not find `bytey` in the list of imported crates
[INFO] [stdout]    |
[INFO] [stdout]    = note: this error originates in the derive macro `ByteBufferRead` (in Nightly builds, run with -Z macro-backtrace for more info)
[INFO] [stdout] 
[INFO] [stdout] 
[INFO] [stdout] error: aborting due to 5 previous errors
[INFO] [stdout] 
[INFO] [stdout] 
[INFO] [stdout] Some errors have detailed explanations: E0432, E0433.
[INFO] [stdout] 
[INFO] [stdout] For more information about an error, try `rustc --explain E0432`.
[INFO] [stdout] 
[INFO] [stderr] error: could not compile `bytey_derive` (test "read_struct") due to 6 previous errors
[INFO] running `Command { std: "docker" "inspect" "74687d09f780f34fc3d6d03e6b9ebc5668e69f7872861edc1bde8a6d525f9f94", kill_on_drop: false }`
[INFO] running `Command { std: "docker" "rm" "-f" "74687d09f780f34fc3d6d03e6b9ebc5668e69f7872861edc1bde8a6d525f9f94", kill_on_drop: false }`
[INFO] [stdout] 74687d09f780f34fc3d6d03e6b9ebc5668e69f7872861edc1bde8a6d525f9f94
