[INFO] fetching crate bytebuff 0.1.1...
[INFO] checking bytebuff-0.1.1 against nightly-2024-02-05 for check-cfg
[INFO] extracting crate bytebuff 0.1.1 into /workspace/builds/worker-6-tc1/source
[INFO] validating manifest of crates.io crate bytebuff 0.1.1 on toolchain nightly-2024-02-05
[INFO] running `Command { std: CARGO_HOME="/workspace/cargo-home" RUSTUP_HOME="/workspace/rustup-home" "/workspace/cargo-home/bin/cargo" "+nightly-2024-02-05" "metadata" "--manifest-path" "Cargo.toml" "--no-deps", kill_on_drop: false }`
[INFO] started tweaking crates.io crate bytebuff 0.1.1
[INFO] finished tweaking crates.io crate bytebuff 0.1.1
[INFO] tweaked toml for crates.io crate bytebuff 0.1.1 written to /workspace/builds/worker-6-tc1/source/Cargo.toml
[INFO] running `Command { std: CARGO_HOME="/workspace/cargo-home" RUSTUP_HOME="/workspace/rustup-home" "/workspace/cargo-home/bin/cargo" "+nightly-2024-02-05" "generate-lockfile" "--manifest-path" "Cargo.toml", kill_on_drop: false }`
[INFO] [stderr]     Updating crates.io index
[INFO] running `Command { std: CARGO_HOME="/workspace/cargo-home" RUSTUP_HOME="/workspace/rustup-home" "/workspace/cargo-home/bin/cargo" "+nightly-2024-02-05" "fetch" "--manifest-path" "Cargo.toml", kill_on_drop: false }`
[INFO] [stderr]  Downloading crates ...
[INFO] [stderr]   Downloaded marshall_derive v0.1.1
[INFO] running `Command { std: "docker" "create" "-v" "/var/lib/crater-agent-workspace/builds/worker-6-tc1/target:/opt/rustwide/target:rw,Z" "-v" "/var/lib/crater-agent-workspace/builds/worker-6-tc1/source:/opt/rustwide/workdir:ro,Z" "-v" "/var/lib/crater-agent-workspace/cargo-home:/opt/rustwide/cargo-home:ro,Z" "-v" "/var/lib/crater-agent-workspace/rustup-home:/opt/rustwide/rustup-home:ro,Z" "-e" "SOURCE_DIR=/opt/rustwide/workdir" "-e" "CARGO_TARGET_DIR=/opt/rustwide/target" "-e" "CARGO_HOME=/opt/rustwide/cargo-home" "-e" "RUSTUP_HOME=/opt/rustwide/rustup-home" "-w" "/opt/rustwide/workdir" "-m" "1610612736" "--user" "0:0" "--network" "none" "ghcr.io/rust-lang/crates-build-env/linux@sha256:2788e3201cd34a07e3172128adcd8b3090168a8e3bcc40d7c032b9dda1df7d1c" "/opt/rustwide/cargo-home/bin/cargo" "+nightly-2024-02-05" "metadata" "--no-deps" "--format-version=1", kill_on_drop: false }`
[INFO] [stdout] f6619af91d5fb0d435b046e9ba9188b61ede7c051eef02e9a35face55e30e76d
[INFO] running `Command { std: "docker" "start" "-a" "f6619af91d5fb0d435b046e9ba9188b61ede7c051eef02e9a35face55e30e76d", kill_on_drop: false }`
[INFO] running `Command { std: "docker" "inspect" "f6619af91d5fb0d435b046e9ba9188b61ede7c051eef02e9a35face55e30e76d", kill_on_drop: false }`
[INFO] running `Command { std: "docker" "rm" "-f" "f6619af91d5fb0d435b046e9ba9188b61ede7c051eef02e9a35face55e30e76d", kill_on_drop: false }`
[INFO] [stdout] f6619af91d5fb0d435b046e9ba9188b61ede7c051eef02e9a35face55e30e76d
[INFO] running `Command { std: "docker" "create" "-v" "/var/lib/crater-agent-workspace/builds/worker-6-tc1/target:/opt/rustwide/target:rw,Z" "-v" "/var/lib/crater-agent-workspace/builds/worker-6-tc1/source:/opt/rustwide/workdir:ro,Z" "-v" "/var/lib/crater-agent-workspace/cargo-home:/opt/rustwide/cargo-home:ro,Z" "-v" "/var/lib/crater-agent-workspace/rustup-home:/opt/rustwide/rustup-home:ro,Z" "-e" "SOURCE_DIR=/opt/rustwide/workdir" "-e" "CARGO_TARGET_DIR=/opt/rustwide/target" "-e" "CARGO_INCREMENTAL=0" "-e" "RUST_BACKTRACE=full" "-e" "RUSTFLAGS=--cap-lints=forbid" "-e" "RUSTDOCFLAGS=--cap-lints=forbid" "-e" "CARGO_HOME=/opt/rustwide/cargo-home" "-e" "RUSTUP_HOME=/opt/rustwide/rustup-home" "-w" "/opt/rustwide/workdir" "-m" "1610612736" "--user" "0:0" "--network" "none" "ghcr.io/rust-lang/crates-build-env/linux@sha256:2788e3201cd34a07e3172128adcd8b3090168a8e3bcc40d7c032b9dda1df7d1c" "/opt/rustwide/cargo-home/bin/cargo" "+nightly-2024-02-05" "check" "--frozen" "--all" "--all-targets" "--message-format=json", kill_on_drop: false }`
[INFO] [stdout] 94f571fc77e47d971d77b208bec61e879cc64018647a33f7d76e701c0271d6f8
[INFO] running `Command { std: "docker" "start" "-a" "94f571fc77e47d971d77b208bec61e879cc64018647a33f7d76e701c0271d6f8", kill_on_drop: false }`
[INFO] [stderr]    Compiling syn v1.0.109
[INFO] [stderr]    Compiling marshall_derive v0.1.1
[INFO] [stdout] error[E0432]: unresolved import `syn::export`
[INFO] [stdout]  --> /opt/rustwide/cargo-home/registry/src/index.crates.io-6f17d22bba15001f/marshall_derive-0.1.1/src/lib.rs:7:10
[INFO] [stdout]   |
[INFO] [stdout] 7 | use syn::export::ToTokens;
[INFO] [stdout]   |          ^^^^^^ could not find `export` in `syn`
[INFO] [stdout] 
[INFO] [stdout] 
[INFO] [stdout] error[E0599]: no method named `to_token_stream` found for enum `syn::Type` in the current scope
[INFO] [stdout]   --> /opt/rustwide/cargo-home/registry/src/index.crates.io-6f17d22bba15001f/marshall_derive-0.1.1/src/lib.rs:50:36
[INFO] [stdout]    |
[INFO] [stdout] 50 |                 let ty = &field.ty.to_token_stream().to_string();
[INFO] [stdout]    |                                    ^^^^^^^^^^^^^^^ method not found in `syn::Type`
[INFO] [stdout]    |
[INFO] [stdout]   ::: /opt/rustwide/cargo-home/registry/src/index.crates.io-6f17d22bba15001f/quote-1.0.35/src/to_tokens.rs:59:8
[INFO] [stdout]    |
[INFO] [stdout] 59 |     fn to_token_stream(&self) -> TokenStream {
[INFO] [stdout]    |        --------------- the method is available for `syn::Type` here
[INFO] [stdout]    |
[INFO] [stdout]    = help: items from traits can only be used if the trait is in scope
[INFO] [stdout] help: the following trait is implemented but not in scope; perhaps add a `use` for it:
[INFO] [stdout]    |
[INFO] [stdout] 2  + use syn::__private::ToTokens;
[INFO] [stdout]    |
[INFO] [stdout] 
[INFO] [stdout] 
[INFO] [stdout] error: aborting due to 2 previous errors
[INFO] [stdout] 
[INFO] [stdout] 
[INFO] [stdout] Some errors have detailed explanations: E0432, E0599.
[INFO] [stdout] 
[INFO] [stdout] For more information about an error, try `rustc --explain E0432`.
[INFO] [stdout] 
[INFO] [stderr] error: could not compile `marshall_derive` (lib) due to 3 previous errors
[INFO] running `Command { std: "docker" "inspect" "94f571fc77e47d971d77b208bec61e879cc64018647a33f7d76e701c0271d6f8", kill_on_drop: false }`
[INFO] running `Command { std: "docker" "rm" "-f" "94f571fc77e47d971d77b208bec61e879cc64018647a33f7d76e701c0271d6f8", kill_on_drop: false }`
[INFO] [stdout] 94f571fc77e47d971d77b208bec61e879cc64018647a33f7d76e701c0271d6f8
[INFO] checking bytebuff-0.1.1 against nightly-2024-02-05+rustflags=-Dunexpected_cfgs+cargoflags=-Zcheck-cfg for check-cfg
[INFO] extracting crate bytebuff 0.1.1 into /workspace/builds/worker-6-tc2/source
[INFO] validating manifest of crates.io crate bytebuff 0.1.1 on toolchain nightly-2024-02-05
[INFO] running `Command { std: CARGO_HOME="/workspace/cargo-home" RUSTUP_HOME="/workspace/rustup-home" "/workspace/cargo-home/bin/cargo" "+nightly-2024-02-05" "metadata" "--manifest-path" "Cargo.toml" "--no-deps", kill_on_drop: false }`
[INFO] started tweaking crates.io crate bytebuff 0.1.1
[INFO] finished tweaking crates.io crate bytebuff 0.1.1
[INFO] tweaked toml for crates.io crate bytebuff 0.1.1 written to /workspace/builds/worker-6-tc2/source/Cargo.toml
[INFO] running `Command { std: CARGO_HOME="/workspace/cargo-home" RUSTUP_HOME="/workspace/rustup-home" "/workspace/cargo-home/bin/cargo" "+nightly-2024-02-05" "generate-lockfile" "--manifest-path" "Cargo.toml", kill_on_drop: false }`
[INFO] [stderr]     Updating crates.io index
[INFO] running `Command { std: CARGO_HOME="/workspace/cargo-home" RUSTUP_HOME="/workspace/rustup-home" "/workspace/cargo-home/bin/cargo" "+nightly-2024-02-05" "fetch" "--manifest-path" "Cargo.toml", kill_on_drop: false }`
[INFO] running `Command { std: "docker" "create" "-v" "/var/lib/crater-agent-workspace/builds/worker-6-tc2/target:/opt/rustwide/target:rw,Z" "-v" "/var/lib/crater-agent-workspace/builds/worker-6-tc2/source:/opt/rustwide/workdir:ro,Z" "-v" "/var/lib/crater-agent-workspace/cargo-home:/opt/rustwide/cargo-home:ro,Z" "-v" "/var/lib/crater-agent-workspace/rustup-home:/opt/rustwide/rustup-home:ro,Z" "-e" "SOURCE_DIR=/opt/rustwide/workdir" "-e" "CARGO_TARGET_DIR=/opt/rustwide/target" "-e" "CARGO_HOME=/opt/rustwide/cargo-home" "-e" "RUSTUP_HOME=/opt/rustwide/rustup-home" "-w" "/opt/rustwide/workdir" "-m" "1610612736" "--user" "0:0" "--network" "none" "ghcr.io/rust-lang/crates-build-env/linux@sha256:2788e3201cd34a07e3172128adcd8b3090168a8e3bcc40d7c032b9dda1df7d1c" "/opt/rustwide/cargo-home/bin/cargo" "+nightly-2024-02-05" "metadata" "--no-deps" "--format-version=1", kill_on_drop: false }`
[INFO] [stdout] 4ce74c7a70ca53c7fa257ffb5ab34886f4eaf370a7994b66f95f611ae05fdcc9
[INFO] running `Command { std: "docker" "start" "-a" "4ce74c7a70ca53c7fa257ffb5ab34886f4eaf370a7994b66f95f611ae05fdcc9", kill_on_drop: false }`
[INFO] running `Command { std: "docker" "inspect" "4ce74c7a70ca53c7fa257ffb5ab34886f4eaf370a7994b66f95f611ae05fdcc9", kill_on_drop: false }`
[INFO] running `Command { std: "docker" "rm" "-f" "4ce74c7a70ca53c7fa257ffb5ab34886f4eaf370a7994b66f95f611ae05fdcc9", kill_on_drop: false }`
[INFO] [stdout] 4ce74c7a70ca53c7fa257ffb5ab34886f4eaf370a7994b66f95f611ae05fdcc9
[INFO] running `Command { std: "docker" "create" "-v" "/var/lib/crater-agent-workspace/builds/worker-6-tc2/target:/opt/rustwide/target:rw,Z" "-v" "/var/lib/crater-agent-workspace/builds/worker-6-tc2/source:/opt/rustwide/workdir:ro,Z" "-v" "/var/lib/crater-agent-workspace/cargo-home:/opt/rustwide/cargo-home:ro,Z" "-v" "/var/lib/crater-agent-workspace/rustup-home:/opt/rustwide/rustup-home:ro,Z" "-e" "SOURCE_DIR=/opt/rustwide/workdir" "-e" "CARGO_TARGET_DIR=/opt/rustwide/target" "-e" "CARGO_INCREMENTAL=0" "-e" "RUST_BACKTRACE=full" "-e" "RUSTFLAGS=--cap-lints=forbid -Dunexpected_cfgs" "-e" "RUSTDOCFLAGS=--cap-lints=forbid" "-e" "CARGO_HOME=/opt/rustwide/cargo-home" "-e" "RUSTUP_HOME=/opt/rustwide/rustup-home" "-w" "/opt/rustwide/workdir" "-m" "1610612736" "--user" "0:0" "--network" "none" "ghcr.io/rust-lang/crates-build-env/linux@sha256:2788e3201cd34a07e3172128adcd8b3090168a8e3bcc40d7c032b9dda1df7d1c" "/opt/rustwide/cargo-home/bin/cargo" "+nightly-2024-02-05" "check" "--frozen" "--all" "--all-targets" "--message-format=json" "-Zcheck-cfg", kill_on_drop: false }`
[INFO] [stdout] 4f889e77438ee952c23167d3c8a5f715e2429df5ddcbacec2cac48dfb245244e
[INFO] running `Command { std: "docker" "start" "-a" "4f889e77438ee952c23167d3c8a5f715e2429df5ddcbacec2cac48dfb245244e", kill_on_drop: false }`
[INFO] [stderr]    Compiling syn v1.0.109
[INFO] [stderr]    Compiling marshall_derive v0.1.1
[INFO] [stdout] error[E0432]: unresolved import `syn::export`
[INFO] [stdout]  --> /opt/rustwide/cargo-home/registry/src/index.crates.io-6f17d22bba15001f/marshall_derive-0.1.1/src/lib.rs:7:10
[INFO] [stdout]   |
[INFO] [stdout] 7 | use syn::export::ToTokens;
[INFO] [stdout]   |          ^^^^^^ could not find `export` in `syn`
[INFO] [stdout] 
[INFO] [stdout] 
[INFO] [stdout] error[E0599]: no method named `to_token_stream` found for enum `syn::Type` in the current scope
[INFO] [stdout]   --> /opt/rustwide/cargo-home/registry/src/index.crates.io-6f17d22bba15001f/marshall_derive-0.1.1/src/lib.rs:50:36
[INFO] [stdout]    |
[INFO] [stdout] 50 |                 let ty = &field.ty.to_token_stream().to_string();
[INFO] [stdout]    |                                    ^^^^^^^^^^^^^^^ method not found in `syn::Type`
[INFO] [stdout]    |
[INFO] [stdout]   ::: /opt/rustwide/cargo-home/registry/src/index.crates.io-6f17d22bba15001f/quote-1.0.35/src/to_tokens.rs:59:8
[INFO] [stdout]    |
[INFO] [stdout] 59 |     fn to_token_stream(&self) -> TokenStream {
[INFO] [stdout]    |        --------------- the method is available for `syn::Type` here
[INFO] [stdout]    |
[INFO] [stdout]    = help: items from traits can only be used if the trait is in scope
[INFO] [stdout] help: the following trait is implemented but not in scope; perhaps add a `use` for it:
[INFO] [stdout]    |
[INFO] [stdout] 2  + use syn::__private::ToTokens;
[INFO] [stdout]    |
[INFO] [stdout] 
[INFO] [stdout] 
[INFO] [stdout] error: aborting due to 2 previous errors
[INFO] [stdout] 
[INFO] [stdout] 
[INFO] [stdout] Some errors have detailed explanations: E0432, E0599.
[INFO] [stdout] 
[INFO] [stdout] For more information about an error, try `rustc --explain E0432`.
[INFO] [stdout] 
[INFO] [stderr] error: could not compile `marshall_derive` (lib) due to 3 previous errors
[INFO] running `Command { std: "docker" "inspect" "4f889e77438ee952c23167d3c8a5f715e2429df5ddcbacec2cac48dfb245244e", kill_on_drop: false }`
[INFO] running `Command { std: "docker" "rm" "-f" "4f889e77438ee952c23167d3c8a5f715e2429df5ddcbacec2cac48dfb245244e", kill_on_drop: false }`
[INFO] [stdout] 4f889e77438ee952c23167d3c8a5f715e2429df5ddcbacec2cac48dfb245244e
