[INFO] fetching crate bystr-impl 0.1.3...
[INFO] checking bystr-impl-0.1.3 against nightly-2024-02-05 for check-cfg
[INFO] extracting crate bystr-impl 0.1.3 into /workspace/builds/worker-2-tc1/source
[INFO] validating manifest of crates.io crate bystr-impl 0.1.3 on toolchain nightly-2024-02-05
[INFO] running `Command { std: CARGO_HOME="/workspace/cargo-home" RUSTUP_HOME="/workspace/rustup-home" "/workspace/cargo-home/bin/cargo" "+nightly-2024-02-05" "metadata" "--manifest-path" "Cargo.toml" "--no-deps", kill_on_drop: false }`
[INFO] started tweaking crates.io crate bystr-impl 0.1.3
[INFO] finished tweaking crates.io crate bystr-impl 0.1.3
[INFO] tweaked toml for crates.io crate bystr-impl 0.1.3 written to /workspace/builds/worker-2-tc1/source/Cargo.toml
[INFO] running `Command { std: CARGO_HOME="/workspace/cargo-home" RUSTUP_HOME="/workspace/rustup-home" "/workspace/cargo-home/bin/cargo" "+nightly-2024-02-05" "generate-lockfile" "--manifest-path" "Cargo.toml", kill_on_drop: false }`
[INFO] [stderr]     Updating crates.io index
[INFO] running `Command { std: CARGO_HOME="/workspace/cargo-home" RUSTUP_HOME="/workspace/rustup-home" "/workspace/cargo-home/bin/cargo" "+nightly-2024-02-05" "fetch" "--manifest-path" "Cargo.toml", kill_on_drop: false }`
[INFO] running `Command { std: "docker" "create" "-v" "/var/lib/crater-agent-workspace/builds/worker-2-tc1/target:/opt/rustwide/target:rw,Z" "-v" "/var/lib/crater-agent-workspace/builds/worker-2-tc1/source:/opt/rustwide/workdir:ro,Z" "-v" "/var/lib/crater-agent-workspace/cargo-home:/opt/rustwide/cargo-home:ro,Z" "-v" "/var/lib/crater-agent-workspace/rustup-home:/opt/rustwide/rustup-home:ro,Z" "-e" "SOURCE_DIR=/opt/rustwide/workdir" "-e" "CARGO_TARGET_DIR=/opt/rustwide/target" "-e" "CARGO_HOME=/opt/rustwide/cargo-home" "-e" "RUSTUP_HOME=/opt/rustwide/rustup-home" "-w" "/opt/rustwide/workdir" "-m" "1610612736" "--user" "0:0" "--network" "none" "ghcr.io/rust-lang/crates-build-env/linux@sha256:2788e3201cd34a07e3172128adcd8b3090168a8e3bcc40d7c032b9dda1df7d1c" "/opt/rustwide/cargo-home/bin/cargo" "+nightly-2024-02-05" "metadata" "--no-deps" "--format-version=1", kill_on_drop: false }`
[INFO] [stdout] afb3b5f1b38b5edc9663d9d923e6ab91f9104a64a6e4fdd7aff29a8641839c84
[INFO] running `Command { std: "docker" "start" "-a" "afb3b5f1b38b5edc9663d9d923e6ab91f9104a64a6e4fdd7aff29a8641839c84", kill_on_drop: false }`
[INFO] running `Command { std: "docker" "inspect" "afb3b5f1b38b5edc9663d9d923e6ab91f9104a64a6e4fdd7aff29a8641839c84", kill_on_drop: false }`
[INFO] running `Command { std: "docker" "rm" "-f" "afb3b5f1b38b5edc9663d9d923e6ab91f9104a64a6e4fdd7aff29a8641839c84", kill_on_drop: false }`
[INFO] [stdout] afb3b5f1b38b5edc9663d9d923e6ab91f9104a64a6e4fdd7aff29a8641839c84
[INFO] running `Command { std: "docker" "create" "-v" "/var/lib/crater-agent-workspace/builds/worker-2-tc1/target:/opt/rustwide/target:rw,Z" "-v" "/var/lib/crater-agent-workspace/builds/worker-2-tc1/source:/opt/rustwide/workdir:ro,Z" "-v" "/var/lib/crater-agent-workspace/cargo-home:/opt/rustwide/cargo-home:ro,Z" "-v" "/var/lib/crater-agent-workspace/rustup-home:/opt/rustwide/rustup-home:ro,Z" "-e" "SOURCE_DIR=/opt/rustwide/workdir" "-e" "CARGO_TARGET_DIR=/opt/rustwide/target" "-e" "CARGO_INCREMENTAL=0" "-e" "RUST_BACKTRACE=full" "-e" "RUSTFLAGS=--cap-lints=forbid" "-e" "RUSTDOCFLAGS=--cap-lints=forbid" "-e" "CARGO_HOME=/opt/rustwide/cargo-home" "-e" "RUSTUP_HOME=/opt/rustwide/rustup-home" "-w" "/opt/rustwide/workdir" "-m" "1610612736" "--user" "0:0" "--network" "none" "ghcr.io/rust-lang/crates-build-env/linux@sha256:2788e3201cd34a07e3172128adcd8b3090168a8e3bcc40d7c032b9dda1df7d1c" "/opt/rustwide/cargo-home/bin/cargo" "+nightly-2024-02-05" "check" "--frozen" "--all" "--all-targets" "--message-format=json", kill_on_drop: false }`
[INFO] [stdout] f104d37a5a3e0420d04a0bf48b39115bc78007e0f97393ef21ccc4c143c0b339
[INFO] running `Command { std: "docker" "start" "-a" "f104d37a5a3e0420d04a0bf48b39115bc78007e0f97393ef21ccc4c143c0b339", kill_on_drop: false }`
[INFO] [stderr]     Checking proc-macro2 v1.0.78
[INFO] [stderr]     Checking quote v1.0.35
[INFO] [stderr]     Checking syn v1.0.109
[INFO] [stderr]     Checking bystr-impl v0.1.3 (/opt/rustwide/workdir)
[INFO] [stdout] error[E0433]: failed to resolve: could not find `export` in `syn`
[INFO] [stdout]   --> src/lib.rs:15:83
[INFO] [stdout]    |
[INFO] [stdout] 15 | fn stringify(input: &syn::parse::ParseStream) -> syn::parse::Result<(String, syn::export::Span)> {
[INFO] [stdout]    |                                                                                   ^^^^^^ could not find `export` in `syn`
[INFO] [stdout] 
[INFO] [stdout] 
[INFO] [stdout] error[E0433]: failed to resolve: could not find `export` in `syn`
[INFO] [stdout]   --> src/lib.rs:15:83
[INFO] [stdout]    |
[INFO] [stdout] 15 | fn stringify(input: &syn::parse::ParseStream) -> syn::parse::Result<(String, syn::export::Span)> {
[INFO] [stdout]    |                                                                                   ^^^^^^ could not find `export` in `syn`
[INFO] [stdout] 
[INFO] [stdout] 
[INFO] [stdout] error[E0433]: failed to resolve: could not find `export` in `syn`
[INFO] [stdout]   --> src/lib.rs:30:16
[INFO] [stdout]    |
[INFO] [stdout] 30 |     span: syn::export::Span,
[INFO] [stdout]    |                ^^^^^^ could not find `export` in `syn`
[INFO] [stdout] 
[INFO] [stdout] 
[INFO] [stdout] error[E0433]: failed to resolve: could not find `export` in `syn`
[INFO] [stdout]   --> src/lib.rs:30:16
[INFO] [stdout]    |
[INFO] [stdout] 30 |     span: syn::export::Span,
[INFO] [stdout]    |                ^^^^^^ could not find `export` in `syn`
[INFO] [stdout] 
[INFO] [stdout] 
[INFO] [stdout] error[E0433]: failed to resolve: could not find `export` in `syn`
[INFO] [stdout]   --> src/lib.rs:35:42
[INFO] [stdout]    |
[INFO] [stdout] 35 |         let mut len: Option<(usize, syn::export::Span)> = None;
[INFO] [stdout]    |                                          ^^^^^^ could not find `export` in `syn`
[INFO] [stdout] 
[INFO] [stdout] 
[INFO] [stdout] error[E0433]: failed to resolve: could not find `export` in `syn`
[INFO] [stdout]   --> src/lib.rs:35:42
[INFO] [stdout]    |
[INFO] [stdout] 35 |         let mut len: Option<(usize, syn::export::Span)> = None;
[INFO] [stdout]    |                                          ^^^^^^ could not find `export` in `syn`
[INFO] [stdout] 
[INFO] [stdout] 
[INFO] [stdout] error[E0433]: failed to resolve: could not find `export` in `syn`
[INFO] [stdout]   --> src/lib.rs:72:35
[INFO] [stdout]    |
[INFO] [stdout] 72 | fn byte_to_expr(b: u8, span: syn::export::Span) -> syn::Expr {
[INFO] [stdout]    |                                   ^^^^^^ could not find `export` in `syn`
[INFO] [stdout] 
[INFO] [stdout] 
[INFO] [stdout] error[E0433]: failed to resolve: could not find `export` in `syn`
[INFO] [stdout]   --> src/lib.rs:72:35
[INFO] [stdout]    |
[INFO] [stdout] 72 | fn byte_to_expr(b: u8, span: syn::export::Span) -> syn::Expr {
[INFO] [stdout]    |                                   ^^^^^^ could not find `export` in `syn`
[INFO] [stdout] 
[INFO] [stdout] 
[INFO] [stdout] error: aborting due to 4 previous errors
[INFO] [stdout] 
[INFO] [stdout] 
[INFO] [stdout] For more information about this error, try `rustc --explain E0433`.
[INFO] [stdout] 
[INFO] [stdout] error: aborting due to 4 previous errors
[INFO] [stdout] 
[INFO] [stdout] 
[INFO] [stdout] For more information about this error, try `rustc --explain E0433`.
[INFO] [stdout] 
[INFO] [stderr] error: could not compile `bystr-impl` (lib) due to 5 previous errors
[INFO] [stderr] warning: build failed, waiting for other jobs to finish...
[INFO] [stderr] error: could not compile `bystr-impl` (lib test) due to 5 previous errors
[INFO] running `Command { std: "docker" "inspect" "f104d37a5a3e0420d04a0bf48b39115bc78007e0f97393ef21ccc4c143c0b339", kill_on_drop: false }`
[INFO] running `Command { std: "docker" "rm" "-f" "f104d37a5a3e0420d04a0bf48b39115bc78007e0f97393ef21ccc4c143c0b339", kill_on_drop: false }`
[INFO] [stdout] f104d37a5a3e0420d04a0bf48b39115bc78007e0f97393ef21ccc4c143c0b339
