[INFO] fetching crate buzzy 0.2.1...
[INFO] checking buzzy-0.2.1 against nightly-2024-02-05 for check-cfg
[INFO] extracting crate buzzy 0.2.1 into /workspace/builds/worker-2-tc1/source
[INFO] validating manifest of crates.io crate buzzy 0.2.1 on toolchain nightly-2024-02-05
[INFO] running `Command { std: CARGO_HOME="/workspace/cargo-home" RUSTUP_HOME="/workspace/rustup-home" "/workspace/cargo-home/bin/cargo" "+nightly-2024-02-05" "metadata" "--manifest-path" "Cargo.toml" "--no-deps", kill_on_drop: false }`
[INFO] removed /workspace/builds/worker-2-tc1/source/.cargo/config.toml
[INFO] started tweaking crates.io crate buzzy 0.2.1
[INFO] finished tweaking crates.io crate buzzy 0.2.1
[INFO] tweaked toml for crates.io crate buzzy 0.2.1 written to /workspace/builds/worker-2-tc1/source/Cargo.toml
[INFO] crate crates.io crate buzzy 0.2.1 already has a lockfile, it will not be regenerated
[INFO] running `Command { std: CARGO_HOME="/workspace/cargo-home" RUSTUP_HOME="/workspace/rustup-home" "/workspace/cargo-home/bin/cargo" "+nightly-2024-02-05" "fetch" "--manifest-path" "Cargo.toml", kill_on_drop: false }`
[INFO] [stderr]     Updating crates.io index
[INFO] [stderr]  Downloading crates ...
[INFO] [stderr]   Downloaded thiserror-impl v1.0.24
[INFO] [stderr]   Downloaded bevy_derive v0.5.0
[INFO] [stderr]   Downloaded clipboard-win v2.2.0
[INFO] [stderr]   Downloaded wasm-bindgen-macro-support v0.2.69
[INFO] [stderr]   Downloaded clipboard v0.5.0
[INFO] [stderr]   Downloaded bevy_scene v0.5.0
[INFO] [stderr]   Downloaded bevy_utils v0.5.0
[INFO] [stderr]   Downloaded slab v0.4.3
[INFO] [stderr]   Downloaded bevy_diagnostic v0.5.0
[INFO] [stderr]   Downloaded bevy_pbr v0.5.0
[INFO] [stderr]   Downloaded tracing-attributes v0.1.15
[INFO] [stderr]   Downloaded shaderc v0.7.2
[INFO] [stderr]   Downloaded crossbeam-utils v0.8.3
[INFO] [stderr]   Downloaded instant v0.1.9
[INFO] [stderr]   Downloaded gfx-backend-empty v0.7.0
[INFO] [stderr]   Downloaded serde v1.0.125
[INFO] [stderr]   Downloaded bevy_gltf v0.5.0
[INFO] [stderr]   Downloaded storage-map v0.3.0
[INFO] [stderr]   Downloaded fsevent-sys v3.0.2
[INFO] [stderr]   Downloaded gpu-alloc v0.3.0
[INFO] [stderr]   Downloaded num_enum_derive v0.5.1
[INFO] [stderr]   Downloaded fsevent v2.0.2
[INFO] [stderr]   Downloaded libloading v0.7.0
[INFO] [stderr]   Downloaded xcb v0.8.2
[INFO] [stderr]   Downloaded metal v0.21.0
[INFO] [stderr]   Downloaded shaderc-sys v0.7.2
[INFO] [stderr]   Downloaded lock_api v0.4.3
[INFO] [stderr]   Downloaded bevy_asset v0.5.0
[INFO] [stderr]   Downloaded rodio v0.13.1
[INFO] [stderr]   Downloaded bevy_text v0.5.0
[INFO] [stderr]   Downloaded coreaudio-sys v0.2.8
[INFO] [stderr]   Downloaded oboe v0.4.1
[INFO] [stderr]   Downloaded oboe-sys v0.4.0
[INFO] [stderr]   Downloaded spirv-std v0.4.0-alpha.5
[INFO] [stderr]   Downloaded owned_ttf_parser v0.12.0
[INFO] [stderr]   Downloaded epaint v0.11.0
[INFO] [stderr]   Downloaded slotmap v0.4.0
[INFO] [stderr]   Downloaded glow v0.7.2
[INFO] [stderr]   Downloaded emath v0.11.0
[INFO] [stderr]   Downloaded hexasphere v3.2.0
[INFO] [stderr]   Downloaded ordered-float v2.1.1
[INFO] [stderr]   Downloaded notify v5.0.0-pre.7
[INFO] [stderr]   Downloaded redox_syscall v0.2.6
[INFO] [stderr]   Downloaded egui v0.11.0
[INFO] [stderr]   Downloaded spirv-std-macros v0.4.0-alpha.5
[INFO] [stderr]   Downloaded erased-serde v0.3.13
[INFO] [stderr]   Downloaded atomic_refcell v0.1.7
[INFO] [stderr]   Downloaded bevy_egui v0.4.1
[INFO] [stderr]   Downloaded ttf-parser v0.12.0
[INFO] [stderr]   Downloaded ab_glyph v0.2.10
[INFO] [stderr]   Downloaded tracing-subscriber v0.2.17
[INFO] [stderr]   Downloaded bevy-glsl-to-spirv v0.2.1
[INFO] [stderr]   Downloaded cpal v0.13.3
[INFO] [stderr]   Downloaded ash v0.31.0
[INFO] [stderr]   Downloaded gilrs v0.8.1
[INFO] [stderr]   Downloaded gltf v0.15.2
[INFO] [stderr]   Downloaded gfx-backend-metal v0.7.0
[INFO] [stderr]   Downloaded alsa v0.5.0
[INFO] [stderr]   Downloaded anyhow v1.0.40
[INFO] [stderr]   Downloaded petgraph v0.5.1
[INFO] [stderr]   Downloaded bindgen v0.56.0
[INFO] [stderr]   Downloaded serde_json v1.0.64
[INFO] [stderr]   Downloaded glam v0.13.1
[INFO] [stderr]   Downloaded bevy_ecs v0.5.0
[INFO] [stderr]   Downloaded naga v0.3.2
[INFO] [stderr]   Downloaded combine v4.5.2
[INFO] [stderr]   Downloaded regex-syntax v0.6.23
[INFO] [stderr]   Downloaded inotify v0.9.2
[INFO] [stderr]   Downloaded cache-padded v1.1.1
[INFO] [stderr]   Downloaded gfx-backend-vulkan v0.7.0
[INFO] [stderr]   Downloaded ron v0.6.4
[INFO] [stderr]   Downloaded jni v0.18.0
[INFO] [stderr]   Downloaded indexmap v1.6.2
[INFO] [stderr]   Downloaded gfx-hal v0.7.0
[INFO] [stderr]   Downloaded ahash v0.4.7
[INFO] [stderr]   Downloaded bevy_dynamic_plugin v0.5.0
[INFO] [stderr]   Downloaded fixedbitset v0.2.0
[INFO] [stderr]   Downloaded bevy_reflect v0.5.0
[INFO] [stderr]   Downloaded gilrs-core v0.3.1
[INFO] [stderr]   Downloaded glyph_brush_layout v0.2.1
[INFO] [stderr]   Downloaded clang-sys v1.2.0
[INFO] [stderr]   Downloaded rectangle-pack v0.3.0
[INFO] [stderr]   Downloaded guillotiere v0.6.0
[INFO] [stderr]   Downloaded sharded-slab v0.1.1
[INFO] [stderr]   Downloaded web-sys v0.3.46
[INFO] [stderr]   Downloaded wasm-bindgen v0.2.69
[INFO] [stderr]   Downloaded gfx-backend-dx12 v0.7.1
[INFO] [stderr]   Downloaded spirv_cross v0.23.1
[INFO] [stderr]   Downloaded regex v1.4.6
[INFO] [stderr]   Downloaded libc v0.2.93
[INFO] [stderr]   Downloaded console_error_panic_hook v0.1.6
[INFO] [stderr]   Downloaded bevy_log v0.5.0
[INFO] [stderr]   Downloaded gpu-descriptor v0.1.1
[INFO] [stderr]   Downloaded bevy_sprite v0.5.0
[INFO] [stderr]   Downloaded gltf-json v0.15.2
[INFO] [stderr]   Downloaded gfx-backend-gl v0.7.1
[INFO] [stderr]   Downloaded gfx-backend-dx11 v0.7.0
[INFO] [stderr]   Downloaded fixedbitset v0.4.0
[INFO] [stderr]   Downloaded bevy_ui v0.5.0
[INFO] [stderr]   Downloaded bevy_app v0.5.0
[INFO] [stderr]   Downloaded bevy_audio v0.5.0
[INFO] [stderr]   Downloaded bevy_ecs_macros v0.5.0
[INFO] [stderr]   Downloaded cc v1.0.67
[INFO] [stderr]   Downloaded async-task v4.0.3
[INFO] [stderr]   Downloaded khronos-egl v3.0.2
[INFO] [stderr]   Downloaded spirv_headers v1.5.0
[INFO] [stderr]   Downloaded base-x v0.2.8
[INFO] [stderr]   Downloaded anymap v0.12.1
[INFO] [stderr]   Downloaded tracing v0.1.25
[INFO] [stderr]   Downloaded libm v0.2.1
[INFO] [stderr]   Downloaded core-graphics v0.22.2
[INFO] [stderr]   Downloaded syn v1.0.65
[INFO] [stderr]   Downloaded bevy_render v0.5.0
[INFO] [stderr]   Downloaded d3d12 v0.3.2
[INFO] [stderr]   Downloaded wgpu-core v0.7.1
[INFO] [stderr]   Downloaded regex-automata v0.1.9
[INFO] [stderr]   Downloaded num_enum v0.5.1
[INFO] [stderr]   Downloaded spirv-reflect v0.2.3
[INFO] [stderr]   Downloaded tracing-serde v0.1.2
[INFO] [stderr]   Downloaded ndk v0.2.1
[INFO] [stderr]   Downloaded bevy_tasks v0.5.0
[INFO] [stderr]   Downloaded raw-window-handle v0.3.3
[INFO] [stderr]   Downloaded bevy_core v0.5.0
[INFO] [stderr]   Downloaded cmake v0.1.45
[INFO] [stderr]   Downloaded futures-io v0.3.14
[INFO] [stderr]   Downloaded wasm-bindgen-futures v0.4.19
[INFO] [stderr]   Downloaded bytemuck v1.5.1
[INFO] [stderr]   Downloaded bevy_reflect_derive v0.5.0
[INFO] [stderr]   Downloaded pin-project-lite v0.2.6
[INFO] [stderr]   Downloaded bevy_winit v0.5.0
[INFO] [stderr]   Downloaded bevy v0.5.0
[INFO] [stderr]   Downloaded wasm-bindgen-backend v0.2.69
[INFO] [stderr]   Downloaded mio v0.7.11
[INFO] [stderr]   Downloaded bevy_wgpu v0.5.0
[INFO] [stderr]   Downloaded tracing-wasm v0.2.0
[INFO] [stderr]   Downloaded bevy_gilrs v0.5.0
[INFO] [stderr]   Downloaded gltf-derive v0.15.2
[INFO] [stderr]   Downloaded ab_glyph_rasterizer v0.1.4
[INFO] [stderr]   Downloaded euclid v0.22.3
[INFO] [stderr]   Downloaded event-listener v2.5.1
[INFO] [stderr]   Downloaded js-sys v0.3.46
[INFO] [stderr]   Downloaded x11-dl v2.18.5
[INFO] [stderr]   Downloaded futures-lite v1.11.3
[INFO] [stderr]   Downloaded bevy_transform v0.5.0
[INFO] [stderr]   Downloaded fastrand v1.4.1
[INFO] [stderr]   Downloaded wasm-bindgen-macro v0.2.69
[INFO] [stderr]   Downloaded ndk-glue v0.2.1
[INFO] [stderr]   Downloaded bevy_internal v0.5.0
[INFO] [stderr]   Downloaded wgpu-types v0.7.0
[INFO] [stderr]   Downloaded wgpu v0.7.1
[INFO] [stderr]   Downloaded matchers v0.0.1
[INFO] [stderr]   Downloaded ahash v0.7.2
[INFO] [stderr]   Downloaded serde_derive v1.0.125
[INFO] [stderr]   Downloaded proc-macro2 v1.0.26
[INFO] [stderr]   Downloaded ndk-sys v0.2.1
[INFO] [stderr]   Downloaded bevy_input v0.5.0
[INFO] [stderr]   Downloaded futures-core v0.3.14
[INFO] [stderr]   Downloaded wasm-bindgen-shared v0.2.69
[INFO] [stderr]   Downloaded bevy_math v0.5.0
[INFO] [stderr]   Downloaded gfx-auxil v0.8.0
[INFO] [stderr]   Downloaded bevy_window v0.5.0
[INFO] [stderr]   Downloaded x11-clipboard v0.3.3
[INFO] [stderr]   Downloaded android_logger v0.8.6
[INFO] [stderr]   Downloaded thunderdome v0.3.0
[INFO] [stderr]   Downloaded jobserver v0.1.22
[INFO] [stderr]   Downloaded crossbeam-channel v0.5.1
[INFO] [stderr]   Downloaded winit v0.24.0
[INFO] [stderr]   Downloaded find-crate v0.6.3
[INFO] [stderr]   Downloaded thiserror v1.0.24
[INFO] running `Command { std: "docker" "create" "-v" "/var/lib/crater-agent-workspace/builds/worker-2-tc1/target:/opt/rustwide/target:rw,Z" "-v" "/var/lib/crater-agent-workspace/builds/worker-2-tc1/source:/opt/rustwide/workdir:ro,Z" "-v" "/var/lib/crater-agent-workspace/cargo-home:/opt/rustwide/cargo-home:ro,Z" "-v" "/var/lib/crater-agent-workspace/rustup-home:/opt/rustwide/rustup-home:ro,Z" "-e" "SOURCE_DIR=/opt/rustwide/workdir" "-e" "CARGO_TARGET_DIR=/opt/rustwide/target" "-e" "CARGO_HOME=/opt/rustwide/cargo-home" "-e" "RUSTUP_HOME=/opt/rustwide/rustup-home" "-w" "/opt/rustwide/workdir" "-m" "1610612736" "--user" "0:0" "--network" "none" "ghcr.io/rust-lang/crates-build-env/linux@sha256:2788e3201cd34a07e3172128adcd8b3090168a8e3bcc40d7c032b9dda1df7d1c" "/opt/rustwide/cargo-home/bin/cargo" "+nightly-2024-02-05" "metadata" "--no-deps" "--format-version=1", kill_on_drop: false }`
[INFO] [stdout] 834f4c29eea01d5f1a246d40ddef82bf9467b634bfe13e77aceeb386754976a4
[INFO] running `Command { std: "docker" "start" "-a" "834f4c29eea01d5f1a246d40ddef82bf9467b634bfe13e77aceeb386754976a4", kill_on_drop: false }`
[INFO] running `Command { std: "docker" "inspect" "834f4c29eea01d5f1a246d40ddef82bf9467b634bfe13e77aceeb386754976a4", kill_on_drop: false }`
[INFO] running `Command { std: "docker" "rm" "-f" "834f4c29eea01d5f1a246d40ddef82bf9467b634bfe13e77aceeb386754976a4", kill_on_drop: false }`
[INFO] [stdout] 834f4c29eea01d5f1a246d40ddef82bf9467b634bfe13e77aceeb386754976a4
[INFO] running `Command { std: "docker" "create" "-v" "/var/lib/crater-agent-workspace/builds/worker-2-tc1/target:/opt/rustwide/target:rw,Z" "-v" "/var/lib/crater-agent-workspace/builds/worker-2-tc1/source:/opt/rustwide/workdir:ro,Z" "-v" "/var/lib/crater-agent-workspace/cargo-home:/opt/rustwide/cargo-home:ro,Z" "-v" "/var/lib/crater-agent-workspace/rustup-home:/opt/rustwide/rustup-home:ro,Z" "-e" "SOURCE_DIR=/opt/rustwide/workdir" "-e" "CARGO_TARGET_DIR=/opt/rustwide/target" "-e" "CARGO_INCREMENTAL=0" "-e" "RUST_BACKTRACE=full" "-e" "RUSTFLAGS=--cap-lints=forbid" "-e" "RUSTDOCFLAGS=--cap-lints=forbid" "-e" "CARGO_HOME=/opt/rustwide/cargo-home" "-e" "RUSTUP_HOME=/opt/rustwide/rustup-home" "-w" "/opt/rustwide/workdir" "-m" "1610612736" "--user" "0:0" "--network" "none" "ghcr.io/rust-lang/crates-build-env/linux@sha256:2788e3201cd34a07e3172128adcd8b3090168a8e3bcc40d7c032b9dda1df7d1c" "/opt/rustwide/cargo-home/bin/cargo" "+nightly-2024-02-05" "check" "--frozen" "--all" "--all-targets" "--message-format=json", kill_on_drop: false }`
[INFO] [stdout] 42c912a2509279adb090c59dbe2573f124001e37c969be31a21c972026c53074
[INFO] running `Command { std: "docker" "start" "-a" "42c912a2509279adb090c59dbe2573f124001e37c969be31a21c972026c53074", kill_on_drop: false }`
[INFO] [stderr]    Compiling libc v0.2.93
[INFO] [stderr]    Compiling proc-macro2 v1.0.26
[INFO] [stderr]    Compiling unicode-xid v0.2.1
[INFO] [stderr]    Compiling syn v1.0.65
[INFO] [stderr]    Compiling serde_derive v1.0.125
[INFO] [stderr]    Compiling serde v1.0.125
[INFO] [stderr]    Compiling libm v0.2.1
[INFO] [stderr]    Compiling getrandom v0.2.2
[INFO] [stderr]     Checking pin-project-lite v0.2.6
[INFO] [stderr]     Checking scopeguard v1.1.0
[INFO] [stderr]    Compiling num-traits v0.2.14
[INFO] [stderr]    Compiling log v0.4.14
[INFO] [stderr]     Checking instant v0.1.9
[INFO] [stderr]     Checking tracing-core v0.1.17
[INFO] [stderr]     Checking once_cell v1.7.2
[INFO] [stderr]     Checking fxhash v0.2.1
[INFO] [stderr]    Compiling memchr v2.3.4
[INFO] [stderr]     Checking lock_api v0.4.3
[INFO] [stderr]    Compiling ahash v0.7.2
[INFO] [stderr]     Checking slab v0.4.3
[INFO] [stderr]     Checking futures-core v0.3.14
[INFO] [stderr]     Checking cache-padded v1.1.1
[INFO] [stderr]     Checking futures-io v0.3.14
[INFO] [stderr]     Checking waker-fn v1.1.0
[INFO] [stderr]     Checking concurrent-queue v1.2.2
[INFO] [stderr]     Checking fastrand v1.4.1
[INFO] [stderr]     Checking parking v2.0.0
[INFO] [stderr]     Checking downcast-rs v1.2.0
[INFO] [stderr]     Checking event-listener v2.5.1
[INFO] [stderr]     Checking async-task v4.0.3
[INFO] [stderr]     Checking fixedbitset v0.4.0
[INFO] [stderr]    Compiling Inflector v0.11.4
[INFO] [stderr]    Compiling pkg-config v0.3.19
[INFO] [stderr]    Compiling serde_json v1.0.64
[INFO] [stderr]     Checking regex-syntax v0.6.23
[INFO] [stderr]     Checking itoa v0.4.7
[INFO] [stderr]     Checking tracing-log v0.1.2
[INFO] [stderr]     Checking thread_local v1.1.3
[INFO] [stderr]     Checking async-channel v1.6.1
[INFO] [stderr]     Checking sharded-slab v0.1.1
[INFO] [stderr]    Compiling crossbeam-utils v0.8.3
[INFO] [stderr]     Checking ansi_term v0.12.1
[INFO] [stderr]     Checking ahash v0.4.7
[INFO] [stderr]    Compiling indexmap v1.6.2
[INFO] [stderr]     Checking same-file v1.0.6
[INFO] [stderr]    Compiling anyhow v1.0.40
[INFO] [stderr]     Checking walkdir v2.3.2
[INFO] [stderr]    Compiling crc32fast v1.2.1
[INFO] [stderr]     Checking anymap v0.12.1
[INFO] [stderr]     Checking hashbrown v0.9.1
[INFO] [stderr]     Checking futures-lite v1.11.3
[INFO] [stderr]     Checking aho-corasick v0.7.15
[INFO] [stderr]     Checking adler32 v1.2.0
[INFO] [stderr]    Compiling num-iter v0.1.42
[INFO] [stderr]    Compiling quote v1.0.9
[INFO] [stderr]    Compiling num-rational v0.3.2
[INFO] [stderr]     Checking fixedbitset v0.2.0
[INFO] [stderr]     Checking bit-vec v0.6.3
[INFO] [stderr]     Checking miniz_oxide v0.3.7
[INFO] [stderr]     Checking bit-set v0.5.2
[INFO] [stderr]     Checking deflate v0.8.6
[INFO] [stderr]    Compiling bevy-glsl-to-spirv v0.2.1
[INFO] [stderr]     Checking color_quant v1.1.0
[INFO] [stderr]     Checking bytemuck v1.5.1
[INFO] [stderr]     Checking libloading v0.6.7
[INFO] [stderr]     Checking crossbeam-channel v0.5.1
[INFO] [stderr]     Checking ab_glyph_rasterizer v0.1.4
[INFO] [stderr]    Compiling alsa-sys v0.3.1
[INFO] [stderr]    Compiling khronos-egl v3.0.2
[INFO] [stderr]    Compiling x11-dl v2.18.5
[INFO] [stderr]    Compiling libudev-sys v0.1.4
[INFO] [stderr]     Checking arrayvec v0.5.2
[INFO] [stderr]     Checking async-executor v1.4.1
[INFO] [stderr]     Checking petgraph v0.5.1
[INFO] [stderr]     Checking ttf-parser v0.12.0
[INFO] [stderr]     Checking num_cpus v1.13.0
[INFO] [stderr]     Checking inotify-sys v0.1.5
[INFO] [stderr]     Checking num-integer v0.1.44
[INFO] [stderr]     Checking spirv_headers v1.5.0
[INFO] [stderr]    Compiling jobserver v0.1.22
[INFO] [stderr]     Checking mio v0.7.11
[INFO] [stderr]     Checking bevy_tasks v0.5.0
[INFO] [stderr]     Checking inotify v0.9.2
[INFO] [stderr]     Checking filetime v0.2.14
[INFO] [stderr]     Checking raw-window-handle v0.3.3
[INFO] [stderr]     Checking rand_core v0.6.2
[INFO] [stderr]    Compiling cc v1.0.67
[INFO] [stderr]     Checking png v0.16.8
[INFO] [stderr]     Checking nix v0.20.0
[INFO] [stderr]     Checking chrono v0.4.19
[INFO] [stderr]     Checking notify v5.0.0-pre.7
[INFO] [stderr]     Checking rand_chacha v0.3.0
[INFO] [stderr]     Checking iovec v0.1.4
[INFO] [stderr]     Checking net2 v0.2.37
[INFO] [stderr]     Checking regex-automata v0.1.9
[INFO] [stderr]     Checking regex v1.4.6
[INFO] [stderr]     Checking rand v0.8.3
[INFO] [stderr]     Checking euclid v0.22.3
[INFO] [stderr]     Checking mio v0.6.23
[INFO] [stderr]    Compiling wgpu-core v0.7.1
[INFO] [stderr]     Checking image v0.23.14
[INFO] [stderr]     Checking ash v0.31.0
[INFO] [stderr]     Checking gpu-alloc-types v0.2.0
[INFO] [stderr]     Checking gpu-descriptor-types v0.1.1
[INFO] [stderr]     Checking svg_fmt v0.4.1
[INFO] [stderr]     Checking owned_ttf_parser v0.12.0
[INFO] [stderr]     Checking inplace_it v0.3.3
[INFO] [stderr]    Compiling inflections v1.1.1
[INFO] [stderr]    Compiling libm v0.1.4
[INFO] [stderr]    Compiling cpal v0.13.3
[INFO] [stderr]     Checking glow v0.7.2
[INFO] [stderr]     Checking matchers v0.0.1
[INFO] [stderr]     Checking ab_glyph v0.2.10
[INFO] [stderr]     Checking mio-extras v2.0.6
[INFO] [stderr]     Checking approx v0.4.0
[INFO] [stderr]     Checking guillotiere v0.6.0
[INFO] [stderr]     Checking slice-deque v0.3.0
[INFO] [stderr]     Checking wgpu-types v0.7.0
[INFO] [stderr]     Checking xi-unicode v0.3.0
[INFO] [stderr]     Checking rectangle-pack v0.3.0
[INFO] [stderr]     Checking copyless v0.1.5
[INFO] [stderr]    Compiling xcb v0.8.2
[INFO] [stderr]     Checking ttf-parser v0.6.2
[INFO] [stderr]    Compiling spirv-reflect v0.2.3
[INFO] [stderr]    Compiling spirv_cross v0.23.1
[INFO] [stderr]    Compiling minimp3-sys v0.3.2
[INFO] [stderr]     Checking glyph_brush_layout v0.2.1
[INFO] [stderr]     Checking libloading v0.7.0
[INFO] [stderr]     Checking ordered-float v2.1.1
[INFO] [stderr]     Checking atomic_refcell v0.1.7
[INFO] [stderr]     Checking emath v0.11.0
[INFO] [stderr]     Checking webbrowser v0.5.5
[INFO] [stderr]     Checking stretch v0.3.2
[INFO] [stderr] error: failed to run custom build command for `xcb v0.8.2`
[INFO] [stderr] note: To improve backtraces for build dependencies, set the CARGO_PROFILE_DEV_BUILD_OVERRIDE_DEBUG=true environment variable to enable debug information generation.
[INFO] [stderr] 
[INFO] [stderr] Caused by:
[INFO] [stderr]   process didn't exit successfully: `/opt/rustwide/target/debug/build/xcb-9aeccac34d5fcc1b/build-script-build` (exit status: 101)
[INFO] [stderr]   --- stderr
[INFO] [stderr]   error occured in handler:  ('request: ', ('xcb', 'SELinux', 'GetClientContext'))
[INFO] [stderr]   Traceback (most recent call last):
[INFO] [stderr]     File "/opt/rustwide/cargo-home/registry/src/index.crates.io-6f17d22bba15001f/xcb-0.8.2/rs_client.py", line 2448, in <module>
[INFO] [stderr]       module.generate()
[INFO] [stderr]     File "/opt/rustwide/cargo-home/registry/src/index.crates.io-6f17d22bba15001f/xcb-0.8.2/xcbgen/state.py", line 108, in generate
[INFO] [stderr]       self.close()
[INFO] [stderr]     File "/opt/rustwide/cargo-home/registry/src/index.crates.io-6f17d22bba15001f/xcb-0.8.2/rs_client.py", line 296, in rs_close
[INFO] [stderr]       _f.writeout(os.path.join(module.rs_srcdir, "ffi", "%s.rs" % _module_name(_ns.ext_name)))
[INFO] [stderr]     File "/opt/rustwide/cargo-home/registry/src/index.crates.io-6f17d22bba15001f/xcb-0.8.2/rs_client.py", line 114, in writeout
[INFO] [stderr]       with open(path, 'w') as f:
[INFO] [stderr]   OSError: [Errno 30] Read-only file system: '/opt/rustwide/cargo-home/registry/src/index.crates.io-6f17d22bba15001f/xcb-0.8.2/src/ffi/selinux.rs'
[INFO] [stderr]   thread 'main' panicked at /opt/rustwide/cargo-home/registry/src/index.crates.io-6f17d22bba15001f/xcb-0.8.2/build.rs:75:17:
[INFO] [stderr]   processing of /opt/rustwide/cargo-home/registry/src/index.crates.io-6f17d22bba15001f/xcb-0.8.2/xml/xselinux.xml returned non-zero (1)
[INFO] [stderr]   stack backtrace:
[INFO] [stderr]      0:     0x5631b9739566 - std::backtrace_rs::backtrace::libunwind::trace::heebc7766b165eb2a
[INFO] [stderr]                                  at /rustc/268dbbbc4b3fd71c5f360a4d0728295252430b5b/library/std/src/../../backtrace/src/backtrace/libunwind.rs:104:5
[INFO] [stderr]      1:     0x5631b9739566 - std::backtrace_rs::backtrace::trace_unsynchronized::ha677020d8fc0296d
[INFO] [stderr]                                  at /rustc/268dbbbc4b3fd71c5f360a4d0728295252430b5b/library/std/src/../../backtrace/src/backtrace/mod.rs:66:5
[INFO] [stderr]      2:     0x5631b9739566 - std::sys_common::backtrace::_print_fmt::hcaff2fd86a1aeaa3
[INFO] [stderr]                                  at /rustc/268dbbbc4b3fd71c5f360a4d0728295252430b5b/library/std/src/sys_common/backtrace.rs:68:5
[INFO] [stderr]      3:     0x5631b9739566 - <std::sys_common::backtrace::_print::DisplayBacktrace as core::fmt::Display>::fmt::hc2446d8aa0059188
[INFO] [stderr]                                  at /rustc/268dbbbc4b3fd71c5f360a4d0728295252430b5b/library/std/src/sys_common/backtrace.rs:44:22
[INFO] [stderr]      4:     0x5631b975b9a0 - core::fmt::rt::Argument::fmt::h2fbb6454da37999b
[INFO] [stderr]                                  at /rustc/268dbbbc4b3fd71c5f360a4d0728295252430b5b/library/core/src/fmt/rt.rs:142:9
[INFO] [stderr]      5:     0x5631b975b9a0 - core::fmt::write::had96bdeda7d49d3a
[INFO] [stderr]                                  at /rustc/268dbbbc4b3fd71c5f360a4d0728295252430b5b/library/core/src/fmt/mod.rs:1120:17
[INFO] [stderr]      6:     0x5631b97371bf - std::io::Write::write_fmt::h30b1f36eea05b391
[INFO] [stderr]                                  at /rustc/268dbbbc4b3fd71c5f360a4d0728295252430b5b/library/std/src/io/mod.rs:1849:15
[INFO] [stderr]      7:     0x5631b9739344 - std::sys_common::backtrace::_print::hc333bb91ae972137
[INFO] [stderr]                                  at /rustc/268dbbbc4b3fd71c5f360a4d0728295252430b5b/library/std/src/sys_common/backtrace.rs:47:5
[INFO] [stderr]      8:     0x5631b9739344 - std::sys_common::backtrace::print::h18fd3c71a95a3169
[INFO] [stderr]                                  at /rustc/268dbbbc4b3fd71c5f360a4d0728295252430b5b/library/std/src/sys_common/backtrace.rs:34:9
[INFO] [stderr]      9:     0x5631b973aa37 - std::panicking::default_hook::{{closure}}::ha3473f9bcb4e9a37
[INFO] [stderr]     10:     0x5631b973a799 - std::panicking::default_hook::h23d9d43185db6584
[INFO] [stderr]                                  at /rustc/268dbbbc4b3fd71c5f360a4d0728295252430b5b/library/std/src/panicking.rs:292:9
[INFO] [stderr]     11:     0x5631b973aec8 - std::panicking::rust_panic_with_hook::h94aceaa7df3a6edd
[INFO] [stderr]                                  at /rustc/268dbbbc4b3fd71c5f360a4d0728295252430b5b/library/std/src/panicking.rs:781:13
[INFO] [stderr]     12:     0x5631b973ada2 - std::panicking::begin_panic_handler::{{closure}}::h9905d45d1d82fc42
[INFO] [stderr]                                  at /rustc/268dbbbc4b3fd71c5f360a4d0728295252430b5b/library/std/src/panicking.rs:659:13
[INFO] [stderr]     13:     0x5631b9739a66 - std::sys_common::backtrace::__rust_end_short_backtrace::hb02085545dc143b9
[INFO] [stderr]                                  at /rustc/268dbbbc4b3fd71c5f360a4d0728295252430b5b/library/std/src/sys_common/backtrace.rs:171:18
[INFO] [stderr]     14:     0x5631b973aaf4 - rust_begin_unwind
[INFO] [stderr]                                  at /rustc/268dbbbc4b3fd71c5f360a4d0728295252430b5b/library/std/src/panicking.rs:647:5
[INFO] [stderr]     15:     0x5631b9713285 - core::panicking::panic_fmt::h6dca3983f8a9f4d0
[INFO] [stderr]                                  at /rustc/268dbbbc4b3fd71c5f360a4d0728295252430b5b/library/core/src/panicking.rs:72:14
[INFO] [stderr]     16:     0x5631b9719311 - build_script_build::main::{{closure}}::h1483b079b842d30a
[INFO] [stderr]     17:     0x5631b9717ea3 - build_script_build::visit_xml::h6e2d08c30ff795f8
[INFO] [stderr]     18:     0x5631b97187cc - build_script_build::main::hacec8f7ac711088c
[INFO] [stderr]     19:     0x5631b9714e73 - core::ops::function::FnOnce::call_once::hb25963369d4a7b86
[INFO] [stderr]     20:     0x5631b9713db6 - std::sys_common::backtrace::__rust_begin_short_backtrace::h55659a6e3ef75bf8
[INFO] [stderr]     21:     0x5631b97144e9 - std::rt::lang_start::{{closure}}::he25655dbf5c0036b
[INFO] [stderr]     22:     0x5631b9733d91 - core::ops::function::impls::<impl core::ops::function::FnOnce<A> for &F>::call_once::h298d8ff12ebcec8c
[INFO] [stderr]                                  at /rustc/268dbbbc4b3fd71c5f360a4d0728295252430b5b/library/core/src/ops/function.rs:284:13
[INFO] [stderr]     23:     0x5631b9733d91 - std::panicking::try::do_call::hbd0ffb05da5bd343
[INFO] [stderr]                                  at /rustc/268dbbbc4b3fd71c5f360a4d0728295252430b5b/library/std/src/panicking.rs:554:40
[INFO] [stderr]     24:     0x5631b9733d91 - std::panicking::try::h11c9a152defd5d2a
[INFO] [stderr]                                  at /rustc/268dbbbc4b3fd71c5f360a4d0728295252430b5b/library/std/src/panicking.rs:518:19
[INFO] [stderr]     25:     0x5631b9733d91 - std::panic::catch_unwind::h0d6db2fa902b4d64
[INFO] [stderr]                                  at /rustc/268dbbbc4b3fd71c5f360a4d0728295252430b5b/library/std/src/panic.rs:142:14
[INFO] [stderr]     26:     0x5631b9733d91 - std::rt::lang_start_internal::{{closure}}::hdcc09b4aad7ef821
[INFO] [stderr]                                  at /rustc/268dbbbc4b3fd71c5f360a4d0728295252430b5b/library/std/src/rt.rs:148:48
[INFO] [stderr]     27:     0x5631b9733d91 - std::panicking::try::do_call::h3ffd2f162d60900f
[INFO] [stderr]                                  at /rustc/268dbbbc4b3fd71c5f360a4d0728295252430b5b/library/std/src/panicking.rs:554:40
[INFO] [stderr]     28:     0x5631b9733d91 - std::panicking::try::heeba82b9c3e190fb
[INFO] [stderr]                                  at /rustc/268dbbbc4b3fd71c5f360a4d0728295252430b5b/library/std/src/panicking.rs:518:19
[INFO] [stderr]     29:     0x5631b9733d91 - std::panic::catch_unwind::hdaab8f1c188f387f
[INFO] [stderr]                                  at /rustc/268dbbbc4b3fd71c5f360a4d0728295252430b5b/library/std/src/panic.rs:142:14
[INFO] [stderr]     30:     0x5631b9733d91 - std::rt::lang_start_internal::h9989e088c48b7903
[INFO] [stderr]                                  at /rustc/268dbbbc4b3fd71c5f360a4d0728295252430b5b/library/std/src/rt.rs:148:20
[INFO] [stderr]     31:     0x5631b97144c7 - std::rt::lang_start::ha5fe13f617c9858a
[INFO] [stderr]     32:     0x5631b9719395 - main
[INFO] [stderr]     33:     0x7fa07101cd90 - <unknown>
[INFO] [stderr]     34:     0x7fa07101ce40 - __libc_start_main
[INFO] [stderr]     35:     0x5631b97139b5 - _start
[INFO] [stderr]     36:                0x0 - <unknown>
[INFO] [stderr] warning: build failed, waiting for other jobs to finish...
[INFO] [stderr] error: could not compile `ash` (lib)
[INFO] [stderr] 
[INFO] [stderr] Caused by:
[INFO] [stderr]   process didn't exit successfully: `/opt/rustwide/rustup-home/toolchains/nightly-2024-02-05-x86_64-unknown-linux-gnu/bin/rustc --crate-name ash --edition=2018 /opt/rustwide/cargo-home/registry/src/index.crates.io-6f17d22bba15001f/ash-0.31.0/src/lib.rs --error-format=json --json=diagnostic-rendered-ansi,artifacts,future-incompat --crate-type lib --emit=dep-info,metadata -C embed-bitcode=no -C debuginfo=2 --cfg 'feature="default"' --cfg 'feature="libloading"' -C metadata=7ed49e275b26cc4a -C extra-filename=-7ed49e275b26cc4a --out-dir /opt/rustwide/target/debug/deps -L dependency=/opt/rustwide/target/debug/deps --extern libloading=/opt/rustwide/target/debug/deps/liblibloading-8f8f6557f134bc0f.rmeta --cap-lints allow --cap-lints=forbid` (signal: 9, SIGKILL: kill)
[INFO] [stderr] error: could not compile `syn` (lib)
[INFO] [stderr] 
[INFO] [stderr] Caused by:
[INFO] [stderr]   process didn't exit successfully: `/opt/rustwide/rustup-home/toolchains/nightly-2024-02-05-x86_64-unknown-linux-gnu/bin/rustc --crate-name syn --edition=2018 /opt/rustwide/cargo-home/registry/src/index.crates.io-6f17d22bba15001f/syn-1.0.65/src/lib.rs --error-format=json --json=diagnostic-rendered-ansi,artifacts,future-incompat --crate-type lib --emit=dep-info,metadata,link -C embed-bitcode=no --cfg 'feature="clone-impls"' --cfg 'feature="default"' --cfg 'feature="derive"' --cfg 'feature="extra-traits"' --cfg 'feature="full"' --cfg 'feature="parsing"' --cfg 'feature="printing"' --cfg 'feature="proc-macro"' --cfg 'feature="quote"' --cfg 'feature="visit"' --cfg 'feature="visit-mut"' -C metadata=2f5879abcf68253e -C extra-filename=-2f5879abcf68253e --out-dir /opt/rustwide/target/debug/deps -L dependency=/opt/rustwide/target/debug/deps --extern proc_macro2=/opt/rustwide/target/debug/deps/libproc_macro2-dbb20ea57a2128ae.rmeta --extern quote=/opt/rustwide/target/debug/deps/libquote-66a06a12d1ca2e1d.rmeta --extern unicode_xid=/opt/rustwide/target/debug/deps/libunicode_xid-0d304d8b950e871a.rmeta --cap-lints allow --cap-lints=forbid` (signal: 9, SIGKILL: kill)
[INFO] [stderr] The following warnings were emitted during compilation:
[INFO] [stderr] 
[INFO] [stderr] warning: spirv_cross@0.23.1: src/wrapper.cpp:2: warning: ignoring '#pragma warning ' [-Wunknown-pragmas]
[INFO] [stderr] warning: spirv_cross@0.23.1:     2 | #pragma warning(disable : 4996 4101)
[INFO] [stderr] warning: spirv_cross@0.23.1:       | 
[INFO] [stderr] warning: spirv_cross@0.23.1: c++: fatal error: Killed signal terminated program cc1plus
[INFO] [stderr] warning: spirv_cross@0.23.1: compilation terminated.
[INFO] [stderr] 
[INFO] [stderr] error: failed to run custom build command for `spirv_cross v0.23.1`
[INFO] [stderr] note: To improve backtraces for build dependencies, set the CARGO_PROFILE_DEV_BUILD_OVERRIDE_DEBUG=true environment variable to enable debug information generation.
[INFO] [stderr] 
[INFO] [stderr] Caused by:
[INFO] [stderr]   process didn't exit successfully: `/opt/rustwide/target/debug/build/spirv_cross-3914b22fe31c208c/build-script-build` (exit status: 1)
[INFO] [stderr]   --- stdout
[INFO] [stderr]   OPT_LEVEL = Some("0")
[INFO] [stderr]   TARGET = Some("x86_64-unknown-linux-gnu")
[INFO] [stderr]   HOST = Some("x86_64-unknown-linux-gnu")
[INFO] [stderr]   CXX_x86_64-unknown-linux-gnu = None
[INFO] [stderr]   CXX_x86_64_unknown_linux_gnu = None
[INFO] [stderr]   HOST_CXX = None
[INFO] [stderr]   CXX = None
[INFO] [stderr]   CXXFLAGS_x86_64-unknown-linux-gnu = None
[INFO] [stderr]   CXXFLAGS_x86_64_unknown_linux_gnu = None
[INFO] [stderr]   HOST_CXXFLAGS = None
[INFO] [stderr]   CXXFLAGS = None
[INFO] [stderr]   CRATE_CC_NO_DEFAULTS = None
[INFO] [stderr]   DEBUG = Some("true")
[INFO] [stderr]   CARGO_CFG_TARGET_FEATURE = Some("fxsr,sse,sse2")
[INFO] [stderr]   CXX_x86_64-unknown-linux-gnu = None
[INFO] [stderr]   CXX_x86_64_unknown_linux_gnu = None
[INFO] [stderr]   HOST_CXX = None
[INFO] [stderr]   CXX = None
[INFO] [stderr]   CXXFLAGS_x86_64-unknown-linux-gnu = None
[INFO] [stderr]   CXXFLAGS_x86_64_unknown_linux_gnu = None
[INFO] [stderr]   HOST_CXXFLAGS = None
[INFO] [stderr]   CXXFLAGS = None
[INFO] [stderr]   CRATE_CC_NO_DEFAULTS = None
[INFO] [stderr]   CARGO_CFG_TARGET_FEATURE = Some("fxsr,sse,sse2")
[INFO] [stderr]   running: "c++" "-O0" "-ffunction-sections" "-fdata-sections" "-fPIC" "-g" "-fno-omit-frame-pointer" "-m64" "-Wall" "-Wextra" "-DSPIRV_CROSS_EXCEPTIONS_TO_ASSERTIONS" "-DSPIRV_CROSS_WRAPPER_NO_EXCEPTIONS" "-DSPIRV_CROSS_WRAPPER_GLSL" "-DSPIRV_CROSS_WRAPPER_HLSL" "-DSPIRV_CROSS_WRAPPER_MSL" "-std=c++14" "-o" "/opt/rustwide/target/debug/build/spirv_cross-d01091fd89d1c2d7/out/src/wrapper.o" "-c" "src/wrapper.cpp"
[INFO] [stderr]   running: "c++" "-O0" "-ffunction-sections" "-fdata-sections" "-fPIC" "-g" "-fno-omit-frame-pointer" "-m64" "-Wall" "-Wextra" "-DSPIRV_CROSS_EXCEPTIONS_TO_ASSERTIONS" "-DSPIRV_CROSS_WRAPPER_NO_EXCEPTIONS" "-DSPIRV_CROSS_WRAPPER_GLSL" "-DSPIRV_CROSS_WRAPPER_HLSL" "-DSPIRV_CROSS_WRAPPER_MSL" "-std=c++14" "-o" "/opt/rustwide/target/debug/build/spirv_cross-d01091fd89d1c2d7/out/src/vendor/SPIRV-Cross/spirv_cfg.o" "-c" "src/vendor/SPIRV-Cross/spirv_cfg.cpp"
[INFO] [stderr]   running: "c++" "-O0" "-ffunction-sections" "-fdata-sections" "-fPIC" "-g" "-fno-omit-frame-pointer" "-m64" "-Wall" "-Wextra" "-DSPIRV_CROSS_EXCEPTIONS_TO_ASSERTIONS" "-DSPIRV_CROSS_WRAPPER_NO_EXCEPTIONS" "-DSPIRV_CROSS_WRAPPER_GLSL" "-DSPIRV_CROSS_WRAPPER_HLSL" "-DSPIRV_CROSS_WRAPPER_MSL" "-std=c++14" "-o" "/opt/rustwide/target/debug/build/spirv_cross-d01091fd89d1c2d7/out/src/vendor/SPIRV-Cross/spirv_cross.o" "-c" "src/vendor/SPIRV-Cross/spirv_cross.cpp"
[INFO] [stderr]   running: "c++" "-O0" "-ffunction-sections" "-fdata-sections" "-fPIC" "-g" "-fno-omit-frame-pointer" "-m64" "-Wall" "-Wextra" "-DSPIRV_CROSS_EXCEPTIONS_TO_ASSERTIONS" "-DSPIRV_CROSS_WRAPPER_NO_EXCEPTIONS" "-DSPIRV_CROSS_WRAPPER_GLSL" "-DSPIRV_CROSS_WRAPPER_HLSL" "-DSPIRV_CROSS_WRAPPER_MSL" "-std=c++14" "-o" "/opt/rustwide/target/debug/build/spirv_cross-d01091fd89d1c2d7/out/src/vendor/SPIRV-Cross/spirv_cross_parsed_ir.o" "-c" "src/vendor/SPIRV-Cross/spirv_cross_parsed_ir.cpp"
[INFO] [stderr]   running: "c++" "-O0" "-ffunction-sections" "-fdata-sections" "-fPIC" "-g" "-fno-omit-frame-pointer" "-m64" "-Wall" "-Wextra" "-DSPIRV_CROSS_EXCEPTIONS_TO_ASSERTIONS" "-DSPIRV_CROSS_WRAPPER_NO_EXCEPTIONS" "-DSPIRV_CROSS_WRAPPER_GLSL" "-DSPIRV_CROSS_WRAPPER_HLSL" "-DSPIRV_CROSS_WRAPPER_MSL" "-std=c++14" "-o" "/opt/rustwide/target/debug/build/spirv_cross-d01091fd89d1c2d7/out/src/vendor/SPIRV-Cross/spirv_parser.o" "-c" "src/vendor/SPIRV-Cross/spirv_parser.cpp"
[INFO] [stderr]   cargo:warning=src/wrapper.cpp:2: warning: ignoring '#pragma warning ' [-Wunknown-pragmas]
[INFO] [stderr]   cargo:warning=    2 | #pragma warning(disable : 4996 4101)
[INFO] [stderr]   cargo:warning=      | 
[INFO] [stderr]   running: "c++" "-O0" "-ffunction-sections" "-fdata-sections" "-fPIC" "-g" "-fno-omit-frame-pointer" "-m64" "-Wall" "-Wextra" "-DSPIRV_CROSS_EXCEPTIONS_TO_ASSERTIONS" "-DSPIRV_CROSS_WRAPPER_NO_EXCEPTIONS" "-DSPIRV_CROSS_WRAPPER_GLSL" "-DSPIRV_CROSS_WRAPPER_HLSL" "-DSPIRV_CROSS_WRAPPER_MSL" "-std=c++14" "-o" "/opt/rustwide/target/debug/build/spirv_cross-d01091fd89d1c2d7/out/src/vendor/SPIRV-Cross/spirv_cross_util.o" "-c" "src/vendor/SPIRV-Cross/spirv_cross_util.cpp"
[INFO] [stderr]   running: "c++" "-O0" "-ffunction-sections" "-fdata-sections" "-fPIC" "-g" "-fno-omit-frame-pointer" "-m64" "-Wall" "-Wextra" "-DSPIRV_CROSS_EXCEPTIONS_TO_ASSERTIONS" "-DSPIRV_CROSS_WRAPPER_NO_EXCEPTIONS" "-DSPIRV_CROSS_WRAPPER_GLSL" "-DSPIRV_CROSS_WRAPPER_HLSL" "-DSPIRV_CROSS_WRAPPER_MSL" "-std=c++14" "-o" "/opt/rustwide/target/debug/build/spirv_cross-d01091fd89d1c2d7/out/src/vendor/SPIRV-Cross/spirv_glsl.o" "-c" "src/vendor/SPIRV-Cross/spirv_glsl.cpp"
[INFO] [stderr]   running: "c++" "-O0" "-ffunction-sections" "-fdata-sections" "-fPIC" "-g" "-fno-omit-frame-pointer" "-m64" "-Wall" "-Wextra" "-DSPIRV_CROSS_EXCEPTIONS_TO_ASSERTIONS" "-DSPIRV_CROSS_WRAPPER_NO_EXCEPTIONS" "-DSPIRV_CROSS_WRAPPER_GLSL" "-DSPIRV_CROSS_WRAPPER_HLSL" "-DSPIRV_CROSS_WRAPPER_MSL" "-std=c++14" "-o" "/opt/rustwide/target/debug/build/spirv_cross-d01091fd89d1c2d7/out/src/vendor/SPIRV-Cross/spirv_hlsl.o" "-c" "src/vendor/SPIRV-Cross/spirv_hlsl.cpp"
[INFO] [stderr]   running: "c++" "-O0" "-ffunction-sections" "-fdata-sections" "-fPIC" "-g" "-fno-omit-frame-pointer" "-m64" "-Wall" "-Wextra" "-DSPIRV_CROSS_EXCEPTIONS_TO_ASSERTIONS" "-DSPIRV_CROSS_WRAPPER_NO_EXCEPTIONS" "-DSPIRV_CROSS_WRAPPER_GLSL" "-DSPIRV_CROSS_WRAPPER_HLSL" "-DSPIRV_CROSS_WRAPPER_MSL" "-std=c++14" "-o" "/opt/rustwide/target/debug/build/spirv_cross-d01091fd89d1c2d7/out/src/vendor/SPIRV-Cross/spirv_msl.o" "-c" "src/vendor/SPIRV-Cross/spirv_msl.cpp"
[INFO] [stderr]   cargo:warning=c++: fatal error: Killed signal terminated program cc1plus
[INFO] [stderr]   cargo:warning=compilation terminated.
[INFO] [stderr]   exit status: 1
[INFO] [stderr]   exit status: 0
[INFO] [stderr]   exit status: 0
[INFO] [stderr]   exit status: 0
[INFO] [stderr]   exit status: 0
[INFO] [stderr]   exit status: 0
[INFO] [stderr]   exit status: 0
[INFO] [stderr]   exit status: 0
[INFO] [stderr]   exit status: 0
[INFO] [stderr] 
[INFO] [stderr]   --- stderr
[INFO] [stderr] 
[INFO] [stderr] 
[INFO] [stderr]   error occurred: Command "c++" "-O0" "-ffunction-sections" "-fdata-sections" "-fPIC" "-g" "-fno-omit-frame-pointer" "-m64" "-Wall" "-Wextra" "-DSPIRV_CROSS_EXCEPTIONS_TO_ASSERTIONS" "-DSPIRV_CROSS_WRAPPER_NO_EXCEPTIONS" "-DSPIRV_CROSS_WRAPPER_GLSL" "-DSPIRV_CROSS_WRAPPER_HLSL" "-DSPIRV_CROSS_WRAPPER_MSL" "-std=c++14" "-o" "/opt/rustwide/target/debug/build/spirv_cross-d01091fd89d1c2d7/out/src/wrapper.o" "-c" "src/wrapper.cpp" with args "c++" did not execute successfully (status code exit status: 1).
[INFO] [stderr] 
[INFO] [stderr] 
[INFO] running `Command { std: "docker" "inspect" "42c912a2509279adb090c59dbe2573f124001e37c969be31a21c972026c53074", kill_on_drop: false }`
[INFO] running `Command { std: "docker" "rm" "-f" "42c912a2509279adb090c59dbe2573f124001e37c969be31a21c972026c53074", kill_on_drop: false }`
[INFO] [stdout] 42c912a2509279adb090c59dbe2573f124001e37c969be31a21c972026c53074
