[INFO] fetching crate bulletproofs-gadgets 2.1.2...
[INFO] checking bulletproofs-gadgets-2.1.2 against nightly-2024-02-05 for check-cfg
[INFO] extracting crate bulletproofs-gadgets 2.1.2 into /workspace/builds/worker-7-tc1/source
[INFO] validating manifest of crates.io crate bulletproofs-gadgets 2.1.2 on toolchain nightly-2024-02-05
[INFO] running `Command { std: CARGO_HOME="/workspace/cargo-home" RUSTUP_HOME="/workspace/rustup-home" "/workspace/cargo-home/bin/cargo" "+nightly-2024-02-05" "metadata" "--manifest-path" "Cargo.toml" "--no-deps", kill_on_drop: false }`
[INFO] removed /workspace/builds/worker-7-tc1/source/rust-toolchain
[INFO] started tweaking crates.io crate bulletproofs-gadgets 2.1.2
[INFO] finished tweaking crates.io crate bulletproofs-gadgets 2.1.2
[INFO] tweaked toml for crates.io crate bulletproofs-gadgets 2.1.2 written to /workspace/builds/worker-7-tc1/source/Cargo.toml
[INFO] crate crates.io crate bulletproofs-gadgets 2.1.2 already has a lockfile, it will not be regenerated
[INFO] running `Command { std: CARGO_HOME="/workspace/cargo-home" RUSTUP_HOME="/workspace/rustup-home" "/workspace/cargo-home/bin/cargo" "+nightly-2024-02-05" "fetch" "--manifest-path" "Cargo.toml", kill_on_drop: false }`
[INFO] [stderr]     Updating crates.io index
[INFO] [stderr]  Downloading crates ...
[INFO] [stderr]   Downloaded parity-scale-codec v1.3.7
[INFO] [stderr]   Downloaded radium v0.3.0
[INFO] [stderr]   Downloaded sp-std v2.0.1
[INFO] [stderr]   Downloaded zeroize_derive v1.1.0
[INFO] [stderr]   Downloaded clear_on_drop v0.2.4
[INFO] [stderr]   Downloaded parity-scale-codec-derive v1.2.3
[INFO] [stderr]   Downloaded keccak v0.1.0
[INFO] [stderr]   Downloaded byte-slice-cast v0.3.5
[INFO] [stderr]   Downloaded subtle v2.4.0
[INFO] [stderr]   Downloaded bitvec v0.17.4
[INFO] [stderr]   Downloaded serde v1.0.126
[INFO] [stderr]   Downloaded curve25519-dalek v3.1.0
[INFO] [stderr]   Downloaded webb-bulletproofs v2.0.3
[INFO] running `Command { std: "docker" "create" "-v" "/var/lib/crater-agent-workspace/builds/worker-7-tc1/target:/opt/rustwide/target:rw,Z" "-v" "/var/lib/crater-agent-workspace/builds/worker-7-tc1/source:/opt/rustwide/workdir:ro,Z" "-v" "/var/lib/crater-agent-workspace/cargo-home:/opt/rustwide/cargo-home:ro,Z" "-v" "/var/lib/crater-agent-workspace/rustup-home:/opt/rustwide/rustup-home:ro,Z" "-e" "SOURCE_DIR=/opt/rustwide/workdir" "-e" "CARGO_TARGET_DIR=/opt/rustwide/target" "-e" "CARGO_HOME=/opt/rustwide/cargo-home" "-e" "RUSTUP_HOME=/opt/rustwide/rustup-home" "-w" "/opt/rustwide/workdir" "-m" "1610612736" "--user" "0:0" "--network" "none" "ghcr.io/rust-lang/crates-build-env/linux@sha256:2788e3201cd34a07e3172128adcd8b3090168a8e3bcc40d7c032b9dda1df7d1c" "/opt/rustwide/cargo-home/bin/cargo" "+nightly-2024-02-05" "metadata" "--no-deps" "--format-version=1", kill_on_drop: false }`
[INFO] [stdout] 0d0adaa73af9a0bf635cd0a31132df4e379400192816e59f4d386dde8d6e2f58
[INFO] running `Command { std: "docker" "start" "-a" "0d0adaa73af9a0bf635cd0a31132df4e379400192816e59f4d386dde8d6e2f58", kill_on_drop: false }`
[INFO] running `Command { std: "docker" "inspect" "0d0adaa73af9a0bf635cd0a31132df4e379400192816e59f4d386dde8d6e2f58", kill_on_drop: false }`
[INFO] running `Command { std: "docker" "rm" "-f" "0d0adaa73af9a0bf635cd0a31132df4e379400192816e59f4d386dde8d6e2f58", kill_on_drop: false }`
[INFO] [stdout] 0d0adaa73af9a0bf635cd0a31132df4e379400192816e59f4d386dde8d6e2f58
[INFO] running `Command { std: "docker" "create" "-v" "/var/lib/crater-agent-workspace/builds/worker-7-tc1/target:/opt/rustwide/target:rw,Z" "-v" "/var/lib/crater-agent-workspace/builds/worker-7-tc1/source:/opt/rustwide/workdir:ro,Z" "-v" "/var/lib/crater-agent-workspace/cargo-home:/opt/rustwide/cargo-home:ro,Z" "-v" "/var/lib/crater-agent-workspace/rustup-home:/opt/rustwide/rustup-home:ro,Z" "-e" "SOURCE_DIR=/opt/rustwide/workdir" "-e" "CARGO_TARGET_DIR=/opt/rustwide/target" "-e" "CARGO_INCREMENTAL=0" "-e" "RUST_BACKTRACE=full" "-e" "RUSTFLAGS=--cap-lints=forbid" "-e" "RUSTDOCFLAGS=--cap-lints=forbid" "-e" "CARGO_HOME=/opt/rustwide/cargo-home" "-e" "RUSTUP_HOME=/opt/rustwide/rustup-home" "-w" "/opt/rustwide/workdir" "-m" "1610612736" "--user" "0:0" "--network" "none" "ghcr.io/rust-lang/crates-build-env/linux@sha256:2788e3201cd34a07e3172128adcd8b3090168a8e3bcc40d7c032b9dda1df7d1c" "/opt/rustwide/cargo-home/bin/cargo" "+nightly-2024-02-05" "check" "--frozen" "--all" "--all-targets" "--message-format=json", kill_on_drop: false }`
[INFO] [stdout] b71ae198b9b65e4ed40cdf2bfead804d1c6da3868469032e16ac42a209ad9434
[INFO] running `Command { std: "docker" "start" "-a" "b71ae198b9b65e4ed40cdf2bfead804d1c6da3868469032e16ac42a209ad9434", kill_on_drop: false }`
[INFO] [stderr]    Compiling syn v1.0.73
[INFO] [stderr]    Compiling typenum v1.13.0
[INFO] [stderr]    Compiling serde v1.0.126
[INFO] [stderr]    Compiling generic-array v0.14.4
[INFO] [stderr]    Compiling getrandom v0.1.16
[INFO] [stderr]    Compiling num-traits v0.2.14
[INFO] [stderr]    Compiling num-integer v0.1.44
[INFO] [stderr]    Compiling clear_on_drop v0.2.4
[INFO] [stderr]     Checking byteorder v1.4.3
[INFO] [stderr]     Checking keccak v0.1.0
[INFO] [stderr]     Checking block-padding v0.2.1
[INFO] [stderr]     Checking rand_core v0.5.1
[INFO] [stderr]    Compiling num-bigint v0.3.2
[INFO] [stderr]     Checking radium v0.3.0
[INFO] [stderr]     Checking either v1.6.1
[INFO] [stderr]     Checking subtle v2.4.0
[INFO] [stderr]     Checking bitvec v0.17.4
[INFO] [stdout] error[E0557]: feature has been removed
[INFO] [stdout]   --> /opt/rustwide/cargo-home/registry/src/index.crates.io-6f17d22bba15001f/subtle-2.4.0/src/lib.rs:12:42
[INFO] [stdout]    |
[INFO] [stdout] 12 | #![cfg_attr(feature = "nightly", feature(external_doc))]
[INFO] [stdout]    |                                          ^^^^^^^^^^^^ feature has been removed
[INFO] [stdout]    |
[INFO] [stdout]    = note: use #[doc = include_str!("filename")] instead, which handles macro invocations
[INFO] [stdout] 
[INFO] [stdout] 
[INFO] [stdout] error: cannot find macro `llvm_asm` in this scope
[INFO] [stdout]   --> /opt/rustwide/cargo-home/registry/src/index.crates.io-6f17d22bba15001f/clear_on_drop-0.2.4/src/hide.rs:38:17
[INFO] [stdout]    |
[INFO] [stdout] 38 |                 llvm_asm!("" : : "r" (ptr as *mut u8) : "memory");
[INFO] [stdout]    |                 ^^^^^^^^
[INFO] [stdout] 
[INFO] [stdout] 
[INFO] [stdout] error: cannot find macro `llvm_asm` in this scope
[INFO] [stdout]   --> /opt/rustwide/cargo-home/registry/src/index.crates.io-6f17d22bba15001f/clear_on_drop-0.2.4/src/hide.rs:48:17
[INFO] [stdout]    |
[INFO] [stdout] 48 |                 llvm_asm!("" : "=*m" (ptr) : "*0" (ptr));
[INFO] [stdout]    |                 ^^^^^^^^
[INFO] [stdout] 
[INFO] [stdout] 
[INFO] [stdout] error[E0635]: unknown feature `llvm_asm`
[INFO] [stdout]  --> /opt/rustwide/cargo-home/registry/src/index.crates.io-6f17d22bba15001f/clear_on_drop-0.2.4/src/lib.rs:2:42
[INFO] [stdout]   |
[INFO] [stdout] 2 | #![cfg_attr(feature = "nightly", feature(llvm_asm, i128_type, specialization))]
[INFO] [stdout]   |                                          ^^^^^^^^
[INFO] [stdout] 
[INFO] [stdout] 
[INFO] [stdout] error: aborting due to 3 previous errors
[INFO] [stdout] 
[INFO] [stdout] 
[INFO] [stdout] For more information about this error, try `rustc --explain E0635`.
[INFO] [stdout] 
[INFO] [stdout] error: aborting due to 1 previous error
[INFO] [stdout] 
[INFO] [stdout] 
[INFO] [stdout] For more information about this error, try `rustc --explain E0557`.
[INFO] [stdout] 
[INFO] [stderr] error: could not compile `clear_on_drop` (lib) due to 4 previous errors
[INFO] [stderr] warning: build failed, waiting for other jobs to finish...
[INFO] [stderr] error: could not compile `subtle` (lib) due to 2 previous errors
[INFO] running `Command { std: "docker" "inspect" "b71ae198b9b65e4ed40cdf2bfead804d1c6da3868469032e16ac42a209ad9434", kill_on_drop: false }`
[INFO] running `Command { std: "docker" "rm" "-f" "b71ae198b9b65e4ed40cdf2bfead804d1c6da3868469032e16ac42a209ad9434", kill_on_drop: false }`
[INFO] [stdout] b71ae198b9b65e4ed40cdf2bfead804d1c6da3868469032e16ac42a209ad9434
[INFO] checking bulletproofs-gadgets-2.1.2 against nightly-2024-02-05+rustflags=-Dunexpected_cfgs+cargoflags=-Zcheck-cfg for check-cfg
[INFO] extracting crate bulletproofs-gadgets 2.1.2 into /workspace/builds/worker-7-tc2/source
[INFO] validating manifest of crates.io crate bulletproofs-gadgets 2.1.2 on toolchain nightly-2024-02-05
[INFO] running `Command { std: CARGO_HOME="/workspace/cargo-home" RUSTUP_HOME="/workspace/rustup-home" "/workspace/cargo-home/bin/cargo" "+nightly-2024-02-05" "metadata" "--manifest-path" "Cargo.toml" "--no-deps", kill_on_drop: false }`
[INFO] removed /workspace/builds/worker-7-tc2/source/rust-toolchain
[INFO] started tweaking crates.io crate bulletproofs-gadgets 2.1.2
[INFO] finished tweaking crates.io crate bulletproofs-gadgets 2.1.2
[INFO] tweaked toml for crates.io crate bulletproofs-gadgets 2.1.2 written to /workspace/builds/worker-7-tc2/source/Cargo.toml
[INFO] crate crates.io crate bulletproofs-gadgets 2.1.2 already has a lockfile, it will not be regenerated
[INFO] running `Command { std: CARGO_HOME="/workspace/cargo-home" RUSTUP_HOME="/workspace/rustup-home" "/workspace/cargo-home/bin/cargo" "+nightly-2024-02-05" "fetch" "--manifest-path" "Cargo.toml", kill_on_drop: false }`
[INFO] running `Command { std: "docker" "create" "-v" "/var/lib/crater-agent-workspace/builds/worker-7-tc2/target:/opt/rustwide/target:rw,Z" "-v" "/var/lib/crater-agent-workspace/builds/worker-7-tc2/source:/opt/rustwide/workdir:ro,Z" "-v" "/var/lib/crater-agent-workspace/cargo-home:/opt/rustwide/cargo-home:ro,Z" "-v" "/var/lib/crater-agent-workspace/rustup-home:/opt/rustwide/rustup-home:ro,Z" "-e" "SOURCE_DIR=/opt/rustwide/workdir" "-e" "CARGO_TARGET_DIR=/opt/rustwide/target" "-e" "CARGO_HOME=/opt/rustwide/cargo-home" "-e" "RUSTUP_HOME=/opt/rustwide/rustup-home" "-w" "/opt/rustwide/workdir" "-m" "1610612736" "--user" "0:0" "--network" "none" "ghcr.io/rust-lang/crates-build-env/linux@sha256:2788e3201cd34a07e3172128adcd8b3090168a8e3bcc40d7c032b9dda1df7d1c" "/opt/rustwide/cargo-home/bin/cargo" "+nightly-2024-02-05" "metadata" "--no-deps" "--format-version=1", kill_on_drop: false }`
[INFO] [stdout] 3d17cdef6ee65aaa152794b3e12e6afdd99b6eb7f7399619aca9cd0b939c78a1
[INFO] running `Command { std: "docker" "start" "-a" "3d17cdef6ee65aaa152794b3e12e6afdd99b6eb7f7399619aca9cd0b939c78a1", kill_on_drop: false }`
[INFO] running `Command { std: "docker" "inspect" "3d17cdef6ee65aaa152794b3e12e6afdd99b6eb7f7399619aca9cd0b939c78a1", kill_on_drop: false }`
[INFO] running `Command { std: "docker" "rm" "-f" "3d17cdef6ee65aaa152794b3e12e6afdd99b6eb7f7399619aca9cd0b939c78a1", kill_on_drop: false }`
[INFO] [stdout] 3d17cdef6ee65aaa152794b3e12e6afdd99b6eb7f7399619aca9cd0b939c78a1
[INFO] running `Command { std: "docker" "create" "-v" "/var/lib/crater-agent-workspace/builds/worker-7-tc2/target:/opt/rustwide/target:rw,Z" "-v" "/var/lib/crater-agent-workspace/builds/worker-7-tc2/source:/opt/rustwide/workdir:ro,Z" "-v" "/var/lib/crater-agent-workspace/cargo-home:/opt/rustwide/cargo-home:ro,Z" "-v" "/var/lib/crater-agent-workspace/rustup-home:/opt/rustwide/rustup-home:ro,Z" "-e" "SOURCE_DIR=/opt/rustwide/workdir" "-e" "CARGO_TARGET_DIR=/opt/rustwide/target" "-e" "CARGO_INCREMENTAL=0" "-e" "RUST_BACKTRACE=full" "-e" "RUSTFLAGS=--cap-lints=forbid -Dunexpected_cfgs" "-e" "RUSTDOCFLAGS=--cap-lints=forbid" "-e" "CARGO_HOME=/opt/rustwide/cargo-home" "-e" "RUSTUP_HOME=/opt/rustwide/rustup-home" "-w" "/opt/rustwide/workdir" "-m" "1610612736" "--user" "0:0" "--network" "none" "ghcr.io/rust-lang/crates-build-env/linux@sha256:2788e3201cd34a07e3172128adcd8b3090168a8e3bcc40d7c032b9dda1df7d1c" "/opt/rustwide/cargo-home/bin/cargo" "+nightly-2024-02-05" "check" "--frozen" "--all" "--all-targets" "--message-format=json" "-Zcheck-cfg", kill_on_drop: false }`
[INFO] [stdout] a5566b06840510343c962e31ee2d98ed762d4ed8ab5dd9548ddbb0d1a768e48c
[INFO] running `Command { std: "docker" "start" "-a" "a5566b06840510343c962e31ee2d98ed762d4ed8ab5dd9548ddbb0d1a768e48c", kill_on_drop: false }`
[INFO] [stderr]    Compiling syn v1.0.73
[INFO] [stderr]    Compiling typenum v1.13.0
[INFO] [stderr]    Compiling getrandom v0.1.16
[INFO] [stderr]    Compiling generic-array v0.14.4
[INFO] [stderr]    Compiling serde v1.0.126
[INFO] [stderr]    Compiling num-traits v0.2.14
[INFO] [stderr]    Compiling num-integer v0.1.44
[INFO] [stderr]    Compiling clear_on_drop v0.2.4
[INFO] [stderr]     Checking keccak v0.1.0
[INFO] [stderr]     Checking block-padding v0.2.1
[INFO] [stderr]     Checking byteorder v1.4.3
[INFO] [stderr]    Compiling num-bigint v0.3.2
[INFO] [stderr]     Checking radium v0.3.0
[INFO] [stderr]     Checking rand_core v0.5.1
[INFO] [stderr]     Checking subtle v2.4.0
[INFO] [stderr]     Checking either v1.6.1
[INFO] [stdout] error[E0557]: feature has been removed
[INFO] [stdout]   --> /opt/rustwide/cargo-home/registry/src/index.crates.io-6f17d22bba15001f/subtle-2.4.0/src/lib.rs:12:42
[INFO] [stdout]    |
[INFO] [stdout] 12 | #![cfg_attr(feature = "nightly", feature(external_doc))]
[INFO] [stdout]    |                                          ^^^^^^^^^^^^ feature has been removed
[INFO] [stdout]    |
[INFO] [stdout]    = note: use #[doc = include_str!("filename")] instead, which handles macro invocations
[INFO] [stdout] 
[INFO] [stdout] 
[INFO] [stdout] error: aborting due to 1 previous error
[INFO] [stdout] 
[INFO] [stdout] 
[INFO] [stdout] For more information about this error, try `rustc --explain E0557`.
[INFO] [stdout] 
[INFO] [stderr] error: could not compile `subtle` (lib) due to 2 previous errors
[INFO] [stderr] warning: build failed, waiting for other jobs to finish...
[INFO] running `Command { std: "docker" "inspect" "a5566b06840510343c962e31ee2d98ed762d4ed8ab5dd9548ddbb0d1a768e48c", kill_on_drop: false }`
[INFO] running `Command { std: "docker" "rm" "-f" "a5566b06840510343c962e31ee2d98ed762d4ed8ab5dd9548ddbb0d1a768e48c", kill_on_drop: false }`
[INFO] [stdout] a5566b06840510343c962e31ee2d98ed762d4ed8ab5dd9548ddbb0d1a768e48c
