[INFO] fetching crate bulk-gcd 2.2.0...
[INFO] checking bulk-gcd-2.2.0 against nightly-2024-02-05 for check-cfg
[INFO] extracting crate bulk-gcd 2.2.0 into /workspace/builds/worker-0-tc1/source
[INFO] validating manifest of crates.io crate bulk-gcd 2.2.0 on toolchain nightly-2024-02-05
[INFO] running `Command { std: CARGO_HOME="/workspace/cargo-home" RUSTUP_HOME="/workspace/rustup-home" "/workspace/cargo-home/bin/cargo" "+nightly-2024-02-05" "metadata" "--manifest-path" "Cargo.toml" "--no-deps", kill_on_drop: false }`
[INFO] started tweaking crates.io crate bulk-gcd 2.2.0
[INFO] finished tweaking crates.io crate bulk-gcd 2.2.0
[INFO] tweaked toml for crates.io crate bulk-gcd 2.2.0 written to /workspace/builds/worker-0-tc1/source/Cargo.toml
[INFO] running `Command { std: CARGO_HOME="/workspace/cargo-home" RUSTUP_HOME="/workspace/rustup-home" "/workspace/cargo-home/bin/cargo" "+nightly-2024-02-05" "generate-lockfile" "--manifest-path" "Cargo.toml", kill_on_drop: false }`
[INFO] [stderr]     Updating crates.io index
[INFO] running `Command { std: CARGO_HOME="/workspace/cargo-home" RUSTUP_HOME="/workspace/rustup-home" "/workspace/cargo-home/bin/cargo" "+nightly-2024-02-05" "fetch" "--manifest-path" "Cargo.toml", kill_on_drop: false }`
[INFO] [stderr]  Downloading crates ...
[INFO] [stderr]   Downloaded az v1.2.1
[INFO] [stderr]   Downloaded rug v1.24.0
[INFO] [stderr]   Downloaded gmp-mpfr-sys v1.6.2
[INFO] running `Command { std: "docker" "create" "-v" "/var/lib/crater-agent-workspace/builds/worker-0-tc1/target:/opt/rustwide/target:rw,Z" "-v" "/var/lib/crater-agent-workspace/builds/worker-0-tc1/source:/opt/rustwide/workdir:ro,Z" "-v" "/var/lib/crater-agent-workspace/cargo-home:/opt/rustwide/cargo-home:ro,Z" "-v" "/var/lib/crater-agent-workspace/rustup-home:/opt/rustwide/rustup-home:ro,Z" "-e" "SOURCE_DIR=/opt/rustwide/workdir" "-e" "CARGO_TARGET_DIR=/opt/rustwide/target" "-e" "CARGO_HOME=/opt/rustwide/cargo-home" "-e" "RUSTUP_HOME=/opt/rustwide/rustup-home" "-w" "/opt/rustwide/workdir" "-m" "1610612736" "--user" "0:0" "--network" "none" "ghcr.io/rust-lang/crates-build-env/linux@sha256:2788e3201cd34a07e3172128adcd8b3090168a8e3bcc40d7c032b9dda1df7d1c" "/opt/rustwide/cargo-home/bin/cargo" "+nightly-2024-02-05" "metadata" "--no-deps" "--format-version=1", kill_on_drop: false }`
[INFO] [stdout] 08473bbd21acf2ee07e6d024cfd6146d646b8e1cc7b732b39286a0ca67b5cce8
[INFO] running `Command { std: "docker" "start" "-a" "08473bbd21acf2ee07e6d024cfd6146d646b8e1cc7b732b39286a0ca67b5cce8", kill_on_drop: false }`
[INFO] running `Command { std: "docker" "inspect" "08473bbd21acf2ee07e6d024cfd6146d646b8e1cc7b732b39286a0ca67b5cce8", kill_on_drop: false }`
[INFO] running `Command { std: "docker" "rm" "-f" "08473bbd21acf2ee07e6d024cfd6146d646b8e1cc7b732b39286a0ca67b5cce8", kill_on_drop: false }`
[INFO] [stdout] 08473bbd21acf2ee07e6d024cfd6146d646b8e1cc7b732b39286a0ca67b5cce8
[INFO] running `Command { std: "docker" "create" "-v" "/var/lib/crater-agent-workspace/builds/worker-0-tc1/target:/opt/rustwide/target:rw,Z" "-v" "/var/lib/crater-agent-workspace/builds/worker-0-tc1/source:/opt/rustwide/workdir:ro,Z" "-v" "/var/lib/crater-agent-workspace/cargo-home:/opt/rustwide/cargo-home:ro,Z" "-v" "/var/lib/crater-agent-workspace/rustup-home:/opt/rustwide/rustup-home:ro,Z" "-e" "SOURCE_DIR=/opt/rustwide/workdir" "-e" "CARGO_TARGET_DIR=/opt/rustwide/target" "-e" "CARGO_INCREMENTAL=0" "-e" "RUST_BACKTRACE=full" "-e" "RUSTFLAGS=--cap-lints=forbid" "-e" "RUSTDOCFLAGS=--cap-lints=forbid" "-e" "CARGO_HOME=/opt/rustwide/cargo-home" "-e" "RUSTUP_HOME=/opt/rustwide/rustup-home" "-w" "/opt/rustwide/workdir" "-m" "1610612736" "--user" "0:0" "--network" "none" "ghcr.io/rust-lang/crates-build-env/linux@sha256:2788e3201cd34a07e3172128adcd8b3090168a8e3bcc40d7c032b9dda1df7d1c" "/opt/rustwide/cargo-home/bin/cargo" "+nightly-2024-02-05" "check" "--frozen" "--all" "--all-targets" "--message-format=json", kill_on_drop: false }`
[INFO] [stdout] f59639aa48a5e38af6e5acd9b3838297da1cf8436a59154b557f8a8007a7bc6e
[INFO] running `Command { std: "docker" "start" "-a" "f59639aa48a5e38af6e5acd9b3838297da1cf8436a59154b557f8a8007a7bc6e", kill_on_drop: false }`
[INFO] [stderr]     Checking memchr v2.7.1
[INFO] [stderr]    Compiling gmp-mpfr-sys v1.6.2
[INFO] [stderr]    Compiling rayon-core v1.12.1
[INFO] [stderr]    Compiling az v1.2.1
[INFO] [stderr]    Compiling rug v1.24.0
[INFO] [stderr]     Checking crossbeam-deque v0.8.5
[INFO] [stderr]     Checking either v1.9.0
[INFO] [stderr]     Checking clap v2.34.0
[INFO] [stderr]     Checking aho-corasick v1.1.2
[INFO] [stderr]     Checking rayon v1.8.1
[INFO] [stderr]     Checking regex-automata v0.4.5
[INFO] [stderr]     Checking regex v1.10.3
[INFO] [stderr]     Checking env_logger v0.6.2
[INFO] [stderr]     Checking bulk-gcd v2.2.0 (/opt/rustwide/workdir)
[INFO] [stdout] warning: use of deprecated method `std::error::Error::description`: use the Display impl or to_string()
[INFO] [stdout]   --> src/lib.rs:62:44
[INFO] [stdout]    |
[INFO] [stdout] 62 |         write!(f, "ComputeError: {}", self.description())
[INFO] [stdout]    |                                            ^^^^^^^^^^^
[INFO] [stdout]    |
[INFO] [stdout]    = note: `#[warn(deprecated)]` on by default
[INFO] [stdout] 
[INFO] [stdout] 
[INFO] [stdout] warning: use of deprecated method `std::error::Error::description`: use the Display impl or to_string()
[INFO] [stdout]   --> src/lib.rs:62:44
[INFO] [stdout]    |
[INFO] [stdout] 62 |         write!(f, "ComputeError: {}", self.description())
[INFO] [stdout]    |                                            ^^^^^^^^^^^
[INFO] [stdout]    |
[INFO] [stdout]    = note: `#[warn(deprecated)]` on by default
[INFO] [stdout] 
[INFO] [stdout] 
[INFO] [stdout] warning: 1 warning emitted
[INFO] [stdout] 
[INFO] [stdout] 
[INFO] [stdout] warning: 1 warning emitted
[INFO] [stdout] 
[INFO] [stdout] 
[INFO] [stdout] warning: use of deprecated associated function `clap::App::<'a, 'b>::with_defaults`: Can never work; use explicit App::author() and App::version() calls instead
[INFO] [stdout]   --> src/main.rs:19:24
[INFO] [stdout]    |
[INFO] [stdout] 19 |     let matches = App::with_defaults("bulk-gcd")
[INFO] [stdout]    |                        ^^^^^^^^^^^^^
[INFO] [stdout]    |
[INFO] [stdout]    = note: `#[warn(deprecated)]` on by default
[INFO] [stdout] 
[INFO] [stdout] 
[INFO] [stdout] warning: use of deprecated associated function `clap::App::<'a, 'b>::with_defaults`: Can never work; use explicit App::author() and App::version() calls instead
[INFO] [stdout]   --> src/main.rs:19:24
[INFO] [stdout]    |
[INFO] [stdout] 19 |     let matches = App::with_defaults("bulk-gcd")
[INFO] [stdout]    |                        ^^^^^^^^^^^^^
[INFO] [stdout]    |
[INFO] [stdout]    = note: `#[warn(deprecated)]` on by default
[INFO] [stdout] 
[INFO] [stdout] 
[INFO] [stdout] error[E0599]: no method named `to_string_radix` found for reference `&Integer` in the current scope
[INFO] [stdout]   --> src/main.rs:89:34
[INFO] [stdout]    |
[INFO] [stdout] 89 |         println!("{},{}", i, gcd.to_string_radix(16));
[INFO] [stdout]    |                                  ^^^^^^^^^^^^^^^ method not found in `&Integer`
[INFO] [stdout] 
[INFO] [stdout] 
[INFO] [stdout] error[E0599]: no method named `to_string_radix` found for reference `&Integer` in the current scope
[INFO] [stdout]   --> src/main.rs:89:34
[INFO] [stdout]    |
[INFO] [stdout] 89 |         println!("{},{}", i, gcd.to_string_radix(16));
[INFO] [stdout]    |                                  ^^^^^^^^^^^^^^^ method not found in `&Integer`
[INFO] [stdout] 
[INFO] [stdout] 
[INFO] [stdout] error: aborting due to 1 previous error; 1 warning emitted
[INFO] [stdout] 
[INFO] [stdout] 
[INFO] [stdout] For more information about this error, try `rustc --explain E0599`.
[INFO] [stdout] 
[INFO] [stdout] error: aborting due to 1 previous error; 1 warning emitted
[INFO] [stdout] 
[INFO] [stdout] 
[INFO] [stdout] For more information about this error, try `rustc --explain E0599`.
[INFO] [stdout] 
[INFO] [stderr] error: could not compile `bulk-gcd` (bin "bulk-gcd") due to 2 previous errors; 1 warning emitted
[INFO] [stderr] warning: build failed, waiting for other jobs to finish...
[INFO] [stderr] error: could not compile `bulk-gcd` (bin "bulk-gcd" test) due to 2 previous errors; 1 warning emitted
[INFO] running `Command { std: "docker" "inspect" "f59639aa48a5e38af6e5acd9b3838297da1cf8436a59154b557f8a8007a7bc6e", kill_on_drop: false }`
[INFO] running `Command { std: "docker" "rm" "-f" "f59639aa48a5e38af6e5acd9b3838297da1cf8436a59154b557f8a8007a7bc6e", kill_on_drop: false }`
[INFO] [stdout] f59639aa48a5e38af6e5acd9b3838297da1cf8436a59154b557f8a8007a7bc6e
[INFO] checking bulk-gcd-2.2.0 against nightly-2024-02-05+rustflags=-Dunexpected_cfgs+cargoflags=-Zcheck-cfg for check-cfg
[INFO] extracting crate bulk-gcd 2.2.0 into /workspace/builds/worker-0-tc2/source
[INFO] validating manifest of crates.io crate bulk-gcd 2.2.0 on toolchain nightly-2024-02-05
[INFO] running `Command { std: CARGO_HOME="/workspace/cargo-home" RUSTUP_HOME="/workspace/rustup-home" "/workspace/cargo-home/bin/cargo" "+nightly-2024-02-05" "metadata" "--manifest-path" "Cargo.toml" "--no-deps", kill_on_drop: false }`
[INFO] started tweaking crates.io crate bulk-gcd 2.2.0
[INFO] finished tweaking crates.io crate bulk-gcd 2.2.0
[INFO] tweaked toml for crates.io crate bulk-gcd 2.2.0 written to /workspace/builds/worker-0-tc2/source/Cargo.toml
[INFO] running `Command { std: CARGO_HOME="/workspace/cargo-home" RUSTUP_HOME="/workspace/rustup-home" "/workspace/cargo-home/bin/cargo" "+nightly-2024-02-05" "generate-lockfile" "--manifest-path" "Cargo.toml", kill_on_drop: false }`
[INFO] [stderr]     Updating crates.io index
[INFO] running `Command { std: CARGO_HOME="/workspace/cargo-home" RUSTUP_HOME="/workspace/rustup-home" "/workspace/cargo-home/bin/cargo" "+nightly-2024-02-05" "fetch" "--manifest-path" "Cargo.toml", kill_on_drop: false }`
[INFO] running `Command { std: "docker" "create" "-v" "/var/lib/crater-agent-workspace/builds/worker-0-tc2/target:/opt/rustwide/target:rw,Z" "-v" "/var/lib/crater-agent-workspace/builds/worker-0-tc2/source:/opt/rustwide/workdir:ro,Z" "-v" "/var/lib/crater-agent-workspace/cargo-home:/opt/rustwide/cargo-home:ro,Z" "-v" "/var/lib/crater-agent-workspace/rustup-home:/opt/rustwide/rustup-home:ro,Z" "-e" "SOURCE_DIR=/opt/rustwide/workdir" "-e" "CARGO_TARGET_DIR=/opt/rustwide/target" "-e" "CARGO_HOME=/opt/rustwide/cargo-home" "-e" "RUSTUP_HOME=/opt/rustwide/rustup-home" "-w" "/opt/rustwide/workdir" "-m" "1610612736" "--user" "0:0" "--network" "none" "ghcr.io/rust-lang/crates-build-env/linux@sha256:2788e3201cd34a07e3172128adcd8b3090168a8e3bcc40d7c032b9dda1df7d1c" "/opt/rustwide/cargo-home/bin/cargo" "+nightly-2024-02-05" "metadata" "--no-deps" "--format-version=1", kill_on_drop: false }`
[INFO] [stdout] fa72a6b9b8207bd344d45953dcf7b03bda491bb96b77d4f688f34756b856efbd
[INFO] running `Command { std: "docker" "start" "-a" "fa72a6b9b8207bd344d45953dcf7b03bda491bb96b77d4f688f34756b856efbd", kill_on_drop: false }`
[INFO] running `Command { std: "docker" "inspect" "fa72a6b9b8207bd344d45953dcf7b03bda491bb96b77d4f688f34756b856efbd", kill_on_drop: false }`
[INFO] running `Command { std: "docker" "rm" "-f" "fa72a6b9b8207bd344d45953dcf7b03bda491bb96b77d4f688f34756b856efbd", kill_on_drop: false }`
[INFO] [stdout] fa72a6b9b8207bd344d45953dcf7b03bda491bb96b77d4f688f34756b856efbd
[INFO] running `Command { std: "docker" "create" "-v" "/var/lib/crater-agent-workspace/builds/worker-0-tc2/target:/opt/rustwide/target:rw,Z" "-v" "/var/lib/crater-agent-workspace/builds/worker-0-tc2/source:/opt/rustwide/workdir:ro,Z" "-v" "/var/lib/crater-agent-workspace/cargo-home:/opt/rustwide/cargo-home:ro,Z" "-v" "/var/lib/crater-agent-workspace/rustup-home:/opt/rustwide/rustup-home:ro,Z" "-e" "SOURCE_DIR=/opt/rustwide/workdir" "-e" "CARGO_TARGET_DIR=/opt/rustwide/target" "-e" "CARGO_INCREMENTAL=0" "-e" "RUST_BACKTRACE=full" "-e" "RUSTFLAGS=--cap-lints=forbid -Dunexpected_cfgs" "-e" "RUSTDOCFLAGS=--cap-lints=forbid" "-e" "CARGO_HOME=/opt/rustwide/cargo-home" "-e" "RUSTUP_HOME=/opt/rustwide/rustup-home" "-w" "/opt/rustwide/workdir" "-m" "1610612736" "--user" "0:0" "--network" "none" "ghcr.io/rust-lang/crates-build-env/linux@sha256:2788e3201cd34a07e3172128adcd8b3090168a8e3bcc40d7c032b9dda1df7d1c" "/opt/rustwide/cargo-home/bin/cargo" "+nightly-2024-02-05" "check" "--frozen" "--all" "--all-targets" "--message-format=json" "-Zcheck-cfg", kill_on_drop: false }`
[INFO] [stdout] c7599681a4bbde229169a69063454dc23001fc51e9525e5a3f7b992252bf8711
[INFO] running `Command { std: "docker" "start" "-a" "c7599681a4bbde229169a69063454dc23001fc51e9525e5a3f7b992252bf8711", kill_on_drop: false }`
[INFO] [stderr]     Checking memchr v2.7.1
[INFO] [stderr]    Compiling gmp-mpfr-sys v1.6.2
[INFO] [stderr]    Compiling az v1.2.1
[INFO] [stderr]    Compiling rayon-core v1.12.1
[INFO] [stderr]    Compiling rug v1.24.0
[INFO] [stderr]     Checking crossbeam-deque v0.8.5
[INFO] [stderr]     Checking either v1.9.0
[INFO] [stderr]     Checking clap v2.34.0
[INFO] [stderr]     Checking aho-corasick v1.1.2
[INFO] [stderr]     Checking rayon v1.8.1
[INFO] [stderr]     Checking regex-automata v0.4.5
[INFO] [stderr]     Checking regex v1.10.3
[INFO] [stderr]     Checking env_logger v0.6.2
[INFO] [stderr]     Checking bulk-gcd v2.2.0 (/opt/rustwide/workdir)
[INFO] [stdout] warning: use of deprecated method `std::error::Error::description`: use the Display impl or to_string()
[INFO] [stdout]   --> src/lib.rs:62:44
[INFO] [stdout]    |
[INFO] [stdout] 62 |         write!(f, "ComputeError: {}", self.description())
[INFO] [stdout]    |                                            ^^^^^^^^^^^
[INFO] [stdout]    |
[INFO] [stdout]    = note: `#[warn(deprecated)]` on by default
[INFO] [stdout] 
[INFO] [stdout] 
[INFO] [stdout] warning: use of deprecated method `std::error::Error::description`: use the Display impl or to_string()
[INFO] [stdout]   --> src/lib.rs:62:44
[INFO] [stdout]    |
[INFO] [stdout] 62 |         write!(f, "ComputeError: {}", self.description())
[INFO] [stdout]    |                                            ^^^^^^^^^^^
[INFO] [stdout]    |
[INFO] [stdout]    = note: `#[warn(deprecated)]` on by default
[INFO] [stdout] 
[INFO] [stdout] 
[INFO] [stdout] warning: 1 warning emitted
[INFO] [stdout] 
[INFO] [stdout] 
[INFO] [stdout] warning: 1 warning emitted
[INFO] [stdout] 
[INFO] [stdout] 
[INFO] [stdout] warning: use of deprecated associated function `clap::App::<'a, 'b>::with_defaults`: Can never work; use explicit App::author() and App::version() calls instead
[INFO] [stdout]   --> src/main.rs:19:24
[INFO] [stdout]    |
[INFO] [stdout] 19 |     let matches = App::with_defaults("bulk-gcd")
[INFO] [stdout]    |                        ^^^^^^^^^^^^^
[INFO] [stdout]    |
[INFO] [stdout]    = note: `#[warn(deprecated)]` on by default
[INFO] [stdout] 
[INFO] [stdout] 
[INFO] [stdout] warning: use of deprecated associated function `clap::App::<'a, 'b>::with_defaults`: Can never work; use explicit App::author() and App::version() calls instead
[INFO] [stdout]   --> src/main.rs:19:24
[INFO] [stdout]    |
[INFO] [stdout] 19 |     let matches = App::with_defaults("bulk-gcd")
[INFO] [stdout]    |                        ^^^^^^^^^^^^^
[INFO] [stdout]    |
[INFO] [stdout]    = note: `#[warn(deprecated)]` on by default
[INFO] [stdout] 
[INFO] [stdout] 
[INFO] [stdout] error[E0599]: no method named `to_string_radix` found for reference `&Integer` in the current scope
[INFO] [stdout]   --> src/main.rs:89:34
[INFO] [stdout]    |
[INFO] [stdout] 89 |         println!("{},{}", i, gcd.to_string_radix(16));
[INFO] [stdout]    |                                  ^^^^^^^^^^^^^^^ method not found in `&Integer`
[INFO] [stdout] 
[INFO] [stdout] 
[INFO] [stdout] error[E0599]: no method named `to_string_radix` found for reference `&Integer` in the current scope
[INFO] [stdout]   --> src/main.rs:89:34
[INFO] [stdout]    |
[INFO] [stdout] 89 |         println!("{},{}", i, gcd.to_string_radix(16));
[INFO] [stdout]    |                                  ^^^^^^^^^^^^^^^ method not found in `&Integer`
[INFO] [stdout] 
[INFO] [stdout] 
[INFO] [stdout] error: aborting due to 1 previous error; 1 warning emitted
[INFO] [stdout] 
[INFO] [stdout] 
[INFO] [stdout] For more information about this error, try `rustc --explain E0599`.
[INFO] [stdout] 
[INFO] [stdout] error: aborting due to 1 previous error; 1 warning emitted
[INFO] [stdout] 
[INFO] [stdout] 
[INFO] [stdout] For more information about this error, try `rustc --explain E0599`.
[INFO] [stdout] 
[INFO] [stderr] error: could not compile `bulk-gcd` (bin "bulk-gcd") due to 2 previous errors; 1 warning emitted
[INFO] [stderr] warning: build failed, waiting for other jobs to finish...
[INFO] [stderr] error: could not compile `bulk-gcd` (bin "bulk-gcd" test) due to 2 previous errors; 1 warning emitted
[INFO] running `Command { std: "docker" "inspect" "c7599681a4bbde229169a69063454dc23001fc51e9525e5a3f7b992252bf8711", kill_on_drop: false }`
[INFO] running `Command { std: "docker" "rm" "-f" "c7599681a4bbde229169a69063454dc23001fc51e9525e5a3f7b992252bf8711", kill_on_drop: false }`
[INFO] [stdout] c7599681a4bbde229169a69063454dc23001fc51e9525e5a3f7b992252bf8711
