[INFO] fetching crate brother-ql-rs 0.2.1...
[INFO] checking brother-ql-rs-0.2.1 against nightly-2024-02-05 for check-cfg
[INFO] extracting crate brother-ql-rs 0.2.1 into /workspace/builds/worker-4-tc1/source
[INFO] validating manifest of crates.io crate brother-ql-rs 0.2.1 on toolchain nightly-2024-02-05
[INFO] running `Command { std: CARGO_HOME="/workspace/cargo-home" RUSTUP_HOME="/workspace/rustup-home" "/workspace/cargo-home/bin/cargo" "+nightly-2024-02-05" "metadata" "--manifest-path" "Cargo.toml" "--no-deps", kill_on_drop: false }`
[INFO] removed /workspace/builds/worker-4-tc1/source/.cargo/config
[INFO] started tweaking crates.io crate brother-ql-rs 0.2.1
[INFO] finished tweaking crates.io crate brother-ql-rs 0.2.1
[INFO] tweaked toml for crates.io crate brother-ql-rs 0.2.1 written to /workspace/builds/worker-4-tc1/source/Cargo.toml
[INFO] running `Command { std: CARGO_HOME="/workspace/cargo-home" RUSTUP_HOME="/workspace/rustup-home" "/workspace/cargo-home/bin/cargo" "+nightly-2024-02-05" "generate-lockfile" "--manifest-path" "Cargo.toml", kill_on_drop: false }`
[INFO] [stderr]     Updating crates.io index
[INFO] running `Command { std: CARGO_HOME="/workspace/cargo-home" RUSTUP_HOME="/workspace/rustup-home" "/workspace/cargo-home/bin/cargo" "+nightly-2024-02-05" "fetch" "--manifest-path" "Cargo.toml", kill_on_drop: false }`
[INFO] [stderr]  Downloading crates ...
[INFO] [stderr]   Downloaded libflate v0.1.27
[INFO] [stderr]   Downloaded rle-decode-fast v1.0.3
[INFO] [stderr]   Downloaded rusb v0.5.5
[INFO] [stderr]   Downloaded libusb1-sys v0.3.7
[INFO] running `Command { std: "docker" "create" "-v" "/var/lib/crater-agent-workspace/builds/worker-4-tc1/target:/opt/rustwide/target:rw,Z" "-v" "/var/lib/crater-agent-workspace/builds/worker-4-tc1/source:/opt/rustwide/workdir:ro,Z" "-v" "/var/lib/crater-agent-workspace/cargo-home:/opt/rustwide/cargo-home:ro,Z" "-v" "/var/lib/crater-agent-workspace/rustup-home:/opt/rustwide/rustup-home:ro,Z" "-e" "SOURCE_DIR=/opt/rustwide/workdir" "-e" "CARGO_TARGET_DIR=/opt/rustwide/target" "-e" "CARGO_HOME=/opt/rustwide/cargo-home" "-e" "RUSTUP_HOME=/opt/rustwide/rustup-home" "-w" "/opt/rustwide/workdir" "-m" "1610612736" "--user" "0:0" "--network" "none" "ghcr.io/rust-lang/crates-build-env/linux@sha256:2788e3201cd34a07e3172128adcd8b3090168a8e3bcc40d7c032b9dda1df7d1c" "/opt/rustwide/cargo-home/bin/cargo" "+nightly-2024-02-05" "metadata" "--no-deps" "--format-version=1", kill_on_drop: false }`
[INFO] [stdout] 9857160cd9663dae4b020d723004e6eb0372a0450b0f7b990da0fd2f4dac2f75
[INFO] running `Command { std: "docker" "start" "-a" "9857160cd9663dae4b020d723004e6eb0372a0450b0f7b990da0fd2f4dac2f75", kill_on_drop: false }`
[INFO] running `Command { std: "docker" "inspect" "9857160cd9663dae4b020d723004e6eb0372a0450b0f7b990da0fd2f4dac2f75", kill_on_drop: false }`
[INFO] running `Command { std: "docker" "rm" "-f" "9857160cd9663dae4b020d723004e6eb0372a0450b0f7b990da0fd2f4dac2f75", kill_on_drop: false }`
[INFO] [stdout] 9857160cd9663dae4b020d723004e6eb0372a0450b0f7b990da0fd2f4dac2f75
[INFO] running `Command { std: "docker" "create" "-v" "/var/lib/crater-agent-workspace/builds/worker-4-tc1/target:/opt/rustwide/target:rw,Z" "-v" "/var/lib/crater-agent-workspace/builds/worker-4-tc1/source:/opt/rustwide/workdir:ro,Z" "-v" "/var/lib/crater-agent-workspace/cargo-home:/opt/rustwide/cargo-home:ro,Z" "-v" "/var/lib/crater-agent-workspace/rustup-home:/opt/rustwide/rustup-home:ro,Z" "-e" "SOURCE_DIR=/opt/rustwide/workdir" "-e" "CARGO_TARGET_DIR=/opt/rustwide/target" "-e" "CARGO_INCREMENTAL=0" "-e" "RUST_BACKTRACE=full" "-e" "RUSTFLAGS=--cap-lints=forbid" "-e" "RUSTDOCFLAGS=--cap-lints=forbid" "-e" "CARGO_HOME=/opt/rustwide/cargo-home" "-e" "RUSTUP_HOME=/opt/rustwide/rustup-home" "-w" "/opt/rustwide/workdir" "-m" "1610612736" "--user" "0:0" "--network" "none" "ghcr.io/rust-lang/crates-build-env/linux@sha256:2788e3201cd34a07e3172128adcd8b3090168a8e3bcc40d7c032b9dda1df7d1c" "/opt/rustwide/cargo-home/bin/cargo" "+nightly-2024-02-05" "check" "--frozen" "--all" "--all-targets" "--message-format=json", kill_on_drop: false }`
[INFO] [stdout] a5290d2ad3645a06261f253866d91d8d6afb1d4647e88641626024485b678a0c
[INFO] running `Command { std: "docker" "start" "-a" "a5290d2ad3645a06261f253866d91d8d6afb1d4647e88641626024485b678a0c", kill_on_drop: false }`
[INFO] [stderr]    Compiling rustix v0.38.31
[INFO] [stderr]    Compiling linux-raw-sys v0.4.13
[INFO] [stderr]    Compiling rle-decode-fast v1.0.3
[INFO] [stderr]    Compiling take_mut v0.2.2
[INFO] [stderr]    Compiling adler32 v1.2.0
[INFO] [stderr]    Compiling syn v0.15.44
[INFO] [stderr]    Compiling crc32fast v1.3.2
[INFO] [stderr]    Compiling filetime v0.2.23
[INFO] [stderr]     Checking memchr v2.7.1
[INFO] [stderr]    Compiling error-chain v0.12.4
[INFO] [stderr]     Checking num-rational v0.2.4
[INFO] [stderr]     Checking jpeg-decoder v0.1.22
[INFO] [stderr]     Checking num-iter v0.1.43
[INFO] [stderr]     Checking approx v0.3.2
[INFO] [stderr]     Checking ordered-float v1.1.1
[INFO] [stderr]     Checking stb_truetype v0.3.1
[INFO] [stderr]    Compiling libflate v0.1.27
[INFO] [stderr]     Checking rusttype v0.8.3
[INFO] [stderr]     Checking object v0.32.2
[INFO] [stderr]    Compiling xattr v1.3.1
[INFO] [stderr]    Compiling tar v0.4.40
[INFO] [stderr]    Compiling num-derive v0.2.5
[INFO] [stderr]    Compiling libusb1-sys v0.3.7
[INFO] [stderr]     Checking backtrace v0.3.69
[INFO] [stderr]     Checking rusb v0.5.5
[INFO] [stderr]     Checking tiff v0.3.1
[INFO] [stderr]     Checking image v0.22.5
[INFO] [stderr]     Checking brother-ql-rs v0.2.1 (/opt/rustwide/workdir)
[INFO] [stdout] error[E0599]: no method named `init` found for struct `ThermalPrinter` in the current scope
[INFO] [stdout]    --> src/printer.rs:312:11
[INFO] [stdout]     |
[INFO] [stdout] 89  | pub struct ThermalPrinter<T: rusb::UsbContext> {
[INFO] [stdout]     | ---------------------------------------------- method `init` not found for this struct
[INFO] [stdout] ...
[INFO] [stdout] 312 |         printer.init().unwrap();
[INFO] [stdout]     |                 ^^^^ method not found in `ThermalPrinter<GlobalContext>`
[INFO] [stdout]     |
[INFO] [stdout]     = help: items from traits can only be used if the trait is implemented and in scope
[INFO] [stdout]     = note: the following trait defines an item `init`, perhaps you need to implement it:
[INFO] [stdout]             candidate #1: `crossbeam_epoch::atomic::Pointable`
[INFO] [stdout] help: the following trait is implemented but not in scope; perhaps add a `use` for it:
[INFO] [stdout]     |
[INFO] [stdout] 306 +     use crossbeam_epoch::atomic::Pointable;
[INFO] [stdout]     |
[INFO] [stdout] 
[INFO] [stdout] 
[INFO] [stdout] error[E0599]: no method named `init` found for struct `ThermalPrinter` in the current scope
[INFO] [stdout]    --> src/printer.rs:322:23
[INFO] [stdout]     |
[INFO] [stdout] 89  | pub struct ThermalPrinter<T: rusb::UsbContext> {
[INFO] [stdout]     | ---------------------------------------------- method `init` not found for this struct
[INFO] [stdout] ...
[INFO] [stdout] 322 |         let label = printer.init().unwrap().media.to_label();
[INFO] [stdout]     |                             ^^^^ method not found in `ThermalPrinter<GlobalContext>`
[INFO] [stdout]     |
[INFO] [stdout]     = help: items from traits can only be used if the trait is implemented and in scope
[INFO] [stdout]     = note: the following trait defines an item `init`, perhaps you need to implement it:
[INFO] [stdout]             candidate #1: `crossbeam_epoch::atomic::Pointable`
[INFO] [stdout] help: the following trait is implemented but not in scope; perhaps add a `use` for it:
[INFO] [stdout]     |
[INFO] [stdout] 306 +     use crossbeam_epoch::atomic::Pointable;
[INFO] [stdout]     |
[INFO] [stdout] 
[INFO] [stdout] 
[INFO] [stdout] error: aborting due to 2 previous errors
[INFO] [stdout] 
[INFO] [stdout] 
[INFO] [stdout] For more information about this error, try `rustc --explain E0599`.
[INFO] [stdout] 
[INFO] [stderr] error: could not compile `brother-ql-rs` (lib test) due to 3 previous errors
[INFO] running `Command { std: "docker" "inspect" "a5290d2ad3645a06261f253866d91d8d6afb1d4647e88641626024485b678a0c", kill_on_drop: false }`
[INFO] running `Command { std: "docker" "rm" "-f" "a5290d2ad3645a06261f253866d91d8d6afb1d4647e88641626024485b678a0c", kill_on_drop: false }`
[INFO] [stdout] a5290d2ad3645a06261f253866d91d8d6afb1d4647e88641626024485b678a0c
[INFO] checking brother-ql-rs-0.2.1 against nightly-2024-02-05+rustflags=-Dunexpected_cfgs+cargoflags=-Zcheck-cfg for check-cfg
[INFO] extracting crate brother-ql-rs 0.2.1 into /workspace/builds/worker-4-tc2/source
[INFO] validating manifest of crates.io crate brother-ql-rs 0.2.1 on toolchain nightly-2024-02-05
[INFO] running `Command { std: CARGO_HOME="/workspace/cargo-home" RUSTUP_HOME="/workspace/rustup-home" "/workspace/cargo-home/bin/cargo" "+nightly-2024-02-05" "metadata" "--manifest-path" "Cargo.toml" "--no-deps", kill_on_drop: false }`
[INFO] removed /workspace/builds/worker-4-tc2/source/.cargo/config
[INFO] started tweaking crates.io crate brother-ql-rs 0.2.1
[INFO] finished tweaking crates.io crate brother-ql-rs 0.2.1
[INFO] tweaked toml for crates.io crate brother-ql-rs 0.2.1 written to /workspace/builds/worker-4-tc2/source/Cargo.toml
[INFO] running `Command { std: CARGO_HOME="/workspace/cargo-home" RUSTUP_HOME="/workspace/rustup-home" "/workspace/cargo-home/bin/cargo" "+nightly-2024-02-05" "generate-lockfile" "--manifest-path" "Cargo.toml", kill_on_drop: false }`
[INFO] [stderr]     Updating crates.io index
[INFO] running `Command { std: CARGO_HOME="/workspace/cargo-home" RUSTUP_HOME="/workspace/rustup-home" "/workspace/cargo-home/bin/cargo" "+nightly-2024-02-05" "fetch" "--manifest-path" "Cargo.toml", kill_on_drop: false }`
[INFO] running `Command { std: "docker" "create" "-v" "/var/lib/crater-agent-workspace/builds/worker-4-tc2/target:/opt/rustwide/target:rw,Z" "-v" "/var/lib/crater-agent-workspace/builds/worker-4-tc2/source:/opt/rustwide/workdir:ro,Z" "-v" "/var/lib/crater-agent-workspace/cargo-home:/opt/rustwide/cargo-home:ro,Z" "-v" "/var/lib/crater-agent-workspace/rustup-home:/opt/rustwide/rustup-home:ro,Z" "-e" "SOURCE_DIR=/opt/rustwide/workdir" "-e" "CARGO_TARGET_DIR=/opt/rustwide/target" "-e" "CARGO_HOME=/opt/rustwide/cargo-home" "-e" "RUSTUP_HOME=/opt/rustwide/rustup-home" "-w" "/opt/rustwide/workdir" "-m" "1610612736" "--user" "0:0" "--network" "none" "ghcr.io/rust-lang/crates-build-env/linux@sha256:2788e3201cd34a07e3172128adcd8b3090168a8e3bcc40d7c032b9dda1df7d1c" "/opt/rustwide/cargo-home/bin/cargo" "+nightly-2024-02-05" "metadata" "--no-deps" "--format-version=1", kill_on_drop: false }`
[INFO] [stdout] 0ebbac0cd5f901c16f3ae335805a818998f9c8549b6bc035f5769ed4dc1c9793
[INFO] running `Command { std: "docker" "start" "-a" "0ebbac0cd5f901c16f3ae335805a818998f9c8549b6bc035f5769ed4dc1c9793", kill_on_drop: false }`
[INFO] running `Command { std: "docker" "inspect" "0ebbac0cd5f901c16f3ae335805a818998f9c8549b6bc035f5769ed4dc1c9793", kill_on_drop: false }`
[INFO] running `Command { std: "docker" "rm" "-f" "0ebbac0cd5f901c16f3ae335805a818998f9c8549b6bc035f5769ed4dc1c9793", kill_on_drop: false }`
[INFO] [stdout] 0ebbac0cd5f901c16f3ae335805a818998f9c8549b6bc035f5769ed4dc1c9793
[INFO] running `Command { std: "docker" "create" "-v" "/var/lib/crater-agent-workspace/builds/worker-4-tc2/target:/opt/rustwide/target:rw,Z" "-v" "/var/lib/crater-agent-workspace/builds/worker-4-tc2/source:/opt/rustwide/workdir:ro,Z" "-v" "/var/lib/crater-agent-workspace/cargo-home:/opt/rustwide/cargo-home:ro,Z" "-v" "/var/lib/crater-agent-workspace/rustup-home:/opt/rustwide/rustup-home:ro,Z" "-e" "SOURCE_DIR=/opt/rustwide/workdir" "-e" "CARGO_TARGET_DIR=/opt/rustwide/target" "-e" "CARGO_INCREMENTAL=0" "-e" "RUST_BACKTRACE=full" "-e" "RUSTFLAGS=--cap-lints=forbid -Dunexpected_cfgs" "-e" "RUSTDOCFLAGS=--cap-lints=forbid" "-e" "CARGO_HOME=/opt/rustwide/cargo-home" "-e" "RUSTUP_HOME=/opt/rustwide/rustup-home" "-w" "/opt/rustwide/workdir" "-m" "1610612736" "--user" "0:0" "--network" "none" "ghcr.io/rust-lang/crates-build-env/linux@sha256:2788e3201cd34a07e3172128adcd8b3090168a8e3bcc40d7c032b9dda1df7d1c" "/opt/rustwide/cargo-home/bin/cargo" "+nightly-2024-02-05" "check" "--frozen" "--all" "--all-targets" "--message-format=json" "-Zcheck-cfg", kill_on_drop: false }`
[INFO] [stdout] 2bb9395ee0f0d6656d8856709c987879287235929ec65e1df0eba1065a0577f3
[INFO] running `Command { std: "docker" "start" "-a" "2bb9395ee0f0d6656d8856709c987879287235929ec65e1df0eba1065a0577f3", kill_on_drop: false }`
[INFO] [stderr]    Compiling rustix v0.38.31
[INFO] [stderr]    Compiling linux-raw-sys v0.4.13
[INFO] [stderr]    Compiling adler32 v1.2.0
[INFO] [stderr]    Compiling rle-decode-fast v1.0.3
[INFO] [stderr]    Compiling syn v0.15.44
[INFO] [stderr]    Compiling take_mut v0.2.2
[INFO] [stderr]    Compiling crc32fast v1.3.2
[INFO] [stderr]     Checking memchr v2.7.1
[INFO] [stderr]    Compiling filetime v0.2.23
[INFO] [stderr]    Compiling error-chain v0.12.4
[INFO] [stderr]     Checking num-rational v0.2.4
[INFO] [stderr]     Checking jpeg-decoder v0.1.22
[INFO] [stderr]     Checking num-iter v0.1.43
[INFO] [stderr]     Checking ordered-float v1.1.1
[INFO] [stderr]     Checking approx v0.3.2
[INFO] [stderr]     Checking stb_truetype v0.3.1
[INFO] [stderr]    Compiling libflate v0.1.27
[INFO] [stderr]     Checking rusttype v0.8.3
[INFO] [stderr]     Checking object v0.32.2
[INFO] [stderr]    Compiling xattr v1.3.1
[INFO] [stderr]    Compiling num-derive v0.2.5
[INFO] [stderr]    Compiling tar v0.4.40
[INFO] [stderr]    Compiling libusb1-sys v0.3.7
[INFO] [stderr]     Checking backtrace v0.3.69
[INFO] [stderr]     Checking tiff v0.3.1
[INFO] [stderr]     Checking rusb v0.5.5
[INFO] [stderr]     Checking image v0.22.5
[INFO] [stderr]     Checking brother-ql-rs v0.2.1 (/opt/rustwide/workdir)
[INFO] [stdout] error[E0599]: no method named `init` found for struct `ThermalPrinter` in the current scope
[INFO] [stdout]    --> src/printer.rs:312:11
[INFO] [stdout]     |
[INFO] [stdout] 89  | pub struct ThermalPrinter<T: rusb::UsbContext> {
[INFO] [stdout]     | ---------------------------------------------- method `init` not found for this struct
[INFO] [stdout] ...
[INFO] [stdout] 312 |         printer.init().unwrap();
[INFO] [stdout]     |                 ^^^^ method not found in `ThermalPrinter<GlobalContext>`
[INFO] [stdout]     |
[INFO] [stdout]     = help: items from traits can only be used if the trait is implemented and in scope
[INFO] [stdout]     = note: the following trait defines an item `init`, perhaps you need to implement it:
[INFO] [stdout]             candidate #1: `crossbeam_epoch::atomic::Pointable`
[INFO] [stdout] help: the following trait is implemented but not in scope; perhaps add a `use` for it:
[INFO] [stdout]     |
[INFO] [stdout] 306 +     use crossbeam_epoch::atomic::Pointable;
[INFO] [stdout]     |
[INFO] [stdout] 
[INFO] [stdout] 
[INFO] [stdout] error[E0599]: no method named `init` found for struct `ThermalPrinter` in the current scope
[INFO] [stdout]    --> src/printer.rs:322:23
[INFO] [stdout]     |
[INFO] [stdout] 89  | pub struct ThermalPrinter<T: rusb::UsbContext> {
[INFO] [stdout]     | ---------------------------------------------- method `init` not found for this struct
[INFO] [stdout] ...
[INFO] [stdout] 322 |         let label = printer.init().unwrap().media.to_label();
[INFO] [stdout]     |                             ^^^^ method not found in `ThermalPrinter<GlobalContext>`
[INFO] [stdout]     |
[INFO] [stdout]     = help: items from traits can only be used if the trait is implemented and in scope
[INFO] [stdout]     = note: the following trait defines an item `init`, perhaps you need to implement it:
[INFO] [stdout]             candidate #1: `crossbeam_epoch::atomic::Pointable`
[INFO] [stdout] help: the following trait is implemented but not in scope; perhaps add a `use` for it:
[INFO] [stdout]     |
[INFO] [stdout] 306 +     use crossbeam_epoch::atomic::Pointable;
[INFO] [stdout]     |
[INFO] [stdout] 
[INFO] [stdout] 
[INFO] [stdout] error: aborting due to 2 previous errors
[INFO] [stdout] 
[INFO] [stdout] 
[INFO] [stdout] For more information about this error, try `rustc --explain E0599`.
[INFO] [stdout] 
[INFO] [stderr] error: could not compile `brother-ql-rs` (lib test) due to 3 previous errors
[INFO] running `Command { std: "docker" "inspect" "2bb9395ee0f0d6656d8856709c987879287235929ec65e1df0eba1065a0577f3", kill_on_drop: false }`
[INFO] running `Command { std: "docker" "rm" "-f" "2bb9395ee0f0d6656d8856709c987879287235929ec65e1df0eba1065a0577f3", kill_on_drop: false }`
[INFO] [stdout] 2bb9395ee0f0d6656d8856709c987879287235929ec65e1df0eba1065a0577f3
