[INFO] fetching crate bq27xxx 0.0.1...
[INFO] checking bq27xxx-0.0.1 against nightly-2024-02-05 for check-cfg
[INFO] extracting crate bq27xxx 0.0.1 into /workspace/builds/worker-5-tc1/source
[INFO] validating manifest of crates.io crate bq27xxx 0.0.1 on toolchain nightly-2024-02-05
[INFO] running `Command { std: CARGO_HOME="/workspace/cargo-home" RUSTUP_HOME="/workspace/rustup-home" "/workspace/cargo-home/bin/cargo" "+nightly-2024-02-05" "metadata" "--manifest-path" "Cargo.toml" "--no-deps", kill_on_drop: false }`
[INFO] started tweaking crates.io crate bq27xxx 0.0.1
[INFO] finished tweaking crates.io crate bq27xxx 0.0.1
[INFO] tweaked toml for crates.io crate bq27xxx 0.0.1 written to /workspace/builds/worker-5-tc1/source/Cargo.toml
[INFO] running `Command { std: CARGO_HOME="/workspace/cargo-home" RUSTUP_HOME="/workspace/rustup-home" "/workspace/cargo-home/bin/cargo" "+nightly-2024-02-05" "generate-lockfile" "--manifest-path" "Cargo.toml", kill_on_drop: false }`
[INFO] [stderr]     Updating crates.io index
[INFO] running `Command { std: CARGO_HOME="/workspace/cargo-home" RUSTUP_HOME="/workspace/rustup-home" "/workspace/cargo-home/bin/cargo" "+nightly-2024-02-05" "fetch" "--manifest-path" "Cargo.toml", kill_on_drop: false }`
[INFO] [stderr]  Downloading crates ...
[INFO] [stderr]   Downloaded embedded-hal v1.0.0
[INFO] [stderr]   Downloaded embedded-hal-async v1.0.0
[INFO] running `Command { std: "docker" "create" "-v" "/var/lib/crater-agent-workspace/builds/worker-5-tc1/target:/opt/rustwide/target:rw,Z" "-v" "/var/lib/crater-agent-workspace/builds/worker-5-tc1/source:/opt/rustwide/workdir:ro,Z" "-v" "/var/lib/crater-agent-workspace/cargo-home:/opt/rustwide/cargo-home:ro,Z" "-v" "/var/lib/crater-agent-workspace/rustup-home:/opt/rustwide/rustup-home:ro,Z" "-e" "SOURCE_DIR=/opt/rustwide/workdir" "-e" "CARGO_TARGET_DIR=/opt/rustwide/target" "-e" "CARGO_HOME=/opt/rustwide/cargo-home" "-e" "RUSTUP_HOME=/opt/rustwide/rustup-home" "-w" "/opt/rustwide/workdir" "-m" "1610612736" "--user" "0:0" "--network" "none" "ghcr.io/rust-lang/crates-build-env/linux@sha256:2788e3201cd34a07e3172128adcd8b3090168a8e3bcc40d7c032b9dda1df7d1c" "/opt/rustwide/cargo-home/bin/cargo" "+nightly-2024-02-05" "metadata" "--no-deps" "--format-version=1", kill_on_drop: false }`
[INFO] [stdout] cee1771569770625bf9e0d74701278a92125e9f62604bf25ed7bfc38f530d8e1
[INFO] running `Command { std: "docker" "start" "-a" "cee1771569770625bf9e0d74701278a92125e9f62604bf25ed7bfc38f530d8e1", kill_on_drop: false }`
[INFO] running `Command { std: "docker" "inspect" "cee1771569770625bf9e0d74701278a92125e9f62604bf25ed7bfc38f530d8e1", kill_on_drop: false }`
[INFO] running `Command { std: "docker" "rm" "-f" "cee1771569770625bf9e0d74701278a92125e9f62604bf25ed7bfc38f530d8e1", kill_on_drop: false }`
[INFO] [stdout] cee1771569770625bf9e0d74701278a92125e9f62604bf25ed7bfc38f530d8e1
[INFO] running `Command { std: "docker" "create" "-v" "/var/lib/crater-agent-workspace/builds/worker-5-tc1/target:/opt/rustwide/target:rw,Z" "-v" "/var/lib/crater-agent-workspace/builds/worker-5-tc1/source:/opt/rustwide/workdir:ro,Z" "-v" "/var/lib/crater-agent-workspace/cargo-home:/opt/rustwide/cargo-home:ro,Z" "-v" "/var/lib/crater-agent-workspace/rustup-home:/opt/rustwide/rustup-home:ro,Z" "-e" "SOURCE_DIR=/opt/rustwide/workdir" "-e" "CARGO_TARGET_DIR=/opt/rustwide/target" "-e" "CARGO_INCREMENTAL=0" "-e" "RUST_BACKTRACE=full" "-e" "RUSTFLAGS=--cap-lints=forbid" "-e" "RUSTDOCFLAGS=--cap-lints=forbid" "-e" "CARGO_HOME=/opt/rustwide/cargo-home" "-e" "RUSTUP_HOME=/opt/rustwide/rustup-home" "-w" "/opt/rustwide/workdir" "-m" "1610612736" "--user" "0:0" "--network" "none" "ghcr.io/rust-lang/crates-build-env/linux@sha256:2788e3201cd34a07e3172128adcd8b3090168a8e3bcc40d7c032b9dda1df7d1c" "/opt/rustwide/cargo-home/bin/cargo" "+nightly-2024-02-05" "check" "--frozen" "--all" "--all-targets" "--message-format=json", kill_on_drop: false }`
[INFO] [stdout] 69cfe76456da96c8b94af3b1506c56c307234a4e94c85686abccfc9c976081b6
[INFO] running `Command { std: "docker" "start" "-a" "69cfe76456da96c8b94af3b1506c56c307234a4e94c85686abccfc9c976081b6", kill_on_drop: false }`
[INFO] [stderr]    Compiling embedded-hal-async v1.0.0
[INFO] [stderr]     Checking embedded-hal v1.0.0
[INFO] [stderr]     Checking bq27xxx v0.0.1 (/opt/rustwide/workdir)
[INFO] [stdout] error[E0405]: cannot find trait `DelayUs` in module `delay`
[INFO] [stdout]   --> src/memory.rs:63:15
[INFO] [stdout]    |
[INFO] [stdout] 63 |     D: delay::DelayUs,
[INFO] [stdout]    |               ^^^^^^^ help: a trait with a similar name exists: `DelayNs`
[INFO] [stdout]    |
[INFO] [stdout]   ::: /opt/rustwide/cargo-home/registry/src/index.crates.io-6f17d22bba15001f/embedded-hal-async-1.0.0/src/delay.rs:4:1
[INFO] [stdout]    |
[INFO] [stdout] 4  | pub trait DelayNs {
[INFO] [stdout]    | ----------------- similarly named trait `DelayNs` defined here
[INFO] [stdout] 
[INFO] [stdout] 
[INFO] [stdout] error[E0405]: cannot find trait `DelayUs` in module `delay`
[INFO] [stdout]   --> src/memory.rs:63:15
[INFO] [stdout]    |
[INFO] [stdout] 63 |     D: delay::DelayUs,
[INFO] [stdout]    |               ^^^^^^^ help: a trait with a similar name exists: `DelayNs`
[INFO] [stdout]    |
[INFO] [stdout]   ::: /opt/rustwide/cargo-home/registry/src/index.crates.io-6f17d22bba15001f/embedded-hal-async-1.0.0/src/delay.rs:4:1
[INFO] [stdout]    |
[INFO] [stdout] 4  | pub trait DelayNs {
[INFO] [stdout]    | ----------------- similarly named trait `DelayNs` defined here
[INFO] [stdout] 
[INFO] [stdout] 
[INFO] [stdout] error[E0405]: cannot find trait `DelayUs` in module `delay`
[INFO] [stdout]   --> src/lib.rs:48:15
[INFO] [stdout]    |
[INFO] [stdout] 48 |     D: delay::DelayUs,
[INFO] [stdout]    |               ^^^^^^^ help: a trait with a similar name exists: `DelayNs`
[INFO] [stdout]    |
[INFO] [stdout]   ::: /opt/rustwide/cargo-home/registry/src/index.crates.io-6f17d22bba15001f/embedded-hal-async-1.0.0/src/delay.rs:4:1
[INFO] [stdout]    |
[INFO] [stdout] 4  | pub trait DelayNs {
[INFO] [stdout]    | ----------------- similarly named trait `DelayNs` defined here
[INFO] [stdout] 
[INFO] [stdout] 
[INFO] [stdout] error[E0405]: cannot find trait `DelayUs` in module `delay`
[INFO] [stdout]   --> src/lib.rs:48:15
[INFO] [stdout]    |
[INFO] [stdout] 48 |     D: delay::DelayUs,
[INFO] [stdout]    |               ^^^^^^^ help: a trait with a similar name exists: `DelayNs`
[INFO] [stdout]    |
[INFO] [stdout]   ::: /opt/rustwide/cargo-home/registry/src/index.crates.io-6f17d22bba15001f/embedded-hal-async-1.0.0/src/delay.rs:4:1
[INFO] [stdout]    |
[INFO] [stdout] 4  | pub trait DelayNs {
[INFO] [stdout]    | ----------------- similarly named trait `DelayNs` defined here
[INFO] [stdout] 
[INFO] [stdout] 
[INFO] [stdout] error: aborting due to 2 previous errors
[INFO] [stdout] 
[INFO] [stdout] 
[INFO] [stdout] For more information about this error, try `rustc --explain E0405`.
[INFO] [stdout] 
[INFO] [stdout] error: aborting due to 2 previous errors
[INFO] [stdout] 
[INFO] [stdout] 
[INFO] [stdout] For more information about this error, try `rustc --explain E0405`.
[INFO] [stdout] 
[INFO] [stderr] error: could not compile `bq27xxx` (lib test) due to 3 previous errors
[INFO] [stderr] warning: build failed, waiting for other jobs to finish...
[INFO] [stderr] error: could not compile `bq27xxx` (lib) due to 3 previous errors
[INFO] running `Command { std: "docker" "inspect" "69cfe76456da96c8b94af3b1506c56c307234a4e94c85686abccfc9c976081b6", kill_on_drop: false }`
[INFO] running `Command { std: "docker" "rm" "-f" "69cfe76456da96c8b94af3b1506c56c307234a4e94c85686abccfc9c976081b6", kill_on_drop: false }`
[INFO] [stdout] 69cfe76456da96c8b94af3b1506c56c307234a4e94c85686abccfc9c976081b6
[INFO] checking bq27xxx-0.0.1 against nightly-2024-02-05+rustflags=-Dunexpected_cfgs+cargoflags=-Zcheck-cfg for check-cfg
[INFO] extracting crate bq27xxx 0.0.1 into /workspace/builds/worker-5-tc2/source
[INFO] validating manifest of crates.io crate bq27xxx 0.0.1 on toolchain nightly-2024-02-05
[INFO] running `Command { std: CARGO_HOME="/workspace/cargo-home" RUSTUP_HOME="/workspace/rustup-home" "/workspace/cargo-home/bin/cargo" "+nightly-2024-02-05" "metadata" "--manifest-path" "Cargo.toml" "--no-deps", kill_on_drop: false }`
[INFO] started tweaking crates.io crate bq27xxx 0.0.1
[INFO] finished tweaking crates.io crate bq27xxx 0.0.1
[INFO] tweaked toml for crates.io crate bq27xxx 0.0.1 written to /workspace/builds/worker-5-tc2/source/Cargo.toml
[INFO] running `Command { std: CARGO_HOME="/workspace/cargo-home" RUSTUP_HOME="/workspace/rustup-home" "/workspace/cargo-home/bin/cargo" "+nightly-2024-02-05" "generate-lockfile" "--manifest-path" "Cargo.toml", kill_on_drop: false }`
[INFO] [stderr]     Updating crates.io index
[INFO] running `Command { std: CARGO_HOME="/workspace/cargo-home" RUSTUP_HOME="/workspace/rustup-home" "/workspace/cargo-home/bin/cargo" "+nightly-2024-02-05" "fetch" "--manifest-path" "Cargo.toml", kill_on_drop: false }`
[INFO] running `Command { std: "docker" "create" "-v" "/var/lib/crater-agent-workspace/builds/worker-5-tc2/target:/opt/rustwide/target:rw,Z" "-v" "/var/lib/crater-agent-workspace/builds/worker-5-tc2/source:/opt/rustwide/workdir:ro,Z" "-v" "/var/lib/crater-agent-workspace/cargo-home:/opt/rustwide/cargo-home:ro,Z" "-v" "/var/lib/crater-agent-workspace/rustup-home:/opt/rustwide/rustup-home:ro,Z" "-e" "SOURCE_DIR=/opt/rustwide/workdir" "-e" "CARGO_TARGET_DIR=/opt/rustwide/target" "-e" "CARGO_HOME=/opt/rustwide/cargo-home" "-e" "RUSTUP_HOME=/opt/rustwide/rustup-home" "-w" "/opt/rustwide/workdir" "-m" "1610612736" "--user" "0:0" "--network" "none" "ghcr.io/rust-lang/crates-build-env/linux@sha256:2788e3201cd34a07e3172128adcd8b3090168a8e3bcc40d7c032b9dda1df7d1c" "/opt/rustwide/cargo-home/bin/cargo" "+nightly-2024-02-05" "metadata" "--no-deps" "--format-version=1", kill_on_drop: false }`
[INFO] [stdout] 03bef6866d131a429396879feb401d852597bfd101d139e3c2b3a0586addab54
[INFO] running `Command { std: "docker" "start" "-a" "03bef6866d131a429396879feb401d852597bfd101d139e3c2b3a0586addab54", kill_on_drop: false }`
[INFO] running `Command { std: "docker" "inspect" "03bef6866d131a429396879feb401d852597bfd101d139e3c2b3a0586addab54", kill_on_drop: false }`
[INFO] running `Command { std: "docker" "rm" "-f" "03bef6866d131a429396879feb401d852597bfd101d139e3c2b3a0586addab54", kill_on_drop: false }`
[INFO] [stdout] 03bef6866d131a429396879feb401d852597bfd101d139e3c2b3a0586addab54
[INFO] running `Command { std: "docker" "create" "-v" "/var/lib/crater-agent-workspace/builds/worker-5-tc2/target:/opt/rustwide/target:rw,Z" "-v" "/var/lib/crater-agent-workspace/builds/worker-5-tc2/source:/opt/rustwide/workdir:ro,Z" "-v" "/var/lib/crater-agent-workspace/cargo-home:/opt/rustwide/cargo-home:ro,Z" "-v" "/var/lib/crater-agent-workspace/rustup-home:/opt/rustwide/rustup-home:ro,Z" "-e" "SOURCE_DIR=/opt/rustwide/workdir" "-e" "CARGO_TARGET_DIR=/opt/rustwide/target" "-e" "CARGO_INCREMENTAL=0" "-e" "RUST_BACKTRACE=full" "-e" "RUSTFLAGS=--cap-lints=forbid -Dunexpected_cfgs" "-e" "RUSTDOCFLAGS=--cap-lints=forbid" "-e" "CARGO_HOME=/opt/rustwide/cargo-home" "-e" "RUSTUP_HOME=/opt/rustwide/rustup-home" "-w" "/opt/rustwide/workdir" "-m" "1610612736" "--user" "0:0" "--network" "none" "ghcr.io/rust-lang/crates-build-env/linux@sha256:2788e3201cd34a07e3172128adcd8b3090168a8e3bcc40d7c032b9dda1df7d1c" "/opt/rustwide/cargo-home/bin/cargo" "+nightly-2024-02-05" "check" "--frozen" "--all" "--all-targets" "--message-format=json" "-Zcheck-cfg", kill_on_drop: false }`
[INFO] [stdout] 6bab78181045532d27c2f4104686236398218a9f7e728f8f9806dc8350e1fb08
[INFO] running `Command { std: "docker" "start" "-a" "6bab78181045532d27c2f4104686236398218a9f7e728f8f9806dc8350e1fb08", kill_on_drop: false }`
[INFO] [stderr]    Compiling embedded-hal-async v1.0.0
[INFO] [stderr]     Checking embedded-hal v1.0.0
[INFO] [stderr]     Checking bq27xxx v0.0.1 (/opt/rustwide/workdir)
[INFO] [stdout] error[E0405]: cannot find trait `DelayUs` in module `delay`
[INFO] [stdout]   --> src/memory.rs:63:15
[INFO] [stdout]    |
[INFO] [stdout] 63 |     D: delay::DelayUs,
[INFO] [stdout]    |               ^^^^^^^ help: a trait with a similar name exists: `DelayNs`
[INFO] [stdout]    |
[INFO] [stdout]   ::: /opt/rustwide/cargo-home/registry/src/index.crates.io-6f17d22bba15001f/embedded-hal-async-1.0.0/src/delay.rs:4:1
[INFO] [stdout]    |
[INFO] [stdout] 4  | pub trait DelayNs {
[INFO] [stdout]    | ----------------- similarly named trait `DelayNs` defined here
[INFO] [stdout] 
[INFO] [stdout] 
[INFO] [stdout] error[E0405]: cannot find trait `DelayUs` in module `delay`
[INFO] [stdout]   --> src/lib.rs:48:15
[INFO] [stdout]    |
[INFO] [stdout] 48 |     D: delay::DelayUs,
[INFO] [stdout]    |               ^^^^^^^ help: a trait with a similar name exists: `DelayNs`
[INFO] [stdout]    |
[INFO] [stdout]   ::: /opt/rustwide/cargo-home/registry/src/index.crates.io-6f17d22bba15001f/embedded-hal-async-1.0.0/src/delay.rs:4:1
[INFO] [stdout]    |
[INFO] [stdout] 4  | pub trait DelayNs {
[INFO] [stdout]    | ----------------- similarly named trait `DelayNs` defined here
[INFO] [stdout] 
[INFO] [stdout] 
[INFO] [stdout] error[E0405]: cannot find trait `DelayUs` in module `delay`
[INFO] [stdout]   --> src/memory.rs:63:15
[INFO] [stdout]    |
[INFO] [stdout] 63 |     D: delay::DelayUs,
[INFO] [stdout]    |               ^^^^^^^ help: a trait with a similar name exists: `DelayNs`
[INFO] [stdout]    |
[INFO] [stdout]   ::: /opt/rustwide/cargo-home/registry/src/index.crates.io-6f17d22bba15001f/embedded-hal-async-1.0.0/src/delay.rs:4:1
[INFO] [stdout]    |
[INFO] [stdout] 4  | pub trait DelayNs {
[INFO] [stdout]    | ----------------- similarly named trait `DelayNs` defined here
[INFO] [stdout] 
[INFO] [stdout] 
[INFO] [stdout] error[E0405]: cannot find trait `DelayUs` in module `delay`
[INFO] [stdout]   --> src/lib.rs:48:15
[INFO] [stdout]    |
[INFO] [stdout] 48 |     D: delay::DelayUs,
[INFO] [stdout]    |               ^^^^^^^ help: a trait with a similar name exists: `DelayNs`
[INFO] [stdout]    |
[INFO] [stdout]   ::: /opt/rustwide/cargo-home/registry/src/index.crates.io-6f17d22bba15001f/embedded-hal-async-1.0.0/src/delay.rs:4:1
[INFO] [stdout]    |
[INFO] [stdout] 4  | pub trait DelayNs {
[INFO] [stdout]    | ----------------- similarly named trait `DelayNs` defined here
[INFO] [stdout] 
[INFO] [stdout] 
[INFO] [stdout] error: aborting due to 2 previous errors
[INFO] [stdout] 
[INFO] [stdout] 
[INFO] [stdout] For more information about this error, try `rustc --explain E0405`.
[INFO] [stdout] 
[INFO] [stdout] error: aborting due to 2 previous errors
[INFO] [stdout] 
[INFO] [stdout] 
[INFO] [stdout] For more information about this error, try `rustc --explain E0405`.
[INFO] [stdout] 
[INFO] [stderr] error: could not compile `bq27xxx` (lib test) due to 3 previous errors
[INFO] [stderr] warning: build failed, waiting for other jobs to finish...
[INFO] [stderr] error: could not compile `bq27xxx` (lib) due to 3 previous errors
[INFO] running `Command { std: "docker" "inspect" "6bab78181045532d27c2f4104686236398218a9f7e728f8f9806dc8350e1fb08", kill_on_drop: false }`
[INFO] running `Command { std: "docker" "rm" "-f" "6bab78181045532d27c2f4104686236398218a9f7e728f8f9806dc8350e1fb08", kill_on_drop: false }`
[INFO] [stdout] 6bab78181045532d27c2f4104686236398218a9f7e728f8f9806dc8350e1fb08
