[INFO] fetching crate bp-std 0.11.0-beta.2...
[INFO] checking bp-std-0.11.0-beta.2 against nightly-2024-02-05 for check-cfg
[INFO] extracting crate bp-std 0.11.0-beta.2 into /workspace/builds/worker-5-tc1/source
[INFO] validating manifest of crates.io crate bp-std 0.11.0-beta.2 on toolchain nightly-2024-02-05
[INFO] running `Command { std: CARGO_HOME="/workspace/cargo-home" RUSTUP_HOME="/workspace/rustup-home" "/workspace/cargo-home/bin/cargo" "+nightly-2024-02-05" "metadata" "--manifest-path" "Cargo.toml" "--no-deps", kill_on_drop: false }`
[INFO] started tweaking crates.io crate bp-std 0.11.0-beta.2
[INFO] finished tweaking crates.io crate bp-std 0.11.0-beta.2
[INFO] tweaked toml for crates.io crate bp-std 0.11.0-beta.2 written to /workspace/builds/worker-5-tc1/source/Cargo.toml
[INFO] running `Command { std: CARGO_HOME="/workspace/cargo-home" RUSTUP_HOME="/workspace/rustup-home" "/workspace/cargo-home/bin/cargo" "+nightly-2024-02-05" "generate-lockfile" "--manifest-path" "Cargo.toml", kill_on_drop: false }`
[INFO] [stderr]     Updating crates.io index
[INFO] running `Command { std: CARGO_HOME="/workspace/cargo-home" RUSTUP_HOME="/workspace/rustup-home" "/workspace/cargo-home/bin/cargo" "+nightly-2024-02-05" "fetch" "--manifest-path" "Cargo.toml", kill_on_drop: false }`
[INFO] [stderr]  Downloading crates ...
[INFO] [stderr]   Downloaded amplify_derive v4.0.0
[INFO] [stderr]   Downloaded base85 v2.0.0
[INFO] [stderr]   Downloaded commit_encoding_derive v0.10.0
[INFO] [stderr]   Downloaded amplify v4.5.1
[INFO] [stderr]   Downloaded stringly_conversions v0.1.1
[INFO] [stderr]   Downloaded bitcoin-internals v0.2.0
[INFO] [stderr]   Downloaded single_use_seals v0.11.0-beta.3
[INFO] [stderr]   Downloaded ascii v1.1.0
[INFO] [stderr]   Downloaded strict_encoding_derive v2.0.1
[INFO] [stderr]   Downloaded amplify_num v0.5.1
[INFO] [stderr]   Downloaded secp256k1 v0.28.2
[INFO] [stderr]   Downloaded commit_verify v0.11.0-beta.3
[INFO] [stderr]   Downloaded strict_encoding v2.6.2
[INFO] [stderr]   Downloaded amplify_apfloat v0.2.0
[INFO] [stderr]   Downloaded amplify_syn v2.0.1
[INFO] [stderr]   Downloaded bitcoin_hashes v0.13.0
[INFO] [stderr]   Downloaded secp256k1-sys v0.9.2
[INFO] [stderr]   Downloaded bp-core v0.11.0-beta.3
[INFO] [stderr]   Downloaded serde_str_helpers v0.1.2
[INFO] [stderr]   Downloaded baid58 v0.4.4
[INFO] [stderr]   Downloaded hex-conservative v0.1.1
[INFO] [stderr]   Downloaded mnemonic v1.0.1
[INFO] [stderr]   Downloaded bp-consensus v0.11.0-beta.3
[INFO] [stderr]   Downloaded bp-dbc v0.11.0-beta.3
[INFO] [stderr]   Downloaded bp-seals v0.11.0-beta.3
[INFO] running `Command { std: "docker" "create" "-v" "/var/lib/crater-agent-workspace/builds/worker-5-tc1/target:/opt/rustwide/target:rw,Z" "-v" "/var/lib/crater-agent-workspace/builds/worker-5-tc1/source:/opt/rustwide/workdir:ro,Z" "-v" "/var/lib/crater-agent-workspace/cargo-home:/opt/rustwide/cargo-home:ro,Z" "-v" "/var/lib/crater-agent-workspace/rustup-home:/opt/rustwide/rustup-home:ro,Z" "-e" "SOURCE_DIR=/opt/rustwide/workdir" "-e" "CARGO_TARGET_DIR=/opt/rustwide/target" "-e" "CARGO_HOME=/opt/rustwide/cargo-home" "-e" "RUSTUP_HOME=/opt/rustwide/rustup-home" "-w" "/opt/rustwide/workdir" "-m" "1610612736" "--user" "0:0" "--network" "none" "ghcr.io/rust-lang/crates-build-env/linux@sha256:2788e3201cd34a07e3172128adcd8b3090168a8e3bcc40d7c032b9dda1df7d1c" "/opt/rustwide/cargo-home/bin/cargo" "+nightly-2024-02-05" "metadata" "--no-deps" "--format-version=1", kill_on_drop: false }`
[INFO] [stdout] 5677f33b646ddcf50591545375afcb28900fb34f65167b7cab31cdb78b036a9d
[INFO] running `Command { std: "docker" "start" "-a" "5677f33b646ddcf50591545375afcb28900fb34f65167b7cab31cdb78b036a9d", kill_on_drop: false }`
[INFO] running `Command { std: "docker" "inspect" "5677f33b646ddcf50591545375afcb28900fb34f65167b7cab31cdb78b036a9d", kill_on_drop: false }`
[INFO] running `Command { std: "docker" "rm" "-f" "5677f33b646ddcf50591545375afcb28900fb34f65167b7cab31cdb78b036a9d", kill_on_drop: false }`
[INFO] [stdout] 5677f33b646ddcf50591545375afcb28900fb34f65167b7cab31cdb78b036a9d
[INFO] running `Command { std: "docker" "create" "-v" "/var/lib/crater-agent-workspace/builds/worker-5-tc1/target:/opt/rustwide/target:rw,Z" "-v" "/var/lib/crater-agent-workspace/builds/worker-5-tc1/source:/opt/rustwide/workdir:ro,Z" "-v" "/var/lib/crater-agent-workspace/cargo-home:/opt/rustwide/cargo-home:ro,Z" "-v" "/var/lib/crater-agent-workspace/rustup-home:/opt/rustwide/rustup-home:ro,Z" "-e" "SOURCE_DIR=/opt/rustwide/workdir" "-e" "CARGO_TARGET_DIR=/opt/rustwide/target" "-e" "CARGO_INCREMENTAL=0" "-e" "RUST_BACKTRACE=full" "-e" "RUSTFLAGS=--cap-lints=forbid" "-e" "RUSTDOCFLAGS=--cap-lints=forbid" "-e" "CARGO_HOME=/opt/rustwide/cargo-home" "-e" "RUSTUP_HOME=/opt/rustwide/rustup-home" "-w" "/opt/rustwide/workdir" "-m" "1610612736" "--user" "0:0" "--network" "none" "ghcr.io/rust-lang/crates-build-env/linux@sha256:2788e3201cd34a07e3172128adcd8b3090168a8e3bcc40d7c032b9dda1df7d1c" "/opt/rustwide/cargo-home/bin/cargo" "+nightly-2024-02-05" "check" "--frozen" "--all" "--all-targets" "--message-format=json", kill_on_drop: false }`
[INFO] [stdout] bb97e1da9c13f57d634e88a816b6358ef10d6e4d13b15bd3c6306d71620fd528
[INFO] running `Command { std: "docker" "start" "-a" "bb97e1da9c13f57d634e88a816b6358ef10d6e4d13b15bd3c6306d71620fd528", kill_on_drop: false }`
[INFO] [stderr]    Compiling syn v1.0.109
[INFO] [stderr]     Checking amplify_num v0.5.1
[INFO] [stderr]    Compiling ascii v1.1.0
[INFO] [stderr]    Compiling libc v0.2.153
[INFO] [stderr]    Compiling bitcoin-internals v0.2.0
[INFO] [stderr]     Checking hex-conservative v0.1.1
[INFO] [stderr]     Checking bech32 v0.9.1
[INFO] [stderr]     Checking digest v0.10.7
[INFO] [stderr]     Checking sha2 v0.10.8
[INFO] [stderr]     Checking ripemd v0.1.3
[INFO] [stderr]     Checking bitcoin_hashes v0.13.0
[INFO] [stderr]    Compiling cc v1.0.83
[INFO] [stderr]     Checking amplify_apfloat v0.2.0
[INFO] [stderr]     Checking amplify_syn v2.0.1
[INFO] [stderr]    Compiling secp256k1-sys v0.9.2
[INFO] [stderr]    Compiling amplify_derive v4.0.0
[INFO] [stderr]    Compiling strict_encoding_derive v2.0.1
[INFO] [stderr]     Checking secp256k1 v0.28.2
[INFO] [stderr]     Checking amplify v4.5.1
[INFO] [stderr]     Checking strict_encoding v2.6.2
[INFO] [stderr]    Compiling commit_encoding_derive v0.10.0
[INFO] [stderr]     Checking commit_verify v0.11.0-beta.3
[INFO] [stderr]     Checking bp-consensus v0.11.0-beta.3
[INFO] [stderr]     Checking bp-std v0.11.0-beta.2 (/opt/rustwide/workdir)
[INFO] [stdout] error[E0432]: unresolved import `commit_verify::mpc::MerkleBuoy`
[INFO] [stdout]   --> src/taptree.rs:31:5
[INFO] [stdout]    |
[INFO] [stdout] 31 | use commit_verify::mpc::MerkleBuoy;
[INFO] [stdout]    |     ^^^^^^^^^^^^^^^^^^^^^^^^^^^^^^ no `MerkleBuoy` in `mpc`
[INFO] [stdout]    |
[INFO] [stdout] help: a similar name exists in the module
[INFO] [stdout]    |
[INFO] [stdout] 31 | use commit_verify::mpc::MerkleBlock;
[INFO] [stdout]    |                         ~~~~~~~~~~~
[INFO] [stdout] help: consider importing this struct instead
[INFO] [stdout]    |
[INFO] [stdout] 31 | use commit_verify::merkle::MerkleBuoy;
[INFO] [stdout]    |     ~~~~~~~~~~~~~~~~~~~~~~~~~~~~~~~~~
[INFO] [stdout] 
[INFO] [stdout] 
[INFO] [stdout] error[E0432]: unresolved import `commit_verify::mpc::MerkleBuoy`
[INFO] [stdout]   --> src/taptree.rs:31:5
[INFO] [stdout]    |
[INFO] [stdout] 31 | use commit_verify::mpc::MerkleBuoy;
[INFO] [stdout]    |     ^^^^^^^^^^^^^^^^^^^^^^^^^^^^^^ no `MerkleBuoy` in `mpc`
[INFO] [stdout]    |
[INFO] [stdout] help: a similar name exists in the module
[INFO] [stdout]    |
[INFO] [stdout] 31 | use commit_verify::mpc::MerkleBlock;
[INFO] [stdout]    |                         ~~~~~~~~~~~
[INFO] [stdout] help: consider importing this struct instead
[INFO] [stdout]    |
[INFO] [stdout] 31 | use commit_verify::merkle::MerkleBuoy;
[INFO] [stdout]    |     ~~~~~~~~~~~~~~~~~~~~~~~~~~~~~~~~~
[INFO] [stdout] 
[INFO] [stdout] 
[INFO] [stdout] error: aborting due to 1 previous error
[INFO] [stdout] 
[INFO] [stdout] 
[INFO] [stdout] For more information about this error, try `rustc --explain E0432`.
[INFO] [stdout] 
[INFO] [stderr] error: could not compile `bp-std` (lib) due to 2 previous errors
[INFO] [stderr] warning: build failed, waiting for other jobs to finish...
[INFO] [stdout] error: aborting due to 1 previous error
[INFO] [stdout] 
[INFO] [stdout] 
[INFO] [stdout] For more information about this error, try `rustc --explain E0432`.
[INFO] [stdout] 
[INFO] [stderr] error: could not compile `bp-std` (lib test) due to 2 previous errors
[INFO] running `Command { std: "docker" "inspect" "bb97e1da9c13f57d634e88a816b6358ef10d6e4d13b15bd3c6306d71620fd528", kill_on_drop: false }`
[INFO] running `Command { std: "docker" "rm" "-f" "bb97e1da9c13f57d634e88a816b6358ef10d6e4d13b15bd3c6306d71620fd528", kill_on_drop: false }`
[INFO] [stdout] bb97e1da9c13f57d634e88a816b6358ef10d6e4d13b15bd3c6306d71620fd528
[INFO] checking bp-std-0.11.0-beta.2 against nightly-2024-02-05+rustflags=-Dunexpected_cfgs+cargoflags=-Zcheck-cfg for check-cfg
[INFO] extracting crate bp-std 0.11.0-beta.2 into /workspace/builds/worker-5-tc2/source
[INFO] validating manifest of crates.io crate bp-std 0.11.0-beta.2 on toolchain nightly-2024-02-05
[INFO] running `Command { std: CARGO_HOME="/workspace/cargo-home" RUSTUP_HOME="/workspace/rustup-home" "/workspace/cargo-home/bin/cargo" "+nightly-2024-02-05" "metadata" "--manifest-path" "Cargo.toml" "--no-deps", kill_on_drop: false }`
[INFO] started tweaking crates.io crate bp-std 0.11.0-beta.2
[INFO] finished tweaking crates.io crate bp-std 0.11.0-beta.2
[INFO] tweaked toml for crates.io crate bp-std 0.11.0-beta.2 written to /workspace/builds/worker-5-tc2/source/Cargo.toml
[INFO] running `Command { std: CARGO_HOME="/workspace/cargo-home" RUSTUP_HOME="/workspace/rustup-home" "/workspace/cargo-home/bin/cargo" "+nightly-2024-02-05" "generate-lockfile" "--manifest-path" "Cargo.toml", kill_on_drop: false }`
[INFO] [stderr]     Blocking waiting for file lock on package cache
[INFO] [stderr]     Updating crates.io index
[INFO] running `Command { std: CARGO_HOME="/workspace/cargo-home" RUSTUP_HOME="/workspace/rustup-home" "/workspace/cargo-home/bin/cargo" "+nightly-2024-02-05" "fetch" "--manifest-path" "Cargo.toml", kill_on_drop: false }`
[INFO] [stderr]     Blocking waiting for file lock on package cache
[INFO] running `Command { std: "docker" "create" "-v" "/var/lib/crater-agent-workspace/builds/worker-5-tc2/target:/opt/rustwide/target:rw,Z" "-v" "/var/lib/crater-agent-workspace/builds/worker-5-tc2/source:/opt/rustwide/workdir:ro,Z" "-v" "/var/lib/crater-agent-workspace/cargo-home:/opt/rustwide/cargo-home:ro,Z" "-v" "/var/lib/crater-agent-workspace/rustup-home:/opt/rustwide/rustup-home:ro,Z" "-e" "SOURCE_DIR=/opt/rustwide/workdir" "-e" "CARGO_TARGET_DIR=/opt/rustwide/target" "-e" "CARGO_HOME=/opt/rustwide/cargo-home" "-e" "RUSTUP_HOME=/opt/rustwide/rustup-home" "-w" "/opt/rustwide/workdir" "-m" "1610612736" "--user" "0:0" "--network" "none" "ghcr.io/rust-lang/crates-build-env/linux@sha256:2788e3201cd34a07e3172128adcd8b3090168a8e3bcc40d7c032b9dda1df7d1c" "/opt/rustwide/cargo-home/bin/cargo" "+nightly-2024-02-05" "metadata" "--no-deps" "--format-version=1", kill_on_drop: false }`
[INFO] [stdout] 23e2179b19f8d198a0346eb6001b64a2329801ec8c3b7b8840a38943e26d47ee
[INFO] running `Command { std: "docker" "start" "-a" "23e2179b19f8d198a0346eb6001b64a2329801ec8c3b7b8840a38943e26d47ee", kill_on_drop: false }`
[INFO] running `Command { std: "docker" "inspect" "23e2179b19f8d198a0346eb6001b64a2329801ec8c3b7b8840a38943e26d47ee", kill_on_drop: false }`
[INFO] running `Command { std: "docker" "rm" "-f" "23e2179b19f8d198a0346eb6001b64a2329801ec8c3b7b8840a38943e26d47ee", kill_on_drop: false }`
[INFO] [stdout] 23e2179b19f8d198a0346eb6001b64a2329801ec8c3b7b8840a38943e26d47ee
[INFO] running `Command { std: "docker" "create" "-v" "/var/lib/crater-agent-workspace/builds/worker-5-tc2/target:/opt/rustwide/target:rw,Z" "-v" "/var/lib/crater-agent-workspace/builds/worker-5-tc2/source:/opt/rustwide/workdir:ro,Z" "-v" "/var/lib/crater-agent-workspace/cargo-home:/opt/rustwide/cargo-home:ro,Z" "-v" "/var/lib/crater-agent-workspace/rustup-home:/opt/rustwide/rustup-home:ro,Z" "-e" "SOURCE_DIR=/opt/rustwide/workdir" "-e" "CARGO_TARGET_DIR=/opt/rustwide/target" "-e" "CARGO_INCREMENTAL=0" "-e" "RUST_BACKTRACE=full" "-e" "RUSTFLAGS=--cap-lints=forbid -Dunexpected_cfgs" "-e" "RUSTDOCFLAGS=--cap-lints=forbid" "-e" "CARGO_HOME=/opt/rustwide/cargo-home" "-e" "RUSTUP_HOME=/opt/rustwide/rustup-home" "-w" "/opt/rustwide/workdir" "-m" "1610612736" "--user" "0:0" "--network" "none" "ghcr.io/rust-lang/crates-build-env/linux@sha256:2788e3201cd34a07e3172128adcd8b3090168a8e3bcc40d7c032b9dda1df7d1c" "/opt/rustwide/cargo-home/bin/cargo" "+nightly-2024-02-05" "check" "--frozen" "--all" "--all-targets" "--message-format=json" "-Zcheck-cfg", kill_on_drop: false }`
[INFO] [stdout] 1dfdbe94718feddda99eac2bf2a34f206777e590d5fa526f4ea3ed0c3f3f07b1
[INFO] running `Command { std: "docker" "start" "-a" "1dfdbe94718feddda99eac2bf2a34f206777e590d5fa526f4ea3ed0c3f3f07b1", kill_on_drop: false }`
[INFO] [stderr]    Compiling syn v1.0.109
[INFO] [stderr]     Checking amplify_num v0.5.1
[INFO] [stderr]     Checking ascii v1.1.0
[INFO] [stderr]    Compiling libc v0.2.153
[INFO] [stderr]    Compiling bitcoin-internals v0.2.0
[INFO] [stderr]     Checking hex-conservative v0.1.1
[INFO] [stderr]     Checking bech32 v0.9.1
[INFO] [stderr]     Checking digest v0.10.7
[INFO] [stderr]     Checking ripemd v0.1.3
[INFO] [stderr]     Checking sha2 v0.10.8
[INFO] [stderr]     Checking bitcoin_hashes v0.13.0
[INFO] [stderr]    Compiling cc v1.0.83
[INFO] [stderr]     Checking amplify_apfloat v0.2.0
[INFO] [stderr]     Checking amplify_syn v2.0.1
[INFO] [stderr]    Compiling secp256k1-sys v0.9.2
[INFO] [stderr]    Compiling amplify_derive v4.0.0
[INFO] [stderr]    Compiling strict_encoding_derive v2.0.1
[INFO] [stderr]     Checking secp256k1 v0.28.2
[INFO] [stderr]    Compiling amplify v4.5.1
[INFO] [stderr]     Checking strict_encoding v2.6.2
[INFO] [stderr]    Compiling commit_encoding_derive v0.10.0
[INFO] [stderr]     Checking commit_verify v0.11.0-beta.3
[INFO] [stderr]     Checking bp-consensus v0.11.0-beta.3
[INFO] [stderr]     Checking bp-std v0.11.0-beta.2 (/opt/rustwide/workdir)
[INFO] [stdout] error[E0432]: unresolved import `commit_verify::mpc::MerkleBuoy`
[INFO] [stdout]   --> src/taptree.rs:31:5
[INFO] [stdout]    |
[INFO] [stdout] 31 | use commit_verify::mpc::MerkleBuoy;
[INFO] [stdout]    |     ^^^^^^^^^^^^^^^^^^^^^^^^^^^^^^ no `MerkleBuoy` in `mpc`
[INFO] [stdout]    |
[INFO] [stdout] help: a similar name exists in the module
[INFO] [stdout]    |
[INFO] [stdout] 31 | use commit_verify::mpc::MerkleBlock;
[INFO] [stdout]    |                         ~~~~~~~~~~~
[INFO] [stdout] help: consider importing this struct instead
[INFO] [stdout]    |
[INFO] [stdout] 31 | use commit_verify::merkle::MerkleBuoy;
[INFO] [stdout]    |     ~~~~~~~~~~~~~~~~~~~~~~~~~~~~~~~~~
[INFO] [stdout] 
[INFO] [stdout] 
[INFO] [stdout] error[E0432]: unresolved import `commit_verify::mpc::MerkleBuoy`
[INFO] [stdout]   --> src/taptree.rs:31:5
[INFO] [stdout]    |
[INFO] [stdout] 31 | use commit_verify::mpc::MerkleBuoy;
[INFO] [stdout]    |     ^^^^^^^^^^^^^^^^^^^^^^^^^^^^^^ no `MerkleBuoy` in `mpc`
[INFO] [stdout]    |
[INFO] [stdout] help: a similar name exists in the module
[INFO] [stdout]    |
[INFO] [stdout] 31 | use commit_verify::mpc::MerkleBlock;
[INFO] [stdout]    |                         ~~~~~~~~~~~
[INFO] [stdout] help: consider importing this struct instead
[INFO] [stdout]    |
[INFO] [stdout] 31 | use commit_verify::merkle::MerkleBuoy;
[INFO] [stdout]    |     ~~~~~~~~~~~~~~~~~~~~~~~~~~~~~~~~~
[INFO] [stdout] 
[INFO] [stdout] 
[INFO] [stdout] error: aborting due to 1 previous error
[INFO] [stdout] 
[INFO] [stdout] 
[INFO] [stdout] For more information about this error, try `rustc --explain E0432`.
[INFO] [stdout] 
[INFO] [stderr] error: could not compile `bp-std` (lib test) due to 2 previous errors
[INFO] [stderr] warning: build failed, waiting for other jobs to finish...
[INFO] [stdout] error: aborting due to 1 previous error
[INFO] [stdout] 
[INFO] [stdout] 
[INFO] [stdout] For more information about this error, try `rustc --explain E0432`.
[INFO] [stdout] 
[INFO] [stderr] error: could not compile `bp-std` (lib) due to 2 previous errors
[INFO] running `Command { std: "docker" "inspect" "1dfdbe94718feddda99eac2bf2a34f206777e590d5fa526f4ea3ed0c3f3f07b1", kill_on_drop: false }`
[INFO] running `Command { std: "docker" "rm" "-f" "1dfdbe94718feddda99eac2bf2a34f206777e590d5fa526f4ea3ed0c3f3f07b1", kill_on_drop: false }`
[INFO] [stdout] 1dfdbe94718feddda99eac2bf2a34f206777e590d5fa526f4ea3ed0c3f3f07b1
