[INFO] fetching crate blobs 0.2.1...
[INFO] checking blobs-0.2.1 against nightly-2024-02-05 for check-cfg
[INFO] extracting crate blobs 0.2.1 into /workspace/builds/worker-5-tc1/source
[INFO] validating manifest of crates.io crate blobs 0.2.1 on toolchain nightly-2024-02-05
[INFO] running `Command { std: CARGO_HOME="/workspace/cargo-home" RUSTUP_HOME="/workspace/rustup-home" "/workspace/cargo-home/bin/cargo" "+nightly-2024-02-05" "metadata" "--manifest-path" "Cargo.toml" "--no-deps", kill_on_drop: false }`
[INFO] started tweaking crates.io crate blobs 0.2.1
[INFO] finished tweaking crates.io crate blobs 0.2.1
[INFO] tweaked toml for crates.io crate blobs 0.2.1 written to /workspace/builds/worker-5-tc1/source/Cargo.toml
[INFO] running `Command { std: CARGO_HOME="/workspace/cargo-home" RUSTUP_HOME="/workspace/rustup-home" "/workspace/cargo-home/bin/cargo" "+nightly-2024-02-05" "generate-lockfile" "--manifest-path" "Cargo.toml", kill_on_drop: false }`
[INFO] [stderr]     Blocking waiting for file lock on package cache
[INFO] [stderr]     Updating crates.io index
[INFO] running `Command { std: CARGO_HOME="/workspace/cargo-home" RUSTUP_HOME="/workspace/rustup-home" "/workspace/cargo-home/bin/cargo" "+nightly-2024-02-05" "fetch" "--manifest-path" "Cargo.toml", kill_on_drop: false }`
[INFO] [stderr]     Blocking waiting for file lock on package cache
[INFO] [stderr]     Blocking waiting for file lock on package cache
[INFO] [stderr]  Downloading crates ...
[INFO] [stderr]   Downloaded assert_approx_eq v1.1.0
[INFO] [stderr]   Downloaded thunderdome v0.6.1
[INFO] [stderr]   Downloaded tracy-client v0.15.2
[INFO] [stderr]   Downloaded tracy-client-sys v0.21.2
[INFO] [stderr]   Downloaded bvh-arena v1.1.3
[INFO] [stderr]   Downloaded grids v0.2.3
[INFO] running `Command { std: "docker" "create" "-v" "/var/lib/crater-agent-workspace/builds/worker-5-tc1/target:/opt/rustwide/target:rw,Z" "-v" "/var/lib/crater-agent-workspace/builds/worker-5-tc1/source:/opt/rustwide/workdir:ro,Z" "-v" "/var/lib/crater-agent-workspace/cargo-home:/opt/rustwide/cargo-home:ro,Z" "-v" "/var/lib/crater-agent-workspace/rustup-home:/opt/rustwide/rustup-home:ro,Z" "-e" "SOURCE_DIR=/opt/rustwide/workdir" "-e" "CARGO_TARGET_DIR=/opt/rustwide/target" "-e" "CARGO_HOME=/opt/rustwide/cargo-home" "-e" "RUSTUP_HOME=/opt/rustwide/rustup-home" "-w" "/opt/rustwide/workdir" "-m" "1610612736" "--user" "0:0" "--network" "none" "ghcr.io/rust-lang/crates-build-env/linux@sha256:2788e3201cd34a07e3172128adcd8b3090168a8e3bcc40d7c032b9dda1df7d1c" "/opt/rustwide/cargo-home/bin/cargo" "+nightly-2024-02-05" "metadata" "--no-deps" "--format-version=1", kill_on_drop: false }`
[INFO] [stdout] e44c3a9a4c7bda9afa277dbe600dcd2546fe230da0ecc76534775e8bbf878817
[INFO] running `Command { std: "docker" "start" "-a" "e44c3a9a4c7bda9afa277dbe600dcd2546fe230da0ecc76534775e8bbf878817", kill_on_drop: false }`
[INFO] running `Command { std: "docker" "inspect" "e44c3a9a4c7bda9afa277dbe600dcd2546fe230da0ecc76534775e8bbf878817", kill_on_drop: false }`
[INFO] running `Command { std: "docker" "rm" "-f" "e44c3a9a4c7bda9afa277dbe600dcd2546fe230da0ecc76534775e8bbf878817", kill_on_drop: false }`
[INFO] [stdout] e44c3a9a4c7bda9afa277dbe600dcd2546fe230da0ecc76534775e8bbf878817
[INFO] running `Command { std: "docker" "create" "-v" "/var/lib/crater-agent-workspace/builds/worker-5-tc1/target:/opt/rustwide/target:rw,Z" "-v" "/var/lib/crater-agent-workspace/builds/worker-5-tc1/source:/opt/rustwide/workdir:ro,Z" "-v" "/var/lib/crater-agent-workspace/cargo-home:/opt/rustwide/cargo-home:ro,Z" "-v" "/var/lib/crater-agent-workspace/rustup-home:/opt/rustwide/rustup-home:ro,Z" "-e" "SOURCE_DIR=/opt/rustwide/workdir" "-e" "CARGO_TARGET_DIR=/opt/rustwide/target" "-e" "CARGO_INCREMENTAL=0" "-e" "RUST_BACKTRACE=full" "-e" "RUSTFLAGS=--cap-lints=forbid" "-e" "RUSTDOCFLAGS=--cap-lints=forbid" "-e" "CARGO_HOME=/opt/rustwide/cargo-home" "-e" "RUSTUP_HOME=/opt/rustwide/rustup-home" "-w" "/opt/rustwide/workdir" "-m" "1610612736" "--user" "0:0" "--network" "none" "ghcr.io/rust-lang/crates-build-env/linux@sha256:2788e3201cd34a07e3172128adcd8b3090168a8e3bcc40d7c032b9dda1df7d1c" "/opt/rustwide/cargo-home/bin/cargo" "+nightly-2024-02-05" "check" "--frozen" "--all" "--all-targets" "--message-format=json", kill_on_drop: false }`
[INFO] [stdout] b8b2b6d8de1954441a596215bae204ab49b03f4ddc6cbb163f138db012707acc
[INFO] running `Command { std: "docker" "start" "-a" "b8b2b6d8de1954441a596215bae204ab49b03f4ddc6cbb163f138db012707acc", kill_on_drop: false }`
[INFO] [stderr]    Compiling proc-macro2 v1.0.78
[INFO] [stderr]    Compiling slotmap v1.0.7
[INFO] [stderr]     Checking os_str_bytes v6.6.1
[INFO] [stderr]     Checking textwrap v0.16.0
[INFO] [stderr]     Checking approx v0.5.1
[INFO] [stderr]     Checking atty v0.2.14
[INFO] [stderr]     Checking thunderdome v0.6.1
[INFO] [stderr]     Checking assert_approx_eq v1.1.0
[INFO] [stderr]     Checking atomic_refcell v0.1.13
[INFO] [stderr]     Checking rand_xorshift v0.3.0
[INFO] [stderr]     Checking glam v0.24.2
[INFO] [stderr]     Checking clap_lex v0.2.4
[INFO] [stderr]     Checking clap v3.2.25
[INFO] [stderr]     Checking bvh-arena v1.1.3
[INFO] [stderr]    Compiling quote v1.0.35
[INFO] [stderr]    Compiling syn v2.0.48
[INFO] [stderr]     Checking grids v0.2.3
[INFO] [stderr]     Checking blobs v0.2.1 (/opt/rustwide/workdir)
[INFO] [stdout] warning: unreachable statement
[INFO] [stdout]    --> src/physics.rs:485:9
[INFO] [stdout]     |
[INFO] [stdout] 484 |         panic!("spatial_collisions currently broken, use brute_force instead");
[INFO] [stdout]     |         ---------------------------------------------------------------------- any code following this expression is unreachable
[INFO] [stdout] 485 |         let _span = tracy_span!("spatial_collisions");
[INFO] [stdout]     |         ^^^^^^^^^^^^^^^^^^^^^^^^^^^^^^^^^^^^^^^^^^^^^^ unreachable statement
[INFO] [stdout]     |
[INFO] [stdout]     = note: `#[warn(unreachable_code)]` on by default
[INFO] [stdout] 
[INFO] [stdout] 
[INFO] [stdout] warning: 1 warning emitted
[INFO] [stdout] 
[INFO] [stdout] 
[INFO] [stderr]    Compiling serde_derive v1.0.196
[INFO] [stderr]     Checking serde v1.0.196
[INFO] [stderr]     Checking serde_json v1.0.113
[INFO] [stderr]     Checking ciborium v0.2.2
[INFO] [stderr]     Checking tinytemplate v1.2.1
[INFO] [stderr]     Checking criterion v0.4.0
[INFO] [stdout] error[E0432]: unresolved import `blobs::Rng`
[INFO] [stdout]  --> benches/spatial_hash.rs:1:13
[INFO] [stdout]   |
[INFO] [stdout] 1 | use blobs::{Rng, SpatialHash};
[INFO] [stdout]   |             ^^^ no `Rng` in the root
[INFO] [stdout]   |
[INFO] [stdout]   = help: consider importing this trait instead:
[INFO] [stdout]           rand::Rng
[INFO] [stdout] 
[INFO] [stdout] 
[INFO] [stdout] error[E0599]: no method named `gen_range` found for struct `XorShiftRng` in the current scope
[INFO] [stdout]    --> benches/spatial_hash.rs:14:21
[INFO] [stdout]     |
[INFO] [stdout] 14  |         let x = rng.gen_range(-500.0..500.0);
[INFO] [stdout]     |                     ^^^^^^^^^ method not found in `XorShiftRng`
[INFO] [stdout]     |
[INFO] [stdout]    ::: /opt/rustwide/cargo-home/registry/src/index.crates.io-6f17d22bba15001f/rand-0.8.5/src/rng.rs:129:8
[INFO] [stdout]     |
[INFO] [stdout] 129 |     fn gen_range<T, R>(&mut self, range: R) -> T
[INFO] [stdout]     |        --------- the method is available for `XorShiftRng` here
[INFO] [stdout]     |
[INFO] [stdout]     = help: items from traits can only be used if the trait is in scope
[INFO] [stdout] help: the following trait is implemented but not in scope; perhaps add a `use` for it:
[INFO] [stdout]     |
[INFO] [stdout] 1   + use rand::Rng;
[INFO] [stdout]     |
[INFO] [stdout] 
[INFO] [stdout] 
[INFO] [stdout] error[E0599]: no method named `gen_range` found for struct `XorShiftRng` in the current scope
[INFO] [stdout]    --> benches/spatial_hash.rs:15:21
[INFO] [stdout]     |
[INFO] [stdout] 15  |         let y = rng.gen_range(-500.0..500.0);
[INFO] [stdout]     |                     ^^^^^^^^^ method not found in `XorShiftRng`
[INFO] [stdout]     |
[INFO] [stdout]    ::: /opt/rustwide/cargo-home/registry/src/index.crates.io-6f17d22bba15001f/rand-0.8.5/src/rng.rs:129:8
[INFO] [stdout]     |
[INFO] [stdout] 129 |     fn gen_range<T, R>(&mut self, range: R) -> T
[INFO] [stdout]     |        --------- the method is available for `XorShiftRng` here
[INFO] [stdout]     |
[INFO] [stdout]     = help: items from traits can only be used if the trait is in scope
[INFO] [stdout] help: the following trait is implemented but not in scope; perhaps add a `use` for it:
[INFO] [stdout]     |
[INFO] [stdout] 1   + use rand::Rng;
[INFO] [stdout]     |
[INFO] [stdout] 
[INFO] [stdout] 
[INFO] [stdout] error[E0599]: no method named `gen_range` found for struct `XorShiftRng` in the current scope
[INFO] [stdout]    --> benches/spatial_hash.rs:16:26
[INFO] [stdout]     |
[INFO] [stdout] 16  |         let radius = rng.gen_range(0.0..10.0);
[INFO] [stdout]     |                          ^^^^^^^^^ method not found in `XorShiftRng`
[INFO] [stdout]     |
[INFO] [stdout]    ::: /opt/rustwide/cargo-home/registry/src/index.crates.io-6f17d22bba15001f/rand-0.8.5/src/rng.rs:129:8
[INFO] [stdout]     |
[INFO] [stdout] 129 |     fn gen_range<T, R>(&mut self, range: R) -> T
[INFO] [stdout]     |        --------- the method is available for `XorShiftRng` here
[INFO] [stdout]     |
[INFO] [stdout]     = help: items from traits can only be used if the trait is in scope
[INFO] [stdout] help: the following trait is implemented but not in scope; perhaps add a `use` for it:
[INFO] [stdout]     |
[INFO] [stdout] 1   + use rand::Rng;
[INFO] [stdout]     |
[INFO] [stdout] 
[INFO] [stdout] 
[INFO] [stdout] error: aborting due to 4 previous errors
[INFO] [stdout] 
[INFO] [stdout] 
[INFO] [stdout] Some errors have detailed explanations: E0432, E0599.
[INFO] [stdout] 
[INFO] [stdout] For more information about an error, try `rustc --explain E0432`.
[INFO] [stdout] 
[INFO] [stderr] error: could not compile `blobs` (bench "spatial_hash") due to 5 previous errors
[INFO] [stderr] warning: build failed, waiting for other jobs to finish...
[INFO] [stdout] warning: unreachable statement
[INFO] [stdout]    --> src/physics.rs:485:9
[INFO] [stdout]     |
[INFO] [stdout] 484 |         panic!("spatial_collisions currently broken, use brute_force instead");
[INFO] [stdout]     |         ---------------------------------------------------------------------- any code following this expression is unreachable
[INFO] [stdout] 485 |         let _span = tracy_span!("spatial_collisions");
[INFO] [stdout]     |         ^^^^^^^^^^^^^^^^^^^^^^^^^^^^^^^^^^^^^^^^^^^^^^ unreachable statement
[INFO] [stdout]     |
[INFO] [stdout]     = note: `#[warn(unreachable_code)]` on by default
[INFO] [stdout] 
[INFO] [stdout] 
[INFO] [stdout] warning: 1 warning emitted
[INFO] [stdout] 
[INFO] [stdout] 
[INFO] running `Command { std: "docker" "inspect" "b8b2b6d8de1954441a596215bae204ab49b03f4ddc6cbb163f138db012707acc", kill_on_drop: false }`
[INFO] running `Command { std: "docker" "rm" "-f" "b8b2b6d8de1954441a596215bae204ab49b03f4ddc6cbb163f138db012707acc", kill_on_drop: false }`
[INFO] [stdout] b8b2b6d8de1954441a596215bae204ab49b03f4ddc6cbb163f138db012707acc
