[INFO] fetching crate bittrex 0.8.0...
[INFO] checking bittrex-0.8.0 against nightly-2024-02-05 for check-cfg
[INFO] extracting crate bittrex 0.8.0 into /workspace/builds/worker-4-tc1/source
[INFO] validating manifest of crates.io crate bittrex 0.8.0 on toolchain nightly-2024-02-05
[INFO] running `Command { std: CARGO_HOME="/workspace/cargo-home" RUSTUP_HOME="/workspace/rustup-home" "/workspace/cargo-home/bin/cargo" "+nightly-2024-02-05" "metadata" "--manifest-path" "Cargo.toml" "--no-deps", kill_on_drop: false }`
[INFO] started tweaking crates.io crate bittrex 0.8.0
[INFO] finished tweaking crates.io crate bittrex 0.8.0
[INFO] tweaked toml for crates.io crate bittrex 0.8.0 written to /workspace/builds/worker-4-tc1/source/Cargo.toml
[INFO] running `Command { std: CARGO_HOME="/workspace/cargo-home" RUSTUP_HOME="/workspace/rustup-home" "/workspace/cargo-home/bin/cargo" "+nightly-2024-02-05" "generate-lockfile" "--manifest-path" "Cargo.toml", kill_on_drop: false }`
[INFO] [stderr]     Updating crates.io index
[INFO] running `Command { std: CARGO_HOME="/workspace/cargo-home" RUSTUP_HOME="/workspace/rustup-home" "/workspace/cargo-home/bin/cargo" "+nightly-2024-02-05" "fetch" "--manifest-path" "Cargo.toml", kill_on_drop: false }`
[INFO] [stderr]  Downloading crates ...
[INFO] [stderr]   Downloaded cpufeatures v0.2.12
[INFO] [stderr]   Downloaded subtle v2.5.0
[INFO] [stderr]   Downloaded generic-array v0.14.7
[INFO] [stderr]   Downloaded getset v0.1.2
[INFO] [stderr]   Downloaded hmac v0.9.0
[INFO] [stderr]   Downloaded matches v0.1.10
[INFO] [stderr]   Downloaded time-macros v0.1.1
[INFO] [stderr]   Downloaded qstring v0.7.2
[INFO] [stderr]   Downloaded discard v1.0.4
[INFO] [stderr]   Downloaded cookie v0.14.4
[INFO] [stderr]   Downloaded time v0.2.27
[INFO] [stderr]   Downloaded idna v0.2.3
[INFO] [stderr]   Downloaded stdweb v0.4.20
[INFO] [stderr]   Downloaded rustls v0.19.1
[INFO] [stderr]   Downloaded ring v0.16.20
[INFO] [stderr]   Downloaded webpki-roots v0.21.1
[INFO] [stderr]   Downloaded ureq v1.5.5
[INFO] [stderr]   Downloaded publicsuffix v1.5.6
[INFO] [stderr]   Downloaded const_fn v0.4.9
[INFO] [stderr]   Downloaded rustc_version v0.2.3
[INFO] [stderr]   Downloaded base-x v0.2.11
[INFO] [stderr]   Downloaded sha1_smol v1.0.0
[INFO] [stderr]   Downloaded stdweb-internal-macros v0.2.9
[INFO] [stderr]   Downloaded standback v0.2.17
[INFO] [stderr]   Downloaded cookie_store v0.12.0
[INFO] [stderr]   Downloaded sct v0.6.1
[INFO] [stderr]   Downloaded dotenv v0.15.0
[INFO] [stderr]   Downloaded webpki v0.21.4
[INFO] [stderr]   Downloaded stdweb-derive v0.5.3
[INFO] [stderr]   Downloaded sha1 v0.6.1
[INFO] [stderr]   Downloaded stdweb-internal-runtime v0.1.5
[INFO] [stderr]   Downloaded time-macros-impl v0.1.2
[INFO] [stderr]   Downloaded spin v0.5.2
[INFO] [stderr]   Downloaded crypto-mac v0.9.1
[INFO] [stderr]   Downloaded chunked_transfer v1.5.0
[INFO] [stderr]   Downloaded untrusted v0.7.1
[INFO] running `Command { std: "docker" "create" "-v" "/var/lib/crater-agent-workspace/builds/worker-4-tc1/target:/opt/rustwide/target:rw,Z" "-v" "/var/lib/crater-agent-workspace/builds/worker-4-tc1/source:/opt/rustwide/workdir:ro,Z" "-v" "/var/lib/crater-agent-workspace/cargo-home:/opt/rustwide/cargo-home:ro,Z" "-v" "/var/lib/crater-agent-workspace/rustup-home:/opt/rustwide/rustup-home:ro,Z" "-e" "SOURCE_DIR=/opt/rustwide/workdir" "-e" "CARGO_TARGET_DIR=/opt/rustwide/target" "-e" "CARGO_HOME=/opt/rustwide/cargo-home" "-e" "RUSTUP_HOME=/opt/rustwide/rustup-home" "-w" "/opt/rustwide/workdir" "-m" "1610612736" "--user" "0:0" "--network" "none" "ghcr.io/rust-lang/crates-build-env/linux@sha256:2788e3201cd34a07e3172128adcd8b3090168a8e3bcc40d7c032b9dda1df7d1c" "/opt/rustwide/cargo-home/bin/cargo" "+nightly-2024-02-05" "metadata" "--no-deps" "--format-version=1", kill_on_drop: false }`
[INFO] [stdout] bf1f2616089de23dc8d39759f681e3c7b8b28b4054e67f23596805a420c58b7f
[INFO] running `Command { std: "docker" "start" "-a" "bf1f2616089de23dc8d39759f681e3c7b8b28b4054e67f23596805a420c58b7f", kill_on_drop: false }`
[INFO] running `Command { std: "docker" "inspect" "bf1f2616089de23dc8d39759f681e3c7b8b28b4054e67f23596805a420c58b7f", kill_on_drop: false }`
[INFO] running `Command { std: "docker" "rm" "-f" "bf1f2616089de23dc8d39759f681e3c7b8b28b4054e67f23596805a420c58b7f", kill_on_drop: false }`
[INFO] [stdout] bf1f2616089de23dc8d39759f681e3c7b8b28b4054e67f23596805a420c58b7f
[INFO] running `Command { std: "docker" "create" "-v" "/var/lib/crater-agent-workspace/builds/worker-4-tc1/target:/opt/rustwide/target:rw,Z" "-v" "/var/lib/crater-agent-workspace/builds/worker-4-tc1/source:/opt/rustwide/workdir:ro,Z" "-v" "/var/lib/crater-agent-workspace/cargo-home:/opt/rustwide/cargo-home:ro,Z" "-v" "/var/lib/crater-agent-workspace/rustup-home:/opt/rustwide/rustup-home:ro,Z" "-e" "SOURCE_DIR=/opt/rustwide/workdir" "-e" "CARGO_TARGET_DIR=/opt/rustwide/target" "-e" "CARGO_INCREMENTAL=0" "-e" "RUST_BACKTRACE=full" "-e" "RUSTFLAGS=--cap-lints=forbid" "-e" "RUSTDOCFLAGS=--cap-lints=forbid" "-e" "CARGO_HOME=/opt/rustwide/cargo-home" "-e" "RUSTUP_HOME=/opt/rustwide/rustup-home" "-w" "/opt/rustwide/workdir" "-m" "1610612736" "--user" "0:0" "--network" "none" "ghcr.io/rust-lang/crates-build-env/linux@sha256:2788e3201cd34a07e3172128adcd8b3090168a8e3bcc40d7c032b9dda1df7d1c" "/opt/rustwide/cargo-home/bin/cargo" "+nightly-2024-02-05" "check" "--frozen" "--all" "--all-targets" "--message-format=json", kill_on_drop: false }`
[INFO] [stdout] 8fb7de8c4b300540348348b5906c8c63ca2bae8513e2f520ea8165e473269a66
[INFO] running `Command { std: "docker" "start" "-a" "8fb7de8c4b300540348348b5906c8c63ca2bae8513e2f520ea8165e473269a66", kill_on_drop: false }`
[INFO] [stderr]    Compiling libc v0.2.153
[INFO] [stderr]    Compiling syn v1.0.109
[INFO] [stderr]    Compiling standback v0.2.17
[INFO] [stderr]    Compiling typenum v1.17.0
[INFO] [stderr]     Checking tinyvec_macros v0.1.1
[INFO] [stderr]    Compiling generic-array v0.14.7
[INFO] [stderr]     Checking percent-encoding v2.3.1
[INFO] [stderr]     Checking spin v0.5.2
[INFO] [stderr]    Compiling const_fn v0.4.9
[INFO] [stderr]    Compiling serde v1.0.196
[INFO] [stderr]     Checking untrusted v0.7.1
[INFO] [stderr]     Checking unicode-bidi v0.3.15
[INFO] [stderr]    Compiling time v0.2.27
[INFO] [stderr]    Compiling proc-macro-error-attr v1.0.4
[INFO] [stderr]    Compiling cookie v0.14.4
[INFO] [stderr]    Compiling syn v2.0.48
[INFO] [stderr]     Checking tinyvec v1.6.0
[INFO] [stderr]     Checking matches v0.1.10
[INFO] [stderr]    Compiling serde_json v1.0.113
[INFO] [stderr]    Compiling num-traits v0.2.17
[INFO] [stderr]    Compiling proc-macro-error v1.0.4
[INFO] [stderr]     Checking form_urlencoded v1.2.1
[INFO] [stderr]     Checking log v0.4.20
[INFO] [stderr]     Checking itoa v1.0.10
[INFO] [stderr]     Checking ryu v1.0.16
[INFO] [stderr]     Checking base64 v0.13.1
[INFO] [stderr]    Compiling anyhow v1.0.79
[INFO] [stderr]     Checking subtle v2.5.0
[INFO] [stderr]     Checking qstring v0.7.2
[INFO] [stderr]     Checking cpufeatures v0.2.12
[INFO] [stderr]     Checking chunked_transfer v1.5.0
[INFO] [stderr]     Checking iana-time-zone v0.1.60
[INFO] [stderr]     Checking opaque-debug v0.3.0
[INFO] [stderr]     Checking hex v0.4.3
[INFO] [stderr]     Checking dotenv v0.15.0
[INFO] [stderr]     Checking unicode-normalization v0.1.22
[INFO] [stderr]    Compiling cc v1.0.83
[INFO] [stderr]     Checking idna v0.5.0
[INFO] [stderr]     Checking idna v0.2.3
[INFO] [stderr]     Checking url v2.5.0
[INFO] [stderr]     Checking digest v0.9.0
[INFO] [stderr]     Checking block-buffer v0.9.0
[INFO] [stderr]     Checking crypto-mac v0.9.1
[INFO] [stderr]    Compiling ring v0.16.20
[INFO] [stderr]     Checking hmac v0.9.0
[INFO] [stderr]     Checking sha2 v0.9.9
[INFO] [stderr]     Checking publicsuffix v1.5.6
[INFO] [stderr]    Compiling serde_derive v1.0.196
[INFO] [stderr]    Compiling time-macros-impl v0.1.2
[INFO] [stderr]    Compiling getset v0.1.2
[INFO] [stderr]     Checking time-macros v0.1.1
[INFO] [stderr]     Checking webpki v0.21.4
[INFO] [stderr]     Checking sct v0.6.1
[INFO] [stderr]     Checking webpki-roots v0.21.1
[INFO] [stderr]     Checking rustls v0.19.1
[INFO] [stderr]     Checking chrono v0.4.33
[INFO] [stderr]     Checking cookie_store v0.12.0
[INFO] [stderr]     Checking ureq v1.5.5
[INFO] [stderr]     Checking bittrex v0.8.0 (/opt/rustwide/workdir)
[INFO] [stdout] warning: lint `rustdoc` has been removed: use `rustdoc::all` instead
[INFO] [stdout]   --> src/lib.rs:17:5
[INFO] [stdout]    |
[INFO] [stdout] 17 |     rustdoc,
[INFO] [stdout]    |     ^^^^^^^
[INFO] [stdout]    |
[INFO] [stdout]    = note: `#[warn(renamed_and_removed_lints)]` on by default
[INFO] [stdout] 
[INFO] [stdout] 
[INFO] [stdout] error[E0453]: deny(rust_2018_compatibility) incompatible with previous forbid
[INFO] [stdout]   --> src/lib.rs:23:5
[INFO] [stdout]    |
[INFO] [stdout] 3  | #![forbid(anonymous_parameters, unsafe_code)]
[INFO] [stdout]    |           -------------------- `forbid` level set here
[INFO] [stdout] ...
[INFO] [stdout] 23 |     rust_2018_compatibility,
[INFO] [stdout]    |     ^^^^^^^^^^^^^^^^^^^^^^^ overruled by previous forbid
[INFO] [stdout] 
[INFO] [stdout] 
[INFO] [stdout] warning: lint `rustdoc` has been removed: use `rustdoc::all` instead
[INFO] [stdout]   --> src/lib.rs:17:5
[INFO] [stdout]    |
[INFO] [stdout] 17 |     rustdoc,
[INFO] [stdout]    |     ^^^^^^^
[INFO] [stdout]    |
[INFO] [stdout]    = note: `#[warn(renamed_and_removed_lints)]` on by default
[INFO] [stdout] 
[INFO] [stdout] 
[INFO] [stdout] error[E0453]: deny(rust_2018_compatibility) incompatible with previous forbid
[INFO] [stdout]   --> src/lib.rs:23:5
[INFO] [stdout]    |
[INFO] [stdout] 3  | #![forbid(anonymous_parameters, unsafe_code)]
[INFO] [stdout]    |           -------------------- `forbid` level set here
[INFO] [stdout] ...
[INFO] [stdout] 23 |     rust_2018_compatibility,
[INFO] [stdout]    |     ^^^^^^^^^^^^^^^^^^^^^^^ overruled by previous forbid
[INFO] [stdout] 
[INFO] [stdout] 
[INFO] [stdout] error: aborting due to 1 previous error; 1 warning emitted
[INFO] [stdout] 
[INFO] [stdout] 
[INFO] [stdout] For more information about this error, try `rustc --explain E0453`.
[INFO] [stdout] 
[INFO] [stdout] error: aborting due to 1 previous error; 1 warning emitted
[INFO] [stdout] 
[INFO] [stdout] 
[INFO] [stdout] For more information about this error, try `rustc --explain E0453`.
[INFO] [stdout] 
[INFO] [stderr] error: could not compile `bittrex` (lib) due to 2 previous errors; 1 warning emitted
[INFO] [stderr] warning: build failed, waiting for other jobs to finish...
[INFO] [stderr] error: could not compile `bittrex` (lib test) due to 2 previous errors; 1 warning emitted
[INFO] running `Command { std: "docker" "inspect" "8fb7de8c4b300540348348b5906c8c63ca2bae8513e2f520ea8165e473269a66", kill_on_drop: false }`
[INFO] running `Command { std: "docker" "rm" "-f" "8fb7de8c4b300540348348b5906c8c63ca2bae8513e2f520ea8165e473269a66", kill_on_drop: false }`
[INFO] [stdout] 8fb7de8c4b300540348348b5906c8c63ca2bae8513e2f520ea8165e473269a66
[INFO] checking bittrex-0.8.0 against nightly-2024-02-05+rustflags=-Dunexpected_cfgs+cargoflags=-Zcheck-cfg for check-cfg
[INFO] extracting crate bittrex 0.8.0 into /workspace/builds/worker-4-tc2/source
[INFO] validating manifest of crates.io crate bittrex 0.8.0 on toolchain nightly-2024-02-05
[INFO] running `Command { std: CARGO_HOME="/workspace/cargo-home" RUSTUP_HOME="/workspace/rustup-home" "/workspace/cargo-home/bin/cargo" "+nightly-2024-02-05" "metadata" "--manifest-path" "Cargo.toml" "--no-deps", kill_on_drop: false }`
[INFO] started tweaking crates.io crate bittrex 0.8.0
[INFO] finished tweaking crates.io crate bittrex 0.8.0
[INFO] tweaked toml for crates.io crate bittrex 0.8.0 written to /workspace/builds/worker-4-tc2/source/Cargo.toml
[INFO] running `Command { std: CARGO_HOME="/workspace/cargo-home" RUSTUP_HOME="/workspace/rustup-home" "/workspace/cargo-home/bin/cargo" "+nightly-2024-02-05" "generate-lockfile" "--manifest-path" "Cargo.toml", kill_on_drop: false }`
[INFO] [stderr]     Updating crates.io index
[INFO] running `Command { std: CARGO_HOME="/workspace/cargo-home" RUSTUP_HOME="/workspace/rustup-home" "/workspace/cargo-home/bin/cargo" "+nightly-2024-02-05" "fetch" "--manifest-path" "Cargo.toml", kill_on_drop: false }`
[INFO] running `Command { std: "docker" "create" "-v" "/var/lib/crater-agent-workspace/builds/worker-4-tc2/target:/opt/rustwide/target:rw,Z" "-v" "/var/lib/crater-agent-workspace/builds/worker-4-tc2/source:/opt/rustwide/workdir:ro,Z" "-v" "/var/lib/crater-agent-workspace/cargo-home:/opt/rustwide/cargo-home:ro,Z" "-v" "/var/lib/crater-agent-workspace/rustup-home:/opt/rustwide/rustup-home:ro,Z" "-e" "SOURCE_DIR=/opt/rustwide/workdir" "-e" "CARGO_TARGET_DIR=/opt/rustwide/target" "-e" "CARGO_HOME=/opt/rustwide/cargo-home" "-e" "RUSTUP_HOME=/opt/rustwide/rustup-home" "-w" "/opt/rustwide/workdir" "-m" "1610612736" "--user" "0:0" "--network" "none" "ghcr.io/rust-lang/crates-build-env/linux@sha256:2788e3201cd34a07e3172128adcd8b3090168a8e3bcc40d7c032b9dda1df7d1c" "/opt/rustwide/cargo-home/bin/cargo" "+nightly-2024-02-05" "metadata" "--no-deps" "--format-version=1", kill_on_drop: false }`
[INFO] [stdout] d32aa77bce2f38c0059da5364069ab5282ddd41d4e6a745c3521bdb3e4aa79c2
[INFO] running `Command { std: "docker" "start" "-a" "d32aa77bce2f38c0059da5364069ab5282ddd41d4e6a745c3521bdb3e4aa79c2", kill_on_drop: false }`
[INFO] running `Command { std: "docker" "inspect" "d32aa77bce2f38c0059da5364069ab5282ddd41d4e6a745c3521bdb3e4aa79c2", kill_on_drop: false }`
[INFO] running `Command { std: "docker" "rm" "-f" "d32aa77bce2f38c0059da5364069ab5282ddd41d4e6a745c3521bdb3e4aa79c2", kill_on_drop: false }`
[INFO] [stdout] d32aa77bce2f38c0059da5364069ab5282ddd41d4e6a745c3521bdb3e4aa79c2
[INFO] running `Command { std: "docker" "create" "-v" "/var/lib/crater-agent-workspace/builds/worker-4-tc2/target:/opt/rustwide/target:rw,Z" "-v" "/var/lib/crater-agent-workspace/builds/worker-4-tc2/source:/opt/rustwide/workdir:ro,Z" "-v" "/var/lib/crater-agent-workspace/cargo-home:/opt/rustwide/cargo-home:ro,Z" "-v" "/var/lib/crater-agent-workspace/rustup-home:/opt/rustwide/rustup-home:ro,Z" "-e" "SOURCE_DIR=/opt/rustwide/workdir" "-e" "CARGO_TARGET_DIR=/opt/rustwide/target" "-e" "CARGO_INCREMENTAL=0" "-e" "RUST_BACKTRACE=full" "-e" "RUSTFLAGS=--cap-lints=forbid -Dunexpected_cfgs" "-e" "RUSTDOCFLAGS=--cap-lints=forbid" "-e" "CARGO_HOME=/opt/rustwide/cargo-home" "-e" "RUSTUP_HOME=/opt/rustwide/rustup-home" "-w" "/opt/rustwide/workdir" "-m" "1610612736" "--user" "0:0" "--network" "none" "ghcr.io/rust-lang/crates-build-env/linux@sha256:2788e3201cd34a07e3172128adcd8b3090168a8e3bcc40d7c032b9dda1df7d1c" "/opt/rustwide/cargo-home/bin/cargo" "+nightly-2024-02-05" "check" "--frozen" "--all" "--all-targets" "--message-format=json" "-Zcheck-cfg", kill_on_drop: false }`
[INFO] [stdout] af1499438687f4c067c181e1c6ddc813be879e5bbfdef2ebd015d3833916f1b2
[INFO] running `Command { std: "docker" "start" "-a" "af1499438687f4c067c181e1c6ddc813be879e5bbfdef2ebd015d3833916f1b2", kill_on_drop: false }`
[INFO] [stderr]    Compiling libc v0.2.153
[INFO] [stderr]    Compiling syn v1.0.109
[INFO] [stderr]    Compiling standback v0.2.17
[INFO] [stderr]     Checking tinyvec_macros v0.1.1
[INFO] [stderr]    Compiling typenum v1.17.0
[INFO] [stderr]    Compiling generic-array v0.14.7
[INFO] [stderr]     Checking percent-encoding v2.3.1
[INFO] [stderr]    Compiling const_fn v0.4.9
[INFO] [stderr]    Compiling serde v1.0.196
[INFO] [stderr]     Checking untrusted v0.7.1
[INFO] [stderr]     Checking once_cell v1.19.0
[INFO] [stderr]     Checking spin v0.5.2
[INFO] [stderr]     Checking unicode-bidi v0.3.15
[INFO] [stderr]    Compiling time v0.2.27
[INFO] [stderr]    Compiling syn v2.0.48
[INFO] [stderr]    Compiling proc-macro-error-attr v1.0.4
[INFO] [stderr]     Checking tinyvec v1.6.0
[INFO] [stderr]    Compiling cookie v0.14.4
[INFO] [stderr]     Checking form_urlencoded v1.2.1
[INFO] [stderr]     Checking matches v0.1.10
[INFO] [stderr]    Compiling num-traits v0.2.17
[INFO] [stderr]    Compiling serde_json v1.0.113
[INFO] [stderr]    Compiling proc-macro-error v1.0.4
[INFO] [stderr]     Checking itoa v1.0.10
[INFO] [stderr]     Checking log v0.4.20
[INFO] [stderr]     Checking ryu v1.0.16
[INFO] [stderr]    Compiling anyhow v1.0.79
[INFO] [stderr]     Checking base64 v0.13.1
[INFO] [stderr]     Checking subtle v2.5.0
[INFO] [stderr]     Checking qstring v0.7.2
[INFO] [stderr]     Checking chunked_transfer v1.5.0
[INFO] [stderr]     Checking cfg-if v1.0.0
[INFO] [stderr]     Checking opaque-debug v0.3.0
[INFO] [stderr]     Checking cpufeatures v0.2.12
[INFO] [stderr]     Checking iana-time-zone v0.1.60
[INFO] [stderr]     Checking hex v0.4.3
[INFO] [stderr]     Checking dotenv v0.15.0
[INFO] [stderr]     Checking unicode-normalization v0.1.22
[INFO] [stderr]    Compiling cc v1.0.83
[INFO] [stderr]     Checking idna v0.5.0
[INFO] [stderr]     Checking idna v0.2.3
[INFO] [stderr]     Checking url v2.5.0
[INFO] [stderr]     Checking digest v0.9.0
[INFO] [stderr]     Checking block-buffer v0.9.0
[INFO] [stderr]     Checking crypto-mac v0.9.1
[INFO] [stderr]     Checking hmac v0.9.0
[INFO] [stderr]     Checking sha2 v0.9.9
[INFO] [stderr]    Compiling ring v0.16.20
[INFO] [stderr]     Checking publicsuffix v1.5.6
[INFO] [stderr]    Compiling serde_derive v1.0.196
[INFO] [stderr]    Compiling time-macros-impl v0.1.2
[INFO] [stderr]    Compiling getset v0.1.2
[INFO] [stderr]     Checking time-macros v0.1.1
[INFO] [stderr]     Checking webpki v0.21.4
[INFO] [stderr]     Checking sct v0.6.1
[INFO] [stderr]     Checking rustls v0.19.1
[INFO] [stderr]     Checking webpki-roots v0.21.1
[INFO] [stderr]     Checking chrono v0.4.33
[INFO] [stderr]     Checking cookie_store v0.12.0
[INFO] [stderr]     Checking ureq v1.5.5
[INFO] [stderr]     Checking bittrex v0.8.0 (/opt/rustwide/workdir)
[INFO] [stdout] warning: lint `rustdoc` has been removed: use `rustdoc::all` instead
[INFO] [stdout]   --> src/lib.rs:17:5
[INFO] [stdout]    |
[INFO] [stdout] 17 |     rustdoc,
[INFO] [stdout]    |     ^^^^^^^
[INFO] [stdout]    |
[INFO] [stdout]    = note: `#[warn(renamed_and_removed_lints)]` on by default
[INFO] [stdout] 
[INFO] [stdout] 
[INFO] [stdout] error[E0453]: deny(rust_2018_compatibility) incompatible with previous forbid
[INFO] [stdout]   --> src/lib.rs:23:5
[INFO] [stdout]    |
[INFO] [stdout] 3  | #![forbid(anonymous_parameters, unsafe_code)]
[INFO] [stdout]    |           -------------------- `forbid` level set here
[INFO] [stdout] ...
[INFO] [stdout] 23 |     rust_2018_compatibility,
[INFO] [stdout]    |     ^^^^^^^^^^^^^^^^^^^^^^^ overruled by previous forbid
[INFO] [stdout] 
[INFO] [stdout] 
[INFO] [stdout] warning: lint `rustdoc` has been removed: use `rustdoc::all` instead
[INFO] [stdout]   --> src/lib.rs:17:5
[INFO] [stdout]    |
[INFO] [stdout] 17 |     rustdoc,
[INFO] [stdout]    |     ^^^^^^^
[INFO] [stdout]    |
[INFO] [stdout]    = note: `#[warn(renamed_and_removed_lints)]` on by default
[INFO] [stdout] 
[INFO] [stdout] 
[INFO] [stdout] error[E0453]: deny(rust_2018_compatibility) incompatible with previous forbid
[INFO] [stdout]   --> src/lib.rs:23:5
[INFO] [stdout]    |
[INFO] [stdout] 3  | #![forbid(anonymous_parameters, unsafe_code)]
[INFO] [stdout]    |           -------------------- `forbid` level set here
[INFO] [stdout] ...
[INFO] [stdout] 23 |     rust_2018_compatibility,
[INFO] [stdout]    |     ^^^^^^^^^^^^^^^^^^^^^^^ overruled by previous forbid
[INFO] [stdout] 
[INFO] [stdout] 
[INFO] [stdout] error: aborting due to 1 previous error; 1 warning emitted
[INFO] [stdout] 
[INFO] [stdout] 
[INFO] [stdout] For more information about this error, try `rustc --explain E0453`.
[INFO] [stdout] 
[INFO] [stderr] error: could not compile `bittrex` (lib test) due to 2 previous errors; 1 warning emitted
[INFO] [stderr] warning: build failed, waiting for other jobs to finish...
[INFO] [stdout] error: aborting due to 1 previous error; 1 warning emitted
[INFO] [stdout] 
[INFO] [stdout] 
[INFO] [stdout] For more information about this error, try `rustc --explain E0453`.
[INFO] [stdout] 
[INFO] [stderr] error: could not compile `bittrex` (lib) due to 2 previous errors; 1 warning emitted
[INFO] running `Command { std: "docker" "inspect" "af1499438687f4c067c181e1c6ddc813be879e5bbfdef2ebd015d3833916f1b2", kill_on_drop: false }`
[INFO] running `Command { std: "docker" "rm" "-f" "af1499438687f4c067c181e1c6ddc813be879e5bbfdef2ebd015d3833916f1b2", kill_on_drop: false }`
[INFO] [stdout] af1499438687f4c067c181e1c6ddc813be879e5bbfdef2ebd015d3833916f1b2
