[INFO] fetching crate bitsplain 0.1.0-alpha.1...
[INFO] checking bitsplain-0.1.0-alpha.1 against nightly-2024-02-05 for check-cfg
[INFO] extracting crate bitsplain 0.1.0-alpha.1 into /workspace/builds/worker-0-tc1/source
[INFO] validating manifest of crates.io crate bitsplain 0.1.0-alpha.1 on toolchain nightly-2024-02-05
[INFO] running `Command { std: CARGO_HOME="/workspace/cargo-home" RUSTUP_HOME="/workspace/rustup-home" "/workspace/cargo-home/bin/cargo" "+nightly-2024-02-05" "metadata" "--manifest-path" "Cargo.toml" "--no-deps", kill_on_drop: false }`
[INFO] started tweaking crates.io crate bitsplain 0.1.0-alpha.1
[INFO] finished tweaking crates.io crate bitsplain 0.1.0-alpha.1
[INFO] tweaked toml for crates.io crate bitsplain 0.1.0-alpha.1 written to /workspace/builds/worker-0-tc1/source/Cargo.toml
[INFO] running `Command { std: CARGO_HOME="/workspace/cargo-home" RUSTUP_HOME="/workspace/rustup-home" "/workspace/cargo-home/bin/cargo" "+nightly-2024-02-05" "generate-lockfile" "--manifest-path" "Cargo.toml", kill_on_drop: false }`
[INFO] [stderr]     Updating crates.io index
[INFO] running `Command { std: CARGO_HOME="/workspace/cargo-home" RUSTUP_HOME="/workspace/rustup-home" "/workspace/cargo-home/bin/cargo" "+nightly-2024-02-05" "fetch" "--manifest-path" "Cargo.toml", kill_on_drop: false }`
[INFO] [stderr]  Downloading crates ...
[INFO] [stderr]   Downloaded inventory v0.3.15
[INFO] [stderr]   Downloaded lightning v0.0.113
[INFO] running `Command { std: "docker" "create" "-v" "/var/lib/crater-agent-workspace/builds/worker-0-tc1/target:/opt/rustwide/target:rw,Z" "-v" "/var/lib/crater-agent-workspace/builds/worker-0-tc1/source:/opt/rustwide/workdir:ro,Z" "-v" "/var/lib/crater-agent-workspace/cargo-home:/opt/rustwide/cargo-home:ro,Z" "-v" "/var/lib/crater-agent-workspace/rustup-home:/opt/rustwide/rustup-home:ro,Z" "-e" "SOURCE_DIR=/opt/rustwide/workdir" "-e" "CARGO_TARGET_DIR=/opt/rustwide/target" "-e" "CARGO_HOME=/opt/rustwide/cargo-home" "-e" "RUSTUP_HOME=/opt/rustwide/rustup-home" "-w" "/opt/rustwide/workdir" "-m" "1610612736" "--user" "0:0" "--network" "none" "ghcr.io/rust-lang/crates-build-env/linux@sha256:2788e3201cd34a07e3172128adcd8b3090168a8e3bcc40d7c032b9dda1df7d1c" "/opt/rustwide/cargo-home/bin/cargo" "+nightly-2024-02-05" "metadata" "--no-deps" "--format-version=1", kill_on_drop: false }`
[INFO] [stdout] 39085187db7b8b7fd97f0a75c9c98665b64684fc43acbe5f01f7fd5017e9509e
[INFO] running `Command { std: "docker" "start" "-a" "39085187db7b8b7fd97f0a75c9c98665b64684fc43acbe5f01f7fd5017e9509e", kill_on_drop: false }`
[INFO] running `Command { std: "docker" "inspect" "39085187db7b8b7fd97f0a75c9c98665b64684fc43acbe5f01f7fd5017e9509e", kill_on_drop: false }`
[INFO] running `Command { std: "docker" "rm" "-f" "39085187db7b8b7fd97f0a75c9c98665b64684fc43acbe5f01f7fd5017e9509e", kill_on_drop: false }`
[INFO] [stdout] 39085187db7b8b7fd97f0a75c9c98665b64684fc43acbe5f01f7fd5017e9509e
[INFO] running `Command { std: "docker" "create" "-v" "/var/lib/crater-agent-workspace/builds/worker-0-tc1/target:/opt/rustwide/target:rw,Z" "-v" "/var/lib/crater-agent-workspace/builds/worker-0-tc1/source:/opt/rustwide/workdir:ro,Z" "-v" "/var/lib/crater-agent-workspace/cargo-home:/opt/rustwide/cargo-home:ro,Z" "-v" "/var/lib/crater-agent-workspace/rustup-home:/opt/rustwide/rustup-home:ro,Z" "-e" "SOURCE_DIR=/opt/rustwide/workdir" "-e" "CARGO_TARGET_DIR=/opt/rustwide/target" "-e" "CARGO_INCREMENTAL=0" "-e" "RUST_BACKTRACE=full" "-e" "RUSTFLAGS=--cap-lints=forbid" "-e" "RUSTDOCFLAGS=--cap-lints=forbid" "-e" "CARGO_HOME=/opt/rustwide/cargo-home" "-e" "RUSTUP_HOME=/opt/rustwide/rustup-home" "-w" "/opt/rustwide/workdir" "-m" "1610612736" "--user" "0:0" "--network" "none" "ghcr.io/rust-lang/crates-build-env/linux@sha256:2788e3201cd34a07e3172128adcd8b3090168a8e3bcc40d7c032b9dda1df7d1c" "/opt/rustwide/cargo-home/bin/cargo" "+nightly-2024-02-05" "check" "--frozen" "--all" "--all-targets" "--message-format=json", kill_on_drop: false }`
[INFO] [stdout] 60fa872f6f3b22fb03b55d6bb27d8360e0a19bdf30d26259f0b0a19c252c6d0d
[INFO] running `Command { std: "docker" "start" "-a" "60fa872f6f3b22fb03b55d6bb27d8360e0a19bdf30d26259f0b0a19c252c6d0d", kill_on_drop: false }`
[INFO] [stderr]     Checking bitcoin_hashes v0.11.0
[INFO] [stderr]    Compiling rust_decimal v1.34.2
[INFO] [stderr]    Compiling serde v1.0.196
[INFO] [stderr]     Checking arrayvec v0.7.4
[INFO] [stderr]     Checking inventory v0.3.15
[INFO] [stderr]    Compiling num-traits v0.2.17
[INFO] [stderr]     Checking nom v7.1.3
[INFO] [stderr]     Checking time v0.3.34
[INFO] [stderr]    Compiling secp256k1-sys v0.6.1
[INFO] [stderr]     Checking secp256k1 v0.24.3
[INFO] [stderr]     Checking bitcoin v0.29.2
[INFO] [stderr]     Checking lightning v0.0.113
[INFO] [stderr]     Checking bitsplain v0.1.0-alpha.1 (/opt/rustwide/workdir)
[INFO] [stdout] error[E0107]: struct takes 1 generic argument but 2 generic arguments were supplied
[INFO] [stdout]    --> src/parse.rs:497:61
[INFO] [stdout]     |
[INFO] [stdout] 497 |     type TestResult = Result<(), nom::Err<nom::error::Error<Annotated<&'static [u8], String>>>>;
[INFO] [stdout]     |                                                             ^^^^^^^^^                ------ help: remove this generic argument
[INFO] [stdout]     |                                                             |
[INFO] [stdout]     |                                                             expected 1 generic argument
[INFO] [stdout]     |
[INFO] [stdout] note: struct defined here, with 1 generic parameter: `Fragment`
[INFO] [stdout]    --> src/parse.rs:61:12
[INFO] [stdout]     |
[INFO] [stdout] 61  | pub struct Annotated<Fragment> {
[INFO] [stdout]     |            ^^^^^^^^^ --------
[INFO] [stdout] 
[INFO] [stdout] 
[INFO] [stdout] error[E0107]: struct takes 1 generic argument but 2 generic arguments were supplied
[INFO] [stdout]    --> src/parse.rs:501:19
[INFO] [stdout]     |
[INFO] [stdout] 501 |         let span: Annotated<&[u8], String> = Annotated::new(&[100, 50, 0]);
[INFO] [stdout]     |                   ^^^^^^^^^        ------ help: remove this generic argument
[INFO] [stdout]     |                   |
[INFO] [stdout]     |                   expected 1 generic argument
[INFO] [stdout]     |
[INFO] [stdout] note: struct defined here, with 1 generic parameter: `Fragment`
[INFO] [stdout]    --> src/parse.rs:61:12
[INFO] [stdout]     |
[INFO] [stdout] 61  | pub struct Annotated<Fragment> {
[INFO] [stdout]     |            ^^^^^^^^^ --------
[INFO] [stdout] 
[INFO] [stdout] 
[INFO] [stdout] error[E0277]: expected a `Fn(Annotated<_>)` closure, found `str`
[INFO] [stdout]    --> src/parse.rs:509:35
[INFO] [stdout]     |
[INFO] [stdout] 509 |         let (span, value) = parse("One byte", |s| s.to_string(), be_u8)(span)?;
[INFO] [stdout]     |                             ----- ^^^^^^^^^^ expected an `Fn(Annotated<_>)` closure, found `str`
[INFO] [stdout]     |                             |
[INFO] [stdout]     |                             required by a bound introduced by this call
[INFO] [stdout]     |
[INFO] [stdout]     = help: the trait `Fn<(Annotated<_>,)>` is not implemented for `str`, which is required by `&str: Parser<Annotated<_>, _, _>`
[INFO] [stdout]     = help: the following other types implement trait `Parser<I, O, E>`:
[INFO] [stdout]               <Box<(dyn Parser<I, O, E> + 'a)> as Parser<I, O, E>>
[INFO] [stdout]               <nom::Map<F, G, O1> as Parser<I, O2, E>>
[INFO] [stdout]               <nom::FlatMap<F, G, O1> as Parser<I, O2, E>>
[INFO] [stdout]               <AndThen<F, G, O1> as Parser<I, O2, E>>
[INFO] [stdout]               <And<F, G> as Parser<I, (O1, O2), E>>
[INFO] [stdout]               <Or<F, G> as Parser<I, O, E>>
[INFO] [stdout]               <nom::Into<F, O1, O2, E1, E2> as Parser<I, O2, E2>>
[INFO] [stdout]     = note: required for `&str` to implement `FnOnce<(Annotated<_>,)>`
[INFO] [stdout]     = note: required for `&str` to implement `Parser<Annotated<_>, _, _>`
[INFO] [stdout] note: required by a bound in `parse::parse`
[INFO] [stdout]    --> src/parse.rs:402:12
[INFO] [stdout]     |
[INFO] [stdout] 397 | pub fn parse<Parse, Error, Output, Fragment>(
[INFO] [stdout]     |        ----- required by a bound in this function
[INFO] [stdout] ...
[INFO] [stdout] 402 |     Parse: Parser<Annotated<Fragment>, Output, Error>,
[INFO] [stdout]     |            ^^^^^^^^^^^^^^^^^^^^^^^^^^^^^^^^^^^^^^^^^^ required by this bound in `parse`
[INFO] [stdout] 
[INFO] [stdout] 
[INFO] [stdout] error[E0061]: this function takes 2 arguments but 3 arguments were supplied
[INFO] [stdout]    --> src/parse.rs:509:29
[INFO] [stdout]     |
[INFO] [stdout] 509 |         let (span, value) = parse("One byte", |s| s.to_string(), be_u8)(span)?;
[INFO] [stdout]     |                             ^^^^^                              -------
[INFO] [stdout]     |                                                                | |
[INFO] [stdout]     |                                                                | unexpected argument of type `fn(_) -> Result<(_, u8), nom::Err<_>> {nom::number::complete::be_u8::<_, _>}`
[INFO] [stdout]     |                                                                help: remove the extra argument
[INFO] [stdout]     |
[INFO] [stdout] note: function defined here
[INFO] [stdout]    --> src/parse.rs:397:8
[INFO] [stdout]     |
[INFO] [stdout] 397 | pub fn parse<Parse, Error, Output, Fragment>(
[INFO] [stdout]     |        ^^^^^
[INFO] [stdout] 398 |     mut parse: Parse,
[INFO] [stdout]     |     ----------------
[INFO] [stdout] 399 |     ann: Ann<Output>,
[INFO] [stdout]     |     ----------------
[INFO] [stdout] 
[INFO] [stdout] 
[INFO] [stdout] error[E0609]: no field `intervals` on type `Annotated<&[u8]>`
[INFO] [stdout]    --> src/parse.rs:512:27
[INFO] [stdout]     |
[INFO] [stdout] 512 |             let sp = span.intervals.borrow();
[INFO] [stdout]     |                           ^^^^^^^^^ unknown field
[INFO] [stdout]     |
[INFO] [stdout]     = note: available fields are: `next_index`, `next_offset`, `next_fragment`, `tree`, `last_range` ... and 3 others
[INFO] [stdout] 
[INFO] [stdout] 
[INFO] [stdout] error[E0277]: expected a `Fn(Annotated<_>)` closure, found `str`
[INFO] [stdout]    --> src/parse.rs:537:35
[INFO] [stdout]     |
[INFO] [stdout] 537 |         let (span, value) = parse("Two bytes", |s| s.to_string(), be_u16)(span)?;
[INFO] [stdout]     |                             ----- ^^^^^^^^^^^ expected an `Fn(Annotated<_>)` closure, found `str`
[INFO] [stdout]     |                             |
[INFO] [stdout]     |                             required by a bound introduced by this call
[INFO] [stdout]     |
[INFO] [stdout]     = help: the trait `Fn<(Annotated<_>,)>` is not implemented for `str`, which is required by `&str: Parser<Annotated<_>, _, _>`
[INFO] [stdout]     = help: the following other types implement trait `Parser<I, O, E>`:
[INFO] [stdout]               <Box<(dyn Parser<I, O, E> + 'a)> as Parser<I, O, E>>
[INFO] [stdout]               <nom::Map<F, G, O1> as Parser<I, O2, E>>
[INFO] [stdout]               <nom::FlatMap<F, G, O1> as Parser<I, O2, E>>
[INFO] [stdout]               <AndThen<F, G, O1> as Parser<I, O2, E>>
[INFO] [stdout]               <And<F, G> as Parser<I, (O1, O2), E>>
[INFO] [stdout]               <Or<F, G> as Parser<I, O, E>>
[INFO] [stdout]               <nom::Into<F, O1, O2, E1, E2> as Parser<I, O2, E2>>
[INFO] [stdout]     = note: required for `&str` to implement `FnOnce<(Annotated<_>,)>`
[INFO] [stdout]     = note: required for `&str` to implement `Parser<Annotated<_>, _, _>`
[INFO] [stdout] note: required by a bound in `parse::parse`
[INFO] [stdout]    --> src/parse.rs:402:12
[INFO] [stdout]     |
[INFO] [stdout] 397 | pub fn parse<Parse, Error, Output, Fragment>(
[INFO] [stdout]     |        ----- required by a bound in this function
[INFO] [stdout] ...
[INFO] [stdout] 402 |     Parse: Parser<Annotated<Fragment>, Output, Error>,
[INFO] [stdout]     |            ^^^^^^^^^^^^^^^^^^^^^^^^^^^^^^^^^^^^^^^^^^ required by this bound in `parse`
[INFO] [stdout] 
[INFO] [stdout] 
[INFO] [stdout] error[E0061]: this function takes 2 arguments but 3 arguments were supplied
[INFO] [stdout]    --> src/parse.rs:537:29
[INFO] [stdout]     |
[INFO] [stdout] 537 |         let (span, value) = parse("Two bytes", |s| s.to_string(), be_u16)(span)?;
[INFO] [stdout]     |                             ^^^^^                               --------
[INFO] [stdout]     |                                                                 | |
[INFO] [stdout]     |                                                                 | unexpected argument of type `fn(_) -> Result<(_, u16), nom::Err<_>> {nom::number::complete::be_u16::<_, _>}`
[INFO] [stdout]     |                                                                 help: remove the extra argument
[INFO] [stdout]     |
[INFO] [stdout] note: function defined here
[INFO] [stdout]    --> src/parse.rs:397:8
[INFO] [stdout]     |
[INFO] [stdout] 397 | pub fn parse<Parse, Error, Output, Fragment>(
[INFO] [stdout]     |        ^^^^^
[INFO] [stdout] 398 |     mut parse: Parse,
[INFO] [stdout]     |     ----------------
[INFO] [stdout] 399 |     ann: Ann<Output>,
[INFO] [stdout]     |     ----------------
[INFO] [stdout] 
[INFO] [stdout] 
[INFO] [stdout] error[E0609]: no field `intervals` on type `Annotated<&[u8]>`
[INFO] [stdout]    --> src/parse.rs:540:27
[INFO] [stdout]     |
[INFO] [stdout] 540 |             let sp = span.intervals.borrow();
[INFO] [stdout]     |                           ^^^^^^^^^ unknown field
[INFO] [stdout]     |
[INFO] [stdout]     = note: available fields are: `next_index`, `next_offset`, `next_fragment`, `tree`, `last_range` ... and 3 others
[INFO] [stdout] 
[INFO] [stdout] 
[INFO] [stdout] error[E0107]: struct takes 1 generic argument but 2 generic arguments were supplied
[INFO] [stdout]    --> src/parse.rs:571:19
[INFO] [stdout]     |
[INFO] [stdout] 571 |         let span: Annotated<&[u8], String> = Annotated::new(&[100, 50, 0]);
[INFO] [stdout]     |                   ^^^^^^^^^        ------ help: remove this generic argument
[INFO] [stdout]     |                   |
[INFO] [stdout]     |                   expected 1 generic argument
[INFO] [stdout]     |
[INFO] [stdout] note: struct defined here, with 1 generic parameter: `Fragment`
[INFO] [stdout]    --> src/parse.rs:61:12
[INFO] [stdout]     |
[INFO] [stdout] 61  | pub struct Annotated<Fragment> {
[INFO] [stdout]     |            ^^^^^^^^^ --------
[INFO] [stdout] 
[INFO] [stdout] 
[INFO] [stdout] error[E0277]: expected a `Fn(Annotated<_>)` closure, found `str`
[INFO] [stdout]    --> src/parse.rs:580:35
[INFO] [stdout]     |
[INFO] [stdout] 580 |         let (span, value) = parse("One byte", |s| s.to_string(), be_u8)(span)?;
[INFO] [stdout]     |                             ----- ^^^^^^^^^^ expected an `Fn(Annotated<_>)` closure, found `str`
[INFO] [stdout]     |                             |
[INFO] [stdout]     |                             required by a bound introduced by this call
[INFO] [stdout]     |
[INFO] [stdout]     = help: the trait `Fn<(Annotated<_>,)>` is not implemented for `str`, which is required by `&str: Parser<Annotated<_>, _, _>`
[INFO] [stdout]     = help: the following other types implement trait `Parser<I, O, E>`:
[INFO] [stdout]               <Box<(dyn Parser<I, O, E> + 'a)> as Parser<I, O, E>>
[INFO] [stdout]               <nom::Map<F, G, O1> as Parser<I, O2, E>>
[INFO] [stdout]               <nom::FlatMap<F, G, O1> as Parser<I, O2, E>>
[INFO] [stdout]               <AndThen<F, G, O1> as Parser<I, O2, E>>
[INFO] [stdout]               <And<F, G> as Parser<I, (O1, O2), E>>
[INFO] [stdout]               <Or<F, G> as Parser<I, O, E>>
[INFO] [stdout]               <nom::Into<F, O1, O2, E1, E2> as Parser<I, O2, E2>>
[INFO] [stdout]     = note: required for `&str` to implement `FnOnce<(Annotated<_>,)>`
[INFO] [stdout]     = note: required for `&str` to implement `Parser<Annotated<_>, _, _>`
[INFO] [stdout] note: required by a bound in `parse::parse`
[INFO] [stdout]    --> src/parse.rs:402:12
[INFO] [stdout]     |
[INFO] [stdout] 397 | pub fn parse<Parse, Error, Output, Fragment>(
[INFO] [stdout]     |        ----- required by a bound in this function
[INFO] [stdout] ...
[INFO] [stdout] 402 |     Parse: Parser<Annotated<Fragment>, Output, Error>,
[INFO] [stdout]     |            ^^^^^^^^^^^^^^^^^^^^^^^^^^^^^^^^^^^^^^^^^^ required by this bound in `parse`
[INFO] [stdout] 
[INFO] [stdout] 
[INFO] [stdout] error[E0061]: this function takes 2 arguments but 3 arguments were supplied
[INFO] [stdout]    --> src/parse.rs:580:29
[INFO] [stdout]     |
[INFO] [stdout] 580 |         let (span, value) = parse("One byte", |s| s.to_string(), be_u8)(span)?;
[INFO] [stdout]     |                             ^^^^^                              -------
[INFO] [stdout]     |                                                                | |
[INFO] [stdout]     |                                                                | unexpected argument of type `fn(_) -> Result<(_, u8), nom::Err<_>> {nom::number::complete::be_u8::<_, _>}`
[INFO] [stdout]     |                                                                help: remove the extra argument
[INFO] [stdout]     |
[INFO] [stdout] note: function defined here
[INFO] [stdout]    --> src/parse.rs:397:8
[INFO] [stdout]     |
[INFO] [stdout] 397 | pub fn parse<Parse, Error, Output, Fragment>(
[INFO] [stdout]     |        ^^^^^
[INFO] [stdout] 398 |     mut parse: Parse,
[INFO] [stdout]     |     ----------------
[INFO] [stdout] 399 |     ann: Ann<Output>,
[INFO] [stdout]     |     ----------------
[INFO] [stdout] 
[INFO] [stdout] 
[INFO] [stdout] error[E0609]: no field `intervals` on type `Annotated<&[u8]>`
[INFO] [stdout]    --> src/parse.rs:584:27
[INFO] [stdout]     |
[INFO] [stdout] 584 |             let sp = span.intervals.borrow();
[INFO] [stdout]     |                           ^^^^^^^^^ unknown field
[INFO] [stdout]     |
[INFO] [stdout]     = note: available fields are: `next_index`, `next_offset`, `next_fragment`, `tree`, `last_range` ... and 3 others
[INFO] [stdout] 
[INFO] [stdout] 
[INFO] [stdout] error[E0277]: expected a `Fn(Annotated<_>)` closure, found `str`
[INFO] [stdout]    --> src/parse.rs:609:35
[INFO] [stdout]     |
[INFO] [stdout] 609 |         let (span, value) = parse("Zero byte", |s| s.to_string(), success(123u16))(span)?;
[INFO] [stdout]     |                             ----- ^^^^^^^^^^^ expected an `Fn(Annotated<_>)` closure, found `str`
[INFO] [stdout]     |                             |
[INFO] [stdout]     |                             required by a bound introduced by this call
[INFO] [stdout]     |
[INFO] [stdout]     = help: the trait `Fn<(Annotated<_>,)>` is not implemented for `str`, which is required by `&str: Parser<Annotated<_>, _, _>`
[INFO] [stdout]     = help: the following other types implement trait `Parser<I, O, E>`:
[INFO] [stdout]               <Box<(dyn Parser<I, O, E> + 'a)> as Parser<I, O, E>>
[INFO] [stdout]               <nom::Map<F, G, O1> as Parser<I, O2, E>>
[INFO] [stdout]               <nom::FlatMap<F, G, O1> as Parser<I, O2, E>>
[INFO] [stdout]               <AndThen<F, G, O1> as Parser<I, O2, E>>
[INFO] [stdout]               <And<F, G> as Parser<I, (O1, O2), E>>
[INFO] [stdout]               <Or<F, G> as Parser<I, O, E>>
[INFO] [stdout]               <nom::Into<F, O1, O2, E1, E2> as Parser<I, O2, E2>>
[INFO] [stdout]     = note: required for `&str` to implement `FnOnce<(Annotated<_>,)>`
[INFO] [stdout]     = note: required for `&str` to implement `Parser<Annotated<_>, _, _>`
[INFO] [stdout] note: required by a bound in `parse::parse`
[INFO] [stdout]    --> src/parse.rs:402:12
[INFO] [stdout]     |
[INFO] [stdout] 397 | pub fn parse<Parse, Error, Output, Fragment>(
[INFO] [stdout]     |        ----- required by a bound in this function
[INFO] [stdout] ...
[INFO] [stdout] 402 |     Parse: Parser<Annotated<Fragment>, Output, Error>,
[INFO] [stdout]     |            ^^^^^^^^^^^^^^^^^^^^^^^^^^^^^^^^^^^^^^^^^^ required by this bound in `parse`
[INFO] [stdout] 
[INFO] [stdout] 
[INFO] [stdout] error[E0061]: this function takes 2 arguments but 3 arguments were supplied
[INFO] [stdout]    --> src/parse.rs:609:29
[INFO] [stdout]     |
[INFO] [stdout] 609 |         let (span, value) = parse("Zero byte", |s| s.to_string(), success(123u16))(span)?;
[INFO] [stdout]     |                             ^^^^^                               -----------------
[INFO] [stdout]     |                                                                 | |
[INFO] [stdout]     |                                                                 | unexpected argument of type `impl Fn(_) -> Result<(_, u16), nom::Err<_>>`
[INFO] [stdout]     |                                                                 help: remove the extra argument
[INFO] [stdout]     |
[INFO] [stdout] note: function defined here
[INFO] [stdout]    --> src/parse.rs:397:8
[INFO] [stdout]     |
[INFO] [stdout] 397 | pub fn parse<Parse, Error, Output, Fragment>(
[INFO] [stdout]     |        ^^^^^
[INFO] [stdout] 398 |     mut parse: Parse,
[INFO] [stdout]     |     ----------------
[INFO] [stdout] 399 |     ann: Ann<Output>,
[INFO] [stdout]     |     ----------------
[INFO] [stdout] 
[INFO] [stdout] 
[INFO] [stdout] error[E0609]: no field `intervals` on type `Annotated<&[u8]>`
[INFO] [stdout]    --> src/parse.rs:613:27
[INFO] [stdout]     |
[INFO] [stdout] 613 |             let sp = span.intervals.borrow();
[INFO] [stdout]     |                           ^^^^^^^^^ unknown field
[INFO] [stdout]     |
[INFO] [stdout]     = note: available fields are: `next_index`, `next_offset`, `next_fragment`, `tree`, `last_range` ... and 3 others
[INFO] [stdout] 
[INFO] [stdout] 
[INFO] [stdout] error[E0277]: expected a `Fn(Annotated<_>)` closure, found `str`
[INFO] [stdout]    --> src/parse.rs:639:35
[INFO] [stdout]     |
[INFO] [stdout] 639 |         let (span, value) = parse("Two bytes", |s| s.to_string(), be_u16)(span)?;
[INFO] [stdout]     |                             ----- ^^^^^^^^^^^ expected an `Fn(Annotated<_>)` closure, found `str`
[INFO] [stdout]     |                             |
[INFO] [stdout]     |                             required by a bound introduced by this call
[INFO] [stdout]     |
[INFO] [stdout]     = help: the trait `Fn<(Annotated<_>,)>` is not implemented for `str`, which is required by `&str: Parser<Annotated<_>, _, _>`
[INFO] [stdout]     = help: the following other types implement trait `Parser<I, O, E>`:
[INFO] [stdout]               <Box<(dyn Parser<I, O, E> + 'a)> as Parser<I, O, E>>
[INFO] [stdout]               <nom::Map<F, G, O1> as Parser<I, O2, E>>
[INFO] [stdout]               <nom::FlatMap<F, G, O1> as Parser<I, O2, E>>
[INFO] [stdout]               <AndThen<F, G, O1> as Parser<I, O2, E>>
[INFO] [stdout]               <And<F, G> as Parser<I, (O1, O2), E>>
[INFO] [stdout]               <Or<F, G> as Parser<I, O, E>>
[INFO] [stdout]               <nom::Into<F, O1, O2, E1, E2> as Parser<I, O2, E2>>
[INFO] [stdout]     = note: required for `&str` to implement `FnOnce<(Annotated<_>,)>`
[INFO] [stdout]     = note: required for `&str` to implement `Parser<Annotated<_>, _, _>`
[INFO] [stdout] note: required by a bound in `parse::parse`
[INFO] [stdout]    --> src/parse.rs:402:12
[INFO] [stdout]     |
[INFO] [stdout] 397 | pub fn parse<Parse, Error, Output, Fragment>(
[INFO] [stdout]     |        ----- required by a bound in this function
[INFO] [stdout] ...
[INFO] [stdout] 402 |     Parse: Parser<Annotated<Fragment>, Output, Error>,
[INFO] [stdout]     |            ^^^^^^^^^^^^^^^^^^^^^^^^^^^^^^^^^^^^^^^^^^ required by this bound in `parse`
[INFO] [stdout] 
[INFO] [stdout] 
[INFO] [stdout] error[E0061]: this function takes 2 arguments but 3 arguments were supplied
[INFO] [stdout]    --> src/parse.rs:639:29
[INFO] [stdout]     |
[INFO] [stdout] 639 |         let (span, value) = parse("Two bytes", |s| s.to_string(), be_u16)(span)?;
[INFO] [stdout]     |                             ^^^^^                               --------
[INFO] [stdout]     |                                                                 | |
[INFO] [stdout]     |                                                                 | unexpected argument of type `fn(_) -> Result<(_, u16), nom::Err<_>> {nom::number::complete::be_u16::<_, _>}`
[INFO] [stdout]     |                                                                 help: remove the extra argument
[INFO] [stdout]     |
[INFO] [stdout] note: function defined here
[INFO] [stdout]    --> src/parse.rs:397:8
[INFO] [stdout]     |
[INFO] [stdout] 397 | pub fn parse<Parse, Error, Output, Fragment>(
[INFO] [stdout]     |        ^^^^^
[INFO] [stdout] 398 |     mut parse: Parse,
[INFO] [stdout]     |     ----------------
[INFO] [stdout] 399 |     ann: Ann<Output>,
[INFO] [stdout]     |     ----------------
[INFO] [stdout] 
[INFO] [stdout] 
[INFO] [stdout] error[E0609]: no field `intervals` on type `Annotated<&[u8]>`
[INFO] [stdout]    --> src/parse.rs:643:27
[INFO] [stdout]     |
[INFO] [stdout] 643 |             let sp = span.intervals.borrow();
[INFO] [stdout]     |                           ^^^^^^^^^ unknown field
[INFO] [stdout]     |
[INFO] [stdout]     = note: available fields are: `next_index`, `next_offset`, `next_fragment`, `tree`, `last_range` ... and 3 others
[INFO] [stdout] 
[INFO] [stdout] 
[INFO] [stdout] error: aborting due to 18 previous errors
[INFO] [stdout] 
[INFO] [stdout] 
[INFO] [stdout] Some errors have detailed explanations: E0061, E0107, E0277, E0609.
[INFO] [stdout] 
[INFO] [stdout] For more information about an error, try `rustc --explain E0061`.
[INFO] [stdout] 
[INFO] [stderr] error: could not compile `bitsplain` (lib test) due to 19 previous errors
[INFO] [stderr] warning: build failed, waiting for other jobs to finish...
[INFO] [stdout] warning: variant `Before` is never constructed
[INFO] [stdout]   --> src/parse.rs:41:5
[INFO] [stdout]    |
[INFO] [stdout] 37 | enum Place {
[INFO] [stdout]    |      ----- variant in this enum
[INFO] [stdout] ...
[INFO] [stdout] 41 |     Before,
[INFO] [stdout]    |     ^^^^^^
[INFO] [stdout]    |
[INFO] [stdout]    = note: `Place` has derived impls for the traits `Debug` and `Clone`, but these are intentionally ignored during dead code analysis
[INFO] [stdout]    = note: `#[warn(dead_code)]` on by default
[INFO] [stdout] 
[INFO] [stdout] 
[INFO] [stdout] warning: 1 warning emitted
[INFO] [stdout] 
[INFO] [stdout] 
[INFO] running `Command { std: "docker" "inspect" "60fa872f6f3b22fb03b55d6bb27d8360e0a19bdf30d26259f0b0a19c252c6d0d", kill_on_drop: false }`
[INFO] running `Command { std: "docker" "rm" "-f" "60fa872f6f3b22fb03b55d6bb27d8360e0a19bdf30d26259f0b0a19c252c6d0d", kill_on_drop: false }`
[INFO] [stdout] 60fa872f6f3b22fb03b55d6bb27d8360e0a19bdf30d26259f0b0a19c252c6d0d
[INFO] checking bitsplain-0.1.0-alpha.1 against nightly-2024-02-05+rustflags=-Dunexpected_cfgs+cargoflags=-Zcheck-cfg for check-cfg
[INFO] extracting crate bitsplain 0.1.0-alpha.1 into /workspace/builds/worker-0-tc2/source
[INFO] validating manifest of crates.io crate bitsplain 0.1.0-alpha.1 on toolchain nightly-2024-02-05
[INFO] running `Command { std: CARGO_HOME="/workspace/cargo-home" RUSTUP_HOME="/workspace/rustup-home" "/workspace/cargo-home/bin/cargo" "+nightly-2024-02-05" "metadata" "--manifest-path" "Cargo.toml" "--no-deps", kill_on_drop: false }`
[INFO] started tweaking crates.io crate bitsplain 0.1.0-alpha.1
[INFO] finished tweaking crates.io crate bitsplain 0.1.0-alpha.1
[INFO] tweaked toml for crates.io crate bitsplain 0.1.0-alpha.1 written to /workspace/builds/worker-0-tc2/source/Cargo.toml
[INFO] running `Command { std: CARGO_HOME="/workspace/cargo-home" RUSTUP_HOME="/workspace/rustup-home" "/workspace/cargo-home/bin/cargo" "+nightly-2024-02-05" "generate-lockfile" "--manifest-path" "Cargo.toml", kill_on_drop: false }`
[INFO] [stderr]     Updating crates.io index
[INFO] running `Command { std: CARGO_HOME="/workspace/cargo-home" RUSTUP_HOME="/workspace/rustup-home" "/workspace/cargo-home/bin/cargo" "+nightly-2024-02-05" "fetch" "--manifest-path" "Cargo.toml", kill_on_drop: false }`
[INFO] running `Command { std: "docker" "create" "-v" "/var/lib/crater-agent-workspace/builds/worker-0-tc2/target:/opt/rustwide/target:rw,Z" "-v" "/var/lib/crater-agent-workspace/builds/worker-0-tc2/source:/opt/rustwide/workdir:ro,Z" "-v" "/var/lib/crater-agent-workspace/cargo-home:/opt/rustwide/cargo-home:ro,Z" "-v" "/var/lib/crater-agent-workspace/rustup-home:/opt/rustwide/rustup-home:ro,Z" "-e" "SOURCE_DIR=/opt/rustwide/workdir" "-e" "CARGO_TARGET_DIR=/opt/rustwide/target" "-e" "CARGO_HOME=/opt/rustwide/cargo-home" "-e" "RUSTUP_HOME=/opt/rustwide/rustup-home" "-w" "/opt/rustwide/workdir" "-m" "1610612736" "--user" "0:0" "--network" "none" "ghcr.io/rust-lang/crates-build-env/linux@sha256:2788e3201cd34a07e3172128adcd8b3090168a8e3bcc40d7c032b9dda1df7d1c" "/opt/rustwide/cargo-home/bin/cargo" "+nightly-2024-02-05" "metadata" "--no-deps" "--format-version=1", kill_on_drop: false }`
[INFO] [stdout] 3de2b561b9c86a11138e789c1b2132f629140439dea5afbcafc448148358e214
[INFO] running `Command { std: "docker" "start" "-a" "3de2b561b9c86a11138e789c1b2132f629140439dea5afbcafc448148358e214", kill_on_drop: false }`
[INFO] running `Command { std: "docker" "inspect" "3de2b561b9c86a11138e789c1b2132f629140439dea5afbcafc448148358e214", kill_on_drop: false }`
[INFO] running `Command { std: "docker" "rm" "-f" "3de2b561b9c86a11138e789c1b2132f629140439dea5afbcafc448148358e214", kill_on_drop: false }`
[INFO] [stdout] 3de2b561b9c86a11138e789c1b2132f629140439dea5afbcafc448148358e214
[INFO] running `Command { std: "docker" "create" "-v" "/var/lib/crater-agent-workspace/builds/worker-0-tc2/target:/opt/rustwide/target:rw,Z" "-v" "/var/lib/crater-agent-workspace/builds/worker-0-tc2/source:/opt/rustwide/workdir:ro,Z" "-v" "/var/lib/crater-agent-workspace/cargo-home:/opt/rustwide/cargo-home:ro,Z" "-v" "/var/lib/crater-agent-workspace/rustup-home:/opt/rustwide/rustup-home:ro,Z" "-e" "SOURCE_DIR=/opt/rustwide/workdir" "-e" "CARGO_TARGET_DIR=/opt/rustwide/target" "-e" "CARGO_INCREMENTAL=0" "-e" "RUST_BACKTRACE=full" "-e" "RUSTFLAGS=--cap-lints=forbid -Dunexpected_cfgs" "-e" "RUSTDOCFLAGS=--cap-lints=forbid" "-e" "CARGO_HOME=/opt/rustwide/cargo-home" "-e" "RUSTUP_HOME=/opt/rustwide/rustup-home" "-w" "/opt/rustwide/workdir" "-m" "1610612736" "--user" "0:0" "--network" "none" "ghcr.io/rust-lang/crates-build-env/linux@sha256:2788e3201cd34a07e3172128adcd8b3090168a8e3bcc40d7c032b9dda1df7d1c" "/opt/rustwide/cargo-home/bin/cargo" "+nightly-2024-02-05" "check" "--frozen" "--all" "--all-targets" "--message-format=json" "-Zcheck-cfg", kill_on_drop: false }`
[INFO] [stdout] 32251a6e674a9e1173c48499226daba87fe6dad868b300be67c5fb5e4dacc717
[INFO] running `Command { std: "docker" "start" "-a" "32251a6e674a9e1173c48499226daba87fe6dad868b300be67c5fb5e4dacc717", kill_on_drop: false }`
[INFO] [stderr]     Checking bitcoin_hashes v0.11.0
[INFO] [stderr]    Compiling rust_decimal v1.34.2
[INFO] [stderr]     Checking arrayvec v0.7.4
[INFO] [stderr]    Compiling serde v1.0.196
[INFO] [stderr]     Checking nom v7.1.3
[INFO] [stderr]     Checking inventory v0.3.15
[INFO] [stderr]    Compiling num-traits v0.2.17
[INFO] [stderr]     Checking time v0.3.34
[INFO] [stderr]    Compiling secp256k1-sys v0.6.1
[INFO] [stderr]     Checking secp256k1 v0.24.3
[INFO] [stderr]     Checking bitcoin v0.29.2
[INFO] [stderr]     Checking lightning v0.0.113
[INFO] [stderr]     Checking bitsplain v0.1.0-alpha.1 (/opt/rustwide/workdir)
[INFO] [stdout] error[E0107]: struct takes 1 generic argument but 2 generic arguments were supplied
[INFO] [stdout]    --> src/parse.rs:497:61
[INFO] [stdout]     |
[INFO] [stdout] 497 |     type TestResult = Result<(), nom::Err<nom::error::Error<Annotated<&'static [u8], String>>>>;
[INFO] [stdout]     |                                                             ^^^^^^^^^                ------ help: remove this generic argument
[INFO] [stdout]     |                                                             |
[INFO] [stdout]     |                                                             expected 1 generic argument
[INFO] [stdout]     |
[INFO] [stdout] note: struct defined here, with 1 generic parameter: `Fragment`
[INFO] [stdout]    --> src/parse.rs:61:12
[INFO] [stdout]     |
[INFO] [stdout] 61  | pub struct Annotated<Fragment> {
[INFO] [stdout]     |            ^^^^^^^^^ --------
[INFO] [stdout] 
[INFO] [stdout] 
[INFO] [stdout] error[E0107]: struct takes 1 generic argument but 2 generic arguments were supplied
[INFO] [stdout]    --> src/parse.rs:501:19
[INFO] [stdout]     |
[INFO] [stdout] 501 |         let span: Annotated<&[u8], String> = Annotated::new(&[100, 50, 0]);
[INFO] [stdout]     |                   ^^^^^^^^^        ------ help: remove this generic argument
[INFO] [stdout]     |                   |
[INFO] [stdout]     |                   expected 1 generic argument
[INFO] [stdout]     |
[INFO] [stdout] note: struct defined here, with 1 generic parameter: `Fragment`
[INFO] [stdout]    --> src/parse.rs:61:12
[INFO] [stdout]     |
[INFO] [stdout] 61  | pub struct Annotated<Fragment> {
[INFO] [stdout]     |            ^^^^^^^^^ --------
[INFO] [stdout] 
[INFO] [stdout] 
[INFO] [stdout] error[E0277]: expected a `Fn(Annotated<_>)` closure, found `str`
[INFO] [stdout]    --> src/parse.rs:509:35
[INFO] [stdout]     |
[INFO] [stdout] 509 |         let (span, value) = parse("One byte", |s| s.to_string(), be_u8)(span)?;
[INFO] [stdout]     |                             ----- ^^^^^^^^^^ expected an `Fn(Annotated<_>)` closure, found `str`
[INFO] [stdout]     |                             |
[INFO] [stdout]     |                             required by a bound introduced by this call
[INFO] [stdout]     |
[INFO] [stdout]     = help: the trait `Fn<(Annotated<_>,)>` is not implemented for `str`, which is required by `&str: Parser<Annotated<_>, _, _>`
[INFO] [stdout]     = help: the following other types implement trait `Parser<I, O, E>`:
[INFO] [stdout]               <Box<(dyn Parser<I, O, E> + 'a)> as Parser<I, O, E>>
[INFO] [stdout]               <nom::Map<F, G, O1> as Parser<I, O2, E>>
[INFO] [stdout]               <nom::FlatMap<F, G, O1> as Parser<I, O2, E>>
[INFO] [stdout]               <AndThen<F, G, O1> as Parser<I, O2, E>>
[INFO] [stdout]               <And<F, G> as Parser<I, (O1, O2), E>>
[INFO] [stdout]               <Or<F, G> as Parser<I, O, E>>
[INFO] [stdout]               <nom::Into<F, O1, O2, E1, E2> as Parser<I, O2, E2>>
[INFO] [stdout]     = note: required for `&str` to implement `FnOnce<(Annotated<_>,)>`
[INFO] [stdout]     = note: required for `&str` to implement `Parser<Annotated<_>, _, _>`
[INFO] [stdout] note: required by a bound in `parse::parse`
[INFO] [stdout]    --> src/parse.rs:402:12
[INFO] [stdout]     |
[INFO] [stdout] 397 | pub fn parse<Parse, Error, Output, Fragment>(
[INFO] [stdout]     |        ----- required by a bound in this function
[INFO] [stdout] ...
[INFO] [stdout] 402 |     Parse: Parser<Annotated<Fragment>, Output, Error>,
[INFO] [stdout]     |            ^^^^^^^^^^^^^^^^^^^^^^^^^^^^^^^^^^^^^^^^^^ required by this bound in `parse`
[INFO] [stdout] 
[INFO] [stdout] 
[INFO] [stdout] error[E0061]: this function takes 2 arguments but 3 arguments were supplied
[INFO] [stdout]    --> src/parse.rs:509:29
[INFO] [stdout]     |
[INFO] [stdout] 509 |         let (span, value) = parse("One byte", |s| s.to_string(), be_u8)(span)?;
[INFO] [stdout]     |                             ^^^^^                              -------
[INFO] [stdout]     |                                                                | |
[INFO] [stdout]     |                                                                | unexpected argument of type `fn(_) -> Result<(_, u8), nom::Err<_>> {nom::number::complete::be_u8::<_, _>}`
[INFO] [stdout]     |                                                                help: remove the extra argument
[INFO] [stdout]     |
[INFO] [stdout] note: function defined here
[INFO] [stdout]    --> src/parse.rs:397:8
[INFO] [stdout]     |
[INFO] [stdout] 397 | pub fn parse<Parse, Error, Output, Fragment>(
[INFO] [stdout]     |        ^^^^^
[INFO] [stdout] 398 |     mut parse: Parse,
[INFO] [stdout]     |     ----------------
[INFO] [stdout] 399 |     ann: Ann<Output>,
[INFO] [stdout]     |     ----------------
[INFO] [stdout] 
[INFO] [stdout] 
[INFO] [stdout] error[E0609]: no field `intervals` on type `Annotated<&[u8]>`
[INFO] [stdout]    --> src/parse.rs:512:27
[INFO] [stdout]     |
[INFO] [stdout] 512 |             let sp = span.intervals.borrow();
[INFO] [stdout]     |                           ^^^^^^^^^ unknown field
[INFO] [stdout]     |
[INFO] [stdout]     = note: available fields are: `next_index`, `next_offset`, `next_fragment`, `tree`, `last_range` ... and 3 others
[INFO] [stdout] 
[INFO] [stdout] 
[INFO] [stdout] error[E0277]: expected a `Fn(Annotated<_>)` closure, found `str`
[INFO] [stdout]    --> src/parse.rs:537:35
[INFO] [stdout]     |
[INFO] [stdout] 537 |         let (span, value) = parse("Two bytes", |s| s.to_string(), be_u16)(span)?;
[INFO] [stdout]     |                             ----- ^^^^^^^^^^^ expected an `Fn(Annotated<_>)` closure, found `str`
[INFO] [stdout]     |                             |
[INFO] [stdout]     |                             required by a bound introduced by this call
[INFO] [stdout]     |
[INFO] [stdout]     = help: the trait `Fn<(Annotated<_>,)>` is not implemented for `str`, which is required by `&str: Parser<Annotated<_>, _, _>`
[INFO] [stdout]     = help: the following other types implement trait `Parser<I, O, E>`:
[INFO] [stdout]               <Box<(dyn Parser<I, O, E> + 'a)> as Parser<I, O, E>>
[INFO] [stdout]               <nom::Map<F, G, O1> as Parser<I, O2, E>>
[INFO] [stdout]               <nom::FlatMap<F, G, O1> as Parser<I, O2, E>>
[INFO] [stdout]               <AndThen<F, G, O1> as Parser<I, O2, E>>
[INFO] [stdout]               <And<F, G> as Parser<I, (O1, O2), E>>
[INFO] [stdout]               <Or<F, G> as Parser<I, O, E>>
[INFO] [stdout]               <nom::Into<F, O1, O2, E1, E2> as Parser<I, O2, E2>>
[INFO] [stdout]     = note: required for `&str` to implement `FnOnce<(Annotated<_>,)>`
[INFO] [stdout]     = note: required for `&str` to implement `Parser<Annotated<_>, _, _>`
[INFO] [stdout] note: required by a bound in `parse::parse`
[INFO] [stdout]    --> src/parse.rs:402:12
[INFO] [stdout]     |
[INFO] [stdout] 397 | pub fn parse<Parse, Error, Output, Fragment>(
[INFO] [stdout]     |        ----- required by a bound in this function
[INFO] [stdout] ...
[INFO] [stdout] 402 |     Parse: Parser<Annotated<Fragment>, Output, Error>,
[INFO] [stdout]     |            ^^^^^^^^^^^^^^^^^^^^^^^^^^^^^^^^^^^^^^^^^^ required by this bound in `parse`
[INFO] [stdout] 
[INFO] [stdout] 
[INFO] [stdout] error[E0061]: this function takes 2 arguments but 3 arguments were supplied
[INFO] [stdout]    --> src/parse.rs:537:29
[INFO] [stdout]     |
[INFO] [stdout] 537 |         let (span, value) = parse("Two bytes", |s| s.to_string(), be_u16)(span)?;
[INFO] [stdout]     |                             ^^^^^                               --------
[INFO] [stdout]     |                                                                 | |
[INFO] [stdout]     |                                                                 | unexpected argument of type `fn(_) -> Result<(_, u16), nom::Err<_>> {nom::number::complete::be_u16::<_, _>}`
[INFO] [stdout]     |                                                                 help: remove the extra argument
[INFO] [stdout]     |
[INFO] [stdout] note: function defined here
[INFO] [stdout]    --> src/parse.rs:397:8
[INFO] [stdout]     |
[INFO] [stdout] 397 | pub fn parse<Parse, Error, Output, Fragment>(
[INFO] [stdout]     |        ^^^^^
[INFO] [stdout] 398 |     mut parse: Parse,
[INFO] [stdout]     |     ----------------
[INFO] [stdout] 399 |     ann: Ann<Output>,
[INFO] [stdout]     |     ----------------
[INFO] [stdout] 
[INFO] [stdout] 
[INFO] [stdout] error[E0609]: no field `intervals` on type `Annotated<&[u8]>`
[INFO] [stdout]    --> src/parse.rs:540:27
[INFO] [stdout]     |
[INFO] [stdout] 540 |             let sp = span.intervals.borrow();
[INFO] [stdout]     |                           ^^^^^^^^^ unknown field
[INFO] [stdout]     |
[INFO] [stdout]     = note: available fields are: `next_index`, `next_offset`, `next_fragment`, `tree`, `last_range` ... and 3 others
[INFO] [stdout] 
[INFO] [stdout] 
[INFO] [stdout] error[E0107]: struct takes 1 generic argument but 2 generic arguments were supplied
[INFO] [stdout]    --> src/parse.rs:571:19
[INFO] [stdout]     |
[INFO] [stdout] 571 |         let span: Annotated<&[u8], String> = Annotated::new(&[100, 50, 0]);
[INFO] [stdout]     |                   ^^^^^^^^^        ------ help: remove this generic argument
[INFO] [stdout]     |                   |
[INFO] [stdout]     |                   expected 1 generic argument
[INFO] [stdout]     |
[INFO] [stdout] note: struct defined here, with 1 generic parameter: `Fragment`
[INFO] [stdout]    --> src/parse.rs:61:12
[INFO] [stdout]     |
[INFO] [stdout] 61  | pub struct Annotated<Fragment> {
[INFO] [stdout]     |            ^^^^^^^^^ --------
[INFO] [stdout] 
[INFO] [stdout] 
[INFO] [stdout] error[E0277]: expected a `Fn(Annotated<_>)` closure, found `str`
[INFO] [stdout]    --> src/parse.rs:580:35
[INFO] [stdout]     |
[INFO] [stdout] 580 |         let (span, value) = parse("One byte", |s| s.to_string(), be_u8)(span)?;
[INFO] [stdout]     |                             ----- ^^^^^^^^^^ expected an `Fn(Annotated<_>)` closure, found `str`
[INFO] [stdout]     |                             |
[INFO] [stdout]     |                             required by a bound introduced by this call
[INFO] [stdout]     |
[INFO] [stdout]     = help: the trait `Fn<(Annotated<_>,)>` is not implemented for `str`, which is required by `&str: Parser<Annotated<_>, _, _>`
[INFO] [stdout]     = help: the following other types implement trait `Parser<I, O, E>`:
[INFO] [stdout]               <Box<(dyn Parser<I, O, E> + 'a)> as Parser<I, O, E>>
[INFO] [stdout]               <nom::Map<F, G, O1> as Parser<I, O2, E>>
[INFO] [stdout]               <nom::FlatMap<F, G, O1> as Parser<I, O2, E>>
[INFO] [stdout]               <AndThen<F, G, O1> as Parser<I, O2, E>>
[INFO] [stdout]               <And<F, G> as Parser<I, (O1, O2), E>>
[INFO] [stdout]               <Or<F, G> as Parser<I, O, E>>
[INFO] [stdout]               <nom::Into<F, O1, O2, E1, E2> as Parser<I, O2, E2>>
[INFO] [stdout]     = note: required for `&str` to implement `FnOnce<(Annotated<_>,)>`
[INFO] [stdout]     = note: required for `&str` to implement `Parser<Annotated<_>, _, _>`
[INFO] [stdout] note: required by a bound in `parse::parse`
[INFO] [stdout]    --> src/parse.rs:402:12
[INFO] [stdout]     |
[INFO] [stdout] 397 | pub fn parse<Parse, Error, Output, Fragment>(
[INFO] [stdout]     |        ----- required by a bound in this function
[INFO] [stdout] ...
[INFO] [stdout] 402 |     Parse: Parser<Annotated<Fragment>, Output, Error>,
[INFO] [stdout]     |            ^^^^^^^^^^^^^^^^^^^^^^^^^^^^^^^^^^^^^^^^^^ required by this bound in `parse`
[INFO] [stdout] 
[INFO] [stdout] 
[INFO] [stdout] error[E0061]: this function takes 2 arguments but 3 arguments were supplied
[INFO] [stdout]    --> src/parse.rs:580:29
[INFO] [stdout]     |
[INFO] [stdout] 580 |         let (span, value) = parse("One byte", |s| s.to_string(), be_u8)(span)?;
[INFO] [stdout]     |                             ^^^^^                              -------
[INFO] [stdout]     |                                                                | |
[INFO] [stdout]     |                                                                | unexpected argument of type `fn(_) -> Result<(_, u8), nom::Err<_>> {nom::number::complete::be_u8::<_, _>}`
[INFO] [stdout]     |                                                                help: remove the extra argument
[INFO] [stdout]     |
[INFO] [stdout] note: function defined here
[INFO] [stdout]    --> src/parse.rs:397:8
[INFO] [stdout]     |
[INFO] [stdout] 397 | pub fn parse<Parse, Error, Output, Fragment>(
[INFO] [stdout]     |        ^^^^^
[INFO] [stdout] 398 |     mut parse: Parse,
[INFO] [stdout]     |     ----------------
[INFO] [stdout] 399 |     ann: Ann<Output>,
[INFO] [stdout]     |     ----------------
[INFO] [stdout] 
[INFO] [stdout] 
[INFO] [stdout] error[E0609]: no field `intervals` on type `Annotated<&[u8]>`
[INFO] [stdout]    --> src/parse.rs:584:27
[INFO] [stdout]     |
[INFO] [stdout] 584 |             let sp = span.intervals.borrow();
[INFO] [stdout]     |                           ^^^^^^^^^ unknown field
[INFO] [stdout]     |
[INFO] [stdout]     = note: available fields are: `next_index`, `next_offset`, `next_fragment`, `tree`, `last_range` ... and 3 others
[INFO] [stdout] 
[INFO] [stdout] 
[INFO] [stdout] error[E0277]: expected a `Fn(Annotated<_>)` closure, found `str`
[INFO] [stdout]    --> src/parse.rs:609:35
[INFO] [stdout]     |
[INFO] [stdout] 609 |         let (span, value) = parse("Zero byte", |s| s.to_string(), success(123u16))(span)?;
[INFO] [stdout]     |                             ----- ^^^^^^^^^^^ expected an `Fn(Annotated<_>)` closure, found `str`
[INFO] [stdout]     |                             |
[INFO] [stdout]     |                             required by a bound introduced by this call
[INFO] [stdout]     |
[INFO] [stdout]     = help: the trait `Fn<(Annotated<_>,)>` is not implemented for `str`, which is required by `&str: Parser<Annotated<_>, _, _>`
[INFO] [stdout]     = help: the following other types implement trait `Parser<I, O, E>`:
[INFO] [stdout]               <Box<(dyn Parser<I, O, E> + 'a)> as Parser<I, O, E>>
[INFO] [stdout]               <nom::Map<F, G, O1> as Parser<I, O2, E>>
[INFO] [stdout]               <nom::FlatMap<F, G, O1> as Parser<I, O2, E>>
[INFO] [stdout]               <AndThen<F, G, O1> as Parser<I, O2, E>>
[INFO] [stdout]               <And<F, G> as Parser<I, (O1, O2), E>>
[INFO] [stdout]               <Or<F, G> as Parser<I, O, E>>
[INFO] [stdout]               <nom::Into<F, O1, O2, E1, E2> as Parser<I, O2, E2>>
[INFO] [stdout]     = note: required for `&str` to implement `FnOnce<(Annotated<_>,)>`
[INFO] [stdout]     = note: required for `&str` to implement `Parser<Annotated<_>, _, _>`
[INFO] [stdout] note: required by a bound in `parse::parse`
[INFO] [stdout]    --> src/parse.rs:402:12
[INFO] [stdout]     |
[INFO] [stdout] 397 | pub fn parse<Parse, Error, Output, Fragment>(
[INFO] [stdout]     |        ----- required by a bound in this function
[INFO] [stdout] ...
[INFO] [stdout] 402 |     Parse: Parser<Annotated<Fragment>, Output, Error>,
[INFO] [stdout]     |            ^^^^^^^^^^^^^^^^^^^^^^^^^^^^^^^^^^^^^^^^^^ required by this bound in `parse`
[INFO] [stdout] 
[INFO] [stdout] 
[INFO] [stdout] error[E0061]: this function takes 2 arguments but 3 arguments were supplied
[INFO] [stdout]    --> src/parse.rs:609:29
[INFO] [stdout]     |
[INFO] [stdout] 609 |         let (span, value) = parse("Zero byte", |s| s.to_string(), success(123u16))(span)?;
[INFO] [stdout]     |                             ^^^^^                               -----------------
[INFO] [stdout]     |                                                                 | |
[INFO] [stdout]     |                                                                 | unexpected argument of type `impl Fn(_) -> Result<(_, u16), nom::Err<_>>`
[INFO] [stdout]     |                                                                 help: remove the extra argument
[INFO] [stdout]     |
[INFO] [stdout] note: function defined here
[INFO] [stdout]    --> src/parse.rs:397:8
[INFO] [stdout]     |
[INFO] [stdout] 397 | pub fn parse<Parse, Error, Output, Fragment>(
[INFO] [stdout]     |        ^^^^^
[INFO] [stdout] 398 |     mut parse: Parse,
[INFO] [stdout]     |     ----------------
[INFO] [stdout] 399 |     ann: Ann<Output>,
[INFO] [stdout]     |     ----------------
[INFO] [stdout] 
[INFO] [stdout] 
[INFO] [stdout] error[E0609]: no field `intervals` on type `Annotated<&[u8]>`
[INFO] [stdout]    --> src/parse.rs:613:27
[INFO] [stdout]     |
[INFO] [stdout] 613 |             let sp = span.intervals.borrow();
[INFO] [stdout]     |                           ^^^^^^^^^ unknown field
[INFO] [stdout]     |
[INFO] [stdout]     = note: available fields are: `next_index`, `next_offset`, `next_fragment`, `tree`, `last_range` ... and 3 others
[INFO] [stdout] 
[INFO] [stdout] 
[INFO] [stdout] error[E0277]: expected a `Fn(Annotated<_>)` closure, found `str`
[INFO] [stdout]    --> src/parse.rs:639:35
[INFO] [stdout]     |
[INFO] [stdout] 639 |         let (span, value) = parse("Two bytes", |s| s.to_string(), be_u16)(span)?;
[INFO] [stdout]     |                             ----- ^^^^^^^^^^^ expected an `Fn(Annotated<_>)` closure, found `str`
[INFO] [stdout]     |                             |
[INFO] [stdout]     |                             required by a bound introduced by this call
[INFO] [stdout]     |
[INFO] [stdout]     = help: the trait `Fn<(Annotated<_>,)>` is not implemented for `str`, which is required by `&str: Parser<Annotated<_>, _, _>`
[INFO] [stdout]     = help: the following other types implement trait `Parser<I, O, E>`:
[INFO] [stdout]               <Box<(dyn Parser<I, O, E> + 'a)> as Parser<I, O, E>>
[INFO] [stdout]               <nom::Map<F, G, O1> as Parser<I, O2, E>>
[INFO] [stdout]               <nom::FlatMap<F, G, O1> as Parser<I, O2, E>>
[INFO] [stdout]               <AndThen<F, G, O1> as Parser<I, O2, E>>
[INFO] [stdout]               <And<F, G> as Parser<I, (O1, O2), E>>
[INFO] [stdout]               <Or<F, G> as Parser<I, O, E>>
[INFO] [stdout]               <nom::Into<F, O1, O2, E1, E2> as Parser<I, O2, E2>>
[INFO] [stdout]     = note: required for `&str` to implement `FnOnce<(Annotated<_>,)>`
[INFO] [stdout]     = note: required for `&str` to implement `Parser<Annotated<_>, _, _>`
[INFO] [stdout] note: required by a bound in `parse::parse`
[INFO] [stdout]    --> src/parse.rs:402:12
[INFO] [stdout]     |
[INFO] [stdout] 397 | pub fn parse<Parse, Error, Output, Fragment>(
[INFO] [stdout]     |        ----- required by a bound in this function
[INFO] [stdout] ...
[INFO] [stdout] 402 |     Parse: Parser<Annotated<Fragment>, Output, Error>,
[INFO] [stdout]     |            ^^^^^^^^^^^^^^^^^^^^^^^^^^^^^^^^^^^^^^^^^^ required by this bound in `parse`
[INFO] [stdout] 
[INFO] [stdout] 
[INFO] [stdout] error[E0061]: this function takes 2 arguments but 3 arguments were supplied
[INFO] [stdout]    --> src/parse.rs:639:29
[INFO] [stdout]     |
[INFO] [stdout] 639 |         let (span, value) = parse("Two bytes", |s| s.to_string(), be_u16)(span)?;
[INFO] [stdout]     |                             ^^^^^                               --------
[INFO] [stdout]     |                                                                 | |
[INFO] [stdout]     |                                                                 | unexpected argument of type `fn(_) -> Result<(_, u16), nom::Err<_>> {nom::number::complete::be_u16::<_, _>}`
[INFO] [stdout]     |                                                                 help: remove the extra argument
[INFO] [stdout]     |
[INFO] [stdout] note: function defined here
[INFO] [stdout]    --> src/parse.rs:397:8
[INFO] [stdout]     |
[INFO] [stdout] 397 | pub fn parse<Parse, Error, Output, Fragment>(
[INFO] [stdout]     |        ^^^^^
[INFO] [stdout] 398 |     mut parse: Parse,
[INFO] [stdout]     |     ----------------
[INFO] [stdout] 399 |     ann: Ann<Output>,
[INFO] [stdout]     |     ----------------
[INFO] [stdout] 
[INFO] [stdout] 
[INFO] [stdout] error[E0609]: no field `intervals` on type `Annotated<&[u8]>`
[INFO] [stdout]    --> src/parse.rs:643:27
[INFO] [stdout]     |
[INFO] [stdout] 643 |             let sp = span.intervals.borrow();
[INFO] [stdout]     |                           ^^^^^^^^^ unknown field
[INFO] [stdout]     |
[INFO] [stdout]     = note: available fields are: `next_index`, `next_offset`, `next_fragment`, `tree`, `last_range` ... and 3 others
[INFO] [stdout] 
[INFO] [stdout] 
[INFO] [stdout] error: aborting due to 18 previous errors
[INFO] [stdout] 
[INFO] [stdout] 
[INFO] [stdout] Some errors have detailed explanations: E0061, E0107, E0277, E0609.
[INFO] [stdout] 
[INFO] [stdout] For more information about an error, try `rustc --explain E0061`.
[INFO] [stdout] 
[INFO] [stderr] error: could not compile `bitsplain` (lib test) due to 19 previous errors
[INFO] [stderr] warning: build failed, waiting for other jobs to finish...
[INFO] [stdout] warning: variant `Before` is never constructed
[INFO] [stdout]   --> src/parse.rs:41:5
[INFO] [stdout]    |
[INFO] [stdout] 37 | enum Place {
[INFO] [stdout]    |      ----- variant in this enum
[INFO] [stdout] ...
[INFO] [stdout] 41 |     Before,
[INFO] [stdout]    |     ^^^^^^
[INFO] [stdout]    |
[INFO] [stdout]    = note: `Place` has derived impls for the traits `Debug` and `Clone`, but these are intentionally ignored during dead code analysis
[INFO] [stdout]    = note: `#[warn(dead_code)]` on by default
[INFO] [stdout] 
[INFO] [stdout] 
[INFO] [stdout] warning: 1 warning emitted
[INFO] [stdout] 
[INFO] [stdout] 
[INFO] running `Command { std: "docker" "inspect" "32251a6e674a9e1173c48499226daba87fe6dad868b300be67c5fb5e4dacc717", kill_on_drop: false }`
[INFO] running `Command { std: "docker" "rm" "-f" "32251a6e674a9e1173c48499226daba87fe6dad868b300be67c5fb5e4dacc717", kill_on_drop: false }`
[INFO] [stdout] 32251a6e674a9e1173c48499226daba87fe6dad868b300be67c5fb5e4dacc717
