[INFO] fetching crate bitcoin-serialize 0.1.16-alpha.0...
[INFO] checking bitcoin-serialize-0.1.16-alpha.0 against nightly-2024-02-05 for check-cfg
[INFO] extracting crate bitcoin-serialize 0.1.16-alpha.0 into /workspace/builds/worker-4-tc1/source
[INFO] validating manifest of crates.io crate bitcoin-serialize 0.1.16-alpha.0 on toolchain nightly-2024-02-05
[INFO] running `Command { std: CARGO_HOME="/workspace/cargo-home" RUSTUP_HOME="/workspace/rustup-home" "/workspace/cargo-home/bin/cargo" "+nightly-2024-02-05" "metadata" "--manifest-path" "Cargo.toml" "--no-deps", kill_on_drop: false }`
[INFO] started tweaking crates.io crate bitcoin-serialize 0.1.16-alpha.0
[INFO] finished tweaking crates.io crate bitcoin-serialize 0.1.16-alpha.0
[INFO] tweaked toml for crates.io crate bitcoin-serialize 0.1.16-alpha.0 written to /workspace/builds/worker-4-tc1/source/Cargo.toml
[INFO] running `Command { std: CARGO_HOME="/workspace/cargo-home" RUSTUP_HOME="/workspace/rustup-home" "/workspace/cargo-home/bin/cargo" "+nightly-2024-02-05" "generate-lockfile" "--manifest-path" "Cargo.toml", kill_on_drop: false }`
[INFO] [stderr]     Updating crates.io index
[INFO] running `Command { std: CARGO_HOME="/workspace/cargo-home" RUSTUP_HOME="/workspace/rustup-home" "/workspace/cargo-home/bin/cargo" "+nightly-2024-02-05" "fetch" "--manifest-path" "Cargo.toml", kill_on_drop: false }`
[INFO] running `Command { std: "docker" "create" "-v" "/var/lib/crater-agent-workspace/builds/worker-4-tc1/target:/opt/rustwide/target:rw,Z" "-v" "/var/lib/crater-agent-workspace/builds/worker-4-tc1/source:/opt/rustwide/workdir:ro,Z" "-v" "/var/lib/crater-agent-workspace/cargo-home:/opt/rustwide/cargo-home:ro,Z" "-v" "/var/lib/crater-agent-workspace/rustup-home:/opt/rustwide/rustup-home:ro,Z" "-e" "SOURCE_DIR=/opt/rustwide/workdir" "-e" "CARGO_TARGET_DIR=/opt/rustwide/target" "-e" "CARGO_HOME=/opt/rustwide/cargo-home" "-e" "RUSTUP_HOME=/opt/rustwide/rustup-home" "-w" "/opt/rustwide/workdir" "-m" "1610612736" "--user" "0:0" "--network" "none" "ghcr.io/rust-lang/crates-build-env/linux@sha256:2788e3201cd34a07e3172128adcd8b3090168a8e3bcc40d7c032b9dda1df7d1c" "/opt/rustwide/cargo-home/bin/cargo" "+nightly-2024-02-05" "metadata" "--no-deps" "--format-version=1", kill_on_drop: false }`
[INFO] [stdout] 6f1fda003e15fe02f5ec674dd03cffc82880c4cd8a83a549f73c5b977e24d048
[INFO] running `Command { std: "docker" "start" "-a" "6f1fda003e15fe02f5ec674dd03cffc82880c4cd8a83a549f73c5b977e24d048", kill_on_drop: false }`
[INFO] running `Command { std: "docker" "inspect" "6f1fda003e15fe02f5ec674dd03cffc82880c4cd8a83a549f73c5b977e24d048", kill_on_drop: false }`
[INFO] running `Command { std: "docker" "rm" "-f" "6f1fda003e15fe02f5ec674dd03cffc82880c4cd8a83a549f73c5b977e24d048", kill_on_drop: false }`
[INFO] [stdout] 6f1fda003e15fe02f5ec674dd03cffc82880c4cd8a83a549f73c5b977e24d048
[INFO] running `Command { std: "docker" "create" "-v" "/var/lib/crater-agent-workspace/builds/worker-4-tc1/target:/opt/rustwide/target:rw,Z" "-v" "/var/lib/crater-agent-workspace/builds/worker-4-tc1/source:/opt/rustwide/workdir:ro,Z" "-v" "/var/lib/crater-agent-workspace/cargo-home:/opt/rustwide/cargo-home:ro,Z" "-v" "/var/lib/crater-agent-workspace/rustup-home:/opt/rustwide/rustup-home:ro,Z" "-e" "SOURCE_DIR=/opt/rustwide/workdir" "-e" "CARGO_TARGET_DIR=/opt/rustwide/target" "-e" "CARGO_INCREMENTAL=0" "-e" "RUST_BACKTRACE=full" "-e" "RUSTFLAGS=--cap-lints=forbid" "-e" "RUSTDOCFLAGS=--cap-lints=forbid" "-e" "CARGO_HOME=/opt/rustwide/cargo-home" "-e" "RUSTUP_HOME=/opt/rustwide/rustup-home" "-w" "/opt/rustwide/workdir" "-m" "1610612736" "--user" "0:0" "--network" "none" "ghcr.io/rust-lang/crates-build-env/linux@sha256:2788e3201cd34a07e3172128adcd8b3090168a8e3bcc40d7c032b9dda1df7d1c" "/opt/rustwide/cargo-home/bin/cargo" "+nightly-2024-02-05" "check" "--frozen" "--all" "--all-targets" "--message-format=json", kill_on_drop: false }`
[INFO] [stdout] dafd31328a70ab0ed82ba90bf48797e93eb1c1389724ef3a14f1217eae52e31e
[INFO] running `Command { std: "docker" "start" "-a" "dafd31328a70ab0ed82ba90bf48797e93eb1c1389724ef3a14f1217eae52e31e", kill_on_drop: false }`
[INFO] [stderr]    Compiling bitcoin-derive v0.1.16-alpha.0
[INFO] [stderr]    Compiling bitcoin-support v0.1.16-alpha.0
[INFO] [stderr]    Compiling bitcoin-primitives v0.1.16-alpha.0
[INFO] [stderr]    Compiling bitcoin-compat v0.1.16-alpha.0
[INFO] [stderr]    Compiling bitcoin-serialize v0.1.16-alpha.0 (/opt/rustwide/workdir)
[INFO] [stdout] warning: the feature `adt_const_params` is incomplete and may not be safe to use and/or cause compiler crashes
[INFO] [stdout]  --> src/lib.rs:1:12
[INFO] [stdout]   |
[INFO] [stdout] 1 | #![feature(adt_const_params)]
[INFO] [stdout]   |            ^^^^^^^^^^^^^^^^
[INFO] [stdout]   |
[INFO] [stdout]   = note: see issue #95174 <https://github.com/rust-lang/rust/issues/95174> for more information
[INFO] [stdout]   = note: `#[warn(incomplete_features)]` on by default
[INFO] [stdout] 
[INFO] [stdout] 
[INFO] [stdout] warning: the feature `adt_const_params` is incomplete and may not be safe to use and/or cause compiler crashes
[INFO] [stdout]  --> src/lib.rs:1:12
[INFO] [stdout]   |
[INFO] [stdout] 1 | #![feature(adt_const_params)]
[INFO] [stdout]   |            ^^^^^^^^^^^^^^^^
[INFO] [stdout]   |
[INFO] [stdout]   = note: see issue #95174 <https://github.com/rust-lang/rust/issues/95174> for more information
[INFO] [stdout]   = note: `#[warn(incomplete_features)]` on by default
[INFO] [stdout] 
[INFO] [stdout] 
[INFO] [stdout] warning: the feature `generic_const_exprs` is incomplete and may not be safe to use and/or cause compiler crashes
[INFO] [stdout]  --> src/lib.rs:4:12
[INFO] [stdout]   |
[INFO] [stdout] 4 | #![feature(generic_const_exprs)]
[INFO] [stdout]   |            ^^^^^^^^^^^^^^^^^^^
[INFO] [stdout]   |
[INFO] [stdout]   = note: see issue #76560 <https://github.com/rust-lang/rust/issues/76560> for more information
[INFO] [stdout] 
[INFO] [stdout] 
[INFO] [stdout] warning: the feature `generic_const_exprs` is incomplete and may not be safe to use and/or cause compiler crashes
[INFO] [stdout]  --> src/lib.rs:4:12
[INFO] [stdout]   |
[INFO] [stdout] 4 | #![feature(generic_const_exprs)]
[INFO] [stdout]   |            ^^^^^^^^^^^^^^^^^^^
[INFO] [stdout]   |
[INFO] [stdout]   = note: see issue #76560 <https://github.com/rust-lang/rust/issues/76560> for more information
[INFO] [stdout] 
[INFO] [stdout] 
[INFO] [stdout] warning: unused `#[macro_use]` import
[INFO] [stdout]  --> src/lib.rs:9:1
[INFO] [stdout]   |
[INFO] [stdout] 9 | #[macro_use] extern crate static_assertions;
[INFO] [stdout]   | ^^^^^^^^^^^^
[INFO] [stdout]   |
[INFO] [stdout]   = note: `#[warn(unused_imports)]` on by default
[INFO] [stdout] 
[INFO] [stdout] 
[INFO] [stdout] warning: unused `#[macro_use]` import
[INFO] [stdout]  --> src/lib.rs:9:1
[INFO] [stdout]   |
[INFO] [stdout] 9 | #[macro_use] extern crate static_assertions;
[INFO] [stdout]   | ^^^^^^^^^^^^
[INFO] [stdout]   |
[INFO] [stdout]   = note: `#[warn(unused_imports)]` on by default
[INFO] [stdout] 
[INFO] [stdout] 
[INFO] [stdout] warning: unused `#[macro_use]` import
[INFO] [stdout]   --> src/lib.rs:10:1
[INFO] [stdout]    |
[INFO] [stdout] 10 | #[macro_use] extern crate lazy_static;
[INFO] [stdout]    | ^^^^^^^^^^^^
[INFO] [stdout] 
[INFO] [stdout] 
[INFO] [stdout] warning: unused `#[macro_use]` import
[INFO] [stdout]   --> src/lib.rs:10:1
[INFO] [stdout]    |
[INFO] [stdout] 10 | #[macro_use] extern crate lazy_static;
[INFO] [stdout]    | ^^^^^^^^^^^^
[INFO] [stdout] 
[INFO] [stdout] 
[INFO] [stdout] warning: unused `#[macro_use]` import
[INFO] [stdout]   --> src/lib.rs:11:1
[INFO] [stdout]    |
[INFO] [stdout] 11 | #[macro_use] extern crate bitcoin_derive;
[INFO] [stdout]    | ^^^^^^^^^^^^
[INFO] [stdout] 
[INFO] [stdout] 
[INFO] [stdout] warning: unused `#[macro_use]` import
[INFO] [stdout]   --> src/lib.rs:11:1
[INFO] [stdout]    |
[INFO] [stdout] 11 | #[macro_use] extern crate bitcoin_derive;
[INFO] [stdout]    | ^^^^^^^^^^^^
[INFO] [stdout] 
[INFO] [stdout] 
[INFO] [stdout] warning: unused `#[macro_use]` import
[INFO] [stdout]   --> src/lib.rs:12:1
[INFO] [stdout]    |
[INFO] [stdout] 12 | #[macro_use] extern crate maplit;
[INFO] [stdout]    | ^^^^^^^^^^^^
[INFO] [stdout] 
[INFO] [stdout] 
[INFO] [stdout] warning: unused `#[macro_use]` import
[INFO] [stdout]   --> src/lib.rs:12:1
[INFO] [stdout]    |
[INFO] [stdout] 12 | #[macro_use] extern crate maplit;
[INFO] [stdout]    | ^^^^^^^^^^^^
[INFO] [stdout] 
[INFO] [stdout] 
[INFO] [stdout] warning: unused macro definition: `ternary`
[INFO] [stdout]   --> src/lib.rs:14:14
[INFO] [stdout]    |
[INFO] [stdout] 14 | macro_rules! ternary {
[INFO] [stdout]    |              ^^^^^^^
[INFO] [stdout]    |
[INFO] [stdout]    = note: `#[warn(unused_macros)]` on by default
[INFO] [stdout] 
[INFO] [stdout] 
[INFO] [stdout] warning: unused import: `bitcoin_compat::*`
[INFO] [stdout]  --> src/imports.rs:1:16
[INFO] [stdout]   |
[INFO] [stdout] 1 | pub(crate) use bitcoin_compat::*;
[INFO] [stdout]   |                ^^^^^^^^^^^^^^^^^
[INFO] [stdout] 
[INFO] [stdout] 
[INFO] [stdout] warning: unused macro definition: `ternary`
[INFO] [stdout]   --> src/lib.rs:14:14
[INFO] [stdout]    |
[INFO] [stdout] 14 | macro_rules! ternary {
[INFO] [stdout]    |              ^^^^^^^
[INFO] [stdout]    |
[INFO] [stdout]    = note: `#[warn(unused_macros)]` on by default
[INFO] [stdout] 
[INFO] [stdout] 
[INFO] [stdout] warning: unused import: `bitcoin_derive::*`
[INFO] [stdout]  --> src/imports.rs:2:16
[INFO] [stdout]   |
[INFO] [stdout] 2 | pub(crate) use bitcoin_derive::*;
[INFO] [stdout]   |                ^^^^^^^^^^^^^^^^^
[INFO] [stdout] 
[INFO] [stdout] 
[INFO] [stdout] warning: unused import: `bitcoin_compat::*`
[INFO] [stdout]  --> src/imports.rs:1:16
[INFO] [stdout]   |
[INFO] [stdout] 1 | pub(crate) use bitcoin_compat::*;
[INFO] [stdout]   |                ^^^^^^^^^^^^^^^^^
[INFO] [stdout] 
[INFO] [stdout] 
[INFO] [stdout] warning: unused import: `bitcoin_primitives::*`
[INFO] [stdout]  --> src/imports.rs:4:16
[INFO] [stdout]   |
[INFO] [stdout] 4 | pub(crate) use bitcoin_primitives::*;
[INFO] [stdout]   |                ^^^^^^^^^^^^^^^^^^^^^
[INFO] [stdout] 
[INFO] [stdout] 
[INFO] [stdout] warning: unused import: `bitcoin_derive::*`
[INFO] [stdout]  --> src/imports.rs:2:16
[INFO] [stdout]   |
[INFO] [stdout] 2 | pub(crate) use bitcoin_derive::*;
[INFO] [stdout]   |                ^^^^^^^^^^^^^^^^^
[INFO] [stdout] 
[INFO] [stdout] 
[INFO] [stdout] warning: unused import: `bitcoin_support::*`
[INFO] [stdout]  --> src/imports.rs:5:16
[INFO] [stdout]   |
[INFO] [stdout] 5 | pub(crate) use bitcoin_support::*;
[INFO] [stdout]   |                ^^^^^^^^^^^^^^^^^^
[INFO] [stdout] 
[INFO] [stdout] 
[INFO] [stdout] warning: unused import: `bitcoin_primitives::*`
[INFO] [stdout]  --> src/imports.rs:4:16
[INFO] [stdout]   |
[INFO] [stdout] 4 | pub(crate) use bitcoin_primitives::*;
[INFO] [stdout]   |                ^^^^^^^^^^^^^^^^^^^^^
[INFO] [stdout] 
[INFO] [stdout] 
[INFO] [stdout] warning: unnecessary trailing semicolon
[INFO] [stdout]   --> src/serialize.rs:31:32
[INFO] [stdout]    |
[INFO] [stdout] 31 |     let x_hi:    u64 = x >> 32;;
[INFO] [stdout]    |                                ^ help: remove this semicolon
[INFO] [stdout]    |
[INFO] [stdout]    = note: `#[warn(redundant_semicolons)]` on by default
[INFO] [stdout] 
[INFO] [stdout] 
[INFO] [stdout] warning: unused macro definition: `readwrite`
[INFO] [stdout]    --> src/serialize.rs:237:14
[INFO] [stdout]     |
[INFO] [stdout] 237 | macro_rules! readwrite {
[INFO] [stdout]     |              ^^^^^^^^^
[INFO] [stdout] 
[INFO] [stdout] 
[INFO] [stdout] warning: unused import: `bitcoin_support::*`
[INFO] [stdout]  --> src/imports.rs:5:16
[INFO] [stdout]   |
[INFO] [stdout] 5 | pub(crate) use bitcoin_support::*;
[INFO] [stdout]   |                ^^^^^^^^^^^^^^^^^^
[INFO] [stdout] 
[INFO] [stdout] 
[INFO] [stdout] warning: unused macro definition: `readwriteas`
[INFO] [stdout]    --> src/serialize.rs:245:14
[INFO] [stdout]     |
[INFO] [stdout] 245 | macro_rules! readwriteas {
[INFO] [stdout]     |              ^^^^^^^^^^^
[INFO] [stdout] 
[INFO] [stdout] 
[INFO] [stdout] warning: unnecessary trailing semicolon
[INFO] [stdout]   --> src/serialize.rs:31:32
[INFO] [stdout]    |
[INFO] [stdout] 31 |     let x_hi:    u64 = x >> 32;;
[INFO] [stdout]    |                                ^ help: remove this semicolon
[INFO] [stdout]    |
[INFO] [stdout]    = note: `#[warn(redundant_semicolons)]` on by default
[INFO] [stdout] 
[INFO] [stdout] 
[INFO] [stdout] warning: unused macro definition: `ser_read`
[INFO] [stdout]    --> src/serialize.rs:253:14
[INFO] [stdout]     |
[INFO] [stdout] 253 | macro_rules! ser_read {
[INFO] [stdout]     |              ^^^^^^^^
[INFO] [stdout] 
[INFO] [stdout] 
[INFO] [stdout] warning: unused macro definition: `ser_write`
[INFO] [stdout]    --> src/serialize.rs:261:14
[INFO] [stdout]     |
[INFO] [stdout] 261 | macro_rules! ser_write {
[INFO] [stdout]     |              ^^^^^^^^^
[INFO] [stdout] 
[INFO] [stdout] 
[INFO] [stdout] warning: unused macro definition: `readwrite`
[INFO] [stdout]    --> src/serialize.rs:237:14
[INFO] [stdout]     |
[INFO] [stdout] 237 | macro_rules! readwrite {
[INFO] [stdout]     |              ^^^^^^^^^
[INFO] [stdout] 
[INFO] [stdout] 
[INFO] [stdout] warning: unused macro definition: `formatter_methods`
[INFO] [stdout]    --> src/serialize.rs:301:14
[INFO] [stdout]     |
[INFO] [stdout] 301 | macro_rules! formatter_methods {
[INFO] [stdout]     |              ^^^^^^^^^^^^^^^^^
[INFO] [stdout] 
[INFO] [stdout] 
[INFO] [stdout] warning: unused macro definition: `readwriteas`
[INFO] [stdout]    --> src/serialize.rs:245:14
[INFO] [stdout]     |
[INFO] [stdout] 245 | macro_rules! readwriteas {
[INFO] [stdout]     |              ^^^^^^^^^^^
[INFO] [stdout] 
[INFO] [stdout] 
[INFO] [stdout] warning: unused macro definition: `serialize_methods`
[INFO] [stdout]    --> src/serialize.rs:330:14
[INFO] [stdout]     |
[INFO] [stdout] 330 | macro_rules! serialize_methods {
[INFO] [stdout]     |              ^^^^^^^^^^^^^^^^^
[INFO] [stdout] 
[INFO] [stdout] 
[INFO] [stdout] warning: unused macro definition: `ser_read`
[INFO] [stdout]    --> src/serialize.rs:253:14
[INFO] [stdout]     |
[INFO] [stdout] 253 | macro_rules! ser_read {
[INFO] [stdout]     |              ^^^^^^^^
[INFO] [stdout] 
[INFO] [stdout] 
[INFO] [stdout] warning: unused macro definition: `ser_write`
[INFO] [stdout]    --> src/serialize.rs:261:14
[INFO] [stdout]     |
[INFO] [stdout] 261 | macro_rules! ser_write {
[INFO] [stdout]     |              ^^^^^^^^^
[INFO] [stdout] 
[INFO] [stdout] 
[INFO] [stdout] warning: variant `NONNEGATIVE_SIGNED` should have an upper camel case name
[INFO] [stdout]    --> src/serialize.rs:762:5
[INFO] [stdout]     |
[INFO] [stdout] 762 |     NONNEGATIVE_SIGNED 
[INFO] [stdout]     |     ^^^^^^^^^^^^^^^^^^ help: convert the identifier to upper camel case: `NonnegativeSigned`
[INFO] [stdout]     |
[INFO] [stdout]     = note: `#[warn(non_camel_case_types)]` on by default
[INFO] [stdout] 
[INFO] [stdout] 
[INFO] [stdout] warning: unused macro definition: `formatter_methods`
[INFO] [stdout]    --> src/serialize.rs:301:14
[INFO] [stdout]     |
[INFO] [stdout] 301 | macro_rules! formatter_methods {
[INFO] [stdout]     |              ^^^^^^^^^^^^^^^^^
[INFO] [stdout] 
[INFO] [stdout] 
[INFO] [stdout] warning: unused macro definition: `serialize_methods`
[INFO] [stdout]    --> src/serialize.rs:330:14
[INFO] [stdout]     |
[INFO] [stdout] 330 | macro_rules! serialize_methods {
[INFO] [stdout]     |              ^^^^^^^^^^^^^^^^^
[INFO] [stdout] 
[INFO] [stdout] 
[INFO] [stdout] warning: unnecessary braces around const expression
[INFO] [stdout]    --> src/serialize.rs:970:18
[INFO] [stdout]     |
[INFO] [stdout] 970 | impl True for If<{true}> { }
[INFO] [stdout]     |                  ^    ^
[INFO] [stdout]     |
[INFO] [stdout]     = note: `#[warn(unused_braces)]` on by default
[INFO] [stdout] help: remove these braces
[INFO] [stdout]     |
[INFO] [stdout] 970 - impl True for If<{true}> { }
[INFO] [stdout] 970 + impl True for If<true> { }
[INFO] [stdout]     |
[INFO] [stdout] 
[INFO] [stdout] 
[INFO] [stdout] warning: variant `NONNEGATIVE_SIGNED` should have an upper camel case name
[INFO] [stdout]    --> src/serialize.rs:762:5
[INFO] [stdout]     |
[INFO] [stdout] 762 |     NONNEGATIVE_SIGNED 
[INFO] [stdout]     |     ^^^^^^^^^^^^^^^^^^ help: convert the identifier to upper camel case: `NonnegativeSigned`
[INFO] [stdout]     |
[INFO] [stdout]     = note: `#[warn(non_camel_case_types)]` on by default
[INFO] [stdout] 
[INFO] [stdout] 
[INFO] [stdout] warning: unnecessary braces around const expression
[INFO] [stdout]    --> src/serialize.rs:970:18
[INFO] [stdout]     |
[INFO] [stdout] 970 | impl True for If<{true}> { }
[INFO] [stdout]     |                  ^    ^
[INFO] [stdout]     |
[INFO] [stdout]     = note: `#[warn(unused_braces)]` on by default
[INFO] [stdout] help: remove these braces
[INFO] [stdout]     |
[INFO] [stdout] 970 - impl True for If<{true}> { }
[INFO] [stdout] 970 + impl True for If<true> { }
[INFO] [stdout]     |
[INFO] [stdout] 
[INFO] [stdout] 
[INFO] [stdout] warning: the feature `const_generics_defaults` has been stable since 1.59.0 and no longer requires an attribute to enable
[INFO] [stdout]  --> src/lib.rs:3:12
[INFO] [stdout]   |
[INFO] [stdout] 3 | #![feature(const_generics_defaults)]
[INFO] [stdout]   |            ^^^^^^^^^^^^^^^^^^^^^^^
[INFO] [stdout]   |
[INFO] [stdout]   = note: `#[warn(stable_features)]` on by default
[INFO] [stdout] 
[INFO] [stdout] 
[INFO] [stdout] warning: the feature `const_generics_defaults` has been stable since 1.59.0 and no longer requires an attribute to enable
[INFO] [stdout]  --> src/lib.rs:3:12
[INFO] [stdout]   |
[INFO] [stdout] 3 | #![feature(const_generics_defaults)]
[INFO] [stdout]   |            ^^^^^^^^^^^^^^^^^^^^^^^
[INFO] [stdout]   |
[INFO] [stdout]   = note: `#[warn(stable_features)]` on by default
[INFO] [stdout] 
[INFO] [stdout] 
[INFO] [stdout] error[E0741]: `VarIntMode` must implement `ConstParamTy` to be used as the type of a const generic parameter
[INFO] [stdout]    --> src/serialize.rs:765:40
[INFO] [stdout]     |
[INFO] [stdout] 765 | pub struct CheckVarIntMode<const Mode: VarIntMode> {
[INFO] [stdout]     |                                        ^^^^^^^^^^
[INFO] [stdout]     |
[INFO] [stdout] help: add `#[derive(ConstParamTy)]` to the struct
[INFO] [stdout]     |
[INFO] [stdout] 760 + #[derive(ConstParamTy)]
[INFO] [stdout] 761 | pub enum VarIntMode { 
[INFO] [stdout]     |
[INFO] [stdout] 
[INFO] [stdout] 
[INFO] [stdout] error[E0741]: `VarIntMode` must implement `ConstParamTy` to be used as the type of a const generic parameter
[INFO] [stdout]    --> src/serialize.rs:765:40
[INFO] [stdout]     |
[INFO] [stdout] 765 | pub struct CheckVarIntMode<const Mode: VarIntMode> {
[INFO] [stdout]     |                                        ^^^^^^^^^^
[INFO] [stdout]     |
[INFO] [stdout] help: add `#[derive(ConstParamTy)]` to the struct
[INFO] [stdout]     |
[INFO] [stdout] 760 + #[derive(ConstParamTy)]
[INFO] [stdout] 761 | pub enum VarIntMode { 
[INFO] [stdout]     |
[INFO] [stdout] 
[INFO] [stdout] 
[INFO] [stdout] error[E0741]: `VarIntMode` must implement `ConstParamTy` to be used as the type of a const generic parameter
[INFO] [stdout]    --> src/serialize.rs:769:18
[INFO] [stdout]     |
[INFO] [stdout] 769 | impl<const Mode: VarIntMode> CheckVarIntMode<Mode> {
[INFO] [stdout]     |                  ^^^^^^^^^^
[INFO] [stdout]     |
[INFO] [stdout] help: add `#[derive(ConstParamTy)]` to the struct
[INFO] [stdout]     |
[INFO] [stdout] 760 + #[derive(ConstParamTy)]
[INFO] [stdout] 761 | pub enum VarIntMode { 
[INFO] [stdout]     |
[INFO] [stdout] 
[INFO] [stdout] 
[INFO] [stdout] error[E0741]: `VarIntMode` must implement `ConstParamTy` to be used as the type of a const generic parameter
[INFO] [stdout]    --> src/serialize.rs:769:18
[INFO] [stdout]     |
[INFO] [stdout] 769 | impl<const Mode: VarIntMode> CheckVarIntMode<Mode> {
[INFO] [stdout]     |                  ^^^^^^^^^^
[INFO] [stdout]     |
[INFO] [stdout] help: add `#[derive(ConstParamTy)]` to the struct
[INFO] [stdout]     |
[INFO] [stdout] 760 + #[derive(ConstParamTy)]
[INFO] [stdout] 761 | pub enum VarIntMode { 
[INFO] [stdout]     |
[INFO] [stdout] 
[INFO] [stdout] 
[INFO] [stdout] error[E0741]: `VarIntMode` must implement `ConstParamTy` to be used as the type of a const generic parameter
[INFO] [stdout]    --> src/serialize.rs:782:53
[INFO] [stdout]     |
[INFO] [stdout] 782 | #[inline] pub fn get_size_of_var_int<I, const Mode: VarIntMode>(n: I) -> u32 {
[INFO] [stdout]     |                                                     ^^^^^^^^^^
[INFO] [stdout]     |
[INFO] [stdout] help: add `#[derive(ConstParamTy)]` to the struct
[INFO] [stdout]     |
[INFO] [stdout] 760 + #[derive(ConstParamTy)]
[INFO] [stdout] 761 | pub enum VarIntMode { 
[INFO] [stdout]     |
[INFO] [stdout] 
[INFO] [stdout] 
[INFO] [stdout] error[E0741]: `VarIntMode` must implement `ConstParamTy` to be used as the type of a const generic parameter
[INFO] [stdout]    --> src/serialize.rs:782:53
[INFO] [stdout]     |
[INFO] [stdout] 782 | #[inline] pub fn get_size_of_var_int<I, const Mode: VarIntMode>(n: I) -> u32 {
[INFO] [stdout]     |                                                     ^^^^^^^^^^
[INFO] [stdout]     |
[INFO] [stdout] help: add `#[derive(ConstParamTy)]` to the struct
[INFO] [stdout]     |
[INFO] [stdout] 760 + #[derive(ConstParamTy)]
[INFO] [stdout] 761 | pub enum VarIntMode { 
[INFO] [stdout]     |
[INFO] [stdout] 
[INFO] [stdout] 
[INFO] [stdout] error[E0741]: `VarIntMode` must implement `ConstParamTy` to be used as the type of a const generic parameter
[INFO] [stdout]    --> src/serialize.rs:798:45
[INFO] [stdout]     |
[INFO] [stdout] 798 | pub fn write_var_int<Stream, I, const Mode: VarIntMode>(
[INFO] [stdout]     |                                             ^^^^^^^^^^
[INFO] [stdout]     |
[INFO] [stdout] help: add `#[derive(ConstParamTy)]` to the struct
[INFO] [stdout]     |
[INFO] [stdout] 760 + #[derive(ConstParamTy)]
[INFO] [stdout] 761 | pub enum VarIntMode { 
[INFO] [stdout]     |
[INFO] [stdout] 
[INFO] [stdout] 
[INFO] [stdout] error[E0741]: `VarIntMode` must implement `ConstParamTy` to be used as the type of a const generic parameter
[INFO] [stdout]    --> src/serialize.rs:798:45
[INFO] [stdout]     |
[INFO] [stdout] 798 | pub fn write_var_int<Stream, I, const Mode: VarIntMode>(
[INFO] [stdout]     |                                             ^^^^^^^^^^
[INFO] [stdout]     |
[INFO] [stdout] help: add `#[derive(ConstParamTy)]` to the struct
[INFO] [stdout]     |
[INFO] [stdout] 760 + #[derive(ConstParamTy)]
[INFO] [stdout] 761 | pub enum VarIntMode { 
[INFO] [stdout]     |
[INFO] [stdout] 
[INFO] [stdout] 
[INFO] [stdout] error[E0741]: `VarIntMode` must implement `ConstParamTy` to be used as the type of a const generic parameter
[INFO] [stdout]    --> src/serialize.rs:820:44
[INFO] [stdout]     |
[INFO] [stdout] 820 | pub fn read_var_int<Stream, I, const Mode: VarIntMode>(is: &mut Stream) -> I {
[INFO] [stdout]     |                                            ^^^^^^^^^^
[INFO] [stdout]     |
[INFO] [stdout] help: add `#[derive(ConstParamTy)]` to the struct
[INFO] [stdout]     |
[INFO] [stdout] 760 + #[derive(ConstParamTy)]
[INFO] [stdout] 761 | pub enum VarIntMode { 
[INFO] [stdout]     |
[INFO] [stdout] 
[INFO] [stdout] 
[INFO] [stdout] error[E0741]: `VarIntMode` must implement `ConstParamTy` to be used as the type of a const generic parameter
[INFO] [stdout]    --> src/serialize.rs:820:44
[INFO] [stdout]     |
[INFO] [stdout] 820 | pub fn read_var_int<Stream, I, const Mode: VarIntMode>(is: &mut Stream) -> I {
[INFO] [stdout]     |                                            ^^^^^^^^^^
[INFO] [stdout]     |
[INFO] [stdout] help: add `#[derive(ConstParamTy)]` to the struct
[INFO] [stdout]     |
[INFO] [stdout] 760 + #[derive(ConstParamTy)]
[INFO] [stdout] 761 | pub enum VarIntMode { 
[INFO] [stdout]     |
[INFO] [stdout] 
[INFO] [stdout] 
[INFO] [stdout] error[E0741]: `VarIntMode` must implement `ConstParamTy` to be used as the type of a const generic parameter
[INFO] [stdout]    --> src/serialize.rs:938:40
[INFO] [stdout]     |
[INFO] [stdout] 938 | pub struct VarIntFormatter<const Mode: VarIntMode> {
[INFO] [stdout]     |                                        ^^^^^^^^^^
[INFO] [stdout]     |
[INFO] [stdout] help: add `#[derive(ConstParamTy)]` to the struct
[INFO] [stdout]     |
[INFO] [stdout] 760 + #[derive(ConstParamTy)]
[INFO] [stdout] 761 | pub enum VarIntMode { 
[INFO] [stdout]     |
[INFO] [stdout] 
[INFO] [stdout] 
[INFO] [stdout] error[E0741]: `VarIntMode` must implement `ConstParamTy` to be used as the type of a const generic parameter
[INFO] [stdout]    --> src/serialize.rs:938:40
[INFO] [stdout]     |
[INFO] [stdout] 938 | pub struct VarIntFormatter<const Mode: VarIntMode> {
[INFO] [stdout]     |                                        ^^^^^^^^^^
[INFO] [stdout]     |
[INFO] [stdout] help: add `#[derive(ConstParamTy)]` to the struct
[INFO] [stdout]     |
[INFO] [stdout] 760 + #[derive(ConstParamTy)]
[INFO] [stdout] 761 | pub enum VarIntMode { 
[INFO] [stdout]     |
[INFO] [stdout] 
[INFO] [stdout] 
[INFO] [stdout] error[E0741]: `VarIntMode` must implement `ConstParamTy` to be used as the type of a const generic parameter
[INFO] [stdout]    --> src/serialize.rs:942:18
[INFO] [stdout]     |
[INFO] [stdout] 942 | impl<const Mode: VarIntMode> VarIntFormatter<Mode> {
[INFO] [stdout]     |                  ^^^^^^^^^^
[INFO] [stdout]     |
[INFO] [stdout] help: add `#[derive(ConstParamTy)]` to the struct
[INFO] [stdout]     |
[INFO] [stdout] 760 + #[derive(ConstParamTy)]
[INFO] [stdout] 761 | pub enum VarIntMode { 
[INFO] [stdout]     |
[INFO] [stdout] 
[INFO] [stdout] 
[INFO] [stdout] error[E0741]: `VarIntMode` must implement `ConstParamTy` to be used as the type of a const generic parameter
[INFO] [stdout]    --> src/serialize.rs:942:18
[INFO] [stdout]     |
[INFO] [stdout] 942 | impl<const Mode: VarIntMode> VarIntFormatter<Mode> {
[INFO] [stdout]     |                  ^^^^^^^^^^
[INFO] [stdout]     |
[INFO] [stdout] help: add `#[derive(ConstParamTy)]` to the struct
[INFO] [stdout]     |
[INFO] [stdout] 760 + #[derive(ConstParamTy)]
[INFO] [stdout] 761 | pub enum VarIntMode { 
[INFO] [stdout]     |
[INFO] [stdout] 
[INFO] [stdout] 
[INFO] [stdout] error: aborting due to 7 previous errors; 21 warnings emitted
[INFO] [stdout] 
[INFO] [stdout] 
[INFO] [stdout] For more information about this error, try `rustc --explain E0741`.
[INFO] [stdout] 
[INFO] [stdout] error: aborting due to 7 previous errors; 21 warnings emitted
[INFO] [stdout] 
[INFO] [stdout] 
[INFO] [stdout] For more information about this error, try `rustc --explain E0741`.
[INFO] [stdout] 
[INFO] [stderr] error: could not compile `bitcoin-serialize` (lib test) due to 8 previous errors; 21 warnings emitted
[INFO] [stderr] warning: build failed, waiting for other jobs to finish...
[INFO] [stderr] error: could not compile `bitcoin-serialize` (lib) due to 8 previous errors; 21 warnings emitted
[INFO] running `Command { std: "docker" "inspect" "dafd31328a70ab0ed82ba90bf48797e93eb1c1389724ef3a14f1217eae52e31e", kill_on_drop: false }`
[INFO] running `Command { std: "docker" "rm" "-f" "dafd31328a70ab0ed82ba90bf48797e93eb1c1389724ef3a14f1217eae52e31e", kill_on_drop: false }`
[INFO] [stdout] dafd31328a70ab0ed82ba90bf48797e93eb1c1389724ef3a14f1217eae52e31e
[INFO] checking bitcoin-serialize-0.1.16-alpha.0 against nightly-2024-02-05+rustflags=-Dunexpected_cfgs+cargoflags=-Zcheck-cfg for check-cfg
[INFO] extracting crate bitcoin-serialize 0.1.16-alpha.0 into /workspace/builds/worker-4-tc2/source
[INFO] validating manifest of crates.io crate bitcoin-serialize 0.1.16-alpha.0 on toolchain nightly-2024-02-05
[INFO] running `Command { std: CARGO_HOME="/workspace/cargo-home" RUSTUP_HOME="/workspace/rustup-home" "/workspace/cargo-home/bin/cargo" "+nightly-2024-02-05" "metadata" "--manifest-path" "Cargo.toml" "--no-deps", kill_on_drop: false }`
[INFO] started tweaking crates.io crate bitcoin-serialize 0.1.16-alpha.0
[INFO] finished tweaking crates.io crate bitcoin-serialize 0.1.16-alpha.0
[INFO] tweaked toml for crates.io crate bitcoin-serialize 0.1.16-alpha.0 written to /workspace/builds/worker-4-tc2/source/Cargo.toml
[INFO] running `Command { std: CARGO_HOME="/workspace/cargo-home" RUSTUP_HOME="/workspace/rustup-home" "/workspace/cargo-home/bin/cargo" "+nightly-2024-02-05" "generate-lockfile" "--manifest-path" "Cargo.toml", kill_on_drop: false }`
[INFO] [stderr]     Updating crates.io index
[INFO] running `Command { std: CARGO_HOME="/workspace/cargo-home" RUSTUP_HOME="/workspace/rustup-home" "/workspace/cargo-home/bin/cargo" "+nightly-2024-02-05" "fetch" "--manifest-path" "Cargo.toml", kill_on_drop: false }`
[INFO] running `Command { std: "docker" "create" "-v" "/var/lib/crater-agent-workspace/builds/worker-4-tc2/target:/opt/rustwide/target:rw,Z" "-v" "/var/lib/crater-agent-workspace/builds/worker-4-tc2/source:/opt/rustwide/workdir:ro,Z" "-v" "/var/lib/crater-agent-workspace/cargo-home:/opt/rustwide/cargo-home:ro,Z" "-v" "/var/lib/crater-agent-workspace/rustup-home:/opt/rustwide/rustup-home:ro,Z" "-e" "SOURCE_DIR=/opt/rustwide/workdir" "-e" "CARGO_TARGET_DIR=/opt/rustwide/target" "-e" "CARGO_HOME=/opt/rustwide/cargo-home" "-e" "RUSTUP_HOME=/opt/rustwide/rustup-home" "-w" "/opt/rustwide/workdir" "-m" "1610612736" "--user" "0:0" "--network" "none" "ghcr.io/rust-lang/crates-build-env/linux@sha256:2788e3201cd34a07e3172128adcd8b3090168a8e3bcc40d7c032b9dda1df7d1c" "/opt/rustwide/cargo-home/bin/cargo" "+nightly-2024-02-05" "metadata" "--no-deps" "--format-version=1", kill_on_drop: false }`
[INFO] [stdout] 579f182a8ce13050dacba5a4781c25b39231641fde02d587a1a60b98ec453c8a
[INFO] running `Command { std: "docker" "start" "-a" "579f182a8ce13050dacba5a4781c25b39231641fde02d587a1a60b98ec453c8a", kill_on_drop: false }`
[INFO] running `Command { std: "docker" "inspect" "579f182a8ce13050dacba5a4781c25b39231641fde02d587a1a60b98ec453c8a", kill_on_drop: false }`
[INFO] running `Command { std: "docker" "rm" "-f" "579f182a8ce13050dacba5a4781c25b39231641fde02d587a1a60b98ec453c8a", kill_on_drop: false }`
[INFO] [stdout] 579f182a8ce13050dacba5a4781c25b39231641fde02d587a1a60b98ec453c8a
[INFO] running `Command { std: "docker" "create" "-v" "/var/lib/crater-agent-workspace/builds/worker-4-tc2/target:/opt/rustwide/target:rw,Z" "-v" "/var/lib/crater-agent-workspace/builds/worker-4-tc2/source:/opt/rustwide/workdir:ro,Z" "-v" "/var/lib/crater-agent-workspace/cargo-home:/opt/rustwide/cargo-home:ro,Z" "-v" "/var/lib/crater-agent-workspace/rustup-home:/opt/rustwide/rustup-home:ro,Z" "-e" "SOURCE_DIR=/opt/rustwide/workdir" "-e" "CARGO_TARGET_DIR=/opt/rustwide/target" "-e" "CARGO_INCREMENTAL=0" "-e" "RUST_BACKTRACE=full" "-e" "RUSTFLAGS=--cap-lints=forbid -Dunexpected_cfgs" "-e" "RUSTDOCFLAGS=--cap-lints=forbid" "-e" "CARGO_HOME=/opt/rustwide/cargo-home" "-e" "RUSTUP_HOME=/opt/rustwide/rustup-home" "-w" "/opt/rustwide/workdir" "-m" "1610612736" "--user" "0:0" "--network" "none" "ghcr.io/rust-lang/crates-build-env/linux@sha256:2788e3201cd34a07e3172128adcd8b3090168a8e3bcc40d7c032b9dda1df7d1c" "/opt/rustwide/cargo-home/bin/cargo" "+nightly-2024-02-05" "check" "--frozen" "--all" "--all-targets" "--message-format=json" "-Zcheck-cfg", kill_on_drop: false }`
[INFO] [stdout] 48e854fd2cfc22fb0332d15572971886708ca7b2f43b0fe333806fa3825521dd
[INFO] running `Command { std: "docker" "start" "-a" "48e854fd2cfc22fb0332d15572971886708ca7b2f43b0fe333806fa3825521dd", kill_on_drop: false }`
[INFO] [stderr]    Compiling bitcoin-derive v0.1.16-alpha.0
[INFO] [stderr]    Compiling bitcoin-support v0.1.16-alpha.0
[INFO] [stderr]    Compiling bitcoin-primitives v0.1.16-alpha.0
[INFO] [stderr]    Compiling bitcoin-compat v0.1.16-alpha.0
[INFO] [stderr]    Compiling bitcoin-serialize v0.1.16-alpha.0 (/opt/rustwide/workdir)
[INFO] [stdout] warning: the feature `adt_const_params` is incomplete and may not be safe to use and/or cause compiler crashes
[INFO] [stdout]  --> src/lib.rs:1:12
[INFO] [stdout]   |
[INFO] [stdout] 1 | #![feature(adt_const_params)]
[INFO] [stdout]   |            ^^^^^^^^^^^^^^^^
[INFO] [stdout]   |
[INFO] [stdout]   = note: see issue #95174 <https://github.com/rust-lang/rust/issues/95174> for more information
[INFO] [stdout]   = note: `#[warn(incomplete_features)]` on by default
[INFO] [stdout] 
[INFO] [stdout] 
[INFO] [stdout] warning: the feature `generic_const_exprs` is incomplete and may not be safe to use and/or cause compiler crashes
[INFO] [stdout]  --> src/lib.rs:4:12
[INFO] [stdout]   |
[INFO] [stdout] 4 | #![feature(generic_const_exprs)]
[INFO] [stdout]   |            ^^^^^^^^^^^^^^^^^^^
[INFO] [stdout]   |
[INFO] [stdout]   = note: see issue #76560 <https://github.com/rust-lang/rust/issues/76560> for more information
[INFO] [stdout] 
[INFO] [stdout] 
[INFO] [stdout] warning: unused `#[macro_use]` import
[INFO] [stdout]  --> src/lib.rs:9:1
[INFO] [stdout]   |
[INFO] [stdout] 9 | #[macro_use] extern crate static_assertions;
[INFO] [stdout]   | ^^^^^^^^^^^^
[INFO] [stdout]   |
[INFO] [stdout]   = note: `#[warn(unused_imports)]` on by default
[INFO] [stdout] 
[INFO] [stdout] 
[INFO] [stdout] warning: unused `#[macro_use]` import
[INFO] [stdout]   --> src/lib.rs:10:1
[INFO] [stdout]    |
[INFO] [stdout] 10 | #[macro_use] extern crate lazy_static;
[INFO] [stdout]    | ^^^^^^^^^^^^
[INFO] [stdout] 
[INFO] [stdout] 
[INFO] [stdout] warning: unused `#[macro_use]` import
[INFO] [stdout]   --> src/lib.rs:11:1
[INFO] [stdout]    |
[INFO] [stdout] 11 | #[macro_use] extern crate bitcoin_derive;
[INFO] [stdout]    | ^^^^^^^^^^^^
[INFO] [stdout] 
[INFO] [stdout] 
[INFO] [stdout] warning: unused `#[macro_use]` import
[INFO] [stdout]   --> src/lib.rs:12:1
[INFO] [stdout]    |
[INFO] [stdout] 12 | #[macro_use] extern crate maplit;
[INFO] [stdout]    | ^^^^^^^^^^^^
[INFO] [stdout] 
[INFO] [stdout] 
[INFO] [stdout] warning: unused macro definition: `ternary`
[INFO] [stdout]   --> src/lib.rs:14:14
[INFO] [stdout]    |
[INFO] [stdout] 14 | macro_rules! ternary {
[INFO] [stdout]    |              ^^^^^^^
[INFO] [stdout]    |
[INFO] [stdout]    = note: `#[warn(unused_macros)]` on by default
[INFO] [stdout] 
[INFO] [stdout] 
[INFO] [stdout] warning: unused import: `bitcoin_compat::*`
[INFO] [stdout]  --> src/imports.rs:1:16
[INFO] [stdout]   |
[INFO] [stdout] 1 | pub(crate) use bitcoin_compat::*;
[INFO] [stdout]   |                ^^^^^^^^^^^^^^^^^
[INFO] [stdout] 
[INFO] [stdout] 
[INFO] [stdout] warning: unused import: `bitcoin_derive::*`
[INFO] [stdout]  --> src/imports.rs:2:16
[INFO] [stdout]   |
[INFO] [stdout] 2 | pub(crate) use bitcoin_derive::*;
[INFO] [stdout]   |                ^^^^^^^^^^^^^^^^^
[INFO] [stdout] 
[INFO] [stdout] 
[INFO] [stdout] warning: unused import: `bitcoin_primitives::*`
[INFO] [stdout]  --> src/imports.rs:4:16
[INFO] [stdout]   |
[INFO] [stdout] 4 | pub(crate) use bitcoin_primitives::*;
[INFO] [stdout]   |                ^^^^^^^^^^^^^^^^^^^^^
[INFO] [stdout] 
[INFO] [stdout] 
[INFO] [stdout] warning: unused import: `bitcoin_support::*`
[INFO] [stdout]  --> src/imports.rs:5:16
[INFO] [stdout]   |
[INFO] [stdout] 5 | pub(crate) use bitcoin_support::*;
[INFO] [stdout]   |                ^^^^^^^^^^^^^^^^^^
[INFO] [stdout] 
[INFO] [stdout] 
[INFO] [stdout] error: unexpected `cfg` condition name: `__SIZEOF_INT128__`
[INFO] [stdout]   --> src/serialize.rs:16:11
[INFO] [stdout]    |
[INFO] [stdout] 16 |     #[cfg(__SIZEOF_INT128__)]
[INFO] [stdout]    |           ^^^^^^^^^^^^^^^^^
[INFO] [stdout]    |
[INFO] [stdout]    = help: expected names are: `debug_assertions`, `doc`, `doctest`, `feature`, `miri`, `overflow_checks`, `panic`, `proc_macro`, `relocation_model`, `sanitize`, `sanitizer_cfi_generalize_pointers`, `sanitizer_cfi_normalize_integers`, `target_abi`, `target_arch`, `target_endian`, `target_env`, `target_family`, `target_feature`, `target_has_atomic`, `target_has_atomic_equal_alignment`, `target_has_atomic_load_store`, `target_os`, `target_pointer_width`, `target_thread_local`, `target_vendor`, `test`, `unix`, `windows`
[INFO] [stdout]    = help: consider using a Cargo feature instead or adding `println!("cargo:rustc-check-cfg=cfg(__SIZEOF_INT128__)");` to the top of a `build.rs`
[INFO] [stdout]    = note: see <https://doc.rust-lang.org/nightly/cargo/reference/unstable.html#check-cfg> for more information about checking conditional configuration
[INFO] [stdout]    = note: requested on the command line with `-D unexpected-cfgs`
[INFO] [stdout] 
[INFO] [stdout] 
[INFO] [stdout] warning: unnecessary trailing semicolon
[INFO] [stdout]   --> src/serialize.rs:31:32
[INFO] [stdout]    |
[INFO] [stdout] 31 |     let x_hi:    u64 = x >> 32;;
[INFO] [stdout]    |                                ^ help: remove this semicolon
[INFO] [stdout]    |
[INFO] [stdout]    = note: `#[warn(redundant_semicolons)]` on by default
[INFO] [stdout] 
[INFO] [stdout] 
[INFO] [stdout] warning: unused macro definition: `readwrite`
[INFO] [stdout]    --> src/serialize.rs:237:14
[INFO] [stdout]     |
[INFO] [stdout] 237 | macro_rules! readwrite {
[INFO] [stdout]     |              ^^^^^^^^^
[INFO] [stdout] 
[INFO] [stdout] 
[INFO] [stdout] warning: unused macro definition: `readwriteas`
[INFO] [stdout]    --> src/serialize.rs:245:14
[INFO] [stdout]     |
[INFO] [stdout] 245 | macro_rules! readwriteas {
[INFO] [stdout]     |              ^^^^^^^^^^^
[INFO] [stdout] 
[INFO] [stdout] 
[INFO] [stdout] warning: unused macro definition: `ser_read`
[INFO] [stdout]    --> src/serialize.rs:253:14
[INFO] [stdout]     |
[INFO] [stdout] 253 | macro_rules! ser_read {
[INFO] [stdout]     |              ^^^^^^^^
[INFO] [stdout] 
[INFO] [stdout] 
[INFO] [stdout] warning: unused macro definition: `ser_write`
[INFO] [stdout]    --> src/serialize.rs:261:14
[INFO] [stdout]     |
[INFO] [stdout] 261 | macro_rules! ser_write {
[INFO] [stdout]     |              ^^^^^^^^^
[INFO] [stdout] 
[INFO] [stdout] 
[INFO] [stdout] warning: unused macro definition: `formatter_methods`
[INFO] [stdout]    --> src/serialize.rs:301:14
[INFO] [stdout]     |
[INFO] [stdout] 301 | macro_rules! formatter_methods {
[INFO] [stdout]     |              ^^^^^^^^^^^^^^^^^
[INFO] [stdout] 
[INFO] [stdout] 
[INFO] [stdout] warning: unused macro definition: `serialize_methods`
[INFO] [stdout]    --> src/serialize.rs:330:14
[INFO] [stdout]     |
[INFO] [stdout] 330 | macro_rules! serialize_methods {
[INFO] [stdout]     |              ^^^^^^^^^^^^^^^^^
[INFO] [stdout] 
[INFO] [stdout] 
[INFO] [stdout] warning: variant `NONNEGATIVE_SIGNED` should have an upper camel case name
[INFO] [stdout]    --> src/serialize.rs:762:5
[INFO] [stdout]     |
[INFO] [stdout] 762 |     NONNEGATIVE_SIGNED 
[INFO] [stdout]     |     ^^^^^^^^^^^^^^^^^^ help: convert the identifier to upper camel case: `NonnegativeSigned`
[INFO] [stdout]     |
[INFO] [stdout]     = note: `#[warn(non_camel_case_types)]` on by default
[INFO] [stdout] 
[INFO] [stdout] 
[INFO] [stdout] warning: the feature `adt_const_params` is incomplete and may not be safe to use and/or cause compiler crashes
[INFO] [stdout]  --> src/lib.rs:1:12
[INFO] [stdout]   |
[INFO] [stdout] 1 | #![feature(adt_const_params)]
[INFO] [stdout]   |            ^^^^^^^^^^^^^^^^
[INFO] [stdout]   |
[INFO] [stdout]   = note: see issue #95174 <https://github.com/rust-lang/rust/issues/95174> for more information
[INFO] [stdout]   = note: `#[warn(incomplete_features)]` on by default
[INFO] [stdout] 
[INFO] [stdout] 
[INFO] [stdout] warning: unnecessary braces around const expression
[INFO] [stdout]    --> src/serialize.rs:970:18
[INFO] [stdout]     |
[INFO] [stdout] 970 | impl True for If<{true}> { }
[INFO] [stdout]     |                  ^    ^
[INFO] [stdout]     |
[INFO] [stdout]     = note: `#[warn(unused_braces)]` on by default
[INFO] [stdout] help: remove these braces
[INFO] [stdout]     |
[INFO] [stdout] 970 - impl True for If<{true}> { }
[INFO] [stdout] 970 + impl True for If<true> { }
[INFO] [stdout]     |
[INFO] [stdout] 
[INFO] [stdout] 
[INFO] [stdout] warning: the feature `generic_const_exprs` is incomplete and may not be safe to use and/or cause compiler crashes
[INFO] [stdout]  --> src/lib.rs:4:12
[INFO] [stdout]   |
[INFO] [stdout] 4 | #![feature(generic_const_exprs)]
[INFO] [stdout]   |            ^^^^^^^^^^^^^^^^^^^
[INFO] [stdout]   |
[INFO] [stdout]   = note: see issue #76560 <https://github.com/rust-lang/rust/issues/76560> for more information
[INFO] [stdout] 
[INFO] [stdout] 
[INFO] [stdout] warning: unused `#[macro_use]` import
[INFO] [stdout]  --> src/lib.rs:9:1
[INFO] [stdout]   |
[INFO] [stdout] 9 | #[macro_use] extern crate static_assertions;
[INFO] [stdout]   | ^^^^^^^^^^^^
[INFO] [stdout]   |
[INFO] [stdout]   = note: `#[warn(unused_imports)]` on by default
[INFO] [stdout] 
[INFO] [stdout] 
[INFO] [stdout] warning: unused `#[macro_use]` import
[INFO] [stdout]   --> src/lib.rs:10:1
[INFO] [stdout]    |
[INFO] [stdout] 10 | #[macro_use] extern crate lazy_static;
[INFO] [stdout]    | ^^^^^^^^^^^^
[INFO] [stdout] 
[INFO] [stdout] 
[INFO] [stdout] warning: unused `#[macro_use]` import
[INFO] [stdout]   --> src/lib.rs:11:1
[INFO] [stdout]    |
[INFO] [stdout] 11 | #[macro_use] extern crate bitcoin_derive;
[INFO] [stdout]    | ^^^^^^^^^^^^
[INFO] [stdout] 
[INFO] [stdout] 
[INFO] [stdout] warning: unused `#[macro_use]` import
[INFO] [stdout]   --> src/lib.rs:12:1
[INFO] [stdout]    |
[INFO] [stdout] 12 | #[macro_use] extern crate maplit;
[INFO] [stdout]    | ^^^^^^^^^^^^
[INFO] [stdout] 
[INFO] [stdout] 
[INFO] [stdout] warning: unused macro definition: `ternary`
[INFO] [stdout]   --> src/lib.rs:14:14
[INFO] [stdout]    |
[INFO] [stdout] 14 | macro_rules! ternary {
[INFO] [stdout]    |              ^^^^^^^
[INFO] [stdout]    |
[INFO] [stdout]    = note: `#[warn(unused_macros)]` on by default
[INFO] [stdout] 
[INFO] [stdout] 
[INFO] [stdout] warning: unused import: `bitcoin_compat::*`
[INFO] [stdout]  --> src/imports.rs:1:16
[INFO] [stdout]   |
[INFO] [stdout] 1 | pub(crate) use bitcoin_compat::*;
[INFO] [stdout]   |                ^^^^^^^^^^^^^^^^^
[INFO] [stdout] 
[INFO] [stdout] 
[INFO] [stdout] warning: unused import: `bitcoin_derive::*`
[INFO] [stdout]  --> src/imports.rs:2:16
[INFO] [stdout]   |
[INFO] [stdout] 2 | pub(crate) use bitcoin_derive::*;
[INFO] [stdout]   |                ^^^^^^^^^^^^^^^^^
[INFO] [stdout] 
[INFO] [stdout] 
[INFO] [stdout] warning: unused import: `bitcoin_primitives::*`
[INFO] [stdout]  --> src/imports.rs:4:16
[INFO] [stdout]   |
[INFO] [stdout] 4 | pub(crate) use bitcoin_primitives::*;
[INFO] [stdout]   |                ^^^^^^^^^^^^^^^^^^^^^
[INFO] [stdout] 
[INFO] [stdout] 
[INFO] [stdout] warning: unused import: `bitcoin_support::*`
[INFO] [stdout]  --> src/imports.rs:5:16
[INFO] [stdout]   |
[INFO] [stdout] 5 | pub(crate) use bitcoin_support::*;
[INFO] [stdout]   |                ^^^^^^^^^^^^^^^^^^
[INFO] [stdout] 
[INFO] [stdout] 
[INFO] [stdout] error: unexpected `cfg` condition name: `__SIZEOF_INT128__`
[INFO] [stdout]   --> src/serialize.rs:16:11
[INFO] [stdout]    |
[INFO] [stdout] 16 |     #[cfg(__SIZEOF_INT128__)]
[INFO] [stdout]    |           ^^^^^^^^^^^^^^^^^
[INFO] [stdout]    |
[INFO] [stdout]    = help: expected names are: `debug_assertions`, `doc`, `doctest`, `feature`, `miri`, `overflow_checks`, `panic`, `proc_macro`, `relocation_model`, `sanitize`, `sanitizer_cfi_generalize_pointers`, `sanitizer_cfi_normalize_integers`, `target_abi`, `target_arch`, `target_endian`, `target_env`, `target_family`, `target_feature`, `target_has_atomic`, `target_has_atomic_equal_alignment`, `target_has_atomic_load_store`, `target_os`, `target_pointer_width`, `target_thread_local`, `target_vendor`, `test`, `unix`, `windows`
[INFO] [stdout]    = help: consider using a Cargo feature instead or adding `println!("cargo:rustc-check-cfg=cfg(__SIZEOF_INT128__)");` to the top of a `build.rs`
[INFO] [stdout]    = note: see <https://doc.rust-lang.org/nightly/cargo/reference/unstable.html#check-cfg> for more information about checking conditional configuration
[INFO] [stdout]    = note: requested on the command line with `-D unexpected-cfgs`
[INFO] [stdout] 
[INFO] [stdout] 
[INFO] [stdout] warning: unnecessary trailing semicolon
[INFO] [stdout]   --> src/serialize.rs:31:32
[INFO] [stdout]    |
[INFO] [stdout] 31 |     let x_hi:    u64 = x >> 32;;
[INFO] [stdout]    |                                ^ help: remove this semicolon
[INFO] [stdout]    |
[INFO] [stdout]    = note: `#[warn(redundant_semicolons)]` on by default
[INFO] [stdout] 
[INFO] [stdout] 
[INFO] [stdout] warning: unused macro definition: `readwrite`
[INFO] [stdout]    --> src/serialize.rs:237:14
[INFO] [stdout]     |
[INFO] [stdout] 237 | macro_rules! readwrite {
[INFO] [stdout]     |              ^^^^^^^^^
[INFO] [stdout] 
[INFO] [stdout] 
[INFO] [stdout] warning: unused macro definition: `readwriteas`
[INFO] [stdout]    --> src/serialize.rs:245:14
[INFO] [stdout]     |
[INFO] [stdout] 245 | macro_rules! readwriteas {
[INFO] [stdout]     |              ^^^^^^^^^^^
[INFO] [stdout] 
[INFO] [stdout] 
[INFO] [stdout] warning: unused macro definition: `ser_read`
[INFO] [stdout]    --> src/serialize.rs:253:14
[INFO] [stdout]     |
[INFO] [stdout] 253 | macro_rules! ser_read {
[INFO] [stdout]     |              ^^^^^^^^
[INFO] [stdout] 
[INFO] [stdout] 
[INFO] [stdout] warning: unused macro definition: `ser_write`
[INFO] [stdout]    --> src/serialize.rs:261:14
[INFO] [stdout]     |
[INFO] [stdout] 261 | macro_rules! ser_write {
[INFO] [stdout]     |              ^^^^^^^^^
[INFO] [stdout] 
[INFO] [stdout] 
[INFO] [stdout] warning: unused macro definition: `formatter_methods`
[INFO] [stdout]    --> src/serialize.rs:301:14
[INFO] [stdout]     |
[INFO] [stdout] 301 | macro_rules! formatter_methods {
[INFO] [stdout]     |              ^^^^^^^^^^^^^^^^^
[INFO] [stdout] 
[INFO] [stdout] 
[INFO] [stdout] warning: unused macro definition: `serialize_methods`
[INFO] [stdout]    --> src/serialize.rs:330:14
[INFO] [stdout]     |
[INFO] [stdout] 330 | macro_rules! serialize_methods {
[INFO] [stdout]     |              ^^^^^^^^^^^^^^^^^
[INFO] [stdout] 
[INFO] [stdout] 
[INFO] [stdout] warning: variant `NONNEGATIVE_SIGNED` should have an upper camel case name
[INFO] [stdout]    --> src/serialize.rs:762:5
[INFO] [stdout]     |
[INFO] [stdout] 762 |     NONNEGATIVE_SIGNED 
[INFO] [stdout]     |     ^^^^^^^^^^^^^^^^^^ help: convert the identifier to upper camel case: `NonnegativeSigned`
[INFO] [stdout]     |
[INFO] [stdout]     = note: `#[warn(non_camel_case_types)]` on by default
[INFO] [stdout] 
[INFO] [stdout] 
[INFO] [stdout] warning: unnecessary braces around const expression
[INFO] [stdout]    --> src/serialize.rs:970:18
[INFO] [stdout]     |
[INFO] [stdout] 970 | impl True for If<{true}> { }
[INFO] [stdout]     |                  ^    ^
[INFO] [stdout]     |
[INFO] [stdout]     = note: `#[warn(unused_braces)]` on by default
[INFO] [stdout] help: remove these braces
[INFO] [stdout]     |
[INFO] [stdout] 970 - impl True for If<{true}> { }
[INFO] [stdout] 970 + impl True for If<true> { }
[INFO] [stdout]     |
[INFO] [stdout] 
[INFO] [stdout] 
[INFO] [stdout] warning: the feature `const_generics_defaults` has been stable since 1.59.0 and no longer requires an attribute to enable
[INFO] [stdout]  --> src/lib.rs:3:12
[INFO] [stdout]   |
[INFO] [stdout] 3 | #![feature(const_generics_defaults)]
[INFO] [stdout]   |            ^^^^^^^^^^^^^^^^^^^^^^^
[INFO] [stdout]   |
[INFO] [stdout]   = note: `#[warn(stable_features)]` on by default
[INFO] [stdout] 
[INFO] [stdout] 
[INFO] [stdout] warning: the feature `const_generics_defaults` has been stable since 1.59.0 and no longer requires an attribute to enable
[INFO] [stdout]  --> src/lib.rs:3:12
[INFO] [stdout]   |
[INFO] [stdout] 3 | #![feature(const_generics_defaults)]
[INFO] [stdout]   |            ^^^^^^^^^^^^^^^^^^^^^^^
[INFO] [stdout]   |
[INFO] [stdout]   = note: `#[warn(stable_features)]` on by default
[INFO] [stdout] 
[INFO] [stdout] 
[INFO] [stdout] error[E0741]: `VarIntMode` must implement `ConstParamTy` to be used as the type of a const generic parameter
[INFO] [stdout]    --> src/serialize.rs:765:40
[INFO] [stdout]     |
[INFO] [stdout] 765 | pub struct CheckVarIntMode<const Mode: VarIntMode> {
[INFO] [stdout]     |                                        ^^^^^^^^^^
[INFO] [stdout]     |
[INFO] [stdout] help: add `#[derive(ConstParamTy)]` to the struct
[INFO] [stdout]     |
[INFO] [stdout] 760 + #[derive(ConstParamTy)]
[INFO] [stdout] 761 | pub enum VarIntMode { 
[INFO] [stdout]     |
[INFO] [stdout] 
[INFO] [stdout] 
[INFO] [stdout] error[E0741]: `VarIntMode` must implement `ConstParamTy` to be used as the type of a const generic parameter
[INFO] [stdout]    --> src/serialize.rs:769:18
[INFO] [stdout]     |
[INFO] [stdout] 769 | impl<const Mode: VarIntMode> CheckVarIntMode<Mode> {
[INFO] [stdout]     |                  ^^^^^^^^^^
[INFO] [stdout]     |
[INFO] [stdout] help: add `#[derive(ConstParamTy)]` to the struct
[INFO] [stdout]     |
[INFO] [stdout] 760 + #[derive(ConstParamTy)]
[INFO] [stdout] 761 | pub enum VarIntMode { 
[INFO] [stdout]     |
[INFO] [stdout] 
[INFO] [stdout] 
[INFO] [stdout] error[E0741]: `VarIntMode` must implement `ConstParamTy` to be used as the type of a const generic parameter
[INFO] [stdout]    --> src/serialize.rs:782:53
[INFO] [stdout]     |
[INFO] [stdout] 782 | #[inline] pub fn get_size_of_var_int<I, const Mode: VarIntMode>(n: I) -> u32 {
[INFO] [stdout]     |                                                     ^^^^^^^^^^
[INFO] [stdout]     |
[INFO] [stdout] help: add `#[derive(ConstParamTy)]` to the struct
[INFO] [stdout]     |
[INFO] [stdout] 760 + #[derive(ConstParamTy)]
[INFO] [stdout] 761 | pub enum VarIntMode { 
[INFO] [stdout]     |
[INFO] [stdout] 
[INFO] [stdout] 
[INFO] [stdout] error[E0741]: `VarIntMode` must implement `ConstParamTy` to be used as the type of a const generic parameter
[INFO] [stdout]    --> src/serialize.rs:798:45
[INFO] [stdout]     |
[INFO] [stdout] 798 | pub fn write_var_int<Stream, I, const Mode: VarIntMode>(
[INFO] [stdout]     |                                             ^^^^^^^^^^
[INFO] [stdout]     |
[INFO] [stdout] help: add `#[derive(ConstParamTy)]` to the struct
[INFO] [stdout]     |
[INFO] [stdout] 760 + #[derive(ConstParamTy)]
[INFO] [stdout] 761 | pub enum VarIntMode { 
[INFO] [stdout]     |
[INFO] [stdout] 
[INFO] [stdout] 
[INFO] [stdout] error[E0741]: `VarIntMode` must implement `ConstParamTy` to be used as the type of a const generic parameter
[INFO] [stdout]    --> src/serialize.rs:820:44
[INFO] [stdout]     |
[INFO] [stdout] 820 | pub fn read_var_int<Stream, I, const Mode: VarIntMode>(is: &mut Stream) -> I {
[INFO] [stdout]     |                                            ^^^^^^^^^^
[INFO] [stdout]     |
[INFO] [stdout] help: add `#[derive(ConstParamTy)]` to the struct
[INFO] [stdout]     |
[INFO] [stdout] 760 + #[derive(ConstParamTy)]
[INFO] [stdout] 761 | pub enum VarIntMode { 
[INFO] [stdout]     |
[INFO] [stdout] 
[INFO] [stdout] 
[INFO] [stdout] error[E0741]: `VarIntMode` must implement `ConstParamTy` to be used as the type of a const generic parameter
[INFO] [stdout]    --> src/serialize.rs:938:40
[INFO] [stdout]     |
[INFO] [stdout] 938 | pub struct VarIntFormatter<const Mode: VarIntMode> {
[INFO] [stdout]     |                                        ^^^^^^^^^^
[INFO] [stdout]     |
[INFO] [stdout] help: add `#[derive(ConstParamTy)]` to the struct
[INFO] [stdout]     |
[INFO] [stdout] 760 + #[derive(ConstParamTy)]
[INFO] [stdout] 761 | pub enum VarIntMode { 
[INFO] [stdout]     |
[INFO] [stdout] 
[INFO] [stdout] 
[INFO] [stdout] error[E0741]: `VarIntMode` must implement `ConstParamTy` to be used as the type of a const generic parameter
[INFO] [stdout]    --> src/serialize.rs:942:18
[INFO] [stdout]     |
[INFO] [stdout] 942 | impl<const Mode: VarIntMode> VarIntFormatter<Mode> {
[INFO] [stdout]     |                  ^^^^^^^^^^
[INFO] [stdout]     |
[INFO] [stdout] help: add `#[derive(ConstParamTy)]` to the struct
[INFO] [stdout]     |
[INFO] [stdout] 760 + #[derive(ConstParamTy)]
[INFO] [stdout] 761 | pub enum VarIntMode { 
[INFO] [stdout]     |
[INFO] [stdout] 
[INFO] [stdout] 
[INFO] [stdout] error[E0741]: `VarIntMode` must implement `ConstParamTy` to be used as the type of a const generic parameter
[INFO] [stdout]    --> src/serialize.rs:765:40
[INFO] [stdout]     |
[INFO] [stdout] 765 | pub struct CheckVarIntMode<const Mode: VarIntMode> {
[INFO] [stdout]     |                                        ^^^^^^^^^^
[INFO] [stdout]     |
[INFO] [stdout] help: add `#[derive(ConstParamTy)]` to the struct
[INFO] [stdout]     |
[INFO] [stdout] 760 + #[derive(ConstParamTy)]
[INFO] [stdout] 761 | pub enum VarIntMode { 
[INFO] [stdout]     |
[INFO] [stdout] 
[INFO] [stdout] 
[INFO] [stdout] error[E0741]: `VarIntMode` must implement `ConstParamTy` to be used as the type of a const generic parameter
[INFO] [stdout]    --> src/serialize.rs:769:18
[INFO] [stdout]     |
[INFO] [stdout] 769 | impl<const Mode: VarIntMode> CheckVarIntMode<Mode> {
[INFO] [stdout]     |                  ^^^^^^^^^^
[INFO] [stdout]     |
[INFO] [stdout] help: add `#[derive(ConstParamTy)]` to the struct
[INFO] [stdout]     |
[INFO] [stdout] 760 + #[derive(ConstParamTy)]
[INFO] [stdout] 761 | pub enum VarIntMode { 
[INFO] [stdout]     |
[INFO] [stdout] 
[INFO] [stdout] 
[INFO] [stdout] error[E0741]: `VarIntMode` must implement `ConstParamTy` to be used as the type of a const generic parameter
[INFO] [stdout]    --> src/serialize.rs:782:53
[INFO] [stdout]     |
[INFO] [stdout] 782 | #[inline] pub fn get_size_of_var_int<I, const Mode: VarIntMode>(n: I) -> u32 {
[INFO] [stdout]     |                                                     ^^^^^^^^^^
[INFO] [stdout]     |
[INFO] [stdout] help: add `#[derive(ConstParamTy)]` to the struct
[INFO] [stdout]     |
[INFO] [stdout] 760 + #[derive(ConstParamTy)]
[INFO] [stdout] 761 | pub enum VarIntMode { 
[INFO] [stdout]     |
[INFO] [stdout] 
[INFO] [stdout] 
[INFO] [stdout] error[E0741]: `VarIntMode` must implement `ConstParamTy` to be used as the type of a const generic parameter
[INFO] [stdout]    --> src/serialize.rs:798:45
[INFO] [stdout]     |
[INFO] [stdout] 798 | pub fn write_var_int<Stream, I, const Mode: VarIntMode>(
[INFO] [stdout]     |                                             ^^^^^^^^^^
[INFO] [stdout]     |
[INFO] [stdout] help: add `#[derive(ConstParamTy)]` to the struct
[INFO] [stdout]     |
[INFO] [stdout] 760 + #[derive(ConstParamTy)]
[INFO] [stdout] 761 | pub enum VarIntMode { 
[INFO] [stdout]     |
[INFO] [stdout] 
[INFO] [stdout] 
[INFO] [stdout] error[E0741]: `VarIntMode` must implement `ConstParamTy` to be used as the type of a const generic parameter
[INFO] [stdout]    --> src/serialize.rs:820:44
[INFO] [stdout]     |
[INFO] [stdout] 820 | pub fn read_var_int<Stream, I, const Mode: VarIntMode>(is: &mut Stream) -> I {
[INFO] [stdout]     |                                            ^^^^^^^^^^
[INFO] [stdout]     |
[INFO] [stdout] help: add `#[derive(ConstParamTy)]` to the struct
[INFO] [stdout]     |
[INFO] [stdout] 760 + #[derive(ConstParamTy)]
[INFO] [stdout] 761 | pub enum VarIntMode { 
[INFO] [stdout]     |
[INFO] [stdout] 
[INFO] [stdout] 
[INFO] [stdout] error[E0741]: `VarIntMode` must implement `ConstParamTy` to be used as the type of a const generic parameter
[INFO] [stdout]    --> src/serialize.rs:938:40
[INFO] [stdout]     |
[INFO] [stdout] 938 | pub struct VarIntFormatter<const Mode: VarIntMode> {
[INFO] [stdout]     |                                        ^^^^^^^^^^
[INFO] [stdout]     |
[INFO] [stdout] help: add `#[derive(ConstParamTy)]` to the struct
[INFO] [stdout]     |
[INFO] [stdout] 760 + #[derive(ConstParamTy)]
[INFO] [stdout] 761 | pub enum VarIntMode { 
[INFO] [stdout]     |
[INFO] [stdout] 
[INFO] [stdout] 
[INFO] [stdout] error[E0741]: `VarIntMode` must implement `ConstParamTy` to be used as the type of a const generic parameter
[INFO] [stdout]    --> src/serialize.rs:942:18
[INFO] [stdout]     |
[INFO] [stdout] 942 | impl<const Mode: VarIntMode> VarIntFormatter<Mode> {
[INFO] [stdout]     |                  ^^^^^^^^^^
[INFO] [stdout]     |
[INFO] [stdout] help: add `#[derive(ConstParamTy)]` to the struct
[INFO] [stdout]     |
[INFO] [stdout] 760 + #[derive(ConstParamTy)]
[INFO] [stdout] 761 | pub enum VarIntMode { 
[INFO] [stdout]     |
[INFO] [stdout] 
[INFO] [stdout] 
[INFO] [stdout] error: aborting due to 8 previous errors; 21 warnings emitted
[INFO] [stdout] 
[INFO] [stdout] 
[INFO] [stdout] For more information about this error, try `rustc --explain E0741`.
[INFO] [stdout] 
[INFO] [stdout] error: aborting due to 8 previous errors; 21 warnings emitted
[INFO] [stdout] 
[INFO] [stdout] 
[INFO] [stdout] For more information about this error, try `rustc --explain E0741`.
[INFO] [stdout] 
[INFO] [stderr] error: could not compile `bitcoin-serialize` (lib) due to 9 previous errors; 21 warnings emitted
[INFO] [stderr] warning: build failed, waiting for other jobs to finish...
[INFO] [stderr] error: could not compile `bitcoin-serialize` (lib test) due to 9 previous errors; 21 warnings emitted
[INFO] running `Command { std: "docker" "inspect" "48e854fd2cfc22fb0332d15572971886708ca7b2f43b0fe333806fa3825521dd", kill_on_drop: false }`
[INFO] running `Command { std: "docker" "rm" "-f" "48e854fd2cfc22fb0332d15572971886708ca7b2f43b0fe333806fa3825521dd", kill_on_drop: false }`
[INFO] [stdout] 48e854fd2cfc22fb0332d15572971886708ca7b2f43b0fe333806fa3825521dd
