[INFO] fetching crate bitcoin-scripting 0.1.16-alpha.0...
[INFO] checking bitcoin-scripting-0.1.16-alpha.0 against nightly-2024-02-05 for check-cfg
[INFO] extracting crate bitcoin-scripting 0.1.16-alpha.0 into /workspace/builds/worker-1-tc1/source
[INFO] validating manifest of crates.io crate bitcoin-scripting 0.1.16-alpha.0 on toolchain nightly-2024-02-05
[INFO] running `Command { std: CARGO_HOME="/workspace/cargo-home" RUSTUP_HOME="/workspace/rustup-home" "/workspace/cargo-home/bin/cargo" "+nightly-2024-02-05" "metadata" "--manifest-path" "Cargo.toml" "--no-deps", kill_on_drop: false }`
[INFO] started tweaking crates.io crate bitcoin-scripting 0.1.16-alpha.0
[INFO] finished tweaking crates.io crate bitcoin-scripting 0.1.16-alpha.0
[INFO] tweaked toml for crates.io crate bitcoin-scripting 0.1.16-alpha.0 written to /workspace/builds/worker-1-tc1/source/Cargo.toml
[INFO] running `Command { std: CARGO_HOME="/workspace/cargo-home" RUSTUP_HOME="/workspace/rustup-home" "/workspace/cargo-home/bin/cargo" "+nightly-2024-02-05" "generate-lockfile" "--manifest-path" "Cargo.toml", kill_on_drop: false }`
[INFO] [stderr]     Updating crates.io index
[INFO] running `Command { std: CARGO_HOME="/workspace/cargo-home" RUSTUP_HOME="/workspace/rustup-home" "/workspace/cargo-home/bin/cargo" "+nightly-2024-02-05" "fetch" "--manifest-path" "Cargo.toml", kill_on_drop: false }`
[INFO] running `Command { std: "docker" "create" "-v" "/var/lib/crater-agent-workspace/builds/worker-1-tc1/target:/opt/rustwide/target:rw,Z" "-v" "/var/lib/crater-agent-workspace/builds/worker-1-tc1/source:/opt/rustwide/workdir:ro,Z" "-v" "/var/lib/crater-agent-workspace/cargo-home:/opt/rustwide/cargo-home:ro,Z" "-v" "/var/lib/crater-agent-workspace/rustup-home:/opt/rustwide/rustup-home:ro,Z" "-e" "SOURCE_DIR=/opt/rustwide/workdir" "-e" "CARGO_TARGET_DIR=/opt/rustwide/target" "-e" "CARGO_HOME=/opt/rustwide/cargo-home" "-e" "RUSTUP_HOME=/opt/rustwide/rustup-home" "-w" "/opt/rustwide/workdir" "-m" "1610612736" "--user" "0:0" "--network" "none" "ghcr.io/rust-lang/crates-build-env/linux@sha256:2788e3201cd34a07e3172128adcd8b3090168a8e3bcc40d7c032b9dda1df7d1c" "/opt/rustwide/cargo-home/bin/cargo" "+nightly-2024-02-05" "metadata" "--no-deps" "--format-version=1", kill_on_drop: false }`
[INFO] [stdout] adfa1e6d4fdcedcb6c349448016cd53c9869f3c6ee655e71f1b7c5ba4ece4047
[INFO] running `Command { std: "docker" "start" "-a" "adfa1e6d4fdcedcb6c349448016cd53c9869f3c6ee655e71f1b7c5ba4ece4047", kill_on_drop: false }`
[INFO] running `Command { std: "docker" "inspect" "adfa1e6d4fdcedcb6c349448016cd53c9869f3c6ee655e71f1b7c5ba4ece4047", kill_on_drop: false }`
[INFO] running `Command { std: "docker" "rm" "-f" "adfa1e6d4fdcedcb6c349448016cd53c9869f3c6ee655e71f1b7c5ba4ece4047", kill_on_drop: false }`
[INFO] [stdout] adfa1e6d4fdcedcb6c349448016cd53c9869f3c6ee655e71f1b7c5ba4ece4047
[INFO] running `Command { std: "docker" "create" "-v" "/var/lib/crater-agent-workspace/builds/worker-1-tc1/target:/opt/rustwide/target:rw,Z" "-v" "/var/lib/crater-agent-workspace/builds/worker-1-tc1/source:/opt/rustwide/workdir:ro,Z" "-v" "/var/lib/crater-agent-workspace/cargo-home:/opt/rustwide/cargo-home:ro,Z" "-v" "/var/lib/crater-agent-workspace/rustup-home:/opt/rustwide/rustup-home:ro,Z" "-e" "SOURCE_DIR=/opt/rustwide/workdir" "-e" "CARGO_TARGET_DIR=/opt/rustwide/target" "-e" "CARGO_INCREMENTAL=0" "-e" "RUST_BACKTRACE=full" "-e" "RUSTFLAGS=--cap-lints=forbid" "-e" "RUSTDOCFLAGS=--cap-lints=forbid" "-e" "CARGO_HOME=/opt/rustwide/cargo-home" "-e" "RUSTUP_HOME=/opt/rustwide/rustup-home" "-w" "/opt/rustwide/workdir" "-m" "1610612736" "--user" "0:0" "--network" "none" "ghcr.io/rust-lang/crates-build-env/linux@sha256:2788e3201cd34a07e3172128adcd8b3090168a8e3bcc40d7c032b9dda1df7d1c" "/opt/rustwide/cargo-home/bin/cargo" "+nightly-2024-02-05" "check" "--frozen" "--all" "--all-targets" "--message-format=json", kill_on_drop: false }`
[INFO] [stdout] b9f9235178ae06b29840b7db2b4dcbb45ccbf81ee127d4813886a9b2888a5894
[INFO] running `Command { std: "docker" "start" "-a" "b9f9235178ae06b29840b7db2b4dcbb45ccbf81ee127d4813886a9b2888a5894", kill_on_drop: false }`
[INFO] [stderr]    Compiling regex-syntax v0.8.2
[INFO] [stderr]    Compiling num-traits v0.2.17
[INFO] [stderr]    Compiling addr2line v0.21.0
[INFO] [stderr]    Compiling syn v2.0.48
[INFO] [stderr]    Compiling cexpr v0.6.0
[INFO] [stderr]    Compiling which v4.4.2
[INFO] [stderr]    Compiling phf_generator v0.10.0
[INFO] [stderr]    Compiling cpp_core v0.6.0
[INFO] [stderr]    Compiling powerfmt v0.2.0
[INFO] [stderr]    Compiling smallvec v1.13.1
[INFO] [stderr]    Compiling crossbeam-deque v0.8.5
[INFO] [stderr]    Compiling memoffset v0.6.5
[INFO] [stderr]    Compiling crossbeam-channel v0.5.11
[INFO] [stderr]    Compiling crossbeam-queue v0.3.11
[INFO] [stderr]    Compiling delegate v0.7.0
[INFO] [stderr]    Compiling try-catch v0.2.2
[INFO] [stderr]    Compiling raw-cpuid v10.7.0
[INFO] [stderr]    Compiling phf_macros v0.10.0
[INFO] [stderr]    Compiling derivative v2.2.0
[INFO] [stderr]    Compiling indoc v1.0.9
[INFO] [stderr]    Compiling static_assertions v1.1.0
[INFO] [stderr]    Compiling parking_lot_core v0.9.9
[INFO] [stderr]    Compiling time-core v0.1.2
[INFO] [stderr]    Compiling num-conv v0.1.0
[INFO] [stderr]    Compiling poison v0.1.0
[INFO] [stderr]    Compiling shared-mutex v0.3.1
[INFO] [stderr]    Compiling modular-bitfield v0.11.2
[INFO] [stderr]    Compiling backtrace v0.3.69
[INFO] [stderr]    Compiling nix v0.24.3
[INFO] [stderr]    Compiling parking_lot v0.12.1
[INFO] [stderr]    Compiling crossbeam v0.8.4
[INFO] [stderr]    Compiling sqlite v0.25.3
[INFO] [stderr]    Compiling sqlite3 v0.24.0
[INFO] [stderr]    Compiling libc-stdhandle v0.1.0
[INFO] [stderr]    Compiling priority-queue v1.4.0
[INFO] [stderr]    Compiling errno v0.2.8
[INFO] [stderr]    Compiling pnet_sys v0.31.0
[INFO] [stderr]    Compiling fs2 v0.4.3
[INFO] [stderr]    Compiling socket2 v0.4.10
[INFO] [stderr]    Compiling bitset v0.1.2
[INFO] [stderr]    Compiling failure v0.1.8
[INFO] [stderr]    Compiling atomic-take v1.1.0
[INFO] [stderr]    Compiling integer-encoding v3.0.4
[INFO] [stderr]    Compiling multiset v0.0.5
[INFO] [stderr]    Compiling comparator v0.3.0
[INFO] [stderr]    Compiling time-point v0.1.1
[INFO] [stderr]    Compiling atomic v0.5.3
[INFO] [stderr]    Compiling float-ord v0.3.2
[INFO] [stderr]    Compiling winapi v0.2.8
[INFO] [stderr]    Compiling atomic_float v0.1.0
[INFO] [stderr]    Compiling const-default v1.0.0
[INFO] [stderr]    Compiling cfg_aliases v0.1.1
[INFO] [stderr]     Checking ahash v0.7.7
[INFO] [stderr]     Checking sqlite3-src v0.2.12
[INFO] [stderr]     Checking rand v0.8.5
[INFO] [stderr]     Checking phf_shared v0.10.0
[INFO] [stderr]     Checking sqlite3-sys v0.12.0
[INFO] [stderr]    Compiling quanta v0.9.3
[INFO] [stderr]     Checking hashbrown v0.12.3
[INFO] [stderr]    Compiling num-integer v0.1.45
[INFO] [stderr]    Compiling num-complex v0.4.4
[INFO] [stderr]    Compiling phf v0.10.1
[INFO] [stderr]    Compiling num-bigint v0.4.4
[INFO] [stderr]    Compiling num-iter v0.1.43
[INFO] [stderr]     Checking indexmap v1.9.3
[INFO] [stderr]    Compiling regex-automata v0.4.5
[INFO] [stderr]     Checking maplit v1.0.2
[INFO] [stderr]    Compiling num-rational v0.4.1
[INFO] [stderr]    Compiling num v0.4.1
[INFO] [stderr]    Compiling cpp_common v0.5.9
[INFO] [stderr]    Compiling serde_derive v1.0.196
[INFO] [stderr]    Compiling cpp_macros v0.5.9
[INFO] [stderr]    Compiling thiserror-impl v1.0.56
[INFO] [stderr]    Compiling regex v1.10.3
[INFO] [stderr]    Compiling env_logger v0.7.1
[INFO] [stderr]    Compiling cpp_build v0.5.9
[INFO] [stderr]    Compiling env_logger v0.9.3
[INFO] [stderr]    Compiling bindgen v0.60.1
[INFO] [stderr]    Compiling qttypes v0.2.11
[INFO] [stderr]    Compiling qmetaobject v0.2.10
[INFO] [stderr]    Compiling thiserror v1.0.56
[INFO] [stderr]    Compiling cpp v0.5.9
[INFO] [stderr]    Compiling serde v1.0.196
[INFO] [stderr]    Compiling libevent-sys v0.2.6
[INFO] [stderr]     Checking deranged v0.3.11
[INFO] [stderr]     Checking tinyvec v1.6.0
[INFO] [stderr]     Checking multimap v0.8.3
[INFO] [stderr]     Checking serde-big-array v0.4.1
[INFO] [stderr]    Compiling toml v0.4.10
[INFO] [stderr]    Compiling serde_json v1.0.113
[INFO] [stderr]    Compiling bincode v1.3.3
[INFO] [stderr]     Checking time v0.3.34
[INFO] [stderr]    Compiling ritual_common v0.4.0
[INFO] [stderr]    Compiling qt_ritual_common v0.4.0
[INFO] [stderr]    Compiling ritual_build v0.4.0
[INFO] [stderr]    Compiling qt_ritual_build v0.5.0
[INFO] [stderr]    Compiling qt_core v0.5.0
[INFO] [stderr]    Compiling qt_gui v0.5.0
[INFO] [stderr]     Checking libevent v0.1.0
[INFO] [stderr]     Checking bitcoin-imports v0.1.16-alpha.0
[INFO] [stderr]    Compiling bitcoin-cfg v0.1.16-alpha.0
[INFO] [stderr]    Compiling bitcoin-derive v0.1.16-alpha.0
[INFO] [stderr]    Compiling bitcoinleveldb-slice v0.1.16-alpha.0
[INFO] [stderr]    Compiling bitcoinleveldb-status v0.1.16-alpha.0
[INFO] [stderr]    Compiling bitcoinleveldb-util v0.1.16-alpha.0
[INFO] [stderr]    Compiling bitcoinleveldb-filter v0.1.16-alpha.0
[INFO] [stderr]    Compiling bitcoinleveldb-comparator v0.1.16-alpha.0
[INFO] [stderr]    Compiling bitcoinleveldb-key v0.1.16-alpha.0
[INFO] [stderr]    Compiling bitcoinleveldb-rand v0.1.16-alpha.0
[INFO] [stderr]    Compiling bitcoinleveldb-file v0.1.16-alpha.0
[INFO] [stderr]    Compiling bitcoin-support v0.1.16-alpha.0
[INFO] [stderr]    Compiling bitcoinleveldb-log v0.1.16-alpha.0
[INFO] [stderr]    Compiling bitcoin-primitives v0.1.16-alpha.0
[INFO] [stderr]    Compiling bitcoinleveldb-cache v0.1.16-alpha.0
[INFO] [stderr]    Compiling bitcoinleveldb-snapshot v0.1.16-alpha.0
[INFO] [stderr]    Compiling bitcoinsecp256k1-modinv v0.1.16-alpha.0
[INFO] [stderr]    Compiling bitcoinleveldb-env v0.1.16-alpha.0
[INFO] [stderr]    Compiling bitcoin-amt v0.1.16-alpha.0
[INFO] [stderr]    Compiling bitcoinleveldb-options v0.1.16-alpha.0
[INFO] [stderr]    Compiling bitcoinsecp256k1-field v0.1.16-alpha.0
[INFO] [stderr]    Compiling bitcoinleveldb-table v0.1.16-alpha.0
[INFO] [stderr]    Compiling bitcoin-univalue v0.1.16-alpha.0
[INFO] [stderr]    Compiling bitcoinsecp256k1-group v0.1.16-alpha.0
[INFO] [stderr]    Compiling bitcoinsecp256k1-scratch v0.1.16-alpha.0
[INFO] [stderr]    Compiling bitcoinsecp256k1-scalar v0.1.16-alpha.0
[INFO] [stderr]    Compiling bitcoin-key v0.1.16-alpha.0
[INFO] [stderr]    Compiling bitcoinsecp256k1-ec v0.1.16-alpha.0
[INFO] [stderr]    Compiling bitcoin-compat v0.1.16-alpha.0
[INFO] [stderr]    Compiling bitcoin-ripemd v0.1.16-alpha.0
[INFO] [stderr]    Compiling bitcoin-serialize v0.1.16-alpha.0
[INFO] [stderr]    Compiling bitcoin-mem v0.1.16-alpha.0
[INFO] [stderr]    Compiling bitcoin-secp256k1 v0.1.16-alpha.0
[INFO] [stderr]    Compiling bitcoin-sha256 v0.1.16-alpha.0
[INFO] [stderr]    Compiling bitcoin-version v0.1.16-alpha.0
[INFO] [stderr]    Compiling bitcoin-string v0.1.16-alpha.0
[INFO] [stderr]    Compiling bitcoin-hash v0.1.16-alpha.0
[INFO] [stderr]    Compiling bitcoinsecp256k1-keys v0.1.16-alpha.0
[INFO] [stderr]    Compiling bitcoin-cuckoo-cache v0.1.16-alpha.0
[INFO] [stderr]    Compiling bitcoin-scripting v0.1.16-alpha.0 (/opt/rustwide/workdir)
[INFO] [stdout] error[E0741]: `VarIntMode` must implement `ConstParamTy` to be used as the type of a const generic parameter
[INFO] [stdout]    --> /opt/rustwide/cargo-home/registry/src/index.crates.io-6f17d22bba15001f/bitcoin-serialize-0.1.16-alpha.0/src/serialize.rs:765:40
[INFO] [stdout]     |
[INFO] [stdout] 765 | pub struct CheckVarIntMode<const Mode: VarIntMode> {
[INFO] [stdout]     |                                        ^^^^^^^^^^
[INFO] [stdout]     |
[INFO] [stdout] help: add `#[derive(ConstParamTy)]` to the struct
[INFO] [stdout]     |
[INFO] [stdout] 760 + #[derive(ConstParamTy)]
[INFO] [stdout] 761 | pub enum VarIntMode { 
[INFO] [stdout]     |
[INFO] [stdout] 
[INFO] [stdout] 
[INFO] [stdout] error[E0741]: `VarIntMode` must implement `ConstParamTy` to be used as the type of a const generic parameter
[INFO] [stdout]    --> /opt/rustwide/cargo-home/registry/src/index.crates.io-6f17d22bba15001f/bitcoin-serialize-0.1.16-alpha.0/src/serialize.rs:769:18
[INFO] [stdout]     |
[INFO] [stdout] 769 | impl<const Mode: VarIntMode> CheckVarIntMode<Mode> {
[INFO] [stdout]     |                  ^^^^^^^^^^
[INFO] [stdout]     |
[INFO] [stdout] help: add `#[derive(ConstParamTy)]` to the struct
[INFO] [stdout]     |
[INFO] [stdout] 760 + #[derive(ConstParamTy)]
[INFO] [stdout] 761 | pub enum VarIntMode { 
[INFO] [stdout]     |
[INFO] [stdout] 
[INFO] [stdout] 
[INFO] [stdout] error[E0741]: `VarIntMode` must implement `ConstParamTy` to be used as the type of a const generic parameter
[INFO] [stdout]    --> /opt/rustwide/cargo-home/registry/src/index.crates.io-6f17d22bba15001f/bitcoin-serialize-0.1.16-alpha.0/src/serialize.rs:782:53
[INFO] [stdout]     |
[INFO] [stdout] 782 | #[inline] pub fn get_size_of_var_int<I, const Mode: VarIntMode>(n: I) -> u32 {
[INFO] [stdout]     |                                                     ^^^^^^^^^^
[INFO] [stdout]     |
[INFO] [stdout] help: add `#[derive(ConstParamTy)]` to the struct
[INFO] [stdout]     |
[INFO] [stdout] 760 + #[derive(ConstParamTy)]
[INFO] [stdout] 761 | pub enum VarIntMode { 
[INFO] [stdout]     |
[INFO] [stdout] 
[INFO] [stdout] 
[INFO] [stdout] error[E0741]: `VarIntMode` must implement `ConstParamTy` to be used as the type of a const generic parameter
[INFO] [stdout]    --> /opt/rustwide/cargo-home/registry/src/index.crates.io-6f17d22bba15001f/bitcoin-serialize-0.1.16-alpha.0/src/serialize.rs:798:45
[INFO] [stdout]     |
[INFO] [stdout] 798 | pub fn write_var_int<Stream, I, const Mode: VarIntMode>(
[INFO] [stdout]     |                                             ^^^^^^^^^^
[INFO] [stdout]     |
[INFO] [stdout] help: add `#[derive(ConstParamTy)]` to the struct
[INFO] [stdout]     |
[INFO] [stdout] 760 + #[derive(ConstParamTy)]
[INFO] [stdout] 761 | pub enum VarIntMode { 
[INFO] [stdout]     |
[INFO] [stdout] 
[INFO] [stdout] 
[INFO] [stdout] error[E0741]: `VarIntMode` must implement `ConstParamTy` to be used as the type of a const generic parameter
[INFO] [stdout]    --> /opt/rustwide/cargo-home/registry/src/index.crates.io-6f17d22bba15001f/bitcoin-serialize-0.1.16-alpha.0/src/serialize.rs:820:44
[INFO] [stdout]     |
[INFO] [stdout] 820 | pub fn read_var_int<Stream, I, const Mode: VarIntMode>(is: &mut Stream) -> I {
[INFO] [stdout]     |                                            ^^^^^^^^^^
[INFO] [stdout]     |
[INFO] [stdout] help: add `#[derive(ConstParamTy)]` to the struct
[INFO] [stdout]     |
[INFO] [stdout] 760 + #[derive(ConstParamTy)]
[INFO] [stdout] 761 | pub enum VarIntMode { 
[INFO] [stdout]     |
[INFO] [stdout] 
[INFO] [stdout] 
[INFO] [stdout] error[E0741]: `VarIntMode` must implement `ConstParamTy` to be used as the type of a const generic parameter
[INFO] [stdout]    --> /opt/rustwide/cargo-home/registry/src/index.crates.io-6f17d22bba15001f/bitcoin-serialize-0.1.16-alpha.0/src/serialize.rs:938:40
[INFO] [stdout]     |
[INFO] [stdout] 938 | pub struct VarIntFormatter<const Mode: VarIntMode> {
[INFO] [stdout]     |                                        ^^^^^^^^^^
[INFO] [stdout]     |
[INFO] [stdout] help: add `#[derive(ConstParamTy)]` to the struct
[INFO] [stdout]     |
[INFO] [stdout] 760 + #[derive(ConstParamTy)]
[INFO] [stdout] 761 | pub enum VarIntMode { 
[INFO] [stdout]     |
[INFO] [stdout] 
[INFO] [stdout] 
[INFO] [stdout] error[E0741]: `VarIntMode` must implement `ConstParamTy` to be used as the type of a const generic parameter
[INFO] [stdout]    --> /opt/rustwide/cargo-home/registry/src/index.crates.io-6f17d22bba15001f/bitcoin-serialize-0.1.16-alpha.0/src/serialize.rs:942:18
[INFO] [stdout]     |
[INFO] [stdout] 942 | impl<const Mode: VarIntMode> VarIntFormatter<Mode> {
[INFO] [stdout]     |                  ^^^^^^^^^^
[INFO] [stdout]     |
[INFO] [stdout] help: add `#[derive(ConstParamTy)]` to the struct
[INFO] [stdout]     |
[INFO] [stdout] 760 + #[derive(ConstParamTy)]
[INFO] [stdout] 761 | pub enum VarIntMode { 
[INFO] [stdout]     |
[INFO] [stdout] 
[INFO] [stdout] 
[INFO] [stdout] error: aborting due to 7 previous errors
[INFO] [stdout] 
[INFO] [stdout] 
[INFO] [stdout] For more information about this error, try `rustc --explain E0741`.
[INFO] [stdout] 
[INFO] [stderr] error: could not compile `bitcoin-serialize` (lib) due to 8 previous errors
[INFO] [stderr] warning: build failed, waiting for other jobs to finish...
[INFO] running `Command { std: "docker" "inspect" "b9f9235178ae06b29840b7db2b4dcbb45ccbf81ee127d4813886a9b2888a5894", kill_on_drop: false }`
[INFO] running `Command { std: "docker" "rm" "-f" "b9f9235178ae06b29840b7db2b4dcbb45ccbf81ee127d4813886a9b2888a5894", kill_on_drop: false }`
[INFO] [stdout] b9f9235178ae06b29840b7db2b4dcbb45ccbf81ee127d4813886a9b2888a5894
