[INFO] fetching crate bitcoin-cash-slp 1.0.0-beta.0...
[INFO] checking bitcoin-cash-slp-1.0.0-beta.0 against nightly-2024-02-05 for check-cfg
[INFO] extracting crate bitcoin-cash-slp 1.0.0-beta.0 into /workspace/builds/worker-1-tc1/source
[INFO] validating manifest of crates.io crate bitcoin-cash-slp 1.0.0-beta.0 on toolchain nightly-2024-02-05
[INFO] running `Command { std: CARGO_HOME="/workspace/cargo-home" RUSTUP_HOME="/workspace/rustup-home" "/workspace/cargo-home/bin/cargo" "+nightly-2024-02-05" "metadata" "--manifest-path" "Cargo.toml" "--no-deps", kill_on_drop: false }`
[INFO] started tweaking crates.io crate bitcoin-cash-slp 1.0.0-beta.0
[INFO] finished tweaking crates.io crate bitcoin-cash-slp 1.0.0-beta.0
[INFO] tweaked toml for crates.io crate bitcoin-cash-slp 1.0.0-beta.0 written to /workspace/builds/worker-1-tc1/source/Cargo.toml
[INFO] running `Command { std: CARGO_HOME="/workspace/cargo-home" RUSTUP_HOME="/workspace/rustup-home" "/workspace/cargo-home/bin/cargo" "+nightly-2024-02-05" "generate-lockfile" "--manifest-path" "Cargo.toml", kill_on_drop: false }`
[INFO] [stderr]     Updating crates.io index
[INFO] running `Command { std: CARGO_HOME="/workspace/cargo-home" RUSTUP_HOME="/workspace/rustup-home" "/workspace/cargo-home/bin/cargo" "+nightly-2024-02-05" "fetch" "--manifest-path" "Cargo.toml", kill_on_drop: false }`
[INFO] [stderr]  Downloading crates ...
[INFO] [stderr]   Downloaded strum v0.20.0
[INFO] [stderr]   Downloaded bitcoin-cash-base v1.0.0-beta.0
[INFO] [stderr]   Downloaded hex-literal v0.3.4
[INFO] [stderr]   Downloaded strum_macros v0.20.1
[INFO] [stderr]   Downloaded bimap v0.5.3
[INFO] [stderr]   Downloaded toolchain_find v0.1.4
[INFO] [stderr]   Downloaded bitcoin-cash-code v1.0.0-beta.0
[INFO] [stderr]   Downloaded num v0.3.1
[INFO] [stderr]   Downloaded sha-1 v0.9.8
[INFO] [stderr]   Downloaded ripemd160 v0.9.1
[INFO] [stderr]   Downloaded bitcoin-cash v1.0.0-beta.0
[INFO] [stderr]   Downloaded bitcoin-cash-script-macro v1.0.0-beta.0
[INFO] [stderr]   Downloaded num-bigint v0.3.3
[INFO] [stderr]   Downloaded num-rational v0.3.2
[INFO] [stderr]   Downloaded num-complex v0.3.1
[INFO] running `Command { std: "docker" "create" "-v" "/var/lib/crater-agent-workspace/builds/worker-1-tc1/target:/opt/rustwide/target:rw,Z" "-v" "/var/lib/crater-agent-workspace/builds/worker-1-tc1/source:/opt/rustwide/workdir:ro,Z" "-v" "/var/lib/crater-agent-workspace/cargo-home:/opt/rustwide/cargo-home:ro,Z" "-v" "/var/lib/crater-agent-workspace/rustup-home:/opt/rustwide/rustup-home:ro,Z" "-e" "SOURCE_DIR=/opt/rustwide/workdir" "-e" "CARGO_TARGET_DIR=/opt/rustwide/target" "-e" "CARGO_HOME=/opt/rustwide/cargo-home" "-e" "RUSTUP_HOME=/opt/rustwide/rustup-home" "-w" "/opt/rustwide/workdir" "-m" "1610612736" "--user" "0:0" "--network" "none" "ghcr.io/rust-lang/crates-build-env/linux@sha256:2788e3201cd34a07e3172128adcd8b3090168a8e3bcc40d7c032b9dda1df7d1c" "/opt/rustwide/cargo-home/bin/cargo" "+nightly-2024-02-05" "metadata" "--no-deps" "--format-version=1", kill_on_drop: false }`
[INFO] [stdout] e943255d9493a9eb693728c8c410a1965a66e81d945f05e78d03046e726ab4fb
[INFO] running `Command { std: "docker" "start" "-a" "e943255d9493a9eb693728c8c410a1965a66e81d945f05e78d03046e726ab4fb", kill_on_drop: false }`
[INFO] running `Command { std: "docker" "inspect" "e943255d9493a9eb693728c8c410a1965a66e81d945f05e78d03046e726ab4fb", kill_on_drop: false }`
[INFO] running `Command { std: "docker" "rm" "-f" "e943255d9493a9eb693728c8c410a1965a66e81d945f05e78d03046e726ab4fb", kill_on_drop: false }`
[INFO] [stdout] e943255d9493a9eb693728c8c410a1965a66e81d945f05e78d03046e726ab4fb
[INFO] running `Command { std: "docker" "create" "-v" "/var/lib/crater-agent-workspace/builds/worker-1-tc1/target:/opt/rustwide/target:rw,Z" "-v" "/var/lib/crater-agent-workspace/builds/worker-1-tc1/source:/opt/rustwide/workdir:ro,Z" "-v" "/var/lib/crater-agent-workspace/cargo-home:/opt/rustwide/cargo-home:ro,Z" "-v" "/var/lib/crater-agent-workspace/rustup-home:/opt/rustwide/rustup-home:ro,Z" "-e" "SOURCE_DIR=/opt/rustwide/workdir" "-e" "CARGO_TARGET_DIR=/opt/rustwide/target" "-e" "CARGO_INCREMENTAL=0" "-e" "RUST_BACKTRACE=full" "-e" "RUSTFLAGS=--cap-lints=forbid" "-e" "RUSTDOCFLAGS=--cap-lints=forbid" "-e" "CARGO_HOME=/opt/rustwide/cargo-home" "-e" "RUSTUP_HOME=/opt/rustwide/rustup-home" "-w" "/opt/rustwide/workdir" "-m" "1610612736" "--user" "0:0" "--network" "none" "ghcr.io/rust-lang/crates-build-env/linux@sha256:2788e3201cd34a07e3172128adcd8b3090168a8e3bcc40d7c032b9dda1df7d1c" "/opt/rustwide/cargo-home/bin/cargo" "+nightly-2024-02-05" "check" "--frozen" "--all" "--all-targets" "--message-format=json", kill_on_drop: false }`
[INFO] [stdout] 5a529b2e4399c13654924d9588c6d19966f77dfa50c240b50fa8c882cef68861
[INFO] running `Command { std: "docker" "start" "-a" "5a529b2e4399c13654924d9588c6d19966f77dfa50c240b50fa8c882cef68861", kill_on_drop: false }`
[INFO] [stderr]    Compiling num-bigint v0.3.3
[INFO] [stderr]    Compiling num-rational v0.3.2
[INFO] [stderr]    Compiling num-iter v0.1.43
[INFO] [stderr]    Compiling strum_macros v0.20.1
[INFO] [stderr]    Compiling num-derive v0.3.3
[INFO] [stderr]    Compiling num-complex v0.3.1
[INFO] [stderr]    Compiling same-file v1.0.6
[INFO] [stderr]    Compiling semver-parser v0.7.0
[INFO] [stderr]    Compiling walkdir v2.4.0
[INFO] [stderr]    Compiling semver v0.9.0
[INFO] [stderr]    Compiling dirs v1.0.5
[INFO] [stderr]    Compiling strum v0.20.0
[INFO] [stderr]    Compiling toolchain_find v0.1.4
[INFO] [stderr]     Checking sha-1 v0.9.8
[INFO] [stderr]     Checking ripemd160 v0.9.1
[INFO] [stderr]    Compiling bitcoin-cash-code v1.0.0-beta.0
[INFO] [stderr]     Checking bimap v0.5.3
[INFO] [stderr]    Compiling hex-literal v0.3.4
[INFO] [stderr]     Checking num v0.3.1
[INFO] [stderr]     Checking bitcoin-cash-base v1.0.0-beta.0
[INFO] [stderr]    Compiling bitcoin-cash-script-macro v1.0.0-beta.0
[INFO] [stderr]     Checking bitcoin-cash v1.0.0-beta.0
[INFO] [stdout] error: No rustfmt could be found.
[INFO] [stdout]   --> /opt/rustwide/cargo-home/registry/src/index.crates.io-6f17d22bba15001f/bitcoin-cash-1.0.0-beta.0/src/scripts.rs:18:5
[INFO] [stdout]    |
[INFO] [stdout] 18 | pub fn p2pkh_script(params: ParamsAddress<'_>, sig: ByteArray, pubkey: ByteArray) {
[INFO] [stdout]    |     ^^^^^^^^^^^^^^^^^^^^^^^^^^^^^^^^^^^^^^^^^^^^^^^^^^^^^^^^^^^^^^^^^^^^^^^^^^^^^
[INFO] [stdout] 
[INFO] [stdout] 
[INFO] [stdout] error: No rustfmt could be found.
[INFO] [stdout]   --> /opt/rustwide/cargo-home/registry/src/index.crates.io-6f17d22bba15001f/bitcoin-cash-1.0.0-beta.0/src/scripts.rs:27:5
[INFO] [stdout]    |
[INFO] [stdout] 27 | pub fn p2sh_script(params: ParamsAddress<'_>, redeem_script: ByteArray) {
[INFO] [stdout]    |     ^^^^^^^^^^^^^^^^^^^^^^^^^^^^^^^^^^^^^^^^^^^^^^^^^^^^^^^^^^^^^^^^^^^
[INFO] [stdout] 
[INFO] [stdout] 
[INFO] [stdout] error[E0412]: cannot find type `P2PKHInputs` in this scope
[INFO] [stdout]   --> /opt/rustwide/cargo-home/registry/src/index.crates.io-6f17d22bba15001f/bitcoin-cash-1.0.0-beta.0/src/scripts.rs:52:55
[INFO] [stdout]    |
[INFO] [stdout] 52 |     pub fn p2pkh_script(&self) -> Result<TaggedScript<P2PKHInputs>> {
[INFO] [stdout]    |                                                       ^^^^^^^^^^^ not found in this scope
[INFO] [stdout]    |
[INFO] [stdout] help: you might be missing a type parameter
[INFO] [stdout]    |
[INFO] [stdout] 51 | impl<P2PKHInputs> Address<'_> {
[INFO] [stdout]    |     +++++++++++++
[INFO] [stdout] 
[INFO] [stdout] 
[INFO] [stdout] error[E0412]: cannot find type `P2PKHInputs` in this scope
[INFO] [stdout]   --> /opt/rustwide/cargo-home/registry/src/index.crates.io-6f17d22bba15001f/bitcoin-cash-1.0.0-beta.0/src/scripts.rs:61:19
[INFO] [stdout]    |
[INFO] [stdout] 61 |     type Script = P2PKHInputs;
[INFO] [stdout]    |                   ^^^^^^^^^^^ not found in this scope
[INFO] [stdout] 
[INFO] [stdout] 
[INFO] [stdout] error[E0422]: cannot find struct, variant or union type `P2PKHInputs` in this scope
[INFO] [stdout]   --> /opt/rustwide/cargo-home/registry/src/index.crates.io-6f17d22bba15001f/bitcoin-cash-1.0.0-beta.0/src/scripts.rs:78:9
[INFO] [stdout]    |
[INFO] [stdout] 78 |         P2PKHInputs {
[INFO] [stdout]    |         ^^^^^^^^^^^ not found in this scope
[INFO] [stdout] 
[INFO] [stdout] 
[INFO] [stdout] error: aborting due to 5 previous errors
[INFO] [stdout] 
[INFO] [stdout] 
[INFO] [stdout] Some errors have detailed explanations: E0412, E0422.
[INFO] [stdout] 
[INFO] [stdout] For more information about an error, try `rustc --explain E0412`.
[INFO] [stdout] 
[INFO] [stderr] error: could not compile `bitcoin-cash` (lib) due to 6 previous errors
[INFO] running `Command { std: "docker" "inspect" "5a529b2e4399c13654924d9588c6d19966f77dfa50c240b50fa8c882cef68861", kill_on_drop: false }`
[INFO] running `Command { std: "docker" "rm" "-f" "5a529b2e4399c13654924d9588c6d19966f77dfa50c240b50fa8c882cef68861", kill_on_drop: false }`
[INFO] [stdout] 5a529b2e4399c13654924d9588c6d19966f77dfa50c240b50fa8c882cef68861
[INFO] checking bitcoin-cash-slp-1.0.0-beta.0 against nightly-2024-02-05+rustflags=-Dunexpected_cfgs+cargoflags=-Zcheck-cfg for check-cfg
[INFO] extracting crate bitcoin-cash-slp 1.0.0-beta.0 into /workspace/builds/worker-1-tc2/source
[INFO] validating manifest of crates.io crate bitcoin-cash-slp 1.0.0-beta.0 on toolchain nightly-2024-02-05
[INFO] running `Command { std: CARGO_HOME="/workspace/cargo-home" RUSTUP_HOME="/workspace/rustup-home" "/workspace/cargo-home/bin/cargo" "+nightly-2024-02-05" "metadata" "--manifest-path" "Cargo.toml" "--no-deps", kill_on_drop: false }`
[INFO] started tweaking crates.io crate bitcoin-cash-slp 1.0.0-beta.0
[INFO] finished tweaking crates.io crate bitcoin-cash-slp 1.0.0-beta.0
[INFO] tweaked toml for crates.io crate bitcoin-cash-slp 1.0.0-beta.0 written to /workspace/builds/worker-1-tc2/source/Cargo.toml
[INFO] running `Command { std: CARGO_HOME="/workspace/cargo-home" RUSTUP_HOME="/workspace/rustup-home" "/workspace/cargo-home/bin/cargo" "+nightly-2024-02-05" "generate-lockfile" "--manifest-path" "Cargo.toml", kill_on_drop: false }`
[INFO] [stderr]     Updating crates.io index
[INFO] running `Command { std: CARGO_HOME="/workspace/cargo-home" RUSTUP_HOME="/workspace/rustup-home" "/workspace/cargo-home/bin/cargo" "+nightly-2024-02-05" "fetch" "--manifest-path" "Cargo.toml", kill_on_drop: false }`
[INFO] running `Command { std: "docker" "create" "-v" "/var/lib/crater-agent-workspace/builds/worker-1-tc2/target:/opt/rustwide/target:rw,Z" "-v" "/var/lib/crater-agent-workspace/builds/worker-1-tc2/source:/opt/rustwide/workdir:ro,Z" "-v" "/var/lib/crater-agent-workspace/cargo-home:/opt/rustwide/cargo-home:ro,Z" "-v" "/var/lib/crater-agent-workspace/rustup-home:/opt/rustwide/rustup-home:ro,Z" "-e" "SOURCE_DIR=/opt/rustwide/workdir" "-e" "CARGO_TARGET_DIR=/opt/rustwide/target" "-e" "CARGO_HOME=/opt/rustwide/cargo-home" "-e" "RUSTUP_HOME=/opt/rustwide/rustup-home" "-w" "/opt/rustwide/workdir" "-m" "1610612736" "--user" "0:0" "--network" "none" "ghcr.io/rust-lang/crates-build-env/linux@sha256:2788e3201cd34a07e3172128adcd8b3090168a8e3bcc40d7c032b9dda1df7d1c" "/opt/rustwide/cargo-home/bin/cargo" "+nightly-2024-02-05" "metadata" "--no-deps" "--format-version=1", kill_on_drop: false }`
[INFO] [stdout] 6da52d67e13d9c35698d6efd20f88e4f863f86b5cc1db63aa8093a7949c76327
[INFO] running `Command { std: "docker" "start" "-a" "6da52d67e13d9c35698d6efd20f88e4f863f86b5cc1db63aa8093a7949c76327", kill_on_drop: false }`
[INFO] running `Command { std: "docker" "inspect" "6da52d67e13d9c35698d6efd20f88e4f863f86b5cc1db63aa8093a7949c76327", kill_on_drop: false }`
[INFO] running `Command { std: "docker" "rm" "-f" "6da52d67e13d9c35698d6efd20f88e4f863f86b5cc1db63aa8093a7949c76327", kill_on_drop: false }`
[INFO] [stdout] 6da52d67e13d9c35698d6efd20f88e4f863f86b5cc1db63aa8093a7949c76327
[INFO] running `Command { std: "docker" "create" "-v" "/var/lib/crater-agent-workspace/builds/worker-1-tc2/target:/opt/rustwide/target:rw,Z" "-v" "/var/lib/crater-agent-workspace/builds/worker-1-tc2/source:/opt/rustwide/workdir:ro,Z" "-v" "/var/lib/crater-agent-workspace/cargo-home:/opt/rustwide/cargo-home:ro,Z" "-v" "/var/lib/crater-agent-workspace/rustup-home:/opt/rustwide/rustup-home:ro,Z" "-e" "SOURCE_DIR=/opt/rustwide/workdir" "-e" "CARGO_TARGET_DIR=/opt/rustwide/target" "-e" "CARGO_INCREMENTAL=0" "-e" "RUST_BACKTRACE=full" "-e" "RUSTFLAGS=--cap-lints=forbid -Dunexpected_cfgs" "-e" "RUSTDOCFLAGS=--cap-lints=forbid" "-e" "CARGO_HOME=/opt/rustwide/cargo-home" "-e" "RUSTUP_HOME=/opt/rustwide/rustup-home" "-w" "/opt/rustwide/workdir" "-m" "1610612736" "--user" "0:0" "--network" "none" "ghcr.io/rust-lang/crates-build-env/linux@sha256:2788e3201cd34a07e3172128adcd8b3090168a8e3bcc40d7c032b9dda1df7d1c" "/opt/rustwide/cargo-home/bin/cargo" "+nightly-2024-02-05" "check" "--frozen" "--all" "--all-targets" "--message-format=json" "-Zcheck-cfg", kill_on_drop: false }`
[INFO] [stdout] ede79f123018ddce1c9c9a2dd2e0dd9db42e8f371ddb27511defea95002e824a
[INFO] running `Command { std: "docker" "start" "-a" "ede79f123018ddce1c9c9a2dd2e0dd9db42e8f371ddb27511defea95002e824a", kill_on_drop: false }`
[INFO] [stderr]    Compiling num-bigint v0.3.3
[INFO] [stderr]    Compiling num-iter v0.1.43
[INFO] [stderr]    Compiling num-rational v0.3.2
[INFO] [stderr]    Compiling strum_macros v0.20.1
[INFO] [stderr]    Compiling num-derive v0.3.3
[INFO] [stderr]    Compiling num-complex v0.3.1
[INFO] [stderr]    Compiling semver-parser v0.7.0
[INFO] [stderr]    Compiling same-file v1.0.6
[INFO] [stderr]    Compiling walkdir v2.4.0
[INFO] [stderr]    Compiling semver v0.9.0
[INFO] [stderr]    Compiling dirs v1.0.5
[INFO] [stderr]    Compiling strum v0.20.0
[INFO] [stderr]    Compiling toolchain_find v0.1.4
[INFO] [stderr]     Checking sha-1 v0.9.8
[INFO] [stderr]     Checking ripemd160 v0.9.1
[INFO] [stderr]    Compiling bitcoin-cash-code v1.0.0-beta.0
[INFO] [stderr]     Checking bimap v0.5.3
[INFO] [stderr]    Compiling hex-literal v0.3.4
[INFO] [stderr]     Checking num v0.3.1
[INFO] [stderr]     Checking bitcoin-cash-base v1.0.0-beta.0
[INFO] [stderr]    Compiling bitcoin-cash-script-macro v1.0.0-beta.0
[INFO] [stderr]     Checking bitcoin-cash v1.0.0-beta.0
[INFO] [stdout] error: No rustfmt could be found.
[INFO] [stdout]   --> /opt/rustwide/cargo-home/registry/src/index.crates.io-6f17d22bba15001f/bitcoin-cash-1.0.0-beta.0/src/scripts.rs:18:5
[INFO] [stdout]    |
[INFO] [stdout] 18 | pub fn p2pkh_script(params: ParamsAddress<'_>, sig: ByteArray, pubkey: ByteArray) {
[INFO] [stdout]    |     ^^^^^^^^^^^^^^^^^^^^^^^^^^^^^^^^^^^^^^^^^^^^^^^^^^^^^^^^^^^^^^^^^^^^^^^^^^^^^
[INFO] [stdout] 
[INFO] [stdout] 
[INFO] [stdout] error: No rustfmt could be found.
[INFO] [stdout]   --> /opt/rustwide/cargo-home/registry/src/index.crates.io-6f17d22bba15001f/bitcoin-cash-1.0.0-beta.0/src/scripts.rs:27:5
[INFO] [stdout]    |
[INFO] [stdout] 27 | pub fn p2sh_script(params: ParamsAddress<'_>, redeem_script: ByteArray) {
[INFO] [stdout]    |     ^^^^^^^^^^^^^^^^^^^^^^^^^^^^^^^^^^^^^^^^^^^^^^^^^^^^^^^^^^^^^^^^^^^
[INFO] [stdout] 
[INFO] [stdout] 
[INFO] [stdout] error[E0412]: cannot find type `P2PKHInputs` in this scope
[INFO] [stdout]   --> /opt/rustwide/cargo-home/registry/src/index.crates.io-6f17d22bba15001f/bitcoin-cash-1.0.0-beta.0/src/scripts.rs:52:55
[INFO] [stdout]    |
[INFO] [stdout] 52 |     pub fn p2pkh_script(&self) -> Result<TaggedScript<P2PKHInputs>> {
[INFO] [stdout]    |                                                       ^^^^^^^^^^^ not found in this scope
[INFO] [stdout]    |
[INFO] [stdout] help: you might be missing a type parameter
[INFO] [stdout]    |
[INFO] [stdout] 51 | impl<P2PKHInputs> Address<'_> {
[INFO] [stdout]    |     +++++++++++++
[INFO] [stdout] 
[INFO] [stdout] 
[INFO] [stdout] error[E0412]: cannot find type `P2PKHInputs` in this scope
[INFO] [stdout]   --> /opt/rustwide/cargo-home/registry/src/index.crates.io-6f17d22bba15001f/bitcoin-cash-1.0.0-beta.0/src/scripts.rs:61:19
[INFO] [stdout]    |
[INFO] [stdout] 61 |     type Script = P2PKHInputs;
[INFO] [stdout]    |                   ^^^^^^^^^^^ not found in this scope
[INFO] [stdout] 
[INFO] [stdout] 
[INFO] [stdout] error[E0422]: cannot find struct, variant or union type `P2PKHInputs` in this scope
[INFO] [stdout]   --> /opt/rustwide/cargo-home/registry/src/index.crates.io-6f17d22bba15001f/bitcoin-cash-1.0.0-beta.0/src/scripts.rs:78:9
[INFO] [stdout]    |
[INFO] [stdout] 78 |         P2PKHInputs {
[INFO] [stdout]    |         ^^^^^^^^^^^ not found in this scope
[INFO] [stdout] 
[INFO] [stdout] 
[INFO] [stdout] error: aborting due to 5 previous errors
[INFO] [stdout] 
[INFO] [stdout] 
[INFO] [stdout] Some errors have detailed explanations: E0412, E0422.
[INFO] [stdout] 
[INFO] [stdout] For more information about an error, try `rustc --explain E0412`.
[INFO] [stdout] 
[INFO] [stderr] error: could not compile `bitcoin-cash` (lib) due to 6 previous errors
[INFO] running `Command { std: "docker" "inspect" "ede79f123018ddce1c9c9a2dd2e0dd9db42e8f371ddb27511defea95002e824a", kill_on_drop: false }`
[INFO] running `Command { std: "docker" "rm" "-f" "ede79f123018ddce1c9c9a2dd2e0dd9db42e8f371ddb27511defea95002e824a", kill_on_drop: false }`
[INFO] [stdout] ede79f123018ddce1c9c9a2dd2e0dd9db42e8f371ddb27511defea95002e824a
