[INFO] fetching crate bevy_xpbd_3d 0.3.2...
[INFO] checking bevy_xpbd_3d-0.3.2 against nightly-2024-02-05 for check-cfg
[INFO] extracting crate bevy_xpbd_3d 0.3.2 into /workspace/builds/worker-7-tc1/source
[INFO] validating manifest of crates.io crate bevy_xpbd_3d 0.3.2 on toolchain nightly-2024-02-05
[INFO] running `Command { std: CARGO_HOME="/workspace/cargo-home" RUSTUP_HOME="/workspace/rustup-home" "/workspace/cargo-home/bin/cargo" "+nightly-2024-02-05" "metadata" "--manifest-path" "Cargo.toml" "--no-deps", kill_on_drop: false }`
[INFO] started tweaking crates.io crate bevy_xpbd_3d 0.3.2
[INFO] removed 2 missing examples
[INFO] finished tweaking crates.io crate bevy_xpbd_3d 0.3.2
[INFO] tweaked toml for crates.io crate bevy_xpbd_3d 0.3.2 written to /workspace/builds/worker-7-tc1/source/Cargo.toml
[INFO] crate crates.io crate bevy_xpbd_3d 0.3.2 already has a lockfile, it will not be regenerated
[INFO] running `Command { std: CARGO_HOME="/workspace/cargo-home" RUSTUP_HOME="/workspace/rustup-home" "/workspace/cargo-home/bin/cargo" "+nightly-2024-02-05" "fetch" "--manifest-path" "Cargo.toml", kill_on_drop: false }`
[INFO] [stderr]     Updating crates.io index
[INFO] [stderr]  Downloading crates ...
[INFO] [stderr]   Downloaded nalgebra-macros v0.2.1
[INFO] [stderr]   Downloaded similar v2.3.0
[INFO] [stderr]   Downloaded bevy_xpbd_derive v0.1.0
[INFO] [stderr]   Downloaded errno v0.3.6
[INFO] [stderr]   Downloaded wide v0.7.13
[INFO] [stderr]   Downloaded parry3d v0.13.5
[INFO] [stderr]   Downloaded robust v1.1.0
[INFO] [stderr]   Downloaded rustix v0.38.21
[INFO] [stderr]   Downloaded spade v2.2.1
[INFO] [stderr]   Downloaded parry3d-f64 v0.13.5
[INFO] running `Command { std: "docker" "create" "-v" "/var/lib/crater-agent-workspace/builds/worker-7-tc1/target:/opt/rustwide/target:rw,Z" "-v" "/var/lib/crater-agent-workspace/builds/worker-7-tc1/source:/opt/rustwide/workdir:ro,Z" "-v" "/var/lib/crater-agent-workspace/cargo-home:/opt/rustwide/cargo-home:ro,Z" "-v" "/var/lib/crater-agent-workspace/rustup-home:/opt/rustwide/rustup-home:ro,Z" "-e" "SOURCE_DIR=/opt/rustwide/workdir" "-e" "CARGO_TARGET_DIR=/opt/rustwide/target" "-e" "CARGO_HOME=/opt/rustwide/cargo-home" "-e" "RUSTUP_HOME=/opt/rustwide/rustup-home" "-w" "/opt/rustwide/workdir" "-m" "1610612736" "--user" "0:0" "--network" "none" "ghcr.io/rust-lang/crates-build-env/linux@sha256:2788e3201cd34a07e3172128adcd8b3090168a8e3bcc40d7c032b9dda1df7d1c" "/opt/rustwide/cargo-home/bin/cargo" "+nightly-2024-02-05" "metadata" "--no-deps" "--format-version=1", kill_on_drop: false }`
[INFO] [stdout] db2f945def2c33df1352e2a3c416d5448d7c4ca9786c954bb0df689a0745d9bc
[INFO] running `Command { std: "docker" "start" "-a" "db2f945def2c33df1352e2a3c416d5448d7c4ca9786c954bb0df689a0745d9bc", kill_on_drop: false }`
[INFO] running `Command { std: "docker" "inspect" "db2f945def2c33df1352e2a3c416d5448d7c4ca9786c954bb0df689a0745d9bc", kill_on_drop: false }`
[INFO] running `Command { std: "docker" "rm" "-f" "db2f945def2c33df1352e2a3c416d5448d7c4ca9786c954bb0df689a0745d9bc", kill_on_drop: false }`
[INFO] [stdout] db2f945def2c33df1352e2a3c416d5448d7c4ca9786c954bb0df689a0745d9bc
[INFO] running `Command { std: "docker" "create" "-v" "/var/lib/crater-agent-workspace/builds/worker-7-tc1/target:/opt/rustwide/target:rw,Z" "-v" "/var/lib/crater-agent-workspace/builds/worker-7-tc1/source:/opt/rustwide/workdir:ro,Z" "-v" "/var/lib/crater-agent-workspace/cargo-home:/opt/rustwide/cargo-home:ro,Z" "-v" "/var/lib/crater-agent-workspace/rustup-home:/opt/rustwide/rustup-home:ro,Z" "-e" "SOURCE_DIR=/opt/rustwide/workdir" "-e" "CARGO_TARGET_DIR=/opt/rustwide/target" "-e" "CARGO_INCREMENTAL=0" "-e" "RUST_BACKTRACE=full" "-e" "RUSTFLAGS=--cap-lints=forbid" "-e" "RUSTDOCFLAGS=--cap-lints=forbid" "-e" "CARGO_HOME=/opt/rustwide/cargo-home" "-e" "RUSTUP_HOME=/opt/rustwide/rustup-home" "-w" "/opt/rustwide/workdir" "-m" "1610612736" "--user" "0:0" "--network" "none" "ghcr.io/rust-lang/crates-build-env/linux@sha256:2788e3201cd34a07e3172128adcd8b3090168a8e3bcc40d7c032b9dda1df7d1c" "/opt/rustwide/cargo-home/bin/cargo" "+nightly-2024-02-05" "check" "--frozen" "--all" "--all-targets" "--message-format=json", kill_on_drop: false }`
[INFO] [stdout] 271c8a29775fcac23f02658e4c7eddc6ba7001f0edda6d1a69d1b69317500386
[INFO] running `Command { std: "docker" "start" "-a" "271c8a29775fcac23f02658e4c7eddc6ba7001f0edda6d1a69d1b69317500386", kill_on_drop: false }`
[INFO] [stderr]    Compiling serde v1.0.192
[INFO] [stderr]    Compiling libm v0.2.8
[INFO] [stderr]     Checking once_cell v1.18.0
[INFO] [stderr]    Compiling libc v0.2.150
[INFO] [stderr]    Compiling hashbrown v0.14.2
[INFO] [stderr]     Checking zerocopy v0.7.25
[INFO] [stderr]    Compiling num-traits v0.2.17
[INFO] [stderr]    Compiling ahash v0.8.6
[INFO] [stderr]    Compiling winnow v0.5.19
[INFO] [stderr]    Compiling futures-core v0.3.29
[INFO] [stderr]     Checking allocator-api2 v0.2.16
[INFO] [stderr]    Compiling toml_datetime v0.6.5
[INFO] [stderr]    Compiling rustc-hash v1.1.0
[INFO] [stderr]    Compiling syn v2.0.39
[INFO] [stderr]     Checking getrandom v0.2.11
[INFO] [stderr]     Checking futures-io v0.3.29
[INFO] [stderr]     Checking concurrent-queue v2.3.0
[INFO] [stderr]     Checking parking v2.2.0
[INFO] [stderr]     Checking waker-fn v1.1.1
[INFO] [stderr]     Checking tracing-core v0.1.32
[INFO] [stderr]     Checking fastrand v1.9.0
[INFO] [stderr]     Checking async-lock v2.8.0
[INFO] [stderr]     Checking async-task v4.5.0
[INFO] [stderr]     Checking fixedbitset v0.4.2
[INFO] [stderr]     Checking nonmax v0.5.3
[INFO] [stderr]     Checking async-channel v1.9.0
[INFO] [stderr]     Checking thread_local v1.1.7
[INFO] [stderr]     Checking bevy_ptr v0.12.0
[INFO] [stderr]     Checking smol_str v0.2.0
[INFO] [stderr]     Checking futures-lite v1.13.0
[INFO] [stderr]     Checking regex-automata v0.4.3
[INFO] [stderr]    Compiling lock_api v0.4.11
[INFO] [stderr]     Checking tracing-log v0.1.4
[INFO] [stderr]     Checking termcolor v1.3.0
[INFO] [stderr]     Checking unicode-xid v0.2.4
[INFO] [stderr]     Checking arrayvec v0.7.4
[INFO] [stderr]     Checking bit-vec v0.6.3
[INFO] [stderr]    Compiling indexmap v2.1.0
[INFO] [stderr]     Checking libloading v0.7.4
[INFO] [stderr]     Checking pp-rs v0.2.1
[INFO] [stderr]    Compiling ash v0.37.3+1.3.251
[INFO] [stderr]     Checking hexf-parse v0.2.1
[INFO] [stderr]    Compiling khronos-egl v4.1.0
[INFO] [stderr]     Checking atomic-waker v1.1.2
[INFO] [stderr]     Checking raw-window-handle v0.5.2
[INFO] [stderr]     Checking piper v0.2.1
[INFO] [stderr]     Checking bit-set v0.5.3
[INFO] [stderr]     Checking codespan-reporting v0.11.1
[INFO] [stderr]    Compiling async-fs v1.6.0
[INFO] [stderr]     Checking glow v0.12.3
[INFO] [stderr]     Checking renderdoc-sys v1.0.0
[INFO] [stderr]    Compiling cc v1.0.83
[INFO] [stderr]     Checking profiling v1.0.11
[INFO] [stderr]     Checking accesskit v0.12.1
[INFO] [stderr]     Checking arrayref v0.3.7
[INFO] [stderr]    Compiling uuid v1.5.0
[INFO] [stderr]     Checking base64 v0.21.5
[INFO] [stderr]     Checking const_soft_float v0.1.4
[INFO] [stderr]     Checking constant_time_eq v0.3.0
[INFO] [stderr]     Checking async-broadcast v0.5.1
[INFO] [stderr]     Checking async-executor v1.6.0
[INFO] [stderr]     Checking regex-syntax v0.7.5
[INFO] [stderr]     Checking static_assertions v1.1.0
[INFO] [stderr]    Compiling serde_json v1.0.108
[INFO] [stderr]     Checking constgebra v0.1.3
[INFO] [stderr]     Checking data-encoding v2.4.0
[INFO] [stderr]     Checking const_panic v0.2.8
[INFO] [stderr]    Compiling inflections v1.1.1
[INFO] [stderr]     Checking radsort v0.1.0
[INFO] [stderr]     Checking bevy_tasks v0.12.0
[INFO] [stderr]    Compiling syn v1.0.109
[INFO] [stderr]    Compiling rayon-core v1.12.0
[INFO] [stderr]     Checking sysinfo v0.29.10
[INFO] [stderr]    Compiling rustix v0.38.21
[INFO] [stderr]     Checking robust v1.1.0
[INFO] [stderr]     Checking approx v0.5.1
[INFO] [stderr]     Checking spirv v0.2.0+1.5.4
[INFO] [stderr]     Checking num-integer v0.1.45
[INFO] [stderr]     Checking num-complex v0.4.4
[INFO] [stderr]     Checking half v1.8.2
[INFO] [stderr]     Checking num-rational v0.4.1
[INFO] [stderr]     Checking ciborium-io v0.2.1
[INFO] [stderr]     Checking clap_builder v4.4.7
[INFO] [stderr]     Checking ciborium-ll v0.2.1
[INFO] [stderr]     Checking rayon v1.8.0
[INFO] [stderr]     Checking yaml-rust v0.4.5
[INFO] [stderr]     Checking plotters v0.3.5
[INFO] [stderr]     Checking console v0.15.7
[INFO] [stderr]     Checking similar v2.3.0
[INFO] [stderr]    Compiling toml_edit v0.20.7
[INFO] [stderr]    Compiling blake3 v1.5.0
[INFO] [stderr]     Checking regex v1.10.2
[INFO] [stderr]     Checking insta v1.34.0
[INFO] [stderr]    Compiling encase_derive_impl v0.6.1
[INFO] [stderr]     Checking clap v4.4.7
[INFO] [stderr]    Compiling bevy_macro_utils v0.12.0
[INFO] [stderr]    Compiling serde_derive v1.0.192
[INFO] [stderr]    Compiling bytemuck_derive v1.5.0
[INFO] [stderr]    Compiling thiserror-impl v1.0.50
[INFO] [stderr]    Compiling tracing-attributes v0.1.27
[INFO] [stderr]    Compiling bevy_utils_proc_macros v0.12.0
[INFO] [stderr]    Compiling encase_derive v0.6.1
[INFO] [stderr]    Compiling gltf-derive v1.3.0
[INFO] [stderr]    Compiling bevy_xpbd_derive v0.1.0
[INFO] [stderr]    Compiling bevy_reflect_derive v0.12.0
[INFO] [stderr]    Compiling bevy_ecs_macros v0.12.0
[INFO] [stderr]    Compiling bevy_derive v0.12.0
[INFO] [stderr]    Compiling bevy_asset_macros v0.12.0
[INFO] [stderr]    Compiling bevy_encase_derive v0.12.0
[INFO] [stderr]    Compiling bevy_render_macros v0.12.0
[INFO] [stderr]     Checking bytemuck v1.14.0
[INFO] [stderr]     Checking image v0.24.7
[INFO] [stderr]     Checking safe_arch v0.7.1
[INFO] [stderr]     Checking thiserror v1.0.50
[INFO] [stderr]    Compiling nalgebra-macros v0.2.1
[INFO] [stderr]    Compiling num-derive v0.3.3
[INFO] [stderr]    Compiling derive_more v0.99.17
[INFO] [stderr]     Checking tracing v0.1.40
[INFO] [stderr]     Checking wide v0.7.13
[INFO] [stderr]     Checking blocking v1.4.1
[INFO] [stderr]     Checking simba v0.8.1
[INFO] [stderr]     Checking smallvec v1.11.1
[INFO] [stderr]     Checking glam v0.24.2
[INFO] [stderr]     Checking bitflags v2.4.1
[INFO] [stderr]     Checking erased-serde v0.3.31
[INFO] [stderr]     Checking ciborium v0.2.1
[INFO] [stderr]     Checking naga v0.13.0
[INFO] [stderr]     Checking gpu-descriptor-types v0.1.2
[INFO] [stderr]     Checking gpu-alloc-types v0.3.0
[INFO] [stderr]     Checking wgpu-types v0.17.0
[INFO] [stderr]     Checking ron v0.8.1
[INFO] [stderr]     Checking tracing-subscriber v0.3.17
[INFO] [stderr]     Checking parking_lot_core v0.9.9
[INFO] [stderr]     Checking spade v2.2.1
[INFO] [stderr]     Checking parking_lot v0.12.1
[INFO] [stderr]     Checking gpu-alloc v0.6.0
[INFO] [stderr]     Checking gpu-descriptor v0.2.4
[INFO] [stderr]     Checking is-terminal v0.4.9
[INFO] [stderr]     Checking petgraph v0.6.4
[INFO] [stderr]     Checking gltf-json v1.3.0
[INFO] [stderr]     Checking tinytemplate v1.2.1
[INFO] [stderr]     Checking criterion v0.5.1
[INFO] [stderr]     Checking bevy_utils v0.12.0
[INFO] [stderr]     Checking bevy_math v0.12.0
[INFO] [stderr]     Checking hexasphere v9.1.0
[INFO] [stderr]     Checking bevy_mikktspace v0.12.0
[INFO] [stderr]     Checking encase v0.6.1
[INFO] [stderr]     Checking nalgebra v0.32.3
[INFO] [stderr]     Checking bevy_reflect v0.12.0
[INFO] [stderr]     Checking gltf v1.3.0
[INFO] [stderr]     Checking wgpu-hal v0.17.2
[INFO] [stderr]     Checking naga_oil v0.10.0
[INFO] [stderr]     Checking bevy_ecs v0.12.0
[INFO] [stderr]     Checking wgpu-core v0.17.1
[INFO] [stderr]     Checking parry3d v0.13.5
[INFO] [stderr]     Checking wgpu v0.17.1
[INFO] [stderr]     Checking bevy_app v0.12.0
[INFO] [stderr]     Checking bevy_log v0.12.0
[INFO] [stderr]     Checking bevy_core v0.12.0
[INFO] [stderr]     Checking bevy_time v0.12.0
[INFO] [stderr]     Checking bevy_a11y v0.12.0
[INFO] [stderr]     Checking bevy_input v0.12.0
[INFO] [stderr]     Checking bevy_asset v0.12.0
[INFO] [stderr]     Checking bevy_hierarchy v0.12.0
[INFO] [stderr]     Checking bevy_diagnostic v0.12.0
[INFO] [stderr]     Checking bevy_transform v0.12.0
[INFO] [stderr]     Checking bevy_window v0.12.0
[INFO] [stderr]     Checking bevy_render v0.12.0
[INFO] [stderr]     Checking bevy_core_pipeline v0.12.0
[INFO] [stderr]     Checking bevy_scene v0.12.0
[INFO] [stderr]     Checking bevy_pbr v0.12.0
[INFO] [stderr]     Checking bevy_gizmos v0.12.0
[INFO] [stderr]     Checking bevy_gltf v0.12.0
[INFO] [stderr]     Checking bevy_internal v0.12.0
[INFO] [stderr]     Checking bevy v0.12.0
[INFO] [stderr]     Checking bevy_xpbd_3d v0.3.2 (/opt/rustwide/workdir)
[INFO] [stdout] error[E0432]: unresolved import `benches_common_3d`
[INFO] [stdout]  --> benches/cubes.rs:3:5
[INFO] [stdout]   |
[INFO] [stdout] 3 | use benches_common_3d::bench_app;
[INFO] [stdout]   |     ^^^^^^^^^^^^^^^^^ use of undeclared crate or module `benches_common_3d`
[INFO] [stdout] 
[INFO] [stdout] 
[INFO] [stdout] error[E0432]: unresolved import `examples_common_3d`
[INFO] [stdout]  --> examples/prismatic_joint_3d.rs:3:5
[INFO] [stdout]   |
[INFO] [stdout] 3 | use examples_common_3d::XpbdExamplePlugin;
[INFO] [stdout]   |     ^^^^^^^^^^^^^^^^^^ use of undeclared crate or module `examples_common_3d`
[INFO] [stdout] 
[INFO] [stdout] 
[INFO] [stdout] error[E0432]: unresolved import `examples_common_3d`
[INFO] [stdout]  --> examples/async_colliders.rs:6:5
[INFO] [stdout]   |
[INFO] [stdout] 6 | use examples_common_3d::XpbdExamplePlugin;
[INFO] [stdout]   |     ^^^^^^^^^^^^^^^^^^ use of undeclared crate or module `examples_common_3d`
[INFO] [stdout] 
[INFO] [stdout] 
[INFO] [stdout] error: aborting due to 1 previous error
[INFO] [stdout] 
[INFO] [stdout] 
[INFO] [stdout] For more information about this error, try `rustc --explain E0432`.
[INFO] [stdout] 
[INFO] [stdout] error: aborting due to 1 previous error
[INFO] [stdout] 
[INFO] [stdout] 
[INFO] [stdout] For more information about this error, try `rustc --explain E0432`.
[INFO] [stdout] 
[INFO] [stderr] error: could not compile `bevy_xpbd_3d` (bench "cubes") due to 2 previous errors
[INFO] [stderr] warning: build failed, waiting for other jobs to finish...
[INFO] [stderr] error: could not compile `bevy_xpbd_3d` (example "prismatic_joint_3d") due to 2 previous errors
[INFO] [stdout] error: aborting due to 1 previous error
[INFO] [stdout] 
[INFO] [stdout] 
[INFO] [stdout] For more information about this error, try `rustc --explain E0432`.
[INFO] [stdout] 
[INFO] [stderr] error: could not compile `bevy_xpbd_3d` (example "async_colliders") due to 2 previous errors
[INFO] [stdout] error[E0432]: unresolved import `examples_common_3d`
[INFO] [stdout]  --> examples/fixed_joint_3d.rs:3:5
[INFO] [stdout]   |
[INFO] [stdout] 3 | use examples_common_3d::XpbdExamplePlugin;
[INFO] [stdout]   |     ^^^^^^^^^^^^^^^^^^ use of undeclared crate or module `examples_common_3d`
[INFO] [stdout] 
[INFO] [stdout] 
[INFO] [stdout] error[E0432]: unresolved import `examples_common_3d`
[INFO] [stdout]  --> examples/chain_3d.rs:5:5
[INFO] [stdout]   |
[INFO] [stdout] 5 | use examples_common_3d::XpbdExamplePlugin;
[INFO] [stdout]   |     ^^^^^^^^^^^^^^^^^^ use of undeclared crate or module `examples_common_3d`
[INFO] [stdout] 
[INFO] [stdout] 
[INFO] [stdout] error[E0432]: unresolved import `examples_common_3d`
[INFO] [stdout]   --> examples/trimesh_shapes_3d.rs:12:5
[INFO] [stdout]    |
[INFO] [stdout] 12 | use examples_common_3d::XpbdExamplePlugin;
[INFO] [stdout]    |     ^^^^^^^^^^^^^^^^^^ use of undeclared crate or module `examples_common_3d`
[INFO] [stdout] 
[INFO] [stdout] 
[INFO] [stdout] error[E0432]: unresolved import `examples_common_3d`
[INFO] [stdout]  --> examples/cubes.rs:5:5
[INFO] [stdout]   |
[INFO] [stdout] 5 | use examples_common_3d::XpbdExamplePlugin;
[INFO] [stdout]   |     ^^^^^^^^^^^^^^^^^^ use of undeclared crate or module `examples_common_3d`
[INFO] [stdout] 
[INFO] [stdout] 
[INFO] [stdout] error[E0432]: unresolved import `examples_common_3d`
[INFO] [stdout]  --> examples/revolute_joint_3d.rs:3:5
[INFO] [stdout]   |
[INFO] [stdout] 3 | use examples_common_3d::XpbdExamplePlugin;
[INFO] [stdout]   |     ^^^^^^^^^^^^^^^^^^ use of undeclared crate or module `examples_common_3d`
[INFO] [stdout] 
[INFO] [stdout] 
[INFO] [stdout] error: aborting due to 1 previous error
[INFO] [stdout] 
[INFO] [stdout] 
[INFO] [stdout] For more information about this error, try `rustc --explain E0432`.
[INFO] [stdout] 
[INFO] [stderr] error: could not compile `bevy_xpbd_3d` (example "fixed_joint_3d") due to 2 previous errors
[INFO] [stdout] error: aborting due to 1 previous error
[INFO] [stdout] 
[INFO] [stdout] 
[INFO] [stdout] For more information about this error, try `rustc --explain E0432`.
[INFO] [stdout] 
[INFO] [stdout] error: aborting due to 1 previous error
[INFO] [stdout] 
[INFO] [stdout] 
[INFO] [stdout] For more information about this error, try `rustc --explain E0432`.
[INFO] [stdout] 
[INFO] [stderr] error: could not compile `bevy_xpbd_3d` (example "revolute_joint_3d") due to 2 previous errors
[INFO] [stderr] error: could not compile `bevy_xpbd_3d` (example "cubes") due to 2 previous errors
[INFO] [stdout] error: aborting due to 1 previous error
[INFO] [stdout] 
[INFO] [stdout] 
[INFO] [stdout] For more information about this error, try `rustc --explain E0432`.
[INFO] [stdout] 
[INFO] [stdout] error[E0422]: cannot find struct, variant or union type `NodeBundle` in this scope
[INFO] [stdout]    --> examples/chain_3d.rs:130:16
[INFO] [stdout]     |
[INFO] [stdout] 130 |         .spawn(NodeBundle {
[INFO] [stdout]     |                ^^^^^^^^^^ not found in this scope
[INFO] [stdout] 
[INFO] [stdout] 
[INFO] [stdout] error[E0422]: cannot find struct, variant or union type `Style` in this scope
[INFO] [stdout]    --> examples/chain_3d.rs:131:20
[INFO] [stdout]     |
[INFO] [stdout] 131 |             style: Style {
[INFO] [stdout]     |                    ^^^^^ not found in this scope
[INFO] [stdout] 
[INFO] [stdout] 
[INFO] [stdout] error[E0422]: cannot find struct, variant or union type `TextStyle` in this scope
[INFO] [stdout]    --> examples/chain_3d.rs:143:21
[INFO] [stdout]     |
[INFO] [stdout] 143 |                     TextStyle {
[INFO] [stdout]     |                     ^^^^^^^^^ help: a struct with a similar name exists: `NextState`
[INFO] [stdout]     |
[INFO] [stdout]    ::: /opt/rustwide/cargo-home/registry/src/index.crates.io-6f17d22bba15001f/bevy_ecs-0.12.0/src/schedule/state.rs:122:1
[INFO] [stdout]     |
[INFO] [stdout] 122 | pub struct NextState<S: States>(pub Option<S>);
[INFO] [stdout]     | ------------------------------- similarly named struct `NextState` defined here
[INFO] [stdout] 
[INFO] [stdout] 
[INFO] [stdout] error[E0422]: cannot find struct, variant or union type `Style` in this scope
[INFO] [stdout]    --> examples/chain_3d.rs:149:29
[INFO] [stdout]     |
[INFO] [stdout] 149 |                 .with_style(Style {
[INFO] [stdout]     |                             ^^^^^ not found in this scope
[INFO] [stdout] 
[INFO] [stdout] 
[INFO] [stdout] error[E0422]: cannot find struct, variant or union type `UiRect` in this scope
[INFO] [stdout]    --> examples/chain_3d.rs:150:29
[INFO] [stdout]     |
[INFO] [stdout] 150 |                     margin: UiRect {
[INFO] [stdout]     |                             ^^^^^^ help: a struct with a similar name exists: `URect`
[INFO] [stdout]     |
[INFO] [stdout]    ::: /opt/rustwide/cargo-home/registry/src/index.crates.io-6f17d22bba15001f/bevy_math-0.12.0/src/rects/urect.rs:14:1
[INFO] [stdout]     |
[INFO] [stdout] 14  | pub struct URect {
[INFO] [stdout]     | ---------------- similarly named struct `URect` defined here
[INFO] [stdout] 
[INFO] [stdout] 
[INFO] [stdout] error[E0425]: cannot find value `Label` in this scope
[INFO] [stdout]    --> examples/chain_3d.rs:160:17
[INFO] [stdout]     |
[INFO] [stdout] 160 |                 Label,
[INFO] [stdout]     |                 ^^^^^ not found in this scope
[INFO] [stdout] 
[INFO] [stdout] 
[INFO] [stderr] error: could not compile `bevy_xpbd_3d` (example "trimesh_shapes_3d") due to 2 previous errors
[INFO] [stdout] error[E0433]: failed to resolve: use of undeclared type `Val`
[INFO] [stdout]    --> examples/chain_3d.rs:132:24
[INFO] [stdout]     |
[INFO] [stdout] 132 |                 width: Val::Percent(100.),
[INFO] [stdout]     |                        ^^^ use of undeclared type `Val`
[INFO] [stdout] 
[INFO] [stdout] 
[INFO] [stdout] error[E0433]: failed to resolve: use of undeclared type `TextBundle`
[INFO] [stdout]    --> examples/chain_3d.rs:141:17
[INFO] [stdout]     |
[INFO] [stdout] 141 |                 TextBundle::from_section(
[INFO] [stdout]     |                 ^^^^^^^^^^ use of undeclared type `TextBundle`
[INFO] [stdout] 
[INFO] [stdout] 
[INFO] [stdout] error[E0433]: failed to resolve: use of undeclared type `Val`
[INFO] [stdout]    --> examples/chain_3d.rs:151:31
[INFO] [stdout]     |
[INFO] [stdout] 151 |                         left: Val::Px(5.0),
[INFO] [stdout]     |                               ^^^ use of undeclared type `Val`
[INFO] [stdout] 
[INFO] [stdout] 
[INFO] [stdout] error[E0433]: failed to resolve: use of undeclared type `Val`
[INFO] [stdout]    --> examples/chain_3d.rs:152:30
[INFO] [stdout]     |
[INFO] [stdout] 152 |                         top: Val::Px(30.0),
[INFO] [stdout]     |                              ^^^ use of undeclared type `Val`
[INFO] [stdout] 
[INFO] [stdout] 
[INFO] [stdout] error: aborting due to 11 previous errors
[INFO] [stdout] 
[INFO] [stdout] 
[INFO] [stdout] Some errors have detailed explanations: E0422, E0425, E0432, E0433.
[INFO] [stdout] 
[INFO] [stdout] For more information about an error, try `rustc --explain E0422`.
[INFO] [stdout] 
[INFO] [stderr] error: could not compile `bevy_xpbd_3d` (example "chain_3d") due to 12 previous errors
[INFO] running `Command { std: "docker" "inspect" "271c8a29775fcac23f02658e4c7eddc6ba7001f0edda6d1a69d1b69317500386", kill_on_drop: false }`
[INFO] running `Command { std: "docker" "rm" "-f" "271c8a29775fcac23f02658e4c7eddc6ba7001f0edda6d1a69d1b69317500386", kill_on_drop: false }`
[INFO] [stdout] 271c8a29775fcac23f02658e4c7eddc6ba7001f0edda6d1a69d1b69317500386
