[INFO] fetching crate benchmark_suite 0.1.0...
[INFO] checking benchmark_suite-0.1.0 against nightly-2024-02-05 for check-cfg
[INFO] extracting crate benchmark_suite 0.1.0 into /workspace/builds/worker-5-tc1/source
[INFO] validating manifest of crates.io crate benchmark_suite 0.1.0 on toolchain nightly-2024-02-05
[INFO] running `Command { std: CARGO_HOME="/workspace/cargo-home" RUSTUP_HOME="/workspace/rustup-home" "/workspace/cargo-home/bin/cargo" "+nightly-2024-02-05" "metadata" "--manifest-path" "Cargo.toml" "--no-deps", kill_on_drop: false }`
[INFO] started tweaking crates.io crate benchmark_suite 0.1.0
[INFO] removed 0 missing tests
[INFO] finished tweaking crates.io crate benchmark_suite 0.1.0
[INFO] tweaked toml for crates.io crate benchmark_suite 0.1.0 written to /workspace/builds/worker-5-tc1/source/Cargo.toml
[INFO] running `Command { std: CARGO_HOME="/workspace/cargo-home" RUSTUP_HOME="/workspace/rustup-home" "/workspace/cargo-home/bin/cargo" "+nightly-2024-02-05" "generate-lockfile" "--manifest-path" "Cargo.toml", kill_on_drop: false }`
[INFO] [stderr]     Updating crates.io index
[INFO] running `Command { std: CARGO_HOME="/workspace/cargo-home" RUSTUP_HOME="/workspace/rustup-home" "/workspace/cargo-home/bin/cargo" "+nightly-2024-02-05" "fetch" "--manifest-path" "Cargo.toml", kill_on_drop: false }`
[INFO] running `Command { std: "docker" "create" "-v" "/var/lib/crater-agent-workspace/builds/worker-5-tc1/target:/opt/rustwide/target:rw,Z" "-v" "/var/lib/crater-agent-workspace/builds/worker-5-tc1/source:/opt/rustwide/workdir:ro,Z" "-v" "/var/lib/crater-agent-workspace/cargo-home:/opt/rustwide/cargo-home:ro,Z" "-v" "/var/lib/crater-agent-workspace/rustup-home:/opt/rustwide/rustup-home:ro,Z" "-e" "SOURCE_DIR=/opt/rustwide/workdir" "-e" "CARGO_TARGET_DIR=/opt/rustwide/target" "-e" "CARGO_HOME=/opt/rustwide/cargo-home" "-e" "RUSTUP_HOME=/opt/rustwide/rustup-home" "-w" "/opt/rustwide/workdir" "-m" "1610612736" "--user" "0:0" "--network" "none" "ghcr.io/rust-lang/crates-build-env/linux@sha256:2788e3201cd34a07e3172128adcd8b3090168a8e3bcc40d7c032b9dda1df7d1c" "/opt/rustwide/cargo-home/bin/cargo" "+nightly-2024-02-05" "metadata" "--no-deps" "--format-version=1", kill_on_drop: false }`
[INFO] [stdout] f05c3a6bc00650882a8878f56f22acd03feb7b461320fbbc436b92e4b446f6d3
[INFO] running `Command { std: "docker" "start" "-a" "f05c3a6bc00650882a8878f56f22acd03feb7b461320fbbc436b92e4b446f6d3", kill_on_drop: false }`
[INFO] running `Command { std: "docker" "inspect" "f05c3a6bc00650882a8878f56f22acd03feb7b461320fbbc436b92e4b446f6d3", kill_on_drop: false }`
[INFO] running `Command { std: "docker" "rm" "-f" "f05c3a6bc00650882a8878f56f22acd03feb7b461320fbbc436b92e4b446f6d3", kill_on_drop: false }`
[INFO] [stdout] f05c3a6bc00650882a8878f56f22acd03feb7b461320fbbc436b92e4b446f6d3
[INFO] running `Command { std: "docker" "create" "-v" "/var/lib/crater-agent-workspace/builds/worker-5-tc1/target:/opt/rustwide/target:rw,Z" "-v" "/var/lib/crater-agent-workspace/builds/worker-5-tc1/source:/opt/rustwide/workdir:ro,Z" "-v" "/var/lib/crater-agent-workspace/cargo-home:/opt/rustwide/cargo-home:ro,Z" "-v" "/var/lib/crater-agent-workspace/rustup-home:/opt/rustwide/rustup-home:ro,Z" "-e" "SOURCE_DIR=/opt/rustwide/workdir" "-e" "CARGO_TARGET_DIR=/opt/rustwide/target" "-e" "CARGO_INCREMENTAL=0" "-e" "RUST_BACKTRACE=full" "-e" "RUSTFLAGS=--cap-lints=forbid" "-e" "RUSTDOCFLAGS=--cap-lints=forbid" "-e" "CARGO_HOME=/opt/rustwide/cargo-home" "-e" "RUSTUP_HOME=/opt/rustwide/rustup-home" "-w" "/opt/rustwide/workdir" "-m" "1610612736" "--user" "0:0" "--network" "none" "ghcr.io/rust-lang/crates-build-env/linux@sha256:2788e3201cd34a07e3172128adcd8b3090168a8e3bcc40d7c032b9dda1df7d1c" "/opt/rustwide/cargo-home/bin/cargo" "+nightly-2024-02-05" "check" "--frozen" "--all" "--all-targets" "--message-format=json", kill_on_drop: false }`
[INFO] [stdout] 80e4a187ef5167fb4ed82c58d698331bee9f761a1cf3a1444096d366c49aa611
[INFO] running `Command { std: "docker" "start" "-a" "80e4a187ef5167fb4ed82c58d698331bee9f761a1cf3a1444096d366c49aa611", kill_on_drop: false }`
[INFO] [stderr]    Compiling num-bigint v0.4.4
[INFO] [stderr]    Compiling num-rational v0.4.1
[INFO] [stderr]    Compiling num-iter v0.1.43
[INFO] [stderr]    Compiling portable-atomic v1.6.0
[INFO] [stderr]     Checking number_prefix v0.4.0
[INFO] [stderr]     Checking num-integer v0.1.45
[INFO] [stderr]     Checking num-complex v0.4.4
[INFO] [stderr]     Checking console v0.15.8
[INFO] [stderr]     Checking indicatif v0.17.7
[INFO] [stderr]     Checking num v0.4.1
[INFO] [stderr]     Checking benchmark_suite v0.1.0 (/opt/rustwide/workdir)
[INFO] [stdout] error[E0433]: failed to resolve: use of undeclared crate or module `rand`
[INFO] [stdout]   --> tests/integration_tests.rs:36:9
[INFO] [stdout]    |
[INFO] [stdout] 36 |     use rand::prelude::*;
[INFO] [stdout]    |         ^^^^ use of undeclared crate or module `rand`
[INFO] [stdout] 
[INFO] [stdout] 
[INFO] [stdout] error[E0433]: failed to resolve: use of undeclared crate or module `rand`
[INFO] [stdout]   --> tests/integration_tests.rs:45:27
[INFO] [stdout]    |
[INFO] [stdout] 45 |             let mut rng = rand::thread_rng();
[INFO] [stdout]    |                           ^^^^ use of undeclared crate or module `rand`
[INFO] [stdout] 
[INFO] [stdout] 
[INFO] [stdout] error[E0599]: no method named `shuffle` found for struct `Vec<u32>` in the current scope
[INFO] [stdout]   --> tests/integration_tests.rs:47:19
[INFO] [stdout]    |
[INFO] [stdout] 47 |             table.shuffle(&mut rng);
[INFO] [stdout]    |                   ^^^^^^^ method not found in `Vec<u32>`
[INFO] [stdout] 
[INFO] [stdout] 
[INFO] [stdout] error: aborting due to 3 previous errors
[INFO] [stdout] 
[INFO] [stdout] 
[INFO] [stdout] Some errors have detailed explanations: E0433, E0599.
[INFO] [stdout] 
[INFO] [stdout] For more information about an error, try `rustc --explain E0433`.
[INFO] [stdout] 
[INFO] [stderr] error: could not compile `benchmark_suite` (test "tests") due to 4 previous errors
[INFO] running `Command { std: "docker" "inspect" "80e4a187ef5167fb4ed82c58d698331bee9f761a1cf3a1444096d366c49aa611", kill_on_drop: false }`
[INFO] running `Command { std: "docker" "rm" "-f" "80e4a187ef5167fb4ed82c58d698331bee9f761a1cf3a1444096d366c49aa611", kill_on_drop: false }`
[INFO] [stdout] 80e4a187ef5167fb4ed82c58d698331bee9f761a1cf3a1444096d366c49aa611
[INFO] checking benchmark_suite-0.1.0 against nightly-2024-02-05+rustflags=-Dunexpected_cfgs+cargoflags=-Zcheck-cfg for check-cfg
[INFO] extracting crate benchmark_suite 0.1.0 into /workspace/builds/worker-5-tc2/source
[INFO] validating manifest of crates.io crate benchmark_suite 0.1.0 on toolchain nightly-2024-02-05
[INFO] running `Command { std: CARGO_HOME="/workspace/cargo-home" RUSTUP_HOME="/workspace/rustup-home" "/workspace/cargo-home/bin/cargo" "+nightly-2024-02-05" "metadata" "--manifest-path" "Cargo.toml" "--no-deps", kill_on_drop: false }`
[INFO] started tweaking crates.io crate benchmark_suite 0.1.0
[INFO] removed 0 missing tests
[INFO] finished tweaking crates.io crate benchmark_suite 0.1.0
[INFO] tweaked toml for crates.io crate benchmark_suite 0.1.0 written to /workspace/builds/worker-5-tc2/source/Cargo.toml
[INFO] running `Command { std: CARGO_HOME="/workspace/cargo-home" RUSTUP_HOME="/workspace/rustup-home" "/workspace/cargo-home/bin/cargo" "+nightly-2024-02-05" "generate-lockfile" "--manifest-path" "Cargo.toml", kill_on_drop: false }`
[INFO] [stderr]     Updating crates.io index
[INFO] running `Command { std: CARGO_HOME="/workspace/cargo-home" RUSTUP_HOME="/workspace/rustup-home" "/workspace/cargo-home/bin/cargo" "+nightly-2024-02-05" "fetch" "--manifest-path" "Cargo.toml", kill_on_drop: false }`
[INFO] running `Command { std: "docker" "create" "-v" "/var/lib/crater-agent-workspace/builds/worker-5-tc2/target:/opt/rustwide/target:rw,Z" "-v" "/var/lib/crater-agent-workspace/builds/worker-5-tc2/source:/opt/rustwide/workdir:ro,Z" "-v" "/var/lib/crater-agent-workspace/cargo-home:/opt/rustwide/cargo-home:ro,Z" "-v" "/var/lib/crater-agent-workspace/rustup-home:/opt/rustwide/rustup-home:ro,Z" "-e" "SOURCE_DIR=/opt/rustwide/workdir" "-e" "CARGO_TARGET_DIR=/opt/rustwide/target" "-e" "CARGO_HOME=/opt/rustwide/cargo-home" "-e" "RUSTUP_HOME=/opt/rustwide/rustup-home" "-w" "/opt/rustwide/workdir" "-m" "1610612736" "--user" "0:0" "--network" "none" "ghcr.io/rust-lang/crates-build-env/linux@sha256:2788e3201cd34a07e3172128adcd8b3090168a8e3bcc40d7c032b9dda1df7d1c" "/opt/rustwide/cargo-home/bin/cargo" "+nightly-2024-02-05" "metadata" "--no-deps" "--format-version=1", kill_on_drop: false }`
[INFO] [stdout] 2d6535e6f80a9a612d00c8f373d0f0be2d38088ed7c53c5aeabf029ece1d1d9a
[INFO] running `Command { std: "docker" "start" "-a" "2d6535e6f80a9a612d00c8f373d0f0be2d38088ed7c53c5aeabf029ece1d1d9a", kill_on_drop: false }`
[INFO] running `Command { std: "docker" "inspect" "2d6535e6f80a9a612d00c8f373d0f0be2d38088ed7c53c5aeabf029ece1d1d9a", kill_on_drop: false }`
[INFO] running `Command { std: "docker" "rm" "-f" "2d6535e6f80a9a612d00c8f373d0f0be2d38088ed7c53c5aeabf029ece1d1d9a", kill_on_drop: false }`
[INFO] [stdout] 2d6535e6f80a9a612d00c8f373d0f0be2d38088ed7c53c5aeabf029ece1d1d9a
[INFO] running `Command { std: "docker" "create" "-v" "/var/lib/crater-agent-workspace/builds/worker-5-tc2/target:/opt/rustwide/target:rw,Z" "-v" "/var/lib/crater-agent-workspace/builds/worker-5-tc2/source:/opt/rustwide/workdir:ro,Z" "-v" "/var/lib/crater-agent-workspace/cargo-home:/opt/rustwide/cargo-home:ro,Z" "-v" "/var/lib/crater-agent-workspace/rustup-home:/opt/rustwide/rustup-home:ro,Z" "-e" "SOURCE_DIR=/opt/rustwide/workdir" "-e" "CARGO_TARGET_DIR=/opt/rustwide/target" "-e" "CARGO_INCREMENTAL=0" "-e" "RUST_BACKTRACE=full" "-e" "RUSTFLAGS=--cap-lints=forbid -Dunexpected_cfgs" "-e" "RUSTDOCFLAGS=--cap-lints=forbid" "-e" "CARGO_HOME=/opt/rustwide/cargo-home" "-e" "RUSTUP_HOME=/opt/rustwide/rustup-home" "-w" "/opt/rustwide/workdir" "-m" "1610612736" "--user" "0:0" "--network" "none" "ghcr.io/rust-lang/crates-build-env/linux@sha256:2788e3201cd34a07e3172128adcd8b3090168a8e3bcc40d7c032b9dda1df7d1c" "/opt/rustwide/cargo-home/bin/cargo" "+nightly-2024-02-05" "check" "--frozen" "--all" "--all-targets" "--message-format=json" "-Zcheck-cfg", kill_on_drop: false }`
[INFO] [stdout] ee4f7eb17a6271422688226d39d7a96de55c1db8744b347a09cc5c1500887c5e
[INFO] running `Command { std: "docker" "start" "-a" "ee4f7eb17a6271422688226d39d7a96de55c1db8744b347a09cc5c1500887c5e", kill_on_drop: false }`
[INFO] [stderr]    Compiling num-bigint v0.4.4
[INFO] [stderr]    Compiling num-rational v0.4.1
[INFO] [stderr]    Compiling num-iter v0.1.43
[INFO] [stderr]    Compiling portable-atomic v1.6.0
[INFO] [stderr]     Checking number_prefix v0.4.0
[INFO] [stderr]     Checking num-integer v0.1.45
[INFO] [stderr]     Checking num-complex v0.4.4
[INFO] [stderr]     Checking console v0.15.8
[INFO] [stderr]     Checking indicatif v0.17.7
[INFO] [stderr]     Checking num v0.4.1
[INFO] [stderr]     Checking benchmark_suite v0.1.0 (/opt/rustwide/workdir)
[INFO] [stdout] error[E0433]: failed to resolve: use of undeclared crate or module `rand`
[INFO] [stdout]   --> tests/integration_tests.rs:36:9
[INFO] [stdout]    |
[INFO] [stdout] 36 |     use rand::prelude::*;
[INFO] [stdout]    |         ^^^^ use of undeclared crate or module `rand`
[INFO] [stdout] 
[INFO] [stdout] 
[INFO] [stdout] error[E0433]: failed to resolve: use of undeclared crate or module `rand`
[INFO] [stdout]   --> tests/integration_tests.rs:45:27
[INFO] [stdout]    |
[INFO] [stdout] 45 |             let mut rng = rand::thread_rng();
[INFO] [stdout]    |                           ^^^^ use of undeclared crate or module `rand`
[INFO] [stdout] 
[INFO] [stdout] 
[INFO] [stdout] error[E0599]: no method named `shuffle` found for struct `Vec<u32>` in the current scope
[INFO] [stdout]   --> tests/integration_tests.rs:47:19
[INFO] [stdout]    |
[INFO] [stdout] 47 |             table.shuffle(&mut rng);
[INFO] [stdout]    |                   ^^^^^^^ method not found in `Vec<u32>`
[INFO] [stdout] 
[INFO] [stdout] 
[INFO] [stdout] error: aborting due to 3 previous errors
[INFO] [stdout] 
[INFO] [stdout] 
[INFO] [stdout] Some errors have detailed explanations: E0433, E0599.
[INFO] [stdout] 
[INFO] [stdout] For more information about an error, try `rustc --explain E0433`.
[INFO] [stdout] 
[INFO] [stderr] error: could not compile `benchmark_suite` (test "tests") due to 4 previous errors
[INFO] running `Command { std: "docker" "inspect" "ee4f7eb17a6271422688226d39d7a96de55c1db8744b347a09cc5c1500887c5e", kill_on_drop: false }`
[INFO] running `Command { std: "docker" "rm" "-f" "ee4f7eb17a6271422688226d39d7a96de55c1db8744b347a09cc5c1500887c5e", kill_on_drop: false }`
[INFO] [stdout] ee4f7eb17a6271422688226d39d7a96de55c1db8744b347a09cc5c1500887c5e
