[INFO] fetching crate beetle-collatz 0.5.10...
[INFO] checking beetle-collatz-0.5.10 against nightly-2024-02-05 for check-cfg
[INFO] extracting crate beetle-collatz 0.5.10 into /workspace/builds/worker-0-tc1/source
[INFO] validating manifest of crates.io crate beetle-collatz 0.5.10 on toolchain nightly-2024-02-05
[INFO] running `Command { std: CARGO_HOME="/workspace/cargo-home" RUSTUP_HOME="/workspace/rustup-home" "/workspace/cargo-home/bin/cargo" "+nightly-2024-02-05" "metadata" "--manifest-path" "Cargo.toml" "--no-deps", kill_on_drop: false }`
[INFO] started tweaking crates.io crate beetle-collatz 0.5.10
[INFO] finished tweaking crates.io crate beetle-collatz 0.5.10
[INFO] tweaked toml for crates.io crate beetle-collatz 0.5.10 written to /workspace/builds/worker-0-tc1/source/Cargo.toml
[INFO] running `Command { std: CARGO_HOME="/workspace/cargo-home" RUSTUP_HOME="/workspace/rustup-home" "/workspace/cargo-home/bin/cargo" "+nightly-2024-02-05" "generate-lockfile" "--manifest-path" "Cargo.toml", kill_on_drop: false }`
[INFO] [stderr]     Updating crates.io index
[INFO] running `Command { std: CARGO_HOME="/workspace/cargo-home" RUSTUP_HOME="/workspace/rustup-home" "/workspace/cargo-home/bin/cargo" "+nightly-2024-02-05" "fetch" "--manifest-path" "Cargo.toml", kill_on_drop: false }`
[INFO] [stderr]     Blocking waiting for file lock on package cache
[INFO] [stderr]  Downloading crates ...
[INFO] [stderr]   Downloaded default-impl v0.1.0
[INFO] [stderr]   Downloaded beetle-nonzero v0.3.9
[INFO] running `Command { std: "docker" "create" "-v" "/var/lib/crater-agent-workspace/builds/worker-0-tc1/target:/opt/rustwide/target:rw,Z" "-v" "/var/lib/crater-agent-workspace/builds/worker-0-tc1/source:/opt/rustwide/workdir:ro,Z" "-v" "/var/lib/crater-agent-workspace/cargo-home:/opt/rustwide/cargo-home:ro,Z" "-v" "/var/lib/crater-agent-workspace/rustup-home:/opt/rustwide/rustup-home:ro,Z" "-e" "SOURCE_DIR=/opt/rustwide/workdir" "-e" "CARGO_TARGET_DIR=/opt/rustwide/target" "-e" "CARGO_HOME=/opt/rustwide/cargo-home" "-e" "RUSTUP_HOME=/opt/rustwide/rustup-home" "-w" "/opt/rustwide/workdir" "-m" "1610612736" "--user" "0:0" "--network" "none" "ghcr.io/rust-lang/crates-build-env/linux@sha256:2788e3201cd34a07e3172128adcd8b3090168a8e3bcc40d7c032b9dda1df7d1c" "/opt/rustwide/cargo-home/bin/cargo" "+nightly-2024-02-05" "metadata" "--no-deps" "--format-version=1", kill_on_drop: false }`
[INFO] [stdout] 86240d413e8f4cf8293798e0fbaf6e333f4d80434e2004c145b0cb3321cd2264
[INFO] running `Command { std: "docker" "start" "-a" "86240d413e8f4cf8293798e0fbaf6e333f4d80434e2004c145b0cb3321cd2264", kill_on_drop: false }`
[INFO] running `Command { std: "docker" "inspect" "86240d413e8f4cf8293798e0fbaf6e333f4d80434e2004c145b0cb3321cd2264", kill_on_drop: false }`
[INFO] running `Command { std: "docker" "rm" "-f" "86240d413e8f4cf8293798e0fbaf6e333f4d80434e2004c145b0cb3321cd2264", kill_on_drop: false }`
[INFO] [stdout] 86240d413e8f4cf8293798e0fbaf6e333f4d80434e2004c145b0cb3321cd2264
[INFO] running `Command { std: "docker" "create" "-v" "/var/lib/crater-agent-workspace/builds/worker-0-tc1/target:/opt/rustwide/target:rw,Z" "-v" "/var/lib/crater-agent-workspace/builds/worker-0-tc1/source:/opt/rustwide/workdir:ro,Z" "-v" "/var/lib/crater-agent-workspace/cargo-home:/opt/rustwide/cargo-home:ro,Z" "-v" "/var/lib/crater-agent-workspace/rustup-home:/opt/rustwide/rustup-home:ro,Z" "-e" "SOURCE_DIR=/opt/rustwide/workdir" "-e" "CARGO_TARGET_DIR=/opt/rustwide/target" "-e" "CARGO_INCREMENTAL=0" "-e" "RUST_BACKTRACE=full" "-e" "RUSTFLAGS=--cap-lints=forbid" "-e" "RUSTDOCFLAGS=--cap-lints=forbid" "-e" "CARGO_HOME=/opt/rustwide/cargo-home" "-e" "RUSTUP_HOME=/opt/rustwide/rustup-home" "-w" "/opt/rustwide/workdir" "-m" "1610612736" "--user" "0:0" "--network" "none" "ghcr.io/rust-lang/crates-build-env/linux@sha256:2788e3201cd34a07e3172128adcd8b3090168a8e3bcc40d7c032b9dda1df7d1c" "/opt/rustwide/cargo-home/bin/cargo" "+nightly-2024-02-05" "check" "--frozen" "--all" "--all-targets" "--message-format=json", kill_on_drop: false }`
[INFO] [stdout] 5ecaa1029dc230649168e3eb9dcce808abd9ce16d0c0b832003bda12fdd11fbb
[INFO] running `Command { std: "docker" "start" "-a" "5ecaa1029dc230649168e3eb9dcce808abd9ce16d0c0b832003bda12fdd11fbb", kill_on_drop: false }`
[INFO] [stderr]     Checking default-impl v0.1.0
[INFO] [stderr]     Checking num-rational v0.4.1
[INFO] [stderr]     Checking num v0.4.1
[INFO] [stderr]     Checking beetle-nonzero v0.3.9
[INFO] [stderr]     Checking beetle-collatz v0.5.10 (/opt/rustwide/workdir)
[INFO] [stdout] error[E0432]: unresolved imports `beetle_nonzero::ranges`, `beetle_nonzero::traits`
[INFO] [stdout]   --> src/lib.rs:9:5
[INFO] [stdout]    |
[INFO] [stdout] 9  |     ranges::RangeNonZero,
[INFO] [stdout]    |     ^^^^^^ could not find `ranges` in `beetle_nonzero`
[INFO] [stdout] 10 |     traits::{TrailingZeros, Uint, WithoutTrailingZeros},
[INFO] [stdout]    |     ^^^^^^ could not find `traits` in `beetle_nonzero`
[INFO] [stdout] 
[INFO] [stdout] 
[INFO] [stdout] error[E0432]: unresolved import `beetle_nonzero::ranges`
[INFO] [stdout]    --> src/lib.rs:187:26
[INFO] [stdout]     |
[INFO] [stdout] 187 |     use beetle_nonzero::{ranges::RangeNonZero, NonZero};
[INFO] [stdout]     |                          ^^^^^^ could not find `ranges` in `beetle_nonzero`
[INFO] [stdout] 
[INFO] [stdout] 
[INFO] [stdout] error[E0432]: unresolved import `beetle_nonzero::ranges`
[INFO] [stdout]    --> src/lib.rs:235:29
[INFO] [stdout]     |
[INFO] [stdout] 235 |         use beetle_nonzero::ranges::RangeNonZero;
[INFO] [stdout]     |                             ^^^^^^ could not find `ranges` in `beetle_nonzero`
[INFO] [stdout] 
[INFO] [stdout] 
[INFO] [stdout] error: aborting due to 3 previous errors
[INFO] [stdout] 
[INFO] [stdout] 
[INFO] [stdout] For more information about this error, try `rustc --explain E0432`.
[INFO] [stdout] 
[INFO] [stdout] error[E0432]: unresolved imports `beetle_nonzero::ranges`, `beetle_nonzero::traits`
[INFO] [stdout]   --> src/lib.rs:9:5
[INFO] [stdout]    |
[INFO] [stdout] 9  |     ranges::RangeNonZero,
[INFO] [stdout]    |     ^^^^^^ could not find `ranges` in `beetle_nonzero`
[INFO] [stdout] 10 |     traits::{TrailingZeros, Uint, WithoutTrailingZeros},
[INFO] [stdout]    |     ^^^^^^ could not find `traits` in `beetle_nonzero`
[INFO] [stdout] 
[INFO] [stdout] 
[INFO] [stdout] error[E0432]: unresolved import `beetle_nonzero::ranges`
[INFO] [stdout]    --> src/lib.rs:187:26
[INFO] [stdout]     |
[INFO] [stdout] 187 |     use beetle_nonzero::{ranges::RangeNonZero, NonZero};
[INFO] [stdout]     |                          ^^^^^^ could not find `ranges` in `beetle_nonzero`
[INFO] [stdout] 
[INFO] [stdout] 
[INFO] [stdout] error: aborting due to 2 previous errors
[INFO] [stdout] 
[INFO] [stdout] 
[INFO] [stdout] For more information about this error, try `rustc --explain E0432`.
[INFO] [stdout] 
[INFO] [stderr] error: could not compile `beetle-collatz` (lib test) due to 4 previous errors
[INFO] [stderr] warning: build failed, waiting for other jobs to finish...
[INFO] [stderr] error: could not compile `beetle-collatz` (lib) due to 3 previous errors
[INFO] running `Command { std: "docker" "inspect" "5ecaa1029dc230649168e3eb9dcce808abd9ce16d0c0b832003bda12fdd11fbb", kill_on_drop: false }`
[INFO] running `Command { std: "docker" "rm" "-f" "5ecaa1029dc230649168e3eb9dcce808abd9ce16d0c0b832003bda12fdd11fbb", kill_on_drop: false }`
[INFO] [stdout] 5ecaa1029dc230649168e3eb9dcce808abd9ce16d0c0b832003bda12fdd11fbb
