[INFO] fetching crate bcs-link 0.1.3...
[INFO] checking bcs-link-0.1.3 against nightly-2024-02-05 for check-cfg
[INFO] extracting crate bcs-link 0.1.3 into /workspace/builds/worker-3-tc1/source
[INFO] validating manifest of crates.io crate bcs-link 0.1.3 on toolchain nightly-2024-02-05
[INFO] running `Command { std: CARGO_HOME="/workspace/cargo-home" RUSTUP_HOME="/workspace/rustup-home" "/workspace/cargo-home/bin/cargo" "+nightly-2024-02-05" "metadata" "--manifest-path" "Cargo.toml" "--no-deps", kill_on_drop: false }`
[INFO] started tweaking crates.io crate bcs-link 0.1.3
[INFO] finished tweaking crates.io crate bcs-link 0.1.3
[INFO] tweaked toml for crates.io crate bcs-link 0.1.3 written to /workspace/builds/worker-3-tc1/source/Cargo.toml
[INFO] running `Command { std: CARGO_HOME="/workspace/cargo-home" RUSTUP_HOME="/workspace/rustup-home" "/workspace/cargo-home/bin/cargo" "+nightly-2024-02-05" "generate-lockfile" "--manifest-path" "Cargo.toml", kill_on_drop: false }`
[INFO] [stderr]     Updating crates.io index
[INFO] running `Command { std: CARGO_HOME="/workspace/cargo-home" RUSTUP_HOME="/workspace/rustup-home" "/workspace/cargo-home/bin/cargo" "+nightly-2024-02-05" "fetch" "--manifest-path" "Cargo.toml", kill_on_drop: false }`
[INFO] [stderr]  Downloading crates ...
[INFO] [stderr]   Downloaded rand_xorshift v0.2.0
[INFO] [stderr]   Downloaded proptest v0.10.1
[INFO] [stderr]   Downloaded proptest-derive v0.2.0
[INFO] running `Command { std: "docker" "create" "-v" "/var/lib/crater-agent-workspace/builds/worker-3-tc1/target:/opt/rustwide/target:rw,Z" "-v" "/var/lib/crater-agent-workspace/builds/worker-3-tc1/source:/opt/rustwide/workdir:ro,Z" "-v" "/var/lib/crater-agent-workspace/cargo-home:/opt/rustwide/cargo-home:ro,Z" "-v" "/var/lib/crater-agent-workspace/rustup-home:/opt/rustwide/rustup-home:ro,Z" "-e" "SOURCE_DIR=/opt/rustwide/workdir" "-e" "CARGO_TARGET_DIR=/opt/rustwide/target" "-e" "CARGO_HOME=/opt/rustwide/cargo-home" "-e" "RUSTUP_HOME=/opt/rustwide/rustup-home" "-w" "/opt/rustwide/workdir" "-m" "1610612736" "--user" "0:0" "--network" "none" "ghcr.io/rust-lang/crates-build-env/linux@sha256:2788e3201cd34a07e3172128adcd8b3090168a8e3bcc40d7c032b9dda1df7d1c" "/opt/rustwide/cargo-home/bin/cargo" "+nightly-2024-02-05" "metadata" "--no-deps" "--format-version=1", kill_on_drop: false }`
[INFO] [stdout] 200e5797e45ad672d9f4e7f9950805ffa3cd23d4213dd06aee1113ec0837ff73
[INFO] running `Command { std: "docker" "start" "-a" "200e5797e45ad672d9f4e7f9950805ffa3cd23d4213dd06aee1113ec0837ff73", kill_on_drop: false }`
[INFO] running `Command { std: "docker" "inspect" "200e5797e45ad672d9f4e7f9950805ffa3cd23d4213dd06aee1113ec0837ff73", kill_on_drop: false }`
[INFO] running `Command { std: "docker" "rm" "-f" "200e5797e45ad672d9f4e7f9950805ffa3cd23d4213dd06aee1113ec0837ff73", kill_on_drop: false }`
[INFO] [stdout] 200e5797e45ad672d9f4e7f9950805ffa3cd23d4213dd06aee1113ec0837ff73
[INFO] running `Command { std: "docker" "create" "-v" "/var/lib/crater-agent-workspace/builds/worker-3-tc1/target:/opt/rustwide/target:rw,Z" "-v" "/var/lib/crater-agent-workspace/builds/worker-3-tc1/source:/opt/rustwide/workdir:ro,Z" "-v" "/var/lib/crater-agent-workspace/cargo-home:/opt/rustwide/cargo-home:ro,Z" "-v" "/var/lib/crater-agent-workspace/rustup-home:/opt/rustwide/rustup-home:ro,Z" "-e" "SOURCE_DIR=/opt/rustwide/workdir" "-e" "CARGO_TARGET_DIR=/opt/rustwide/target" "-e" "CARGO_INCREMENTAL=0" "-e" "RUST_BACKTRACE=full" "-e" "RUSTFLAGS=--cap-lints=forbid" "-e" "RUSTDOCFLAGS=--cap-lints=forbid" "-e" "CARGO_HOME=/opt/rustwide/cargo-home" "-e" "RUSTUP_HOME=/opt/rustwide/rustup-home" "-w" "/opt/rustwide/workdir" "-m" "1610612736" "--user" "0:0" "--network" "none" "ghcr.io/rust-lang/crates-build-env/linux@sha256:2788e3201cd34a07e3172128adcd8b3090168a8e3bcc40d7c032b9dda1df7d1c" "/opt/rustwide/cargo-home/bin/cargo" "+nightly-2024-02-05" "check" "--frozen" "--all" "--all-targets" "--message-format=json", kill_on_drop: false }`
[INFO] [stdout] bf90a34fe8efb0a43a8be73cf1ddf6184174db581449df1ea2ba27cd6de40d3b
[INFO] running `Command { std: "docker" "start" "-a" "bf90a34fe8efb0a43a8be73cf1ddf6184174db581449df1ea2ba27cd6de40d3b", kill_on_drop: false }`
[INFO] [stderr]    Compiling proc-macro2 v1.0.78
[INFO] [stderr]    Compiling libc v0.2.153
[INFO] [stderr]    Compiling serde v1.0.196
[INFO] [stderr]    Compiling crossbeam-utils v0.8.19
[INFO] [stderr]    Compiling proc-macro2 v0.4.30
[INFO] [stderr]    Compiling rustix v0.38.31
[INFO] [stderr]     Checking bitflags v2.4.2
[INFO] [stderr]    Compiling rayon-core v1.12.1
[INFO] [stderr]     Checking linux-raw-sys v0.4.13
[INFO] [stderr]    Compiling unicode-xid v0.1.0
[INFO] [stderr]    Compiling syn v0.15.44
[INFO] [stderr]     Checking unicode-width v0.1.11
[INFO] [stderr]    Compiling thiserror v1.0.56
[INFO] [stderr]     Checking fastrand v2.0.1
[INFO] [stderr]    Compiling quote v1.0.35
[INFO] [stderr]     Checking textwrap v0.11.0
[INFO] [stderr]    Compiling quote v0.6.13
[INFO] [stderr]     Checking csv-core v0.1.11
[INFO] [stderr]    Compiling syn v2.0.48
[INFO] [stderr]     Checking crossbeam-epoch v0.9.18
[INFO] [stderr]     Checking regex-automata v0.4.5
[INFO] [stderr]     Checking bit-vec v0.6.3
[INFO] [stderr]     Checking quick-error v1.2.3
[INFO] [stderr]     Checking criterion-plot v0.4.5
[INFO] [stderr]     Checking crossbeam-deque v0.8.5
[INFO] [stderr]     Checking bit-set v0.5.3
[INFO] [stderr]     Checking clap v2.34.0
[INFO] [stderr]     Checking regex-syntax v0.6.29
[INFO] [stderr]     Checking rayon v1.8.1
[INFO] [stderr]     Checking getrandom v0.1.16
[INFO] [stderr]     Checking rand_core v0.5.1
[INFO] [stderr]     Checking rand_chacha v0.2.2
[INFO] [stderr]     Checking tempfile v3.10.0
[INFO] [stderr]     Checking wait-timeout v0.2.0
[INFO] [stderr]     Checking regex v1.10.3
[INFO] [stderr]     Checking rand v0.7.3
[INFO] [stderr]     Checking rusty-fork v0.3.0
[INFO] [stderr]     Checking rand_xorshift v0.2.0
[INFO] [stderr]     Checking atty v0.2.14
[INFO] [stderr]     Checking byteorder v1.5.0
[INFO] [stderr]     Checking proptest v0.10.1
[INFO] [stderr]    Compiling serde_derive v1.0.196
[INFO] [stderr]    Compiling thiserror-impl v1.0.56
[INFO] [stderr]    Compiling proptest-derive v0.2.0
[INFO] [stderr]     Checking serde_json v1.0.113
[INFO] [stderr]     Checking serde_cbor v0.11.2
[INFO] [stderr]     Checking csv v1.3.0
[INFO] [stderr]     Checking bcs-link v0.1.3 (/opt/rustwide/workdir)
[INFO] [stderr]     Checking tinytemplate v1.2.1
[INFO] [stderr]     Checking criterion v0.3.6
[INFO] [stdout] error[E0432]: unresolved import `bcs`
[INFO] [stdout]  --> benches/bcs_bench.rs:4:5
[INFO] [stdout]   |
[INFO] [stdout] 4 | use bcs::to_bytes;
[INFO] [stdout]   |     ^^^ use of undeclared crate or module `bcs`
[INFO] [stdout] 
[INFO] [stdout] 
[INFO] [stdout] error: aborting due to 1 previous error
[INFO] [stdout] 
[INFO] [stdout] 
[INFO] [stdout] For more information about this error, try `rustc --explain E0432`.
[INFO] [stdout] 
[INFO] [stderr] error: could not compile `bcs-link` (bench "bcs_bench") due to 2 previous errors
[INFO] [stderr] warning: build failed, waiting for other jobs to finish...
[INFO] [stdout] error[E0432]: unresolved import `bcs`
[INFO] [stdout]   --> tests/serde.rs:16:5
[INFO] [stdout]    |
[INFO] [stdout] 16 | use bcs::{
[INFO] [stdout]    |     ^^^ use of undeclared crate or module `bcs`
[INFO] [stdout] 
[INFO] [stdout] 
[INFO] [stdout] error: aborting due to 1 previous error
[INFO] [stdout] 
[INFO] [stdout] 
[INFO] [stdout] For more information about this error, try `rustc --explain E0432`.
[INFO] [stdout] 
[INFO] [stderr] error: could not compile `bcs-link` (test "serde") due to 2 previous errors
[INFO] running `Command { std: "docker" "inspect" "bf90a34fe8efb0a43a8be73cf1ddf6184174db581449df1ea2ba27cd6de40d3b", kill_on_drop: false }`
[INFO] running `Command { std: "docker" "rm" "-f" "bf90a34fe8efb0a43a8be73cf1ddf6184174db581449df1ea2ba27cd6de40d3b", kill_on_drop: false }`
[INFO] [stdout] bf90a34fe8efb0a43a8be73cf1ddf6184174db581449df1ea2ba27cd6de40d3b
[INFO] checking bcs-link-0.1.3 against nightly-2024-02-05+rustflags=-Dunexpected_cfgs+cargoflags=-Zcheck-cfg for check-cfg
[INFO] extracting crate bcs-link 0.1.3 into /workspace/builds/worker-3-tc2/source
[INFO] validating manifest of crates.io crate bcs-link 0.1.3 on toolchain nightly-2024-02-05
[INFO] running `Command { std: CARGO_HOME="/workspace/cargo-home" RUSTUP_HOME="/workspace/rustup-home" "/workspace/cargo-home/bin/cargo" "+nightly-2024-02-05" "metadata" "--manifest-path" "Cargo.toml" "--no-deps", kill_on_drop: false }`
[INFO] started tweaking crates.io crate bcs-link 0.1.3
[INFO] finished tweaking crates.io crate bcs-link 0.1.3
[INFO] tweaked toml for crates.io crate bcs-link 0.1.3 written to /workspace/builds/worker-3-tc2/source/Cargo.toml
[INFO] running `Command { std: CARGO_HOME="/workspace/cargo-home" RUSTUP_HOME="/workspace/rustup-home" "/workspace/cargo-home/bin/cargo" "+nightly-2024-02-05" "generate-lockfile" "--manifest-path" "Cargo.toml", kill_on_drop: false }`
[INFO] [stderr]     Updating crates.io index
[INFO] running `Command { std: CARGO_HOME="/workspace/cargo-home" RUSTUP_HOME="/workspace/rustup-home" "/workspace/cargo-home/bin/cargo" "+nightly-2024-02-05" "fetch" "--manifest-path" "Cargo.toml", kill_on_drop: false }`
[INFO] running `Command { std: "docker" "create" "-v" "/var/lib/crater-agent-workspace/builds/worker-3-tc2/target:/opt/rustwide/target:rw,Z" "-v" "/var/lib/crater-agent-workspace/builds/worker-3-tc2/source:/opt/rustwide/workdir:ro,Z" "-v" "/var/lib/crater-agent-workspace/cargo-home:/opt/rustwide/cargo-home:ro,Z" "-v" "/var/lib/crater-agent-workspace/rustup-home:/opt/rustwide/rustup-home:ro,Z" "-e" "SOURCE_DIR=/opt/rustwide/workdir" "-e" "CARGO_TARGET_DIR=/opt/rustwide/target" "-e" "CARGO_HOME=/opt/rustwide/cargo-home" "-e" "RUSTUP_HOME=/opt/rustwide/rustup-home" "-w" "/opt/rustwide/workdir" "-m" "1610612736" "--user" "0:0" "--network" "none" "ghcr.io/rust-lang/crates-build-env/linux@sha256:2788e3201cd34a07e3172128adcd8b3090168a8e3bcc40d7c032b9dda1df7d1c" "/opt/rustwide/cargo-home/bin/cargo" "+nightly-2024-02-05" "metadata" "--no-deps" "--format-version=1", kill_on_drop: false }`
[INFO] [stdout] 08e528d08a3fb2100137e34d51ee098f2b04c2bff2eb1c6240167837dc94f574
[INFO] running `Command { std: "docker" "start" "-a" "08e528d08a3fb2100137e34d51ee098f2b04c2bff2eb1c6240167837dc94f574", kill_on_drop: false }`
[INFO] running `Command { std: "docker" "inspect" "08e528d08a3fb2100137e34d51ee098f2b04c2bff2eb1c6240167837dc94f574", kill_on_drop: false }`
[INFO] running `Command { std: "docker" "rm" "-f" "08e528d08a3fb2100137e34d51ee098f2b04c2bff2eb1c6240167837dc94f574", kill_on_drop: false }`
[INFO] [stdout] 08e528d08a3fb2100137e34d51ee098f2b04c2bff2eb1c6240167837dc94f574
[INFO] running `Command { std: "docker" "create" "-v" "/var/lib/crater-agent-workspace/builds/worker-3-tc2/target:/opt/rustwide/target:rw,Z" "-v" "/var/lib/crater-agent-workspace/builds/worker-3-tc2/source:/opt/rustwide/workdir:ro,Z" "-v" "/var/lib/crater-agent-workspace/cargo-home:/opt/rustwide/cargo-home:ro,Z" "-v" "/var/lib/crater-agent-workspace/rustup-home:/opt/rustwide/rustup-home:ro,Z" "-e" "SOURCE_DIR=/opt/rustwide/workdir" "-e" "CARGO_TARGET_DIR=/opt/rustwide/target" "-e" "CARGO_INCREMENTAL=0" "-e" "RUST_BACKTRACE=full" "-e" "RUSTFLAGS=--cap-lints=forbid -Dunexpected_cfgs" "-e" "RUSTDOCFLAGS=--cap-lints=forbid" "-e" "CARGO_HOME=/opt/rustwide/cargo-home" "-e" "RUSTUP_HOME=/opt/rustwide/rustup-home" "-w" "/opt/rustwide/workdir" "-m" "1610612736" "--user" "0:0" "--network" "none" "ghcr.io/rust-lang/crates-build-env/linux@sha256:2788e3201cd34a07e3172128adcd8b3090168a8e3bcc40d7c032b9dda1df7d1c" "/opt/rustwide/cargo-home/bin/cargo" "+nightly-2024-02-05" "check" "--frozen" "--all" "--all-targets" "--message-format=json" "-Zcheck-cfg", kill_on_drop: false }`
[INFO] [stdout] f597c939344070e9fea6082449911815e8f846f50607cc07c2af4e1507ff275f
[INFO] running `Command { std: "docker" "start" "-a" "f597c939344070e9fea6082449911815e8f846f50607cc07c2af4e1507ff275f", kill_on_drop: false }`
[INFO] [stderr]    Compiling proc-macro2 v1.0.78
[INFO] [stderr]    Compiling libc v0.2.153
[INFO] [stderr]    Compiling serde v1.0.196
[INFO] [stderr]    Compiling crossbeam-utils v0.8.19
[INFO] [stderr]    Compiling rustix v0.38.31
[INFO] [stderr]    Compiling proc-macro2 v0.4.30
[INFO] [stderr]    Compiling unicode-xid v0.1.0
[INFO] [stderr]     Checking bitflags v2.4.2
[INFO] [stderr]    Compiling rayon-core v1.12.1
[INFO] [stderr]     Checking linux-raw-sys v0.4.13
[INFO] [stderr]     Checking unicode-width v0.1.11
[INFO] [stderr]    Compiling syn v0.15.44
[INFO] [stderr]    Compiling thiserror v1.0.56
[INFO] [stderr]     Checking fastrand v2.0.1
[INFO] [stderr]    Compiling quote v1.0.35
[INFO] [stderr]     Checking csv-core v0.1.11
[INFO] [stderr]    Compiling syn v2.0.48
[INFO] [stderr]     Checking crossbeam-epoch v0.9.18
[INFO] [stderr]    Compiling quote v0.6.13
[INFO] [stderr]     Checking regex-automata v0.4.5
[INFO] [stderr]     Checking textwrap v0.11.0
[INFO] [stderr]     Checking crossbeam-deque v0.8.5
[INFO] [stderr]     Checking bit-vec v0.6.3
[INFO] [stderr]     Checking quick-error v1.2.3
[INFO] [stderr]     Checking clap v2.34.0
[INFO] [stderr]     Checking criterion-plot v0.4.5
[INFO] [stderr]     Checking bit-set v0.5.3
[INFO] [stderr]     Checking byteorder v1.5.0
[INFO] [stderr]     Checking rayon v1.8.1
[INFO] [stderr]     Checking regex-syntax v0.6.29
[INFO] [stderr]     Checking getrandom v0.1.16
[INFO] [stderr]     Checking rand_core v0.5.1
[INFO] [stderr]     Checking tempfile v3.10.0
[INFO] [stderr]     Checking rand_chacha v0.2.2
[INFO] [stderr]     Checking wait-timeout v0.2.0
[INFO] [stderr]     Checking regex v1.10.3
[INFO] [stderr]     Checking rusty-fork v0.3.0
[INFO] [stderr]     Checking rand v0.7.3
[INFO] [stderr]     Checking rand_xorshift v0.2.0
[INFO] [stderr]     Checking atty v0.2.14
[INFO] [stderr]     Checking proptest v0.10.1
[INFO] [stderr]    Compiling serde_derive v1.0.196
[INFO] [stderr]    Compiling thiserror-impl v1.0.56
[INFO] [stderr]    Compiling proptest-derive v0.2.0
[INFO] [stderr]     Checking serde_json v1.0.113
[INFO] [stderr]     Checking serde_cbor v0.11.2
[INFO] [stderr]     Checking csv v1.3.0
[INFO] [stderr]     Checking bcs-link v0.1.3 (/opt/rustwide/workdir)
[INFO] [stderr]     Checking tinytemplate v1.2.1
[INFO] [stderr]     Checking criterion v0.3.6
[INFO] [stdout] error[E0432]: unresolved import `bcs`
[INFO] [stdout]  --> benches/bcs_bench.rs:4:5
[INFO] [stdout]   |
[INFO] [stdout] 4 | use bcs::to_bytes;
[INFO] [stdout]   |     ^^^ use of undeclared crate or module `bcs`
[INFO] [stdout] 
[INFO] [stdout] 
[INFO] [stdout] error: aborting due to 1 previous error
[INFO] [stdout] 
[INFO] [stdout] 
[INFO] [stdout] For more information about this error, try `rustc --explain E0432`.
[INFO] [stdout] 
[INFO] [stderr] error: could not compile `bcs-link` (bench "bcs_bench") due to 2 previous errors
[INFO] [stderr] warning: build failed, waiting for other jobs to finish...
[INFO] [stdout] error[E0432]: unresolved import `bcs`
[INFO] [stdout]   --> tests/serde.rs:16:5
[INFO] [stdout]    |
[INFO] [stdout] 16 | use bcs::{
[INFO] [stdout]    |     ^^^ use of undeclared crate or module `bcs`
[INFO] [stdout] 
[INFO] [stdout] 
[INFO] [stdout] error: aborting due to 1 previous error
[INFO] [stdout] 
[INFO] [stdout] 
[INFO] [stdout] For more information about this error, try `rustc --explain E0432`.
[INFO] [stdout] 
[INFO] [stderr] error: could not compile `bcs-link` (test "serde") due to 2 previous errors
[INFO] running `Command { std: "docker" "inspect" "f597c939344070e9fea6082449911815e8f846f50607cc07c2af4e1507ff275f", kill_on_drop: false }`
[INFO] running `Command { std: "docker" "rm" "-f" "f597c939344070e9fea6082449911815e8f846f50607cc07c2af4e1507ff275f", kill_on_drop: false }`
[INFO] [stdout] f597c939344070e9fea6082449911815e8f846f50607cc07c2af4e1507ff275f
