[INFO] fetching crate bbclash 1.1.1...
[INFO] checking bbclash-1.1.1 against nightly-2024-02-05 for check-cfg
[INFO] extracting crate bbclash 1.1.1 into /workspace/builds/worker-1-tc1/source
[INFO] validating manifest of crates.io crate bbclash 1.1.1 on toolchain nightly-2024-02-05
[INFO] running `Command { std: CARGO_HOME="/workspace/cargo-home" RUSTUP_HOME="/workspace/rustup-home" "/workspace/cargo-home/bin/cargo" "+nightly-2024-02-05" "metadata" "--manifest-path" "Cargo.toml" "--no-deps", kill_on_drop: false }`
[INFO] started tweaking crates.io crate bbclash 1.1.1
[INFO] finished tweaking crates.io crate bbclash 1.1.1
[INFO] tweaked toml for crates.io crate bbclash 1.1.1 written to /workspace/builds/worker-1-tc1/source/Cargo.toml
[INFO] running `Command { std: CARGO_HOME="/workspace/cargo-home" RUSTUP_HOME="/workspace/rustup-home" "/workspace/cargo-home/bin/cargo" "+nightly-2024-02-05" "generate-lockfile" "--manifest-path" "Cargo.toml", kill_on_drop: false }`
[INFO] [stderr]     Updating crates.io index
[INFO] running `Command { std: CARGO_HOME="/workspace/cargo-home" RUSTUP_HOME="/workspace/rustup-home" "/workspace/cargo-home/bin/cargo" "+nightly-2024-02-05" "fetch" "--manifest-path" "Cargo.toml", kill_on_drop: false }`
[INFO] [stderr]  Downloading crates ...
[INFO] [stderr]   Downloaded rand_xoshiro v0.1.0
[INFO] [stderr]   Downloaded criterion-plot v0.3.1
[INFO] [stderr]   Downloaded phf_macros v0.7.24
[INFO] [stderr]   Downloaded criterion v0.2.11
[INFO] [stderr]   Downloaded rctree v0.3.3
[INFO] running `Command { std: "docker" "create" "-v" "/var/lib/crater-agent-workspace/builds/worker-1-tc1/target:/opt/rustwide/target:rw,Z" "-v" "/var/lib/crater-agent-workspace/builds/worker-1-tc1/source:/opt/rustwide/workdir:ro,Z" "-v" "/var/lib/crater-agent-workspace/cargo-home:/opt/rustwide/cargo-home:ro,Z" "-v" "/var/lib/crater-agent-workspace/rustup-home:/opt/rustwide/rustup-home:ro,Z" "-e" "SOURCE_DIR=/opt/rustwide/workdir" "-e" "CARGO_TARGET_DIR=/opt/rustwide/target" "-e" "CARGO_HOME=/opt/rustwide/cargo-home" "-e" "RUSTUP_HOME=/opt/rustwide/rustup-home" "-w" "/opt/rustwide/workdir" "-m" "1610612736" "--user" "0:0" "--network" "none" "ghcr.io/rust-lang/crates-build-env/linux@sha256:2788e3201cd34a07e3172128adcd8b3090168a8e3bcc40d7c032b9dda1df7d1c" "/opt/rustwide/cargo-home/bin/cargo" "+nightly-2024-02-05" "metadata" "--no-deps" "--format-version=1", kill_on_drop: false }`
[INFO] [stdout] 8e48763fe5dd23f6397480f72c2f59191c5cc62d84b97bfd50ff05ac93f502df
[INFO] running `Command { std: "docker" "start" "-a" "8e48763fe5dd23f6397480f72c2f59191c5cc62d84b97bfd50ff05ac93f502df", kill_on_drop: false }`
[INFO] running `Command { std: "docker" "inspect" "8e48763fe5dd23f6397480f72c2f59191c5cc62d84b97bfd50ff05ac93f502df", kill_on_drop: false }`
[INFO] running `Command { std: "docker" "rm" "-f" "8e48763fe5dd23f6397480f72c2f59191c5cc62d84b97bfd50ff05ac93f502df", kill_on_drop: false }`
[INFO] [stdout] 8e48763fe5dd23f6397480f72c2f59191c5cc62d84b97bfd50ff05ac93f502df
[INFO] running `Command { std: "docker" "create" "-v" "/var/lib/crater-agent-workspace/builds/worker-1-tc1/target:/opt/rustwide/target:rw,Z" "-v" "/var/lib/crater-agent-workspace/builds/worker-1-tc1/source:/opt/rustwide/workdir:ro,Z" "-v" "/var/lib/crater-agent-workspace/cargo-home:/opt/rustwide/cargo-home:ro,Z" "-v" "/var/lib/crater-agent-workspace/rustup-home:/opt/rustwide/rustup-home:ro,Z" "-e" "SOURCE_DIR=/opt/rustwide/workdir" "-e" "CARGO_TARGET_DIR=/opt/rustwide/target" "-e" "CARGO_INCREMENTAL=0" "-e" "RUST_BACKTRACE=full" "-e" "RUSTFLAGS=--cap-lints=forbid" "-e" "RUSTDOCFLAGS=--cap-lints=forbid" "-e" "CARGO_HOME=/opt/rustwide/cargo-home" "-e" "RUSTUP_HOME=/opt/rustwide/rustup-home" "-w" "/opt/rustwide/workdir" "-m" "1610612736" "--user" "0:0" "--network" "none" "ghcr.io/rust-lang/crates-build-env/linux@sha256:2788e3201cd34a07e3172128adcd8b3090168a8e3bcc40d7c032b9dda1df7d1c" "/opt/rustwide/cargo-home/bin/cargo" "+nightly-2024-02-05" "check" "--frozen" "--all" "--all-targets" "--message-format=json", kill_on_drop: false }`
[INFO] [stdout] af3fc91dea8408e8aaf39fb4c86fecae9d89e2d73716354bb37351efa5f9b1fa
[INFO] running `Command { std: "docker" "start" "-a" "af3fc91dea8408e8aaf39fb4c86fecae9d89e2d73716354bb37351efa5f9b1fa", kill_on_drop: false }`
[INFO] [stderr]    Compiling autocfg v0.1.8
[INFO] [stderr]    Compiling rand_core v0.4.2
[INFO] [stderr]    Compiling proc-macro2 v0.4.30
[INFO] [stderr]    Compiling unicode-xid v0.1.0
[INFO] [stderr]    Compiling siphasher v0.2.3
[INFO] [stderr]    Compiling syn v0.15.44
[INFO] [stderr]     Checking unicode-width v0.1.11
[INFO] [stderr]     Checking memchr v2.7.1
[INFO] [stderr]     Checking byteorder v1.5.0
[INFO] [stderr]     Checking itertools v0.8.2
[INFO] [stderr]    Compiling cast v0.2.7
[INFO] [stderr]     Checking serde_json v1.0.113
[INFO] [stderr]     Checking atty v0.2.14
[INFO] [stderr]     Checking rctree v0.3.3
[INFO] [stderr]    Compiling rand_pcg v0.1.2
[INFO] [stderr]    Compiling rand_chacha v0.1.1
[INFO] [stderr]    Compiling rand v0.6.5
[INFO] [stderr]     Checking textwrap v0.11.0
[INFO] [stderr]    Compiling phf_shared v0.7.24
[INFO] [stderr]    Compiling rand_core v0.3.1
[INFO] [stderr]    Compiling rand_jitter v0.1.4
[INFO] [stderr]    Compiling rand_os v0.1.3
[INFO] [stderr]    Compiling rand_hc v0.1.0
[INFO] [stderr]    Compiling rand_isaac v0.1.1
[INFO] [stderr]    Compiling rand_xorshift v0.1.1
[INFO] [stderr]     Checking rand_xoshiro v0.1.0
[INFO] [stderr]     Checking clap v2.34.0
[INFO] [stderr]     Checking csv-core v0.1.11
[INFO] [stderr]     Checking csv v1.3.0
[INFO] [stderr]    Compiling quote v0.6.13
[INFO] [stderr]     Checking criterion-plot v0.3.1
[INFO] [stderr]     Checking tinytemplate v1.2.1
[INFO] [stderr]    Compiling phf_generator v0.7.24
[INFO] [stderr]     Checking criterion v0.2.11
[INFO] [stderr]    Compiling phf_macros v0.7.24
[INFO] [stderr]     Checking phf v0.7.24
[INFO] [stderr]     Checking bbclash v1.1.1 (/opt/rustwide/workdir)
[INFO] [stdout] error[E0583]: file not found for module `texts`
[INFO] [stdout]  --> benches/benchmarks.rs:7:1
[INFO] [stdout]   |
[INFO] [stdout] 7 | mod texts;
[INFO] [stdout]   | ^^^^^^^^^^
[INFO] [stdout]   |
[INFO] [stdout]   = help: to create the module `texts`, create file "benches/texts.rs" or "benches/texts/mod.rs"
[INFO] [stdout]   = note: if there is a `mod texts` elsewhere in the crate already, import it with `use crate::...` instead
[INFO] [stdout] 
[INFO] [stdout] 
[INFO] [stdout] error[E0432]: unresolved imports `texts::BG_PON`, `texts::EV_ESY`, `texts::QN_RAR`, `texts::WH_DNC`, `texts::TS_TWN`, `texts::TN_CMT`
[INFO] [stdout]  --> benches/benchmarks.rs:8:17
[INFO] [stdout]   |
[INFO] [stdout] 8 | pub use texts::{BG_PON, EV_ESY, QN_RAR, WH_DNC, TS_TWN, TN_CMT};
[INFO] [stdout]   |                 ^^^^^^  ^^^^^^  ^^^^^^  ^^^^^^  ^^^^^^  ^^^^^^ no `TN_CMT` in `texts`
[INFO] [stdout]   |                 |       |       |       |       |
[INFO] [stdout]   |                 |       |       |       |       no `TS_TWN` in `texts`
[INFO] [stdout]   |                 |       |       |       no `WH_DNC` in `texts`
[INFO] [stdout]   |                 |       |       no `QN_RAR` in `texts`
[INFO] [stdout]   |                 |       no `EV_ESY` in `texts`
[INFO] [stdout]   |                 no `BG_PON` in `texts`
[INFO] [stdout] 
[INFO] [stdout] 
[INFO] [stdout] error: aborting due to 2 previous errors
[INFO] [stdout] 
[INFO] [stdout] 
[INFO] [stdout] Some errors have detailed explanations: E0432, E0583.
[INFO] [stdout] 
[INFO] [stdout] For more information about an error, try `rustc --explain E0432`.
[INFO] [stdout] 
[INFO] [stderr] error: could not compile `bbclash` (bench "benchmarks") due to 3 previous errors
[INFO] running `Command { std: "docker" "inspect" "af3fc91dea8408e8aaf39fb4c86fecae9d89e2d73716354bb37351efa5f9b1fa", kill_on_drop: false }`
[INFO] running `Command { std: "docker" "rm" "-f" "af3fc91dea8408e8aaf39fb4c86fecae9d89e2d73716354bb37351efa5f9b1fa", kill_on_drop: false }`
[INFO] [stdout] af3fc91dea8408e8aaf39fb4c86fecae9d89e2d73716354bb37351efa5f9b1fa
[INFO] checking bbclash-1.1.1 against nightly-2024-02-05+rustflags=-Dunexpected_cfgs+cargoflags=-Zcheck-cfg for check-cfg
[INFO] extracting crate bbclash 1.1.1 into /workspace/builds/worker-1-tc2/source
[INFO] validating manifest of crates.io crate bbclash 1.1.1 on toolchain nightly-2024-02-05
[INFO] running `Command { std: CARGO_HOME="/workspace/cargo-home" RUSTUP_HOME="/workspace/rustup-home" "/workspace/cargo-home/bin/cargo" "+nightly-2024-02-05" "metadata" "--manifest-path" "Cargo.toml" "--no-deps", kill_on_drop: false }`
[INFO] started tweaking crates.io crate bbclash 1.1.1
[INFO] finished tweaking crates.io crate bbclash 1.1.1
[INFO] tweaked toml for crates.io crate bbclash 1.1.1 written to /workspace/builds/worker-1-tc2/source/Cargo.toml
[INFO] running `Command { std: CARGO_HOME="/workspace/cargo-home" RUSTUP_HOME="/workspace/rustup-home" "/workspace/cargo-home/bin/cargo" "+nightly-2024-02-05" "generate-lockfile" "--manifest-path" "Cargo.toml", kill_on_drop: false }`
[INFO] [stderr]     Updating crates.io index
[INFO] running `Command { std: CARGO_HOME="/workspace/cargo-home" RUSTUP_HOME="/workspace/rustup-home" "/workspace/cargo-home/bin/cargo" "+nightly-2024-02-05" "fetch" "--manifest-path" "Cargo.toml", kill_on_drop: false }`
[INFO] running `Command { std: "docker" "create" "-v" "/var/lib/crater-agent-workspace/builds/worker-1-tc2/target:/opt/rustwide/target:rw,Z" "-v" "/var/lib/crater-agent-workspace/builds/worker-1-tc2/source:/opt/rustwide/workdir:ro,Z" "-v" "/var/lib/crater-agent-workspace/cargo-home:/opt/rustwide/cargo-home:ro,Z" "-v" "/var/lib/crater-agent-workspace/rustup-home:/opt/rustwide/rustup-home:ro,Z" "-e" "SOURCE_DIR=/opt/rustwide/workdir" "-e" "CARGO_TARGET_DIR=/opt/rustwide/target" "-e" "CARGO_HOME=/opt/rustwide/cargo-home" "-e" "RUSTUP_HOME=/opt/rustwide/rustup-home" "-w" "/opt/rustwide/workdir" "-m" "1610612736" "--user" "0:0" "--network" "none" "ghcr.io/rust-lang/crates-build-env/linux@sha256:2788e3201cd34a07e3172128adcd8b3090168a8e3bcc40d7c032b9dda1df7d1c" "/opt/rustwide/cargo-home/bin/cargo" "+nightly-2024-02-05" "metadata" "--no-deps" "--format-version=1", kill_on_drop: false }`
[INFO] [stdout] 362a1b7025fd649dc3a3ed94f6ddf52d2b52c24cc636653f8b371f36e7013071
[INFO] running `Command { std: "docker" "start" "-a" "362a1b7025fd649dc3a3ed94f6ddf52d2b52c24cc636653f8b371f36e7013071", kill_on_drop: false }`
[INFO] running `Command { std: "docker" "inspect" "362a1b7025fd649dc3a3ed94f6ddf52d2b52c24cc636653f8b371f36e7013071", kill_on_drop: false }`
[INFO] running `Command { std: "docker" "rm" "-f" "362a1b7025fd649dc3a3ed94f6ddf52d2b52c24cc636653f8b371f36e7013071", kill_on_drop: false }`
[INFO] [stdout] 362a1b7025fd649dc3a3ed94f6ddf52d2b52c24cc636653f8b371f36e7013071
[INFO] running `Command { std: "docker" "create" "-v" "/var/lib/crater-agent-workspace/builds/worker-1-tc2/target:/opt/rustwide/target:rw,Z" "-v" "/var/lib/crater-agent-workspace/builds/worker-1-tc2/source:/opt/rustwide/workdir:ro,Z" "-v" "/var/lib/crater-agent-workspace/cargo-home:/opt/rustwide/cargo-home:ro,Z" "-v" "/var/lib/crater-agent-workspace/rustup-home:/opt/rustwide/rustup-home:ro,Z" "-e" "SOURCE_DIR=/opt/rustwide/workdir" "-e" "CARGO_TARGET_DIR=/opt/rustwide/target" "-e" "CARGO_INCREMENTAL=0" "-e" "RUST_BACKTRACE=full" "-e" "RUSTFLAGS=--cap-lints=forbid -Dunexpected_cfgs" "-e" "RUSTDOCFLAGS=--cap-lints=forbid" "-e" "CARGO_HOME=/opt/rustwide/cargo-home" "-e" "RUSTUP_HOME=/opt/rustwide/rustup-home" "-w" "/opt/rustwide/workdir" "-m" "1610612736" "--user" "0:0" "--network" "none" "ghcr.io/rust-lang/crates-build-env/linux@sha256:2788e3201cd34a07e3172128adcd8b3090168a8e3bcc40d7c032b9dda1df7d1c" "/opt/rustwide/cargo-home/bin/cargo" "+nightly-2024-02-05" "check" "--frozen" "--all" "--all-targets" "--message-format=json" "-Zcheck-cfg", kill_on_drop: false }`
[INFO] [stdout] d80ace92692a8a5f4559523167cd6d0d999a0d8311b597de43d7e350555b73b5
[INFO] running `Command { std: "docker" "start" "-a" "d80ace92692a8a5f4559523167cd6d0d999a0d8311b597de43d7e350555b73b5", kill_on_drop: false }`
[INFO] [stderr]    Compiling autocfg v0.1.8
[INFO] [stderr]    Compiling rand_core v0.4.2
[INFO] [stderr]    Compiling proc-macro2 v0.4.30
[INFO] [stderr]    Compiling unicode-xid v0.1.0
[INFO] [stderr]    Compiling siphasher v0.2.3
[INFO] [stderr]    Compiling syn v0.15.44
[INFO] [stderr]     Checking byteorder v1.5.0
[INFO] [stderr]     Checking unicode-width v0.1.11
[INFO] [stderr]     Checking memchr v2.7.1
[INFO] [stderr]     Checking serde_json v1.0.113
[INFO] [stderr]    Compiling cast v0.2.7
[INFO] [stderr]     Checking itertools v0.8.2
[INFO] [stderr]     Checking atty v0.2.14
[INFO] [stderr]     Checking rctree v0.3.3
[INFO] [stderr]    Compiling rand_pcg v0.1.2
[INFO] [stderr]    Compiling rand_chacha v0.1.1
[INFO] [stderr]    Compiling rand v0.6.5
[INFO] [stderr]     Checking textwrap v0.11.0
[INFO] [stderr]    Compiling rand_core v0.3.1
[INFO] [stderr]    Compiling rand_os v0.1.3
[INFO] [stderr]    Compiling rand_jitter v0.1.4
[INFO] [stderr]    Compiling phf_shared v0.7.24
[INFO] [stderr]    Compiling rand_hc v0.1.0
[INFO] [stderr]    Compiling rand_xorshift v0.1.1
[INFO] [stderr]    Compiling rand_isaac v0.1.1
[INFO] [stderr]     Checking rand_xoshiro v0.1.0
[INFO] [stderr]     Checking clap v2.34.0
[INFO] [stderr]     Checking csv-core v0.1.11
[INFO] [stderr]     Checking csv v1.3.0
[INFO] [stderr]    Compiling quote v0.6.13
[INFO] [stderr]     Checking criterion-plot v0.3.1
[INFO] [stderr]     Checking tinytemplate v1.2.1
[INFO] [stderr]    Compiling phf_generator v0.7.24
[INFO] [stderr]     Checking criterion v0.2.11
[INFO] [stderr]    Compiling phf_macros v0.7.24
[INFO] [stderr]     Checking phf v0.7.24
[INFO] [stderr]     Checking bbclash v1.1.1 (/opt/rustwide/workdir)
[INFO] [stdout] error[E0583]: file not found for module `texts`
[INFO] [stdout]  --> benches/benchmarks.rs:7:1
[INFO] [stdout]   |
[INFO] [stdout] 7 | mod texts;
[INFO] [stdout]   | ^^^^^^^^^^
[INFO] [stdout]   |
[INFO] [stdout]   = help: to create the module `texts`, create file "benches/texts.rs" or "benches/texts/mod.rs"
[INFO] [stdout]   = note: if there is a `mod texts` elsewhere in the crate already, import it with `use crate::...` instead
[INFO] [stdout] 
[INFO] [stdout] 
[INFO] [stdout] error[E0432]: unresolved imports `texts::BG_PON`, `texts::EV_ESY`, `texts::QN_RAR`, `texts::WH_DNC`, `texts::TS_TWN`, `texts::TN_CMT`
[INFO] [stdout]  --> benches/benchmarks.rs:8:17
[INFO] [stdout]   |
[INFO] [stdout] 8 | pub use texts::{BG_PON, EV_ESY, QN_RAR, WH_DNC, TS_TWN, TN_CMT};
[INFO] [stdout]   |                 ^^^^^^  ^^^^^^  ^^^^^^  ^^^^^^  ^^^^^^  ^^^^^^ no `TN_CMT` in `texts`
[INFO] [stdout]   |                 |       |       |       |       |
[INFO] [stdout]   |                 |       |       |       |       no `TS_TWN` in `texts`
[INFO] [stdout]   |                 |       |       |       no `WH_DNC` in `texts`
[INFO] [stdout]   |                 |       |       no `QN_RAR` in `texts`
[INFO] [stdout]   |                 |       no `EV_ESY` in `texts`
[INFO] [stdout]   |                 no `BG_PON` in `texts`
[INFO] [stdout] 
[INFO] [stdout] 
[INFO] [stdout] error: aborting due to 2 previous errors
[INFO] [stdout] 
[INFO] [stdout] 
[INFO] [stdout] Some errors have detailed explanations: E0432, E0583.
[INFO] [stdout] 
[INFO] [stdout] For more information about an error, try `rustc --explain E0432`.
[INFO] [stdout] 
[INFO] [stderr] error: could not compile `bbclash` (bench "benchmarks") due to 3 previous errors
[INFO] running `Command { std: "docker" "inspect" "d80ace92692a8a5f4559523167cd6d0d999a0d8311b597de43d7e350555b73b5", kill_on_drop: false }`
[INFO] running `Command { std: "docker" "rm" "-f" "d80ace92692a8a5f4559523167cd6d0d999a0d8311b597de43d7e350555b73b5", kill_on_drop: false }`
[INFO] [stdout] d80ace92692a8a5f4559523167cd6d0d999a0d8311b597de43d7e350555b73b5
