[INFO] fetching crate batch_resolve_cli 0.3.7...
[INFO] checking batch_resolve_cli-0.3.7 against nightly-2024-02-05 for check-cfg
[INFO] extracting crate batch_resolve_cli 0.3.7 into /workspace/builds/worker-1-tc1/source
[INFO] validating manifest of crates.io crate batch_resolve_cli 0.3.7 on toolchain nightly-2024-02-05
[INFO] running `Command { std: CARGO_HOME="/workspace/cargo-home" RUSTUP_HOME="/workspace/rustup-home" "/workspace/cargo-home/bin/cargo" "+nightly-2024-02-05" "metadata" "--manifest-path" "Cargo.toml" "--no-deps", kill_on_drop: false }`
[INFO] removed /workspace/builds/worker-1-tc1/source/rust-toolchain
[INFO] started tweaking crates.io crate batch_resolve_cli 0.3.7
[INFO] finished tweaking crates.io crate batch_resolve_cli 0.3.7
[INFO] tweaked toml for crates.io crate batch_resolve_cli 0.3.7 written to /workspace/builds/worker-1-tc1/source/Cargo.toml
[INFO] crate crates.io crate batch_resolve_cli 0.3.7 already has a lockfile, it will not be regenerated
[INFO] running `Command { std: CARGO_HOME="/workspace/cargo-home" RUSTUP_HOME="/workspace/rustup-home" "/workspace/cargo-home/bin/cargo" "+nightly-2024-02-05" "fetch" "--manifest-path" "Cargo.toml", kill_on_drop: false }`
[INFO] [stderr]     Updating crates.io index
[INFO] [stderr]  Downloading crates ...
[INFO] [stderr]   Downloaded rustc-serialize v0.3.24
[INFO] [stderr]   Downloaded dbghelp-sys v0.2.0
[INFO] [stderr]   Downloaded slab v0.3.0
[INFO] [stderr]   Downloaded owning_ref v0.3.3
[INFO] [stderr]   Downloaded bitflags v0.8.2
[INFO] [stderr]   Downloaded utf8-ranges v1.0.0
[INFO] [stderr]   Downloaded miow v0.2.1
[INFO] [stderr]   Downloaded chrono v0.2.25
[INFO] [stderr]   Downloaded stable_deref_trait v1.0.0
[INFO] [stderr]   Downloaded backtrace v0.2.3
[INFO] [stderr]   Downloaded rustc-demangle v0.1.4
[INFO] [stderr]   Downloaded iovec v0.1.0
[INFO] [stderr]   Downloaded unicode-width v0.1.4
[INFO] [stderr]   Downloaded byteorder v1.0.0
[INFO] [stderr]   Downloaded num-integer v0.1.34
[INFO] [stderr]   Downloaded thread_local v0.3.3
[INFO] [stderr]   Downloaded vec_map v0.7.0
[INFO] [stderr]   Downloaded env_logger v0.4.2
[INFO] [stderr]   Downloaded memchr v1.0.1
[INFO] [stderr]   Downloaded unreachable v0.1.1
[INFO] [stderr]   Downloaded data-encoding v1.2.0
[INFO] [stderr]   Downloaded serde_derive_internals v0.15.0
[INFO] [stderr]   Downloaded cfg-if v0.1.0
[INFO] [stderr]   Downloaded strsim v0.6.0
[INFO] [stderr]   Downloaded user32-sys v0.2.0
[INFO] [stderr]   Downloaded num-iter v0.1.33
[INFO] [stderr]   Downloaded foreign-types v0.2.0
[INFO] [stderr]   Downloaded redox_syscall v0.1.17
[INFO] [stderr]   Downloaded term_size v0.3.0
[INFO] [stderr]   Downloaded error-chain v0.1.12
[INFO] [stderr]   Downloaded thread-id v3.0.0
[INFO] [stderr]   Downloaded atty v0.2.2
[INFO] [stderr]   Downloaded clicolors-control v0.1.0
[INFO] [stderr]   Downloaded pkg-config v0.3.9
[INFO] [stderr]   Downloaded gdi32-sys v0.2.0
[INFO] [stderr]   Downloaded net2 v0.2.29
[INFO] [stderr]   Downloaded untrusted v0.3.2
[INFO] [stderr]   Downloaded ansi_term v0.9.0
[INFO] [stderr]   Downloaded smallvec v0.3.3
[INFO] [stderr]   Downloaded lazy_static v0.2.8
[INFO] [stderr]   Downloaded num-traits v0.1.37
[INFO] [stderr]   Downloaded num v0.1.37
[INFO] [stderr]   Downloaded scoped-tls v0.1.0
[INFO] [stderr]   Downloaded lazycell v0.4.0
[INFO] [stderr]   Downloaded num_cpus v1.4.0
[INFO] [stderr]   Downloaded rand v0.3.15
[INFO] [stderr]   Downloaded openssl-sys v0.9.11
[INFO] [stderr]   Downloaded time v0.1.37
[INFO] [stderr]   Downloaded bytes v0.4.3
[INFO] [stderr]   Downloaded crossbeam v0.2.10
[INFO] [stderr]   Downloaded toml v0.4.0
[INFO] [stderr]   Downloaded tokio-io v0.1.1
[INFO] [stderr]   Downloaded parking_lot_core v0.2.1
[INFO] [stderr]   Downloaded aho-corasick v0.6.3
[INFO] [stderr]   Downloaded gcc v0.3.45
[INFO] [stderr]   Downloaded log v0.3.7
[INFO] [stderr]   Downloaded serde v1.0.3
[INFO] [stderr]   Downloaded parking_lot v0.4.3
[INFO] [stderr]   Downloaded serde_derive v1.0.3
[INFO] [stderr]   Downloaded regex-syntax v0.4.0
[INFO] [stderr]   Downloaded libc v0.2.22
[INFO] [stderr]   Downloaded openssl v0.9.11
[INFO] [stderr]   Downloaded unicode-segmentation v1.1.0
[INFO] [stderr]   Downloaded tokio-core v0.1.7
[INFO] [stderr]   Downloaded mio v0.6.7
[INFO] [stderr]   Downloaded futures v0.1.13
[INFO] [stderr]   Downloaded clap v2.24.1
[INFO] [stderr]   Downloaded regex v0.2.1
[INFO] [stderr]   Downloaded backtrace-sys v0.1.10
[INFO] [stderr]   Downloaded trust-dns v0.10.1
[INFO] [stderr]   Downloaded indicatif v0.1.0
[INFO] running `Command { std: "docker" "create" "-v" "/var/lib/crater-agent-workspace/builds/worker-1-tc1/target:/opt/rustwide/target:rw,Z" "-v" "/var/lib/crater-agent-workspace/builds/worker-1-tc1/source:/opt/rustwide/workdir:ro,Z" "-v" "/var/lib/crater-agent-workspace/cargo-home:/opt/rustwide/cargo-home:ro,Z" "-v" "/var/lib/crater-agent-workspace/rustup-home:/opt/rustwide/rustup-home:ro,Z" "-e" "SOURCE_DIR=/opt/rustwide/workdir" "-e" "CARGO_TARGET_DIR=/opt/rustwide/target" "-e" "CARGO_HOME=/opt/rustwide/cargo-home" "-e" "RUSTUP_HOME=/opt/rustwide/rustup-home" "-w" "/opt/rustwide/workdir" "-m" "1610612736" "--user" "0:0" "--network" "none" "ghcr.io/rust-lang/crates-build-env/linux@sha256:2788e3201cd34a07e3172128adcd8b3090168a8e3bcc40d7c032b9dda1df7d1c" "/opt/rustwide/cargo-home/bin/cargo" "+nightly-2024-02-05" "metadata" "--no-deps" "--format-version=1", kill_on_drop: false }`
[INFO] [stdout] 625a311914d48c0b680beebbd007a0950c4649bc3b65559a2bd3107ceca52f51
[INFO] running `Command { std: "docker" "start" "-a" "625a311914d48c0b680beebbd007a0950c4649bc3b65559a2bd3107ceca52f51", kill_on_drop: false }`
[INFO] running `Command { std: "docker" "inspect" "625a311914d48c0b680beebbd007a0950c4649bc3b65559a2bd3107ceca52f51", kill_on_drop: false }`
[INFO] running `Command { std: "docker" "rm" "-f" "625a311914d48c0b680beebbd007a0950c4649bc3b65559a2bd3107ceca52f51", kill_on_drop: false }`
[INFO] [stdout] 625a311914d48c0b680beebbd007a0950c4649bc3b65559a2bd3107ceca52f51
[INFO] running `Command { std: "docker" "create" "-v" "/var/lib/crater-agent-workspace/builds/worker-1-tc1/target:/opt/rustwide/target:rw,Z" "-v" "/var/lib/crater-agent-workspace/builds/worker-1-tc1/source:/opt/rustwide/workdir:ro,Z" "-v" "/var/lib/crater-agent-workspace/cargo-home:/opt/rustwide/cargo-home:ro,Z" "-v" "/var/lib/crater-agent-workspace/rustup-home:/opt/rustwide/rustup-home:ro,Z" "-e" "SOURCE_DIR=/opt/rustwide/workdir" "-e" "CARGO_TARGET_DIR=/opt/rustwide/target" "-e" "CARGO_INCREMENTAL=0" "-e" "RUST_BACKTRACE=full" "-e" "RUSTFLAGS=--cap-lints=forbid" "-e" "RUSTDOCFLAGS=--cap-lints=forbid" "-e" "CARGO_HOME=/opt/rustwide/cargo-home" "-e" "RUSTUP_HOME=/opt/rustwide/rustup-home" "-w" "/opt/rustwide/workdir" "-m" "1610612736" "--user" "0:0" "--network" "none" "ghcr.io/rust-lang/crates-build-env/linux@sha256:2788e3201cd34a07e3172128adcd8b3090168a8e3bcc40d7c032b9dda1df7d1c" "/opt/rustwide/cargo-home/bin/cargo" "+nightly-2024-02-05" "check" "--frozen" "--all" "--all-targets" "--message-format=json", kill_on_drop: false }`
[INFO] [stdout] bf13eb36f0cfb827d58609d399654114e187138509527d2a90106a8156a96c55
[INFO] running `Command { std: "docker" "start" "-a" "bf13eb36f0cfb827d58609d399654114e187138509527d2a90106a8156a96c55", kill_on_drop: false }`
[INFO] [stderr]     Checking libc v0.2.22
[INFO] [stderr]    Compiling gcc v0.3.45
[INFO] [stderr]    Compiling winapi-build v0.1.1
[INFO] [stderr]     Checking cfg-if v0.1.0
[INFO] [stderr]    Compiling pkg-config v0.3.9
[INFO] [stderr]     Checking num-traits v0.1.37
[INFO] [stderr]     Checking winapi v0.2.8
[INFO] [stderr]     Checking log v0.3.7
[INFO] [stderr]     Checking utf8-ranges v1.0.0
[INFO] [stderr]     Checking regex-syntax v0.4.0
[INFO] [stderr]     Checking byteorder v1.0.0
[INFO] [stderr]    Compiling unicode-xid v0.0.4
[INFO] [stderr]    Compiling backtrace v0.2.3
[INFO] [stderr]     Checking lazy_static v0.2.8
[INFO] [stderr]     Checking futures v0.1.13
[INFO] [stderr]     Checking unreachable v0.1.1
[INFO] [stderr]     Checking slab v0.3.0
[INFO] [stderr]     Checking rustc-demangle v0.1.4
[INFO] [stderr]    Compiling synom v0.11.3
[INFO] [stderr]    Compiling openssl v0.9.11
[INFO] [stderr]     Checking lazycell v0.4.0
[INFO] [stderr]    Compiling dbghelp-sys v0.2.0
[INFO] [stderr]    Compiling kernel32-sys v0.2.2
[INFO] [stderr]    Compiling quote v0.3.15
[INFO] [stderr]     Checking smallvec v0.3.3
[INFO] [stderr]     Checking unicode-width v0.1.4
[INFO] [stderr]     Checking bitflags v0.8.2
[INFO] [stderr]     Checking stable_deref_trait v1.0.0
[INFO] [stderr]     Checking foreign-types v0.2.0
[INFO] [stderr]     Checking owning_ref v0.3.3
[INFO] [stderr]     Checking unicode-segmentation v1.1.0
[INFO] [stderr]     Checking strsim v0.6.0
[INFO] [stderr]     Checking thread-id v3.0.0
[INFO] [stderr]     Checking iovec v0.1.0
[INFO] [stderr]     Checking memchr v1.0.1
[INFO] [stderr]     Checking thread_local v0.3.3
[INFO] [stderr]     Checking rand v0.3.15
[INFO] [stderr]     Checking net2 v0.2.29
[INFO] [stderr]    Compiling syn v0.11.11
[INFO] [stderr]     Checking time v0.1.37
[INFO] [stderr]     Checking num-integer v0.1.34
[INFO] [stderr]     Checking term_size v0.3.0
[INFO] [stderr]     Checking aho-corasick v0.6.3
[INFO] [stderr]     Checking atty v0.2.2
[INFO] [stderr]     Checking vec_map v0.7.0
[INFO] [stderr]     Checking bytes v0.4.3
[INFO] [stderr]     Checking scoped-tls v0.1.0
[INFO] [stderr]    Compiling trust-dns v0.10.1
[INFO] [stderr]     Checking ansi_term v0.9.0
[INFO] [stderr]     Checking clicolors-control v0.1.0
[INFO] [stderr]     Checking untrusted v0.3.2
[INFO] [stderr]     Checking serde v1.0.3
[INFO] [stderr]     Checking num-iter v0.1.33
[INFO] [stderr]     Checking mio v0.6.7
[INFO] [stderr]     Checking rustc-serialize v0.3.24
[INFO] [stderr]     Checking data-encoding v1.2.0
[INFO] [stderr]     Checking num_cpus v1.4.0
[INFO] [stderr]     Checking num v0.1.37
[INFO] [stderr]     Checking clap v2.24.1
[INFO] [stderr]     Checking crossbeam v0.2.10
[INFO] [stderr]     Checking regex v0.2.1
[INFO] [stderr]     Checking chrono v0.2.25
[INFO] [stderr]    Compiling backtrace-sys v0.1.10
[INFO] [stderr]    Compiling openssl-sys v0.9.11
[INFO] [stdout] error[E0310]: the parameter type `T` may not live long enough
[INFO] [stdout]     --> /opt/rustwide/cargo-home/registry/src/index.crates.io-6f17d22bba15001f/rustc-serialize-0.3.24/src/serialize.rs:1155:5
[INFO] [stdout]      |
[INFO] [stdout] 1155 |     fn decode<D: Decoder>(d: &mut D) -> Result<Cow<'static, T>, D::Error> {
[INFO] [stdout]      |     ^^^^^^^^^^^^^^^^^^^^^^^^^^^^^^^^^^^^^^^^^^^^^^^^^^^^^^^^^^^^^^^^^^^^^
[INFO] [stdout]      |     |
[INFO] [stdout]      |     the parameter type `T` must be valid for the static lifetime...
[INFO] [stdout]      |     ...so that the type `T` will meet its required lifetime bounds...
[INFO] [stdout]      |
[INFO] [stdout] note: ...that is required by this bound
[INFO] [stdout]     --> /rustc/268dbbbc4b3fd71c5f360a4d0728295252430b5b/library/alloc/src/borrow.rs:180:30
[INFO] [stdout] help: consider adding an explicit lifetime bound
[INFO] [stdout]      |
[INFO] [stdout] 1151 | impl<'a, T: ?Sized + 'static> Decodable for Cow<'a, T>
[INFO] [stdout]      |                    +++++++++
[INFO] [stdout] 
[INFO] [stdout] 
[INFO] [stderr]     Checking parking_lot_core v0.2.1
[INFO] [stderr]     Checking tokio-io v0.1.1
[INFO] [stderr]     Checking parking_lot v0.4.3
[INFO] [stderr]     Checking tokio-core v0.1.7
[INFO] [stderr] error: failed to run custom build command for `openssl-sys v0.9.11`
[INFO] [stderr] note: To improve backtraces for build dependencies, set the CARGO_PROFILE_DEV_BUILD_OVERRIDE_DEBUG=true environment variable to enable debug information generation.
[INFO] [stderr] 
[INFO] [stderr] Caused by:
[INFO] [stderr]   process didn't exit successfully: `/opt/rustwide/target/debug/build/openssl-sys-c133ea906880db66/build-script-build` (exit status: 101)
[INFO] [stderr]   --- stdout
[INFO] [stderr]   cargo:rustc-link-lib=ssl
[INFO] [stderr]   cargo:rustc-link-lib=crypto
[INFO] [stderr]   OPT_LEVEL = Some("0")
[INFO] [stderr]   TARGET = Some("x86_64-unknown-linux-gnu")
[INFO] [stderr]   HOST = Some("x86_64-unknown-linux-gnu")
[INFO] [stderr]   TARGET = Some("x86_64-unknown-linux-gnu")
[INFO] [stderr]   TARGET = Some("x86_64-unknown-linux-gnu")
[INFO] [stderr]   HOST = Some("x86_64-unknown-linux-gnu")
[INFO] [stderr]   CC_x86_64-unknown-linux-gnu = None
[INFO] [stderr]   CC_x86_64_unknown_linux_gnu = None
[INFO] [stderr]   HOST_CC = None
[INFO] [stderr]   CC = None
[INFO] [stderr]   HOST = Some("x86_64-unknown-linux-gnu")
[INFO] [stderr]   TARGET = Some("x86_64-unknown-linux-gnu")
[INFO] [stderr]   HOST = Some("x86_64-unknown-linux-gnu")
[INFO] [stderr]   CFLAGS_x86_64-unknown-linux-gnu = None
[INFO] [stderr]   CFLAGS_x86_64_unknown_linux_gnu = None
[INFO] [stderr]   HOST_CFLAGS = None
[INFO] [stderr]   CFLAGS = None
[INFO] [stderr]   PROFILE = Some("debug")
[INFO] [stderr]   running: "cc" "-O0" "-ffunction-sections" "-fdata-sections" "-fPIC" "-g" "-m64" "-E" "/opt/rustwide/target/debug/build/openssl-sys-a33bc8d6d1daaeee/out/expando.c"
[INFO] [stderr]   ExitStatus(unix_wait_status(0))
[INFO] [stderr]   cargo:rustc-cfg=osslconf="OPENSSL_NO_SSL3_METHOD"
[INFO] [stderr]   cargo:conf=OPENSSL_NO_SSL3_METHOD
[INFO] [stderr] 
[INFO] [stderr]   --- stderr
[INFO] [stderr]   thread 'main' panicked at /opt/rustwide/cargo-home/registry/src/index.crates.io-6f17d22bba15001f/openssl-sys-0.9.11/build.rs:326:9:
[INFO] [stderr] 
[INFO] [stderr] 
[INFO] [stderr]   This crate is only compatible with OpenSSL 1.0.1, 1.0.2, and 1.1.0, or LibreSSL,
[INFO] [stderr]   but a different version of OpenSSL was found. The build is now aborting due to
[INFO] [stderr]   this version mismatch.
[INFO] [stderr] 
[INFO] [stderr] 
[INFO] [stderr]   stack backtrace:
[INFO] [stderr]      0:     0x55e7f5b0ee46 - std::backtrace_rs::backtrace::libunwind::trace::heebc7766b165eb2a
[INFO] [stderr]                                  at /rustc/268dbbbc4b3fd71c5f360a4d0728295252430b5b/library/std/src/../../backtrace/src/backtrace/libunwind.rs:104:5
[INFO] [stderr]      1:     0x55e7f5b0ee46 - std::backtrace_rs::backtrace::trace_unsynchronized::ha677020d8fc0296d
[INFO] [stderr]                                  at /rustc/268dbbbc4b3fd71c5f360a4d0728295252430b5b/library/std/src/../../backtrace/src/backtrace/mod.rs:66:5
[INFO] [stderr]      2:     0x55e7f5b0ee46 - std::sys_common::backtrace::_print_fmt::hcaff2fd86a1aeaa3
[INFO] [stderr]                                  at /rustc/268dbbbc4b3fd71c5f360a4d0728295252430b5b/library/std/src/sys_common/backtrace.rs:68:5
[INFO] [stderr]      3:     0x55e7f5b0ee46 - <std::sys_common::backtrace::_print::DisplayBacktrace as core::fmt::Display>::fmt::hc2446d8aa0059188
[INFO] [stderr]                                  at /rustc/268dbbbc4b3fd71c5f360a4d0728295252430b5b/library/std/src/sys_common/backtrace.rs:44:22
[INFO] [stderr]      4:     0x55e7f5b33bb0 - core::fmt::rt::Argument::fmt::h2fbb6454da37999b
[INFO] [stderr]                                  at /rustc/268dbbbc4b3fd71c5f360a4d0728295252430b5b/library/core/src/fmt/rt.rs:142:9
[INFO] [stderr]      5:     0x55e7f5b33bb0 - core::fmt::write::had96bdeda7d49d3a
[INFO] [stderr]                                  at /rustc/268dbbbc4b3fd71c5f360a4d0728295252430b5b/library/core/src/fmt/mod.rs:1120:17
[INFO] [stderr]      6:     0x55e7f5b0c62f - std::io::Write::write_fmt::h30b1f36eea05b391
[INFO] [stderr]                                  at /rustc/268dbbbc4b3fd71c5f360a4d0728295252430b5b/library/std/src/io/mod.rs:1849:15
[INFO] [stderr]      7:     0x55e7f5b0ec24 - std::sys_common::backtrace::_print::hc333bb91ae972137
[INFO] [stderr]                                  at /rustc/268dbbbc4b3fd71c5f360a4d0728295252430b5b/library/std/src/sys_common/backtrace.rs:47:5
[INFO] [stderr]      8:     0x55e7f5b0ec24 - std::sys_common::backtrace::print::h18fd3c71a95a3169
[INFO] [stderr]                                  at /rustc/268dbbbc4b3fd71c5f360a4d0728295252430b5b/library/std/src/sys_common/backtrace.rs:34:9
[INFO] [stderr]      9:     0x55e7f5b10507 - std::panicking::default_hook::{{closure}}::ha3473f9bcb4e9a37
[INFO] [stderr]     10:     0x55e7f5b10269 - std::panicking::default_hook::h23d9d43185db6584
[INFO] [stderr]                                  at /rustc/268dbbbc4b3fd71c5f360a4d0728295252430b5b/library/std/src/panicking.rs:292:9
[INFO] [stderr]     11:     0x55e7f5b10998 - std::panicking::rust_panic_with_hook::h94aceaa7df3a6edd
[INFO] [stderr]                                  at /rustc/268dbbbc4b3fd71c5f360a4d0728295252430b5b/library/std/src/panicking.rs:781:13
[INFO] [stderr]     12:     0x55e7f5adc12e - std::panicking::begin_panic::{{closure}}::hc98bd15ba8ce7800
[INFO] [stderr]     13:     0x55e7f5ade56a - std::sys_common::backtrace::__rust_end_short_backtrace::h3c27ad2a83ec6aad
[INFO] [stderr]     14:     0x55e7f5adc0db - std::panicking::begin_panic::h732f9321b9426209
[INFO] [stderr]     15:     0x55e7f5abc77d - build_script_build::validate_headers::h98d2704e27dbde94
[INFO] [stderr]     16:     0x55e7f5abb7be - build_script_build::try_pkg_config::h8ead4567719b2fcf
[INFO] [stderr]     17:     0x55e7f5aba817 - build_script_build::find_openssl_dir::h4aa543e6975acc95
[INFO] [stderr]     18:     0x55e7f5aba5e8 - build_script_build::main::{{closure}}::hc55a2c71944ad57a
[INFO] [stderr]     19:     0x55e7f5ab8b3f - core::option::Option<T>::unwrap_or_else::hd2da8c2ca6b70fe2
[INFO] [stderr]     20:     0x55e7f5ab964b - build_script_build::main::h3e750904c226e843
[INFO] [stderr]     21:     0x55e7f5ab2c63 - core::ops::function::FnOnce::call_once::h3a32b6ac239bd1dc
[INFO] [stderr]     22:     0x55e7f5ab5876 - std::sys_common::backtrace::__rust_begin_short_backtrace::h96df8e804e9f4bfe
[INFO] [stderr]     23:     0x55e7f5ab8219 - std::rt::lang_start::{{closure}}::h79af2d98f5e32d93
[INFO] [stderr]     24:     0x55e7f5b08911 - core::ops::function::impls::<impl core::ops::function::FnOnce<A> for &F>::call_once::h298d8ff12ebcec8c
[INFO] [stderr]                                  at /rustc/268dbbbc4b3fd71c5f360a4d0728295252430b5b/library/core/src/ops/function.rs:284:13
[INFO] [stderr]     25:     0x55e7f5b08911 - std::panicking::try::do_call::hbd0ffb05da5bd343
[INFO] [stderr]                                  at /rustc/268dbbbc4b3fd71c5f360a4d0728295252430b5b/library/std/src/panicking.rs:554:40
[INFO] [stderr]     26:     0x55e7f5b08911 - std::panicking::try::h11c9a152defd5d2a
[INFO] [stderr]                                  at /rustc/268dbbbc4b3fd71c5f360a4d0728295252430b5b/library/std/src/panicking.rs:518:19
[INFO] [stderr]     27:     0x55e7f5b08911 - std::panic::catch_unwind::h0d6db2fa902b4d64
[INFO] [stderr]                                  at /rustc/268dbbbc4b3fd71c5f360a4d0728295252430b5b/library/std/src/panic.rs:142:14
[INFO] [stderr]     28:     0x55e7f5b08911 - std::rt::lang_start_internal::{{closure}}::hdcc09b4aad7ef821
[INFO] [stderr]                                  at /rustc/268dbbbc4b3fd71c5f360a4d0728295252430b5b/library/std/src/rt.rs:148:48
[INFO] [stderr]     29:     0x55e7f5b08911 - std::panicking::try::do_call::h3ffd2f162d60900f
[INFO] [stderr]                                  at /rustc/268dbbbc4b3fd71c5f360a4d0728295252430b5b/library/std/src/panicking.rs:554:40
[INFO] [stderr]     30:     0x55e7f5b08911 - std::panicking::try::heeba82b9c3e190fb
[INFO] [stderr]                                  at /rustc/268dbbbc4b3fd71c5f360a4d0728295252430b5b/library/std/src/panicking.rs:518:19
[INFO] [stderr]     31:     0x55e7f5b08911 - std::panic::catch_unwind::hdaab8f1c188f387f
[INFO] [stderr]                                  at /rustc/268dbbbc4b3fd71c5f360a4d0728295252430b5b/library/std/src/panic.rs:142:14
[INFO] [stderr]     32:     0x55e7f5b08911 - std::rt::lang_start_internal::h9989e088c48b7903
[INFO] [stderr]                                  at /rustc/268dbbbc4b3fd71c5f360a4d0728295252430b5b/library/std/src/rt.rs:148:20
[INFO] [stderr]     33:     0x55e7f5ab81f7 - std::rt::lang_start::he6fa43dcc25fa60d
[INFO] [stderr]     34:     0x55e7f5abdbe5 - main
[INFO] [stderr]     35:     0x7f0634625d90 - <unknown>
[INFO] [stderr]     36:     0x7f0634625e40 - __libc_start_main
[INFO] [stderr]     37:     0x55e7f5aabe85 - _start
[INFO] [stderr]     38:                0x0 - <unknown>
[INFO] [stderr] warning: build failed, waiting for other jobs to finish...
[INFO] [stdout] error: aborting due to 1 previous error
[INFO] [stdout] 
[INFO] [stdout] 
[INFO] [stdout] For more information about this error, try `rustc --explain E0310`.
[INFO] [stdout] 
[INFO] [stderr] error: could not compile `rustc-serialize` (lib) due to 2 previous errors
[INFO] running `Command { std: "docker" "inspect" "bf13eb36f0cfb827d58609d399654114e187138509527d2a90106a8156a96c55", kill_on_drop: false }`
[INFO] running `Command { std: "docker" "rm" "-f" "bf13eb36f0cfb827d58609d399654114e187138509527d2a90106a8156a96c55", kill_on_drop: false }`
[INFO] [stdout] bf13eb36f0cfb827d58609d399654114e187138509527d2a90106a8156a96c55
[INFO] checking batch_resolve_cli-0.3.7 against nightly-2024-02-05+rustflags=-Dunexpected_cfgs+cargoflags=-Zcheck-cfg for check-cfg
[INFO] extracting crate batch_resolve_cli 0.3.7 into /workspace/builds/worker-1-tc2/source
[INFO] validating manifest of crates.io crate batch_resolve_cli 0.3.7 on toolchain nightly-2024-02-05
[INFO] running `Command { std: CARGO_HOME="/workspace/cargo-home" RUSTUP_HOME="/workspace/rustup-home" "/workspace/cargo-home/bin/cargo" "+nightly-2024-02-05" "metadata" "--manifest-path" "Cargo.toml" "--no-deps", kill_on_drop: false }`
[INFO] removed /workspace/builds/worker-1-tc2/source/rust-toolchain
[INFO] started tweaking crates.io crate batch_resolve_cli 0.3.7
[INFO] finished tweaking crates.io crate batch_resolve_cli 0.3.7
[INFO] tweaked toml for crates.io crate batch_resolve_cli 0.3.7 written to /workspace/builds/worker-1-tc2/source/Cargo.toml
[INFO] crate crates.io crate batch_resolve_cli 0.3.7 already has a lockfile, it will not be regenerated
[INFO] running `Command { std: CARGO_HOME="/workspace/cargo-home" RUSTUP_HOME="/workspace/rustup-home" "/workspace/cargo-home/bin/cargo" "+nightly-2024-02-05" "fetch" "--manifest-path" "Cargo.toml", kill_on_drop: false }`
[INFO] running `Command { std: "docker" "create" "-v" "/var/lib/crater-agent-workspace/builds/worker-1-tc2/target:/opt/rustwide/target:rw,Z" "-v" "/var/lib/crater-agent-workspace/builds/worker-1-tc2/source:/opt/rustwide/workdir:ro,Z" "-v" "/var/lib/crater-agent-workspace/cargo-home:/opt/rustwide/cargo-home:ro,Z" "-v" "/var/lib/crater-agent-workspace/rustup-home:/opt/rustwide/rustup-home:ro,Z" "-e" "SOURCE_DIR=/opt/rustwide/workdir" "-e" "CARGO_TARGET_DIR=/opt/rustwide/target" "-e" "CARGO_HOME=/opt/rustwide/cargo-home" "-e" "RUSTUP_HOME=/opt/rustwide/rustup-home" "-w" "/opt/rustwide/workdir" "-m" "1610612736" "--user" "0:0" "--network" "none" "ghcr.io/rust-lang/crates-build-env/linux@sha256:2788e3201cd34a07e3172128adcd8b3090168a8e3bcc40d7c032b9dda1df7d1c" "/opt/rustwide/cargo-home/bin/cargo" "+nightly-2024-02-05" "metadata" "--no-deps" "--format-version=1", kill_on_drop: false }`
[INFO] [stdout] a357c7dc5aee926bd719f497a6ea432e3deba2117a433b74acbaeda6382bfb27
[INFO] running `Command { std: "docker" "start" "-a" "a357c7dc5aee926bd719f497a6ea432e3deba2117a433b74acbaeda6382bfb27", kill_on_drop: false }`
[INFO] running `Command { std: "docker" "inspect" "a357c7dc5aee926bd719f497a6ea432e3deba2117a433b74acbaeda6382bfb27", kill_on_drop: false }`
[INFO] running `Command { std: "docker" "rm" "-f" "a357c7dc5aee926bd719f497a6ea432e3deba2117a433b74acbaeda6382bfb27", kill_on_drop: false }`
[INFO] [stdout] a357c7dc5aee926bd719f497a6ea432e3deba2117a433b74acbaeda6382bfb27
[INFO] running `Command { std: "docker" "create" "-v" "/var/lib/crater-agent-workspace/builds/worker-1-tc2/target:/opt/rustwide/target:rw,Z" "-v" "/var/lib/crater-agent-workspace/builds/worker-1-tc2/source:/opt/rustwide/workdir:ro,Z" "-v" "/var/lib/crater-agent-workspace/cargo-home:/opt/rustwide/cargo-home:ro,Z" "-v" "/var/lib/crater-agent-workspace/rustup-home:/opt/rustwide/rustup-home:ro,Z" "-e" "SOURCE_DIR=/opt/rustwide/workdir" "-e" "CARGO_TARGET_DIR=/opt/rustwide/target" "-e" "CARGO_INCREMENTAL=0" "-e" "RUST_BACKTRACE=full" "-e" "RUSTFLAGS=--cap-lints=forbid -Dunexpected_cfgs" "-e" "RUSTDOCFLAGS=--cap-lints=forbid" "-e" "CARGO_HOME=/opt/rustwide/cargo-home" "-e" "RUSTUP_HOME=/opt/rustwide/rustup-home" "-w" "/opt/rustwide/workdir" "-m" "1610612736" "--user" "0:0" "--network" "none" "ghcr.io/rust-lang/crates-build-env/linux@sha256:2788e3201cd34a07e3172128adcd8b3090168a8e3bcc40d7c032b9dda1df7d1c" "/opt/rustwide/cargo-home/bin/cargo" "+nightly-2024-02-05" "check" "--frozen" "--all" "--all-targets" "--message-format=json" "-Zcheck-cfg", kill_on_drop: false }`
[INFO] [stdout] 121c6577faeaf763ed02bf46f3b7f582d2cc216a6c55781652928dd3387817fe
[INFO] running `Command { std: "docker" "start" "-a" "121c6577faeaf763ed02bf46f3b7f582d2cc216a6c55781652928dd3387817fe", kill_on_drop: false }`
[INFO] [stderr]     Checking libc v0.2.22
[INFO] [stderr]    Compiling gcc v0.3.45
[INFO] [stderr]    Compiling winapi-build v0.1.1
[INFO] [stderr]    Compiling pkg-config v0.3.9
[INFO] [stderr]     Checking cfg-if v0.1.0
[INFO] [stderr]     Checking num-traits v0.1.37
[INFO] [stderr]     Checking winapi v0.2.8
[INFO] [stderr]     Checking log v0.3.7
[INFO] [stderr]     Checking regex-syntax v0.4.0
[INFO] [stderr]     Checking byteorder v1.0.0
[INFO] [stderr]     Checking utf8-ranges v1.0.0
[INFO] [stderr]    Compiling unicode-xid v0.0.4
[INFO] [stderr]    Compiling backtrace v0.2.3
[INFO] [stderr]     Checking lazy_static v0.2.8
[INFO] [stderr]    Compiling openssl v0.9.11
[INFO] [stderr]     Checking unreachable v0.1.1
[INFO] [stderr]     Checking lazycell v0.4.0
[INFO] [stderr]     Checking slab v0.3.0
[INFO] [stderr]    Compiling synom v0.11.3
[INFO] [stderr]     Checking futures v0.1.13
[INFO] [stderr]     Checking unicode-width v0.1.4
[INFO] [stderr]    Compiling quote v0.3.15
[INFO] [stderr]     Checking smallvec v0.3.3
[INFO] [stderr]     Checking rustc-demangle v0.1.4
[INFO] [stderr]    Compiling dbghelp-sys v0.2.0
[INFO] [stderr]    Compiling kernel32-sys v0.2.2
[INFO] [stderr]     Checking bitflags v0.8.2
[INFO] [stderr]     Checking stable_deref_trait v1.0.0
[INFO] [stderr]     Checking foreign-types v0.2.0
[INFO] [stderr]     Checking ansi_term v0.9.0
[INFO] [stderr]     Checking scoped-tls v0.1.0
[INFO] [stderr]     Checking owning_ref v0.3.3
[INFO] [stderr]     Checking unicode-segmentation v1.1.0
[INFO] [stderr]     Checking vec_map v0.7.0
[INFO] [stderr]     Checking strsim v0.6.0
[INFO] [stderr]     Checking thread-id v3.0.0
[INFO] [stderr]     Checking iovec v0.1.0
[INFO] [stderr]     Checking memchr v1.0.1
[INFO] [stderr]     Checking rand v0.3.15
[INFO] [stderr]     Checking net2 v0.2.29
[INFO] [stderr]     Checking thread_local v0.3.3
[INFO] [stderr]     Checking bytes v0.4.3
[INFO] [stderr]     Checking num-integer v0.1.34
[INFO] [stderr]     Checking term_size v0.3.0
[INFO] [stderr]     Checking time v0.1.37
[INFO] [stderr]     Checking atty v0.2.2
[INFO] [stderr]     Checking aho-corasick v0.6.3
[INFO] [stderr]    Compiling syn v0.11.11
[INFO] [stderr]    Compiling trust-dns v0.10.1
[INFO] [stderr]     Checking clicolors-control v0.1.0
[INFO] [stderr]     Checking serde v1.0.3
[INFO] [stderr]     Checking untrusted v0.3.2
[INFO] [stderr]     Checking rustc-serialize v0.3.24
[INFO] [stderr]     Checking clap v2.24.1
[INFO] [stderr]     Checking data-encoding v1.2.0
[INFO] [stderr]     Checking num-iter v0.1.33
[INFO] [stderr]     Checking num_cpus v1.4.0
[INFO] [stderr]     Checking mio v0.6.7
[INFO] [stderr]     Checking num v0.1.37
[INFO] [stderr]     Checking crossbeam v0.2.10
[INFO] [stderr]     Checking chrono v0.2.25
[INFO] [stderr]    Compiling openssl-sys v0.9.11
[INFO] [stderr]    Compiling backtrace-sys v0.1.10
[INFO] [stderr]     Checking regex v0.2.1
[INFO] [stdout] error[E0310]: the parameter type `T` may not live long enough
[INFO] [stdout]     --> /opt/rustwide/cargo-home/registry/src/index.crates.io-6f17d22bba15001f/rustc-serialize-0.3.24/src/serialize.rs:1155:5
[INFO] [stdout]      |
[INFO] [stdout] 1155 |     fn decode<D: Decoder>(d: &mut D) -> Result<Cow<'static, T>, D::Error> {
[INFO] [stdout]      |     ^^^^^^^^^^^^^^^^^^^^^^^^^^^^^^^^^^^^^^^^^^^^^^^^^^^^^^^^^^^^^^^^^^^^^
[INFO] [stdout]      |     |
[INFO] [stdout]      |     the parameter type `T` must be valid for the static lifetime...
[INFO] [stdout]      |     ...so that the type `T` will meet its required lifetime bounds...
[INFO] [stdout]      |
[INFO] [stdout] note: ...that is required by this bound
[INFO] [stdout]     --> /rustc/268dbbbc4b3fd71c5f360a4d0728295252430b5b/library/alloc/src/borrow.rs:180:30
[INFO] [stdout] help: consider adding an explicit lifetime bound
[INFO] [stdout]      |
[INFO] [stdout] 1151 | impl<'a, T: ?Sized + 'static> Decodable for Cow<'a, T>
[INFO] [stdout]      |                    +++++++++
[INFO] [stdout] 
[INFO] [stdout] 
[INFO] [stderr]     Checking parking_lot_core v0.2.1
[INFO] [stderr]     Checking parking_lot v0.4.3
[INFO] [stderr]     Checking tokio-io v0.1.1
[INFO] [stderr] error: failed to run custom build command for `openssl-sys v0.9.11`
[INFO] [stderr] note: To improve backtraces for build dependencies, set the CARGO_PROFILE_DEV_BUILD_OVERRIDE_DEBUG=true environment variable to enable debug information generation.
[INFO] [stderr] 
[INFO] [stderr] Caused by:
[INFO] [stderr]   process didn't exit successfully: `/opt/rustwide/target/debug/build/openssl-sys-c133ea906880db66/build-script-build` (exit status: 101)
[INFO] [stderr]   --- stdout
[INFO] [stderr]   cargo:rustc-link-lib=ssl
[INFO] [stderr]   cargo:rustc-link-lib=crypto
[INFO] [stderr]   OPT_LEVEL = Some("0")
[INFO] [stderr]   TARGET = Some("x86_64-unknown-linux-gnu")
[INFO] [stderr]   HOST = Some("x86_64-unknown-linux-gnu")
[INFO] [stderr]   TARGET = Some("x86_64-unknown-linux-gnu")
[INFO] [stderr]   TARGET = Some("x86_64-unknown-linux-gnu")
[INFO] [stderr]   HOST = Some("x86_64-unknown-linux-gnu")
[INFO] [stderr]   CC_x86_64-unknown-linux-gnu = None
[INFO] [stderr]   CC_x86_64_unknown_linux_gnu = None
[INFO] [stderr]   HOST_CC = None
[INFO] [stderr]   CC = None
[INFO] [stderr]   HOST = Some("x86_64-unknown-linux-gnu")
[INFO] [stderr]   TARGET = Some("x86_64-unknown-linux-gnu")
[INFO] [stderr]   HOST = Some("x86_64-unknown-linux-gnu")
[INFO] [stderr]   CFLAGS_x86_64-unknown-linux-gnu = None
[INFO] [stderr]   CFLAGS_x86_64_unknown_linux_gnu = None
[INFO] [stderr]   HOST_CFLAGS = None
[INFO] [stderr]   CFLAGS = None
[INFO] [stderr]   PROFILE = Some("debug")
[INFO] [stderr]   running: "cc" "-O0" "-ffunction-sections" "-fdata-sections" "-fPIC" "-g" "-m64" "-E" "/opt/rustwide/target/debug/build/openssl-sys-a33bc8d6d1daaeee/out/expando.c"
[INFO] [stderr]   ExitStatus(unix_wait_status(0))
[INFO] [stderr]   cargo:rustc-cfg=osslconf="OPENSSL_NO_SSL3_METHOD"
[INFO] [stderr]   cargo:conf=OPENSSL_NO_SSL3_METHOD
[INFO] [stderr] 
[INFO] [stderr]   --- stderr
[INFO] [stderr]   thread 'main' panicked at /opt/rustwide/cargo-home/registry/src/index.crates.io-6f17d22bba15001f/openssl-sys-0.9.11/build.rs:326:9:
[INFO] [stderr] 
[INFO] [stderr] 
[INFO] [stderr]   This crate is only compatible with OpenSSL 1.0.1, 1.0.2, and 1.1.0, or LibreSSL,
[INFO] [stderr]   but a different version of OpenSSL was found. The build is now aborting due to
[INFO] [stderr]   this version mismatch.
[INFO] [stderr] 
[INFO] [stderr] 
[INFO] [stderr]   stack backtrace:
[INFO] [stderr]      0:     0x55eace733e46 - std::backtrace_rs::backtrace::libunwind::trace::heebc7766b165eb2a
[INFO] [stderr]                                  at /rustc/268dbbbc4b3fd71c5f360a4d0728295252430b5b/library/std/src/../../backtrace/src/backtrace/libunwind.rs:104:5
[INFO] [stderr]      1:     0x55eace733e46 - std::backtrace_rs::backtrace::trace_unsynchronized::ha677020d8fc0296d
[INFO] [stderr]                                  at /rustc/268dbbbc4b3fd71c5f360a4d0728295252430b5b/library/std/src/../../backtrace/src/backtrace/mod.rs:66:5
[INFO] [stderr]      2:     0x55eace733e46 - std::sys_common::backtrace::_print_fmt::hcaff2fd86a1aeaa3
[INFO] [stderr]                                  at /rustc/268dbbbc4b3fd71c5f360a4d0728295252430b5b/library/std/src/sys_common/backtrace.rs:68:5
[INFO] [stderr]      3:     0x55eace733e46 - <std::sys_common::backtrace::_print::DisplayBacktrace as core::fmt::Display>::fmt::hc2446d8aa0059188
[INFO] [stderr]                                  at /rustc/268dbbbc4b3fd71c5f360a4d0728295252430b5b/library/std/src/sys_common/backtrace.rs:44:22
[INFO] [stderr]      4:     0x55eace758bb0 - core::fmt::rt::Argument::fmt::h2fbb6454da37999b
[INFO] [stderr]                                  at /rustc/268dbbbc4b3fd71c5f360a4d0728295252430b5b/library/core/src/fmt/rt.rs:142:9
[INFO] [stderr]      5:     0x55eace758bb0 - core::fmt::write::had96bdeda7d49d3a
[INFO] [stderr]                                  at /rustc/268dbbbc4b3fd71c5f360a4d0728295252430b5b/library/core/src/fmt/mod.rs:1120:17
[INFO] [stderr]      6:     0x55eace73162f - std::io::Write::write_fmt::h30b1f36eea05b391
[INFO] [stderr]                                  at /rustc/268dbbbc4b3fd71c5f360a4d0728295252430b5b/library/std/src/io/mod.rs:1849:15
[INFO] [stderr]      7:     0x55eace733c24 - std::sys_common::backtrace::_print::hc333bb91ae972137
[INFO] [stderr]                                  at /rustc/268dbbbc4b3fd71c5f360a4d0728295252430b5b/library/std/src/sys_common/backtrace.rs:47:5
[INFO] [stderr]      8:     0x55eace733c24 - std::sys_common::backtrace::print::h18fd3c71a95a3169
[INFO] [stderr]                                  at /rustc/268dbbbc4b3fd71c5f360a4d0728295252430b5b/library/std/src/sys_common/backtrace.rs:34:9
[INFO] [stderr]      9:     0x55eace735507 - std::panicking::default_hook::{{closure}}::ha3473f9bcb4e9a37
[INFO] [stderr]     10:     0x55eace735269 - std::panicking::default_hook::h23d9d43185db6584
[INFO] [stderr]                                  at /rustc/268dbbbc4b3fd71c5f360a4d0728295252430b5b/library/std/src/panicking.rs:292:9
[INFO] [stderr]     11:     0x55eace735998 - std::panicking::rust_panic_with_hook::h94aceaa7df3a6edd
[INFO] [stderr]                                  at /rustc/268dbbbc4b3fd71c5f360a4d0728295252430b5b/library/std/src/panicking.rs:781:13
[INFO] [stderr]     12:     0x55eace70112e - std::panicking::begin_panic::{{closure}}::hc98bd15ba8ce7800
[INFO] [stderr]     13:     0x55eace70356a - std::sys_common::backtrace::__rust_end_short_backtrace::h3c27ad2a83ec6aad
[INFO] [stderr]     14:     0x55eace7010db - std::panicking::begin_panic::h732f9321b9426209
[INFO] [stderr]     15:     0x55eace6e177d - build_script_build::validate_headers::h98d2704e27dbde94
[INFO] [stderr]     16:     0x55eace6e07be - build_script_build::try_pkg_config::h8ead4567719b2fcf
[INFO] [stderr]     17:     0x55eace6df817 - build_script_build::find_openssl_dir::h4aa543e6975acc95
[INFO] [stderr]     18:     0x55eace6df5e8 - build_script_build::main::{{closure}}::hc55a2c71944ad57a
[INFO] [stderr]     19:     0x55eace6ddb3f - core::option::Option<T>::unwrap_or_else::hd2da8c2ca6b70fe2
[INFO] [stderr]     20:     0x55eace6de64b - build_script_build::main::h3e750904c226e843
[INFO] [stderr]     21:     0x55eace6d7c63 - core::ops::function::FnOnce::call_once::h3a32b6ac239bd1dc
[INFO] [stderr]     22:     0x55eace6da876 - std::sys_common::backtrace::__rust_begin_short_backtrace::h96df8e804e9f4bfe
[INFO] [stderr]     23:     0x55eace6dd219 - std::rt::lang_start::{{closure}}::h79af2d98f5e32d93
[INFO] [stderr]     24:     0x55eace72d911 - core::ops::function::impls::<impl core::ops::function::FnOnce<A> for &F>::call_once::h298d8ff12ebcec8c
[INFO] [stderr]                                  at /rustc/268dbbbc4b3fd71c5f360a4d0728295252430b5b/library/core/src/ops/function.rs:284:13
[INFO] [stderr]     25:     0x55eace72d911 - std::panicking::try::do_call::hbd0ffb05da5bd343
[INFO] [stderr]                                  at /rustc/268dbbbc4b3fd71c5f360a4d0728295252430b5b/library/std/src/panicking.rs:554:40
[INFO] [stderr]     26:     0x55eace72d911 - std::panicking::try::h11c9a152defd5d2a
[INFO] [stderr]                                  at /rustc/268dbbbc4b3fd71c5f360a4d0728295252430b5b/library/std/src/panicking.rs:518:19
[INFO] [stderr]     27:     0x55eace72d911 - std::panic::catch_unwind::h0d6db2fa902b4d64
[INFO] [stderr]                                  at /rustc/268dbbbc4b3fd71c5f360a4d0728295252430b5b/library/std/src/panic.rs:142:14
[INFO] [stderr]     28:     0x55eace72d911 - std::rt::lang_start_internal::{{closure}}::hdcc09b4aad7ef821
[INFO] [stderr]                                  at /rustc/268dbbbc4b3fd71c5f360a4d0728295252430b5b/library/std/src/rt.rs:148:48
[INFO] [stderr]     29:     0x55eace72d911 - std::panicking::try::do_call::h3ffd2f162d60900f
[INFO] [stderr]                                  at /rustc/268dbbbc4b3fd71c5f360a4d0728295252430b5b/library/std/src/panicking.rs:554:40
[INFO] [stderr]     30:     0x55eace72d911 - std::panicking::try::heeba82b9c3e190fb
[INFO] [stderr]                                  at /rustc/268dbbbc4b3fd71c5f360a4d0728295252430b5b/library/std/src/panicking.rs:518:19
[INFO] [stderr]     31:     0x55eace72d911 - std::panic::catch_unwind::hdaab8f1c188f387f
[INFO] [stderr]                                  at /rustc/268dbbbc4b3fd71c5f360a4d0728295252430b5b/library/std/src/panic.rs:142:14
[INFO] [stderr]     32:     0x55eace72d911 - std::rt::lang_start_internal::h9989e088c48b7903
[INFO] [stderr]                                  at /rustc/268dbbbc4b3fd71c5f360a4d0728295252430b5b/library/std/src/rt.rs:148:20
[INFO] [stderr]     33:     0x55eace6dd1f7 - std::rt::lang_start::he6fa43dcc25fa60d
[INFO] [stderr]     34:     0x55eace6e2be5 - main
[INFO] [stderr]     35:     0x7f9cb18a9d90 - <unknown>
[INFO] [stderr]     36:     0x7f9cb18a9e40 - __libc_start_main
[INFO] [stderr]     37:     0x55eace6d0e85 - _start
[INFO] [stderr]     38:                0x0 - <unknown>
[INFO] [stderr] warning: build failed, waiting for other jobs to finish...
[INFO] [stdout] error: aborting due to 1 previous error
[INFO] [stdout] 
[INFO] [stdout] 
[INFO] [stdout] For more information about this error, try `rustc --explain E0310`.
[INFO] [stdout] 
[INFO] [stderr] error: could not compile `rustc-serialize` (lib) due to 2 previous errors
[INFO] running `Command { std: "docker" "inspect" "121c6577faeaf763ed02bf46f3b7f582d2cc216a6c55781652928dd3387817fe", kill_on_drop: false }`
[INFO] running `Command { std: "docker" "rm" "-f" "121c6577faeaf763ed02bf46f3b7f582d2cc216a6c55781652928dd3387817fe", kill_on_drop: false }`
[INFO] [stdout] 121c6577faeaf763ed02bf46f3b7f582d2cc216a6c55781652928dd3387817fe
