[INFO] fetching crate ballista-scheduler 0.11.0...
[INFO] checking ballista-scheduler-0.11.0 against nightly-2024-02-05 for check-cfg
[INFO] extracting crate ballista-scheduler 0.11.0 into /workspace/builds/worker-3-tc1/source
[INFO] validating manifest of crates.io crate ballista-scheduler 0.11.0 on toolchain nightly-2024-02-05
[INFO] running `Command { std: CARGO_HOME="/workspace/cargo-home" RUSTUP_HOME="/workspace/rustup-home" "/workspace/cargo-home/bin/cargo" "+nightly-2024-02-05" "metadata" "--manifest-path" "Cargo.toml" "--no-deps", kill_on_drop: false }`
[INFO] started tweaking crates.io crate ballista-scheduler 0.11.0
[INFO] finished tweaking crates.io crate ballista-scheduler 0.11.0
[INFO] tweaked toml for crates.io crate ballista-scheduler 0.11.0 written to /workspace/builds/worker-3-tc1/source/Cargo.toml
[INFO] crate crates.io crate ballista-scheduler 0.11.0 already has a lockfile, it will not be regenerated
[INFO] running `Command { std: CARGO_HOME="/workspace/cargo-home" RUSTUP_HOME="/workspace/rustup-home" "/workspace/cargo-home/bin/cargo" "+nightly-2024-02-05" "fetch" "--manifest-path" "Cargo.toml", kill_on_drop: false }`
[INFO] [stderr]     Updating crates.io index
[INFO] [stderr]     Blocking waiting for file lock on package cache
[INFO] [stderr]  Downloading crates ...
[INFO] [stderr]   Downloaded tracing-attributes v0.1.23
[INFO] [stderr]   Downloaded clap_derive v3.2.18
[INFO] [stderr]   Downloaded errno v0.2.8
[INFO] [stderr]   Downloaded time-macros v0.2.8
[INFO] [stderr]   Downloaded rustls-pemfile v0.2.1
[INFO] [stderr]   Downloaded tokio-tungstenite v0.17.2
[INFO] [stderr]   Downloaded which v4.4.0
[INFO] [stderr]   Downloaded h2 v0.3.16
[INFO] [stderr]   Downloaded cxx-build v1.0.91
[INFO] [stderr]   Downloaded anyhow v1.0.69
[INFO] [stderr]   Downloaded lexical-parse-float v0.8.5
[INFO] [stderr]   Downloaded async-recursion v1.0.2
[INFO] [stderr]   Downloaded protobuf v2.28.0
[INFO] [stderr]   Downloaded flate2 v1.0.25
[INFO] [stderr]   Downloaded sqlparser_derive v0.1.1
[INFO] [stderr]   Downloaded brotli-decompressor v2.3.4
[INFO] [stderr]   Downloaded zstd v0.12.3+zstd.1.5.2
[INFO] [stderr]   Downloaded zstd-sys v2.0.7+zstd.1.5.4
[INFO] [stderr]   Downloaded lz4-sys v1.9.4
[INFO] [stderr]   Downloaded seq-macro v0.3.2
[INFO] [stderr]   Downloaded brotli v3.3.4
[INFO] [stderr]   Downloaded object_store v0.5.4
[INFO] [stderr]   Downloaded linux-raw-sys v0.1.4
[INFO] [stderr]   Downloaded comfy-table v6.1.4
[INFO] [stderr]   Downloaded sled v0.34.7
[INFO] [stderr]   Downloaded semver v1.0.16
[INFO] [stderr]   Downloaded dot-generator v0.2.0
[INFO] [stderr]   Downloaded lexical-core v0.8.5
[INFO] [stderr]   Downloaded ucd-trie v0.1.5
[INFO] [stderr]   Downloaded pest v2.5.5
[INFO] [stderr]   Downloaded roff v0.1.0
[INFO] [stderr]   Downloaded cxxbridge-flags v1.0.91
[INFO] [stderr]   Downloaded cxx v1.0.91
[INFO] [stderr]   Downloaded arrow-schema v32.0.0
[INFO] [stderr]   Downloaded into-attr-derive v0.1.0
[INFO] [stderr]   Downloaded fmt2io v0.1.0
[INFO] [stderr]   Downloaded man v0.1.1
[INFO] [stderr]   Downloaded dot-generator v0.1.0
[INFO] [stderr]   Downloaded cargo_toml v0.8.1
[INFO] [stderr]   Downloaded datafusion-row v18.0.0
[INFO] [stderr]   Downloaded dot-structures v0.1.0
[INFO] [stderr]   Downloaded into-attr v0.1.0
[INFO] [stderr]   Downloaded graphviz-rust v0.5.2
[INFO] [stderr]   Downloaded tempfile v3.4.0
[INFO] [stderr]   Downloaded tracing-log v0.1.3
[INFO] [stderr]   Downloaded tungstenite v0.17.3
[INFO] [stderr]   Downloaded ballista-core v0.11.0
[INFO] [stderr]   Downloaded ordered-float v2.10.0
[INFO] [stderr]   Downloaded procfs v0.14.2
[INFO] [stderr]   Downloaded arrow-select v32.0.0
[INFO] [stderr]   Downloaded datafusion-common v18.0.0
[INFO] [stderr]   Downloaded arrow-csv v32.0.0
[INFO] [stderr]   Downloaded prometheus v0.13.3
[INFO] [stderr]   Downloaded arrow-arith v32.0.0
[INFO] [stderr]   Downloaded arrow-json v32.0.0
[INFO] [stderr]   Downloaded arrow-buffer v32.0.0
[INFO] [stderr]   Downloaded pest_derive v2.5.5
[INFO] [stderr]   Downloaded arrow-ord v32.0.0
[INFO] [stderr]   Downloaded zstd-safe v6.0.4+zstd.1.5.4
[INFO] [stderr]   Downloaded md-5 v0.10.5
[INFO] [stderr]   Downloaded lexical-parse-integer v0.8.6
[INFO] [stderr]   Downloaded configure_me_codegen v0.4.0
[INFO] [stderr]   Downloaded arrow-cast v32.0.0
[INFO] [stderr]   Downloaded arrow-data v32.0.0
[INFO] [stderr]   Downloaded arrow-string v32.0.0
[INFO] [stderr]   Downloaded datafusion-sql v18.0.0
[INFO] [stderr]   Downloaded datafusion-expr v18.0.0
[INFO] [stderr]   Downloaded arrow v32.0.0
[INFO] [stderr]   Downloaded datafusion-optimizer v18.0.0
[INFO] [stderr]   Downloaded arrow-ipc v32.0.0
[INFO] [stderr]   Downloaded arrow-array v32.0.0
[INFO] [stderr]   Downloaded etcd-client v0.10.3
[INFO] [stderr]   Downloaded sqlparser v0.30.0
[INFO] [stderr]   Downloaded arrow-flight v32.0.0
[INFO] [stderr]   Downloaded arrow-row v32.0.0
[INFO] [stderr]   Downloaded datafusion-proto v18.0.0
[INFO] [stderr]   Downloaded datafusion-physical-expr v18.0.0
[INFO] [stderr]   Downloaded flatbuffers v22.12.6
[INFO] [stderr]   Downloaded axum v0.6.9
[INFO] [stderr]   Downloaded sha2 v0.10.6
[INFO] [stderr]   Downloaded lexical-util v0.8.5
[INFO] [stderr]   Downloaded pest_generator v2.5.5
[INFO] [stderr]   Downloaded tonic-build v0.8.4
[INFO] [stderr]   Downloaded datafusion v18.0.0
[INFO] [stderr]   Downloaded parquet v32.0.0
[INFO] [stderr]   Downloaded lexical-write-integer v0.8.5
[INFO] [stderr]   Downloaded libm v0.2.6
[INFO] [stderr]   Downloaded parse_arg v0.1.4
[INFO] [stderr]   Downloaded pest_meta v2.5.5
[INFO] [stderr]   Downloaded prettyplease v0.1.23
[INFO] [stderr]   Downloaded constant_time_eq v0.2.4
[INFO] [stderr]   Downloaded snafu v0.7.4
[INFO] [stderr]   Downloaded csv v1.2.0
[INFO] [stderr]   Downloaded prost-types v0.11.8
[INFO] [stderr]   Downloaded prost-build v0.11.6
[INFO] [stderr]   Downloaded os_str_bytes v6.4.1
[INFO] [stderr]   Downloaded sys-info v0.9.1
[INFO] [stderr]   Downloaded blake3 v1.3.3
[INFO] [stderr]   Downloaded flatbuffers v23.1.21
[INFO] [stderr]   Downloaded pbjson-build v0.5.1
[INFO] [stderr]   Downloaded cxxbridge-macro v1.0.91
[INFO] [stderr]   Downloaded async-stream v0.3.4
[INFO] [stderr]   Downloaded configure_me v0.4.0
[INFO] [stderr]   Downloaded paste v1.0.11
[INFO] [stderr]   Downloaded snafu-derive v0.7.4
[INFO] [stderr]   Downloaded thrift v0.17.0
[INFO] [stderr]   Downloaded sharded-slab v0.1.4
[INFO] [stderr]   Downloaded twoway v0.1.8
[INFO] [stderr]   Downloaded time v0.3.20
[INFO] [stderr]   Downloaded tokio-stream v0.1.12
[INFO] [stderr]   Downloaded tracing-appender v0.2.2
[INFO] [stderr]   Downloaded fs2 v0.4.3
[INFO] [stderr]   Downloaded integer-encoding v3.0.4
[INFO] [stderr]   Downloaded async-stream-impl v0.3.4
[INFO] [stderr]   Downloaded rustix v0.36.8
[INFO] [stderr]   Downloaded libloading v0.7.4
[INFO] [stderr]   Downloaded blake2 v0.10.6
[INFO] [stderr]   Downloaded lz4 v1.24.0
[INFO] [stderr]   Downloaded lexical-write-float v0.8.5
[INFO] [stderr]   Downloaded tower-http v0.4.0
[INFO] [stderr]   Downloaded io-lifetimes v1.0.5
[INFO] [stderr]   Downloaded tonic v0.8.3
[INFO] [stderr]   Downloaded scoped-tls v1.0.1
[INFO] [stderr]   Downloaded prost v0.11.8
[INFO] [stderr]   Downloaded multipart v0.18.0
[INFO] [stderr]   Downloaded prost-derive v0.11.8
[INFO] [stderr]   Downloaded buf_redux v0.8.4
[INFO] [stderr]   Downloaded warp v0.3.3
[INFO] [stderr]   Downloaded tracing-subscriber v0.3.16
[INFO] running `Command { std: "docker" "create" "-v" "/var/lib/crater-agent-workspace/builds/worker-3-tc1/target:/opt/rustwide/target:rw,Z" "-v" "/var/lib/crater-agent-workspace/builds/worker-3-tc1/source:/opt/rustwide/workdir:ro,Z" "-v" "/var/lib/crater-agent-workspace/cargo-home:/opt/rustwide/cargo-home:ro,Z" "-v" "/var/lib/crater-agent-workspace/rustup-home:/opt/rustwide/rustup-home:ro,Z" "-e" "SOURCE_DIR=/opt/rustwide/workdir" "-e" "CARGO_TARGET_DIR=/opt/rustwide/target" "-e" "CARGO_HOME=/opt/rustwide/cargo-home" "-e" "RUSTUP_HOME=/opt/rustwide/rustup-home" "-w" "/opt/rustwide/workdir" "-m" "1610612736" "--user" "0:0" "--network" "none" "ghcr.io/rust-lang/crates-build-env/linux@sha256:2788e3201cd34a07e3172128adcd8b3090168a8e3bcc40d7c032b9dda1df7d1c" "/opt/rustwide/cargo-home/bin/cargo" "+nightly-2024-02-05" "metadata" "--no-deps" "--format-version=1", kill_on_drop: false }`
[INFO] [stdout] eef32d1e24ab2b9a30882e51e276cd10cb9042b6e36ba47b152bc193fbf51faa
[INFO] running `Command { std: "docker" "start" "-a" "eef32d1e24ab2b9a30882e51e276cd10cb9042b6e36ba47b152bc193fbf51faa", kill_on_drop: false }`
[INFO] running `Command { std: "docker" "inspect" "eef32d1e24ab2b9a30882e51e276cd10cb9042b6e36ba47b152bc193fbf51faa", kill_on_drop: false }`
[INFO] running `Command { std: "docker" "rm" "-f" "eef32d1e24ab2b9a30882e51e276cd10cb9042b6e36ba47b152bc193fbf51faa", kill_on_drop: false }`
[INFO] [stdout] eef32d1e24ab2b9a30882e51e276cd10cb9042b6e36ba47b152bc193fbf51faa
[INFO] running `Command { std: "docker" "create" "-v" "/var/lib/crater-agent-workspace/builds/worker-3-tc1/target:/opt/rustwide/target:rw,Z" "-v" "/var/lib/crater-agent-workspace/builds/worker-3-tc1/source:/opt/rustwide/workdir:ro,Z" "-v" "/var/lib/crater-agent-workspace/cargo-home:/opt/rustwide/cargo-home:ro,Z" "-v" "/var/lib/crater-agent-workspace/rustup-home:/opt/rustwide/rustup-home:ro,Z" "-e" "SOURCE_DIR=/opt/rustwide/workdir" "-e" "CARGO_TARGET_DIR=/opt/rustwide/target" "-e" "CARGO_INCREMENTAL=0" "-e" "RUST_BACKTRACE=full" "-e" "RUSTFLAGS=--cap-lints=forbid" "-e" "RUSTDOCFLAGS=--cap-lints=forbid" "-e" "CARGO_HOME=/opt/rustwide/cargo-home" "-e" "RUSTUP_HOME=/opt/rustwide/rustup-home" "-w" "/opt/rustwide/workdir" "-m" "1610612736" "--user" "0:0" "--network" "none" "ghcr.io/rust-lang/crates-build-env/linux@sha256:2788e3201cd34a07e3172128adcd8b3090168a8e3bcc40d7c032b9dda1df7d1c" "/opt/rustwide/cargo-home/bin/cargo" "+nightly-2024-02-05" "check" "--frozen" "--all" "--all-targets" "--message-format=json", kill_on_drop: false }`
[INFO] [stdout] 5b20f44744595af21b2d1904648ca5d209df9b00452dbcfaa5b339946c0d5519
[INFO] running `Command { std: "docker" "start" "-a" "5b20f44744595af21b2d1904648ca5d209df9b00452dbcfaa5b339946c0d5519", kill_on_drop: false }`
[INFO] [stderr]    Compiling libc v0.2.139
[INFO] [stderr]    Compiling proc-macro2 v1.0.50
[INFO] [stderr]    Compiling syn v1.0.109
[INFO] [stderr]    Compiling memchr v2.5.0
[INFO] [stderr]     Checking once_cell v1.17.1
[INFO] [stderr]    Compiling cfg-if v1.0.0
[INFO] [stderr]    Compiling indexmap v1.9.2
[INFO] [stderr]    Compiling libm v0.2.6
[INFO] [stderr]    Compiling num-traits v0.2.15
[INFO] [stderr]     Checking smallvec v1.10.0
[INFO] [stderr]    Compiling futures-core v0.3.26
[INFO] [stderr]     Checking itoa v1.0.5
[INFO] [stderr]    Compiling num-integer v0.1.45
[INFO] [stdout] error[E0422]: cannot find struct, variant or union type `LineColumn` in crate `proc_macro`
[INFO] [stdout]    --> /opt/rustwide/cargo-home/registry/src/index.crates.io-6f17d22bba15001f/proc-macro2-1.0.50/src/wrapper.rs:475:33
[INFO] [stdout]     |
[INFO] [stdout] 475 |                 let proc_macro::LineColumn { line, column } = s.start();
[INFO] [stdout]     |                                 ^^^^^^^^^^ not found in `proc_macro`
[INFO] [stdout]     |
[INFO] [stdout] help: consider importing this struct through its public re-export
[INFO] [stdout]     |
[INFO] [stdout] 1   + use crate::LineColumn;
[INFO] [stdout]     |
[INFO] [stdout] help: if you import `LineColumn`, refer to it directly
[INFO] [stdout]     |
[INFO] [stdout] 475 -                 let proc_macro::LineColumn { line, column } = s.start();
[INFO] [stdout] 475 +                 let LineColumn { line, column } = s.start();
[INFO] [stdout]     |
[INFO] [stdout] 
[INFO] [stdout] 
[INFO] [stdout] error[E0422]: cannot find struct, variant or union type `LineColumn` in crate `proc_macro`
[INFO] [stdout]    --> /opt/rustwide/cargo-home/registry/src/index.crates.io-6f17d22bba15001f/proc-macro2-1.0.50/src/wrapper.rs:489:33
[INFO] [stdout]     |
[INFO] [stdout] 489 |                 let proc_macro::LineColumn { line, column } = s.end();
[INFO] [stdout]     |                                 ^^^^^^^^^^ not found in `proc_macro`
[INFO] [stdout]     |
[INFO] [stdout] help: consider importing this struct through its public re-export
[INFO] [stdout]     |
[INFO] [stdout] 1   + use crate::LineColumn;
[INFO] [stdout]     |
[INFO] [stdout] help: if you import `LineColumn`, refer to it directly
[INFO] [stdout]     |
[INFO] [stdout] 489 -                 let proc_macro::LineColumn { line, column } = s.end();
[INFO] [stdout] 489 +                 let LineColumn { line, column } = s.end();
[INFO] [stdout]     |
[INFO] [stdout] 
[INFO] [stdout] 
[INFO] [stderr]    Compiling heck v0.4.1
[INFO] [stdout] error[E0635]: unknown feature `proc_macro_span_shrink`
[INFO] [stdout]   --> /opt/rustwide/cargo-home/registry/src/index.crates.io-6f17d22bba15001f/proc-macro2-1.0.50/src/lib.rs:92:30
[INFO] [stdout]    |
[INFO] [stdout] 92 |     feature(proc_macro_span, proc_macro_span_shrink)
[INFO] [stdout]    |                              ^^^^^^^^^^^^^^^^^^^^^^
[INFO] [stdout] 
[INFO] [stdout] 
[INFO] [stdout] error: aborting due to 3 previous errors
[INFO] [stdout] 
[INFO] [stdout] 
[INFO] [stdout] Some errors have detailed explanations: E0422, E0635.
[INFO] [stdout] 
[INFO] [stdout] For more information about an error, try `rustc --explain E0422`.
[INFO] [stdout] 
[INFO] [stderr] error: could not compile `proc-macro2` (lib) due to 4 previous errors
[INFO] [stderr] warning: build failed, waiting for other jobs to finish...
[INFO] running `Command { std: "docker" "inspect" "5b20f44744595af21b2d1904648ca5d209df9b00452dbcfaa5b339946c0d5519", kill_on_drop: false }`
[INFO] running `Command { std: "docker" "rm" "-f" "5b20f44744595af21b2d1904648ca5d209df9b00452dbcfaa5b339946c0d5519", kill_on_drop: false }`
[INFO] [stdout] 5b20f44744595af21b2d1904648ca5d209df9b00452dbcfaa5b339946c0d5519
[INFO] checking ballista-scheduler-0.11.0 against nightly-2024-02-05+rustflags=-Dunexpected_cfgs+cargoflags=-Zcheck-cfg for check-cfg
[INFO] extracting crate ballista-scheduler 0.11.0 into /workspace/builds/worker-3-tc2/source
[INFO] validating manifest of crates.io crate ballista-scheduler 0.11.0 on toolchain nightly-2024-02-05
[INFO] running `Command { std: CARGO_HOME="/workspace/cargo-home" RUSTUP_HOME="/workspace/rustup-home" "/workspace/cargo-home/bin/cargo" "+nightly-2024-02-05" "metadata" "--manifest-path" "Cargo.toml" "--no-deps", kill_on_drop: false }`
[INFO] started tweaking crates.io crate ballista-scheduler 0.11.0
[INFO] finished tweaking crates.io crate ballista-scheduler 0.11.0
[INFO] tweaked toml for crates.io crate ballista-scheduler 0.11.0 written to /workspace/builds/worker-3-tc2/source/Cargo.toml
[INFO] crate crates.io crate ballista-scheduler 0.11.0 already has a lockfile, it will not be regenerated
[INFO] running `Command { std: CARGO_HOME="/workspace/cargo-home" RUSTUP_HOME="/workspace/rustup-home" "/workspace/cargo-home/bin/cargo" "+nightly-2024-02-05" "fetch" "--manifest-path" "Cargo.toml", kill_on_drop: false }`
[INFO] running `Command { std: "docker" "create" "-v" "/var/lib/crater-agent-workspace/builds/worker-3-tc2/target:/opt/rustwide/target:rw,Z" "-v" "/var/lib/crater-agent-workspace/builds/worker-3-tc2/source:/opt/rustwide/workdir:ro,Z" "-v" "/var/lib/crater-agent-workspace/cargo-home:/opt/rustwide/cargo-home:ro,Z" "-v" "/var/lib/crater-agent-workspace/rustup-home:/opt/rustwide/rustup-home:ro,Z" "-e" "SOURCE_DIR=/opt/rustwide/workdir" "-e" "CARGO_TARGET_DIR=/opt/rustwide/target" "-e" "CARGO_HOME=/opt/rustwide/cargo-home" "-e" "RUSTUP_HOME=/opt/rustwide/rustup-home" "-w" "/opt/rustwide/workdir" "-m" "1610612736" "--user" "0:0" "--network" "none" "ghcr.io/rust-lang/crates-build-env/linux@sha256:2788e3201cd34a07e3172128adcd8b3090168a8e3bcc40d7c032b9dda1df7d1c" "/opt/rustwide/cargo-home/bin/cargo" "+nightly-2024-02-05" "metadata" "--no-deps" "--format-version=1", kill_on_drop: false }`
[INFO] [stdout] 919981eae091062e3c23b92135a1085baf0e92f85f723ede4ccb629141e03edf
[INFO] running `Command { std: "docker" "start" "-a" "919981eae091062e3c23b92135a1085baf0e92f85f723ede4ccb629141e03edf", kill_on_drop: false }`
[INFO] running `Command { std: "docker" "inspect" "919981eae091062e3c23b92135a1085baf0e92f85f723ede4ccb629141e03edf", kill_on_drop: false }`
[INFO] running `Command { std: "docker" "rm" "-f" "919981eae091062e3c23b92135a1085baf0e92f85f723ede4ccb629141e03edf", kill_on_drop: false }`
[INFO] [stdout] 919981eae091062e3c23b92135a1085baf0e92f85f723ede4ccb629141e03edf
[INFO] running `Command { std: "docker" "create" "-v" "/var/lib/crater-agent-workspace/builds/worker-3-tc2/target:/opt/rustwide/target:rw,Z" "-v" "/var/lib/crater-agent-workspace/builds/worker-3-tc2/source:/opt/rustwide/workdir:ro,Z" "-v" "/var/lib/crater-agent-workspace/cargo-home:/opt/rustwide/cargo-home:ro,Z" "-v" "/var/lib/crater-agent-workspace/rustup-home:/opt/rustwide/rustup-home:ro,Z" "-e" "SOURCE_DIR=/opt/rustwide/workdir" "-e" "CARGO_TARGET_DIR=/opt/rustwide/target" "-e" "CARGO_INCREMENTAL=0" "-e" "RUST_BACKTRACE=full" "-e" "RUSTFLAGS=--cap-lints=forbid -Dunexpected_cfgs" "-e" "RUSTDOCFLAGS=--cap-lints=forbid" "-e" "CARGO_HOME=/opt/rustwide/cargo-home" "-e" "RUSTUP_HOME=/opt/rustwide/rustup-home" "-w" "/opt/rustwide/workdir" "-m" "1610612736" "--user" "0:0" "--network" "none" "ghcr.io/rust-lang/crates-build-env/linux@sha256:2788e3201cd34a07e3172128adcd8b3090168a8e3bcc40d7c032b9dda1df7d1c" "/opt/rustwide/cargo-home/bin/cargo" "+nightly-2024-02-05" "check" "--frozen" "--all" "--all-targets" "--message-format=json" "-Zcheck-cfg", kill_on_drop: false }`
[INFO] [stdout] be73c4344c573ebc6b57b8bcd88728b6964ad7f5fc980308c4a76137cfa7381c
[INFO] running `Command { std: "docker" "start" "-a" "be73c4344c573ebc6b57b8bcd88728b6964ad7f5fc980308c4a76137cfa7381c", kill_on_drop: false }`
[INFO] [stderr]    Compiling libc v0.2.139
[INFO] [stderr]    Compiling proc-macro2 v1.0.50
[INFO] [stderr]    Compiling syn v1.0.109
[INFO] [stderr]    Compiling memchr v2.5.0
[INFO] [stderr]     Checking once_cell v1.17.1
[INFO] [stderr]    Compiling cfg-if v1.0.0
[INFO] [stderr]    Compiling indexmap v1.9.2
[INFO] [stderr]    Compiling libm v0.2.6
[INFO] [stderr]    Compiling num-traits v0.2.15
[INFO] [stderr]     Checking smallvec v1.10.0
[INFO] [stderr]    Compiling futures-core v0.3.26
[INFO] [stderr]     Checking itoa v1.0.5
[INFO] [stderr]    Compiling num-integer v0.1.45
[INFO] [stdout] error[E0422]: cannot find struct, variant or union type `LineColumn` in crate `proc_macro`
[INFO] [stdout]    --> /opt/rustwide/cargo-home/registry/src/index.crates.io-6f17d22bba15001f/proc-macro2-1.0.50/src/wrapper.rs:475:33
[INFO] [stdout]     |
[INFO] [stdout] 475 |                 let proc_macro::LineColumn { line, column } = s.start();
[INFO] [stdout]     |                                 ^^^^^^^^^^ not found in `proc_macro`
[INFO] [stdout]     |
[INFO] [stdout] help: consider importing this struct through its public re-export
[INFO] [stdout]     |
[INFO] [stdout] 1   + use crate::LineColumn;
[INFO] [stdout]     |
[INFO] [stdout] help: if you import `LineColumn`, refer to it directly
[INFO] [stdout]     |
[INFO] [stdout] 475 -                 let proc_macro::LineColumn { line, column } = s.start();
[INFO] [stdout] 475 +                 let LineColumn { line, column } = s.start();
[INFO] [stdout]     |
[INFO] [stdout] 
[INFO] [stdout] 
[INFO] [stdout] error[E0422]: cannot find struct, variant or union type `LineColumn` in crate `proc_macro`
[INFO] [stdout]    --> /opt/rustwide/cargo-home/registry/src/index.crates.io-6f17d22bba15001f/proc-macro2-1.0.50/src/wrapper.rs:489:33
[INFO] [stdout]     |
[INFO] [stdout] 489 |                 let proc_macro::LineColumn { line, column } = s.end();
[INFO] [stdout]     |                                 ^^^^^^^^^^ not found in `proc_macro`
[INFO] [stdout]     |
[INFO] [stdout] help: consider importing this struct through its public re-export
[INFO] [stdout]     |
[INFO] [stdout] 1   + use crate::LineColumn;
[INFO] [stdout]     |
[INFO] [stdout] help: if you import `LineColumn`, refer to it directly
[INFO] [stdout]     |
[INFO] [stdout] 489 -                 let proc_macro::LineColumn { line, column } = s.end();
[INFO] [stdout] 489 +                 let LineColumn { line, column } = s.end();
[INFO] [stdout]     |
[INFO] [stdout] 
[INFO] [stdout] 
[INFO] [stderr]    Compiling heck v0.4.1
[INFO] [stdout] error[E0635]: unknown feature `proc_macro_span_shrink`
[INFO] [stdout]   --> /opt/rustwide/cargo-home/registry/src/index.crates.io-6f17d22bba15001f/proc-macro2-1.0.50/src/lib.rs:92:30
[INFO] [stdout]    |
[INFO] [stdout] 92 |     feature(proc_macro_span, proc_macro_span_shrink)
[INFO] [stdout]    |                              ^^^^^^^^^^^^^^^^^^^^^^
[INFO] [stdout] 
[INFO] [stdout] 
[INFO] [stderr]    Compiling serde_derive v1.0.152
[INFO] [stdout] error: aborting due to 3 previous errors
[INFO] [stdout] 
[INFO] [stdout] 
[INFO] [stdout] Some errors have detailed explanations: E0422, E0635.
[INFO] [stdout] 
[INFO] [stdout] For more information about an error, try `rustc --explain E0422`.
[INFO] [stdout] 
[INFO] [stderr] error: could not compile `proc-macro2` (lib) due to 4 previous errors
[INFO] [stderr] warning: build failed, waiting for other jobs to finish...
[INFO] running `Command { std: "docker" "inspect" "be73c4344c573ebc6b57b8bcd88728b6964ad7f5fc980308c4a76137cfa7381c", kill_on_drop: false }`
[INFO] running `Command { std: "docker" "rm" "-f" "be73c4344c573ebc6b57b8bcd88728b6964ad7f5fc980308c4a76137cfa7381c", kill_on_drop: false }`
[INFO] [stdout] be73c4344c573ebc6b57b8bcd88728b6964ad7f5fc980308c4a76137cfa7381c
