[INFO] fetching crate backup_lib 0.1.8...
[INFO] checking backup_lib-0.1.8 against nightly-2024-02-05 for check-cfg
[INFO] extracting crate backup_lib 0.1.8 into /workspace/builds/worker-1-tc1/source
[INFO] validating manifest of crates.io crate backup_lib 0.1.8 on toolchain nightly-2024-02-05
[INFO] running `Command { std: CARGO_HOME="/workspace/cargo-home" RUSTUP_HOME="/workspace/rustup-home" "/workspace/cargo-home/bin/cargo" "+nightly-2024-02-05" "metadata" "--manifest-path" "Cargo.toml" "--no-deps", kill_on_drop: false }`
[INFO] started tweaking crates.io crate backup_lib 0.1.8
[INFO] finished tweaking crates.io crate backup_lib 0.1.8
[INFO] tweaked toml for crates.io crate backup_lib 0.1.8 written to /workspace/builds/worker-1-tc1/source/Cargo.toml
[INFO] running `Command { std: CARGO_HOME="/workspace/cargo-home" RUSTUP_HOME="/workspace/rustup-home" "/workspace/cargo-home/bin/cargo" "+nightly-2024-02-05" "generate-lockfile" "--manifest-path" "Cargo.toml", kill_on_drop: false }`
[INFO] [stderr]     Updating crates.io index
[INFO] running `Command { std: CARGO_HOME="/workspace/cargo-home" RUSTUP_HOME="/workspace/rustup-home" "/workspace/cargo-home/bin/cargo" "+nightly-2024-02-05" "fetch" "--manifest-path" "Cargo.toml", kill_on_drop: false }`
[INFO] [stderr]  Downloading crates ...
[INFO] [stderr]   Downloaded leb128 v0.2.5
[INFO] [stderr]   Downloaded logos v0.12.1
[INFO] [stderr]   Downloaded logos-derive v0.12.1
[INFO] [stderr]   Downloaded candid_derive v0.5.0
[INFO] [stderr]   Downloaded ic-cdk v0.7.4
[INFO] [stderr]   Downloaded ic0 v0.18.11
[INFO] [stderr]   Downloaded binread v2.2.0
[INFO] [stderr]   Downloaded pretty v0.10.0
[INFO] [stderr]   Downloaded candid v0.8.4
[INFO] [stderr]   Downloaded ic-cdk-macros v0.6.10
[INFO] [stderr]   Downloaded binread_derive v2.1.0
[INFO] [stderr]   Downloaded serde_tokenstream v0.1.7
[INFO] running `Command { std: "docker" "create" "-v" "/var/lib/crater-agent-workspace/builds/worker-1-tc1/target:/opt/rustwide/target:rw,Z" "-v" "/var/lib/crater-agent-workspace/builds/worker-1-tc1/source:/opt/rustwide/workdir:ro,Z" "-v" "/var/lib/crater-agent-workspace/cargo-home:/opt/rustwide/cargo-home:ro,Z" "-v" "/var/lib/crater-agent-workspace/rustup-home:/opt/rustwide/rustup-home:ro,Z" "-e" "SOURCE_DIR=/opt/rustwide/workdir" "-e" "CARGO_TARGET_DIR=/opt/rustwide/target" "-e" "CARGO_HOME=/opt/rustwide/cargo-home" "-e" "RUSTUP_HOME=/opt/rustwide/rustup-home" "-w" "/opt/rustwide/workdir" "-m" "1610612736" "--user" "0:0" "--network" "none" "ghcr.io/rust-lang/crates-build-env/linux@sha256:2788e3201cd34a07e3172128adcd8b3090168a8e3bcc40d7c032b9dda1df7d1c" "/opt/rustwide/cargo-home/bin/cargo" "+nightly-2024-02-05" "metadata" "--no-deps" "--format-version=1", kill_on_drop: false }`
[INFO] [stdout] d1ca9e7f325c95d201c6b3d55b8a255239177e2125f6e8f3879372c5b2bc43f6
[INFO] running `Command { std: "docker" "start" "-a" "d1ca9e7f325c95d201c6b3d55b8a255239177e2125f6e8f3879372c5b2bc43f6", kill_on_drop: false }`
[INFO] running `Command { std: "docker" "inspect" "d1ca9e7f325c95d201c6b3d55b8a255239177e2125f6e8f3879372c5b2bc43f6", kill_on_drop: false }`
[INFO] running `Command { std: "docker" "rm" "-f" "d1ca9e7f325c95d201c6b3d55b8a255239177e2125f6e8f3879372c5b2bc43f6", kill_on_drop: false }`
[INFO] [stdout] d1ca9e7f325c95d201c6b3d55b8a255239177e2125f6e8f3879372c5b2bc43f6
[INFO] running `Command { std: "docker" "create" "-v" "/var/lib/crater-agent-workspace/builds/worker-1-tc1/target:/opt/rustwide/target:rw,Z" "-v" "/var/lib/crater-agent-workspace/builds/worker-1-tc1/source:/opt/rustwide/workdir:ro,Z" "-v" "/var/lib/crater-agent-workspace/cargo-home:/opt/rustwide/cargo-home:ro,Z" "-v" "/var/lib/crater-agent-workspace/rustup-home:/opt/rustwide/rustup-home:ro,Z" "-e" "SOURCE_DIR=/opt/rustwide/workdir" "-e" "CARGO_TARGET_DIR=/opt/rustwide/target" "-e" "CARGO_INCREMENTAL=0" "-e" "RUST_BACKTRACE=full" "-e" "RUSTFLAGS=--cap-lints=forbid" "-e" "RUSTDOCFLAGS=--cap-lints=forbid" "-e" "CARGO_HOME=/opt/rustwide/cargo-home" "-e" "RUSTUP_HOME=/opt/rustwide/rustup-home" "-w" "/opt/rustwide/workdir" "-m" "1610612736" "--user" "0:0" "--network" "none" "ghcr.io/rust-lang/crates-build-env/linux@sha256:2788e3201cd34a07e3172128adcd8b3090168a8e3bcc40d7c032b9dda1df7d1c" "/opt/rustwide/cargo-home/bin/cargo" "+nightly-2024-02-05" "check" "--frozen" "--all" "--all-targets" "--message-format=json", kill_on_drop: false }`
[INFO] [stdout] ef43e19748fd27d4abf583db9c1d98d09d58e62af0eadb6831e1549d92b9f8c5
[INFO] running `Command { std: "docker" "start" "-a" "ef43e19748fd27d4abf583db9c1d98d09d58e62af0eadb6831e1549d92b9f8c5", kill_on_drop: false }`
[INFO] [stderr]    Compiling libc v0.2.153
[INFO] [stderr]    Compiling num-traits v0.2.17
[INFO] [stderr]    Compiling syn v2.0.48
[INFO] [stderr]    Compiling memchr v2.7.1
[INFO] [stderr]    Compiling lock_api v0.4.11
[INFO] [stderr]    Compiling parking_lot_core v0.9.9
[INFO] [stderr]    Compiling regex-syntax v0.6.29
[INFO] [stderr]    Compiling smallvec v1.13.1
[INFO] [stderr]    Compiling rustix v0.38.31
[INFO] [stderr]    Compiling num-integer v0.1.45
[INFO] [stderr]    Compiling rustversion v1.0.14
[INFO] [stderr]    Compiling itertools v0.10.5
[INFO] [stderr]    Compiling num-bigint v0.4.4
[INFO] [stderr]    Compiling aho-corasick v1.1.2
[INFO] [stderr]    Compiling fnv v1.0.7
[INFO] [stderr]    Compiling is-terminal v0.4.10
[INFO] [stderr]    Compiling beef v0.5.2
[INFO] [stderr]    Compiling num_enum_derive v0.5.11
[INFO] [stderr]    Compiling binread_derive v2.1.0
[INFO] [stderr]    Compiling dirs-sys-next v0.1.2
[INFO] [stderr]    Compiling regex-automata v0.4.5
[INFO] [stderr]    Compiling dirs-next v2.0.0
[INFO] [stderr]    Compiling term v0.7.0
[INFO] [stderr]    Compiling parking_lot v0.12.1
[INFO] [stderr]    Compiling ascii-canvas v3.0.0
[INFO] [stderr]    Compiling string_cache v0.8.7
[INFO] [stderr]    Compiling candid_derive v0.5.0
[INFO] [stderr]    Compiling logos-derive v0.12.1
[INFO] [stderr]    Compiling serde_derive v1.0.196
[INFO] [stderr]    Compiling thiserror-impl v1.0.56
[INFO] [stderr]    Compiling termcolor v1.4.1
[INFO] [stderr]    Compiling arrayvec v0.5.2
[INFO] [stderr]    Compiling unicode-width v0.1.11
[INFO] [stderr]    Compiling typed-arena v2.0.2
[INFO] [stderr]    Compiling codespan-reporting v0.11.1
[INFO] [stderr]    Compiling sha2 v0.10.8
[INFO] [stderr]    Compiling pretty v0.10.0
[INFO] [stderr]    Compiling regex v1.10.3
[INFO] [stderr]    Compiling binread v2.2.0
[INFO] [stderr]    Compiling num_enum v0.5.11
[INFO] [stderr]    Compiling anyhow v1.0.79
[INFO] [stderr]    Compiling lalrpop-util v0.19.12
[INFO] [stderr]    Compiling crc32fast v1.3.2
[INFO] [stderr]    Compiling lalrpop v0.19.12
[INFO] [stderr]    Compiling leb128 v0.2.5
[INFO] [stderr]    Compiling thiserror v1.0.56
[INFO] [stderr]    Compiling data-encoding v2.5.0
[INFO] [stderr]    Compiling logos v0.12.1
[INFO] [stderr]     Checking ic0 v0.18.11
[INFO] [stderr]    Compiling serde v1.0.196
[INFO] [stderr]     Checking serde_bytes v0.11.14
[INFO] [stderr]     Checking serde_json v1.0.113
[INFO] [stderr]    Compiling serde_tokenstream v0.1.7
[INFO] [stderr]    Compiling candid v0.8.4
[INFO] [stderr]    Compiling ic-cdk-macros v0.6.10
[INFO] [stderr]     Checking ic-cdk v0.7.4
[INFO] [stderr]     Checking backup_lib v0.1.8 (/opt/rustwide/workdir)
[INFO] [stdout] warning: variant `NOT_RUNNING` should have an upper camel case name
[INFO] [stdout]   --> src/backup_info.rs:33:3
[INFO] [stdout]    |
[INFO] [stdout] 33 |   NOT_RUNNING,
[INFO] [stdout]    |   ^^^^^^^^^^^ help: convert the identifier to upper camel case: `NotRunning`
[INFO] [stdout]    |
[INFO] [stdout]    = note: `#[warn(non_camel_case_types)]` on by default
[INFO] [stdout] 
[INFO] [stdout] 
[INFO] [stdout] warning: variant `NOT_RUNNING` should have an upper camel case name
[INFO] [stdout]   --> src/backup_info.rs:33:3
[INFO] [stdout]    |
[INFO] [stdout] 33 |   NOT_RUNNING,
[INFO] [stdout]    |   ^^^^^^^^^^^ help: convert the identifier to upper camel case: `NotRunning`
[INFO] [stdout]    |
[INFO] [stdout]    = note: `#[warn(non_camel_case_types)]` on by default
[INFO] [stdout] 
[INFO] [stdout] 
[INFO] [stdout] warning: 1 warning emitted
[INFO] [stdout] 
[INFO] [stdout] 
[INFO] [stdout] warning: 1 warning emitted
[INFO] [stdout] 
[INFO] [stdout] 
[INFO] [stdout] error[E0061]: this function takes 1 argument but 3 arguments were supplied
[INFO] [stdout]  --> tests/util_test.rs:8:14
[INFO] [stdout]   |
[INFO] [stdout] 8 |   let data = encode_vec::<i32>(&records, 0, 5);
[INFO] [stdout]   |              ^^^^^^^^^^^^^^^^^           -  - unexpected argument of type `{integer}`
[INFO] [stdout]   |                                          |
[INFO] [stdout]   |                                          unexpected argument of type `{integer}`
[INFO] [stdout]   |
[INFO] [stdout] note: function defined here
[INFO] [stdout]  --> /opt/rustwide/workdir/src/util.rs:4:8
[INFO] [stdout]   |
[INFO] [stdout] 4 | pub fn encode_vec<T: Clone + candid::CandidType + serde::de::DeserializeOwned>(data: &[T]) -> Vec<u8> {
[INFO] [stdout]   |        ^^^^^^^^^^
[INFO] [stdout] help: remove the extra arguments
[INFO] [stdout]   |
[INFO] [stdout] 8 -   let data = encode_vec::<i32>(&records, 0, 5);
[INFO] [stdout] 8 +   let data = encode_vec::<i32>(&records);
[INFO] [stdout]   |
[INFO] [stdout] 
[INFO] [stdout] 
[INFO] [stdout] error[E0061]: this function takes 1 argument but 3 arguments were supplied
[INFO] [stdout]   --> tests/util_test.rs:22:14
[INFO] [stdout]    |
[INFO] [stdout] 22 |   let data = encode_vec::<String>(&records, 1, 3);
[INFO] [stdout]    |              ^^^^^^^^^^^^^^^^^^^^           -  - unexpected argument of type `{integer}`
[INFO] [stdout]    |                                             |
[INFO] [stdout]    |                                             unexpected argument of type `{integer}`
[INFO] [stdout]    |
[INFO] [stdout] note: function defined here
[INFO] [stdout]   --> /opt/rustwide/workdir/src/util.rs:4:8
[INFO] [stdout]    |
[INFO] [stdout] 4  | pub fn encode_vec<T: Clone + candid::CandidType + serde::de::DeserializeOwned>(data: &[T]) -> Vec<u8> {
[INFO] [stdout]    |        ^^^^^^^^^^
[INFO] [stdout] help: remove the extra arguments
[INFO] [stdout]    |
[INFO] [stdout] 22 -   let data = encode_vec::<String>(&records, 1, 3);
[INFO] [stdout] 22 +   let data = encode_vec::<String>(&records);
[INFO] [stdout]    |
[INFO] [stdout] 
[INFO] [stdout] 
[INFO] [stdout] error: aborting due to 2 previous errors
[INFO] [stdout] 
[INFO] [stdout] 
[INFO] [stdout] For more information about this error, try `rustc --explain E0061`.
[INFO] [stdout] 
[INFO] [stderr] error: could not compile `backup_lib` (test "util_test") due to 3 previous errors
[INFO] running `Command { std: "docker" "inspect" "ef43e19748fd27d4abf583db9c1d98d09d58e62af0eadb6831e1549d92b9f8c5", kill_on_drop: false }`
[INFO] running `Command { std: "docker" "rm" "-f" "ef43e19748fd27d4abf583db9c1d98d09d58e62af0eadb6831e1549d92b9f8c5", kill_on_drop: false }`
[INFO] [stdout] ef43e19748fd27d4abf583db9c1d98d09d58e62af0eadb6831e1549d92b9f8c5
[INFO] checking backup_lib-0.1.8 against nightly-2024-02-05+rustflags=-Dunexpected_cfgs+cargoflags=-Zcheck-cfg for check-cfg
[INFO] extracting crate backup_lib 0.1.8 into /workspace/builds/worker-1-tc2/source
[INFO] validating manifest of crates.io crate backup_lib 0.1.8 on toolchain nightly-2024-02-05
[INFO] running `Command { std: CARGO_HOME="/workspace/cargo-home" RUSTUP_HOME="/workspace/rustup-home" "/workspace/cargo-home/bin/cargo" "+nightly-2024-02-05" "metadata" "--manifest-path" "Cargo.toml" "--no-deps", kill_on_drop: false }`
[INFO] started tweaking crates.io crate backup_lib 0.1.8
[INFO] finished tweaking crates.io crate backup_lib 0.1.8
[INFO] tweaked toml for crates.io crate backup_lib 0.1.8 written to /workspace/builds/worker-1-tc2/source/Cargo.toml
[INFO] running `Command { std: CARGO_HOME="/workspace/cargo-home" RUSTUP_HOME="/workspace/rustup-home" "/workspace/cargo-home/bin/cargo" "+nightly-2024-02-05" "generate-lockfile" "--manifest-path" "Cargo.toml", kill_on_drop: false }`
[INFO] [stderr]     Updating crates.io index
[INFO] running `Command { std: CARGO_HOME="/workspace/cargo-home" RUSTUP_HOME="/workspace/rustup-home" "/workspace/cargo-home/bin/cargo" "+nightly-2024-02-05" "fetch" "--manifest-path" "Cargo.toml", kill_on_drop: false }`
[INFO] running `Command { std: "docker" "create" "-v" "/var/lib/crater-agent-workspace/builds/worker-1-tc2/target:/opt/rustwide/target:rw,Z" "-v" "/var/lib/crater-agent-workspace/builds/worker-1-tc2/source:/opt/rustwide/workdir:ro,Z" "-v" "/var/lib/crater-agent-workspace/cargo-home:/opt/rustwide/cargo-home:ro,Z" "-v" "/var/lib/crater-agent-workspace/rustup-home:/opt/rustwide/rustup-home:ro,Z" "-e" "SOURCE_DIR=/opt/rustwide/workdir" "-e" "CARGO_TARGET_DIR=/opt/rustwide/target" "-e" "CARGO_HOME=/opt/rustwide/cargo-home" "-e" "RUSTUP_HOME=/opt/rustwide/rustup-home" "-w" "/opt/rustwide/workdir" "-m" "1610612736" "--user" "0:0" "--network" "none" "ghcr.io/rust-lang/crates-build-env/linux@sha256:2788e3201cd34a07e3172128adcd8b3090168a8e3bcc40d7c032b9dda1df7d1c" "/opt/rustwide/cargo-home/bin/cargo" "+nightly-2024-02-05" "metadata" "--no-deps" "--format-version=1", kill_on_drop: false }`
[INFO] [stdout] 87263203a6d2f005d3c0a38b7f9fb5656898fa53edf85fd7d84cb4b6dd9a88e0
[INFO] running `Command { std: "docker" "start" "-a" "87263203a6d2f005d3c0a38b7f9fb5656898fa53edf85fd7d84cb4b6dd9a88e0", kill_on_drop: false }`
[INFO] running `Command { std: "docker" "inspect" "87263203a6d2f005d3c0a38b7f9fb5656898fa53edf85fd7d84cb4b6dd9a88e0", kill_on_drop: false }`
[INFO] running `Command { std: "docker" "rm" "-f" "87263203a6d2f005d3c0a38b7f9fb5656898fa53edf85fd7d84cb4b6dd9a88e0", kill_on_drop: false }`
[INFO] [stdout] 87263203a6d2f005d3c0a38b7f9fb5656898fa53edf85fd7d84cb4b6dd9a88e0
[INFO] running `Command { std: "docker" "create" "-v" "/var/lib/crater-agent-workspace/builds/worker-1-tc2/target:/opt/rustwide/target:rw,Z" "-v" "/var/lib/crater-agent-workspace/builds/worker-1-tc2/source:/opt/rustwide/workdir:ro,Z" "-v" "/var/lib/crater-agent-workspace/cargo-home:/opt/rustwide/cargo-home:ro,Z" "-v" "/var/lib/crater-agent-workspace/rustup-home:/opt/rustwide/rustup-home:ro,Z" "-e" "SOURCE_DIR=/opt/rustwide/workdir" "-e" "CARGO_TARGET_DIR=/opt/rustwide/target" "-e" "CARGO_INCREMENTAL=0" "-e" "RUST_BACKTRACE=full" "-e" "RUSTFLAGS=--cap-lints=forbid -Dunexpected_cfgs" "-e" "RUSTDOCFLAGS=--cap-lints=forbid" "-e" "CARGO_HOME=/opt/rustwide/cargo-home" "-e" "RUSTUP_HOME=/opt/rustwide/rustup-home" "-w" "/opt/rustwide/workdir" "-m" "1610612736" "--user" "0:0" "--network" "none" "ghcr.io/rust-lang/crates-build-env/linux@sha256:2788e3201cd34a07e3172128adcd8b3090168a8e3bcc40d7c032b9dda1df7d1c" "/opt/rustwide/cargo-home/bin/cargo" "+nightly-2024-02-05" "check" "--frozen" "--all" "--all-targets" "--message-format=json" "-Zcheck-cfg", kill_on_drop: false }`
[INFO] [stdout] 5cc717c8829ab67ba1c1b2f6ca9c73a3db1760f9136c667bfbc481d00c3cbd5b
[INFO] running `Command { std: "docker" "start" "-a" "5cc717c8829ab67ba1c1b2f6ca9c73a3db1760f9136c667bfbc481d00c3cbd5b", kill_on_drop: false }`
[INFO] [stderr]    Compiling libc v0.2.153
[INFO] [stderr]    Compiling num-traits v0.2.17
[INFO] [stderr]    Compiling syn v2.0.48
[INFO] [stderr]    Compiling memchr v2.7.1
[INFO] [stderr]    Compiling lock_api v0.4.11
[INFO] [stderr]    Compiling parking_lot_core v0.9.9
[INFO] [stderr]    Compiling smallvec v1.13.1
[INFO] [stderr]    Compiling regex-syntax v0.6.29
[INFO] [stderr]    Compiling rustix v0.38.31
[INFO] [stderr]    Compiling num-integer v0.1.45
[INFO] [stderr]    Compiling rustversion v1.0.14
[INFO] [stderr]    Compiling itertools v0.10.5
[INFO] [stderr]    Compiling aho-corasick v1.1.2
[INFO] [stderr]    Compiling num-bigint v0.4.4
[INFO] [stderr]    Compiling is-terminal v0.4.10
[INFO] [stderr]    Compiling fnv v1.0.7
[INFO] [stderr]    Compiling beef v0.5.2
[INFO] [stderr]    Compiling num_enum_derive v0.5.11
[INFO] [stderr]    Compiling binread_derive v2.1.0
[INFO] [stderr]    Compiling dirs-sys-next v0.1.2
[INFO] [stderr]    Compiling regex-automata v0.4.5
[INFO] [stderr]    Compiling dirs-next v2.0.0
[INFO] [stderr]    Compiling parking_lot v0.12.1
[INFO] [stderr]    Compiling term v0.7.0
[INFO] [stderr]    Compiling ascii-canvas v3.0.0
[INFO] [stderr]    Compiling string_cache v0.8.7
[INFO] [stderr]    Compiling logos-derive v0.12.1
[INFO] [stderr]    Compiling candid_derive v0.5.0
[INFO] [stderr]    Compiling arrayvec v0.5.2
[INFO] [stderr]    Compiling serde_derive v1.0.196
[INFO] [stderr]    Compiling thiserror-impl v1.0.56
[INFO] [stderr]    Compiling unicode-width v0.1.11
[INFO] [stderr]    Compiling termcolor v1.4.1
[INFO] [stderr]    Compiling typed-arena v2.0.2
[INFO] [stderr]    Compiling pretty v0.10.0
[INFO] [stderr]    Compiling codespan-reporting v0.11.1
[INFO] [stderr]    Compiling sha2 v0.10.8
[INFO] [stderr]    Compiling regex v1.10.3
[INFO] [stderr]    Compiling binread v2.2.0
[INFO] [stderr]    Compiling lalrpop-util v0.19.12
[INFO] [stderr]    Compiling num_enum v0.5.11
[INFO] [stderr]    Compiling crc32fast v1.3.2
[INFO] [stderr]    Compiling anyhow v1.0.79
[INFO] [stderr]    Compiling lalrpop v0.19.12
[INFO] [stderr]    Compiling data-encoding v2.5.0
[INFO] [stderr]    Compiling thiserror v1.0.56
[INFO] [stderr]    Compiling leb128 v0.2.5
[INFO] [stderr]    Compiling logos v0.12.1
[INFO] [stderr]     Checking ic0 v0.18.11
[INFO] [stderr]    Compiling serde v1.0.196
[INFO] [stderr]     Checking serde_bytes v0.11.14
[INFO] [stderr]     Checking serde_json v1.0.113
[INFO] [stderr]    Compiling serde_tokenstream v0.1.7
[INFO] [stderr]    Compiling candid v0.8.4
[INFO] [stderr]    Compiling ic-cdk-macros v0.6.10
[INFO] [stderr]     Checking ic-cdk v0.7.4
[INFO] [stderr]     Checking backup_lib v0.1.8 (/opt/rustwide/workdir)
[INFO] [stdout] warning: variant `NOT_RUNNING` should have an upper camel case name
[INFO] [stdout]   --> src/backup_info.rs:33:3
[INFO] [stdout]    |
[INFO] [stdout] 33 |   NOT_RUNNING,
[INFO] [stdout]    |   ^^^^^^^^^^^ help: convert the identifier to upper camel case: `NotRunning`
[INFO] [stdout]    |
[INFO] [stdout]    = note: `#[warn(non_camel_case_types)]` on by default
[INFO] [stdout] 
[INFO] [stdout] 
[INFO] [stdout] warning: variant `NOT_RUNNING` should have an upper camel case name
[INFO] [stdout]   --> src/backup_info.rs:33:3
[INFO] [stdout]    |
[INFO] [stdout] 33 |   NOT_RUNNING,
[INFO] [stdout]    |   ^^^^^^^^^^^ help: convert the identifier to upper camel case: `NotRunning`
[INFO] [stdout]    |
[INFO] [stdout]    = note: `#[warn(non_camel_case_types)]` on by default
[INFO] [stdout] 
[INFO] [stdout] 
[INFO] [stdout] warning: 1 warning emitted
[INFO] [stdout] 
[INFO] [stdout] 
[INFO] [stdout] warning: 1 warning emitted
[INFO] [stdout] 
[INFO] [stdout] 
[INFO] [stdout] error[E0061]: this function takes 1 argument but 3 arguments were supplied
[INFO] [stdout]  --> tests/util_test.rs:8:14
[INFO] [stdout]   |
[INFO] [stdout] 8 |   let data = encode_vec::<i32>(&records, 0, 5);
[INFO] [stdout]   |              ^^^^^^^^^^^^^^^^^           -  - unexpected argument of type `{integer}`
[INFO] [stdout]   |                                          |
[INFO] [stdout]   |                                          unexpected argument of type `{integer}`
[INFO] [stdout]   |
[INFO] [stdout] note: function defined here
[INFO] [stdout]  --> /opt/rustwide/workdir/src/util.rs:4:8
[INFO] [stdout]   |
[INFO] [stdout] 4 | pub fn encode_vec<T: Clone + candid::CandidType + serde::de::DeserializeOwned>(data: &[T]) -> Vec<u8> {
[INFO] [stdout]   |        ^^^^^^^^^^
[INFO] [stdout] help: remove the extra arguments
[INFO] [stdout]   |
[INFO] [stdout] 8 -   let data = encode_vec::<i32>(&records, 0, 5);
[INFO] [stdout] 8 +   let data = encode_vec::<i32>(&records);
[INFO] [stdout]   |
[INFO] [stdout] 
[INFO] [stdout] 
[INFO] [stdout] error[E0061]: this function takes 1 argument but 3 arguments were supplied
[INFO] [stdout]   --> tests/util_test.rs:22:14
[INFO] [stdout]    |
[INFO] [stdout] 22 |   let data = encode_vec::<String>(&records, 1, 3);
[INFO] [stdout]    |              ^^^^^^^^^^^^^^^^^^^^           -  - unexpected argument of type `{integer}`
[INFO] [stdout]    |                                             |
[INFO] [stdout]    |                                             unexpected argument of type `{integer}`
[INFO] [stdout]    |
[INFO] [stdout] note: function defined here
[INFO] [stdout]   --> /opt/rustwide/workdir/src/util.rs:4:8
[INFO] [stdout]    |
[INFO] [stdout] 4  | pub fn encode_vec<T: Clone + candid::CandidType + serde::de::DeserializeOwned>(data: &[T]) -> Vec<u8> {
[INFO] [stdout]    |        ^^^^^^^^^^
[INFO] [stdout] help: remove the extra arguments
[INFO] [stdout]    |
[INFO] [stdout] 22 -   let data = encode_vec::<String>(&records, 1, 3);
[INFO] [stdout] 22 +   let data = encode_vec::<String>(&records);
[INFO] [stdout]    |
[INFO] [stdout] 
[INFO] [stdout] 
[INFO] [stdout] error: aborting due to 2 previous errors
[INFO] [stdout] 
[INFO] [stdout] 
[INFO] [stdout] For more information about this error, try `rustc --explain E0061`.
[INFO] [stdout] 
[INFO] [stderr] error: could not compile `backup_lib` (test "util_test") due to 3 previous errors
[INFO] running `Command { std: "docker" "inspect" "5cc717c8829ab67ba1c1b2f6ca9c73a3db1760f9136c667bfbc481d00c3cbd5b", kill_on_drop: false }`
[INFO] running `Command { std: "docker" "rm" "-f" "5cc717c8829ab67ba1c1b2f6ca9c73a3db1760f9136c667bfbc481d00c3cbd5b", kill_on_drop: false }`
[INFO] [stdout] 5cc717c8829ab67ba1c1b2f6ca9c73a3db1760f9136c667bfbc481d00c3cbd5b
