[INFO] fetching crate azure_data_cosmos 0.17.0...
[INFO] checking azure_data_cosmos-0.17.0 against nightly-2024-02-05 for check-cfg
[INFO] extracting crate azure_data_cosmos 0.17.0 into /workspace/builds/worker-4-tc1/source
[INFO] validating manifest of crates.io crate azure_data_cosmos 0.17.0 on toolchain nightly-2024-02-05
[INFO] running `Command { std: CARGO_HOME="/workspace/cargo-home" RUSTUP_HOME="/workspace/rustup-home" "/workspace/cargo-home/bin/cargo" "+nightly-2024-02-05" "metadata" "--manifest-path" "Cargo.toml" "--no-deps", kill_on_drop: false }`
[INFO] started tweaking crates.io crate azure_data_cosmos 0.17.0
[INFO] finished tweaking crates.io crate azure_data_cosmos 0.17.0
[INFO] tweaked toml for crates.io crate azure_data_cosmos 0.17.0 written to /workspace/builds/worker-4-tc1/source/Cargo.toml
[INFO] crate crates.io crate azure_data_cosmos 0.17.0 already has a lockfile, it will not be regenerated
[INFO] running `Command { std: CARGO_HOME="/workspace/cargo-home" RUSTUP_HOME="/workspace/rustup-home" "/workspace/cargo-home/bin/cargo" "+nightly-2024-02-05" "fetch" "--manifest-path" "Cargo.toml", kill_on_drop: false }`
[INFO] [stderr]     Updating crates.io index
[INFO] [stderr]  Downloading crates ...
[INFO] [stderr]   Downloaded time-macros v0.2.15
[INFO] [stderr]   Downloaded env_logger v0.10.0
[INFO] [stderr]   Downloaded cpufeatures v0.2.10
[INFO] [stderr]   Downloaded rustls-pemfile v1.0.3
[INFO] [stderr]   Downloaded clap_derive v4.4.2
[INFO] [stderr]   Downloaded uuid v1.5.0
[INFO] [stderr]   Downloaded infer v0.2.3
[INFO] [stderr]   Downloaded errno v0.3.5
[INFO] [stderr]   Downloaded azure_core v0.17.0
[INFO] [stderr]   Downloaded rustls-webpki v0.101.6
[INFO] [stderr]   Downloaded rustix v0.38.20
[INFO] [stderr]   Downloaded http-types v2.12.0
[INFO] [stderr]   Downloaded linux-raw-sys v0.4.10
[INFO] [stderr]   Downloaded clap_builder v4.4.6
[INFO] [stderr]   Downloaded time v0.3.30
[INFO] [stderr]   Downloaded wasm-streams v0.3.0
[INFO] [stderr]   Downloaded stop-token v0.7.0
[INFO] [stderr]   Downloaded serde_qs v0.8.5
[INFO] [stderr]   Downloaded clap v4.4.6
[INFO] [stderr]   Downloaded termcolor v1.3.0
[INFO] [stderr]   Downloaded concurrent-queue v2.3.0
[INFO] [stderr]   Downloaded deranged v0.3.9
[INFO] [stderr]   Downloaded hyper-rustls v0.24.1
[INFO] [stderr]   Downloaded clap_lex v0.5.1
[INFO] running `Command { std: "docker" "create" "-v" "/var/lib/crater-agent-workspace/builds/worker-4-tc1/target:/opt/rustwide/target:rw,Z" "-v" "/var/lib/crater-agent-workspace/builds/worker-4-tc1/source:/opt/rustwide/workdir:ro,Z" "-v" "/var/lib/crater-agent-workspace/cargo-home:/opt/rustwide/cargo-home:ro,Z" "-v" "/var/lib/crater-agent-workspace/rustup-home:/opt/rustwide/rustup-home:ro,Z" "-e" "SOURCE_DIR=/opt/rustwide/workdir" "-e" "CARGO_TARGET_DIR=/opt/rustwide/target" "-e" "CARGO_HOME=/opt/rustwide/cargo-home" "-e" "RUSTUP_HOME=/opt/rustwide/rustup-home" "-w" "/opt/rustwide/workdir" "-m" "1610612736" "--user" "0:0" "--network" "none" "ghcr.io/rust-lang/crates-build-env/linux@sha256:2788e3201cd34a07e3172128adcd8b3090168a8e3bcc40d7c032b9dda1df7d1c" "/opt/rustwide/cargo-home/bin/cargo" "+nightly-2024-02-05" "metadata" "--no-deps" "--format-version=1", kill_on_drop: false }`
[INFO] [stdout] 2f79f0f1bec3e721814c07192e4936e6aa0dab9d56ade079cd2fd295aebc031a
[INFO] running `Command { std: "docker" "start" "-a" "2f79f0f1bec3e721814c07192e4936e6aa0dab9d56ade079cd2fd295aebc031a", kill_on_drop: false }`
[INFO] running `Command { std: "docker" "inspect" "2f79f0f1bec3e721814c07192e4936e6aa0dab9d56ade079cd2fd295aebc031a", kill_on_drop: false }`
[INFO] running `Command { std: "docker" "rm" "-f" "2f79f0f1bec3e721814c07192e4936e6aa0dab9d56ade079cd2fd295aebc031a", kill_on_drop: false }`
[INFO] [stdout] 2f79f0f1bec3e721814c07192e4936e6aa0dab9d56ade079cd2fd295aebc031a
[INFO] running `Command { std: "docker" "create" "-v" "/var/lib/crater-agent-workspace/builds/worker-4-tc1/target:/opt/rustwide/target:rw,Z" "-v" "/var/lib/crater-agent-workspace/builds/worker-4-tc1/source:/opt/rustwide/workdir:ro,Z" "-v" "/var/lib/crater-agent-workspace/cargo-home:/opt/rustwide/cargo-home:ro,Z" "-v" "/var/lib/crater-agent-workspace/rustup-home:/opt/rustwide/rustup-home:ro,Z" "-e" "SOURCE_DIR=/opt/rustwide/workdir" "-e" "CARGO_TARGET_DIR=/opt/rustwide/target" "-e" "CARGO_INCREMENTAL=0" "-e" "RUST_BACKTRACE=full" "-e" "RUSTFLAGS=--cap-lints=forbid" "-e" "RUSTDOCFLAGS=--cap-lints=forbid" "-e" "CARGO_HOME=/opt/rustwide/cargo-home" "-e" "RUSTUP_HOME=/opt/rustwide/rustup-home" "-w" "/opt/rustwide/workdir" "-m" "1610612736" "--user" "0:0" "--network" "none" "ghcr.io/rust-lang/crates-build-env/linux@sha256:2788e3201cd34a07e3172128adcd8b3090168a8e3bcc40d7c032b9dda1df7d1c" "/opt/rustwide/cargo-home/bin/cargo" "+nightly-2024-02-05" "check" "--frozen" "--all" "--all-targets" "--message-format=json", kill_on_drop: false }`
[INFO] [stdout] af4872ed1d493efb693d1d34c7949c8c981f301c712db00f53db1545a6bddbf1
[INFO] running `Command { std: "docker" "start" "-a" "af4872ed1d493efb693d1d34c7949c8c981f301c712db00f53db1545a6bddbf1", kill_on_drop: false }`
[INFO] [stderr]    Compiling proc-macro2 v1.0.69
[INFO] [stderr]    Compiling libc v0.2.149
[INFO] [stderr]    Compiling serde v1.0.189
[INFO] [stderr]    Compiling futures-task v0.3.28
[INFO] [stderr]     Checking futures-io v0.3.28
[INFO] [stderr]    Compiling futures-channel v0.3.28
[INFO] [stderr]    Compiling futures-util v0.3.28
[INFO] [stderr]     Checking tracing-core v0.1.32
[INFO] [stderr]    Compiling crossbeam-utils v0.8.16
[INFO] [stderr]    Compiling getrandom v0.1.16
[INFO] [stderr]    Compiling semver v1.0.20
[INFO] [stderr]    Compiling thiserror v1.0.50
[INFO] [stderr]     Checking event-listener v2.5.3
[INFO] [stderr]     Checking tracing v0.1.40
[INFO] [stderr]    Compiling serde_json v1.0.107
[INFO] [stderr]    Compiling anyhow v1.0.75
[INFO] [stderr]     Checking waker-fn v1.1.1
[INFO] [stderr]    Compiling quote v1.0.33
[INFO] [stderr]    Compiling http-types v2.12.0
[INFO] [stderr]     Checking concurrent-queue v2.3.0
[INFO] [stderr]    Compiling syn v2.0.38
[INFO] [stderr]    Compiling rustc_version v0.4.0
[INFO] [stderr]     Checking async-channel v1.9.0
[INFO] [stderr]    Compiling cc v1.0.83
[INFO] [stderr]     Checking mio v0.8.9
[INFO] [stderr]     Checking socket2 v0.5.5
[INFO] [stderr]     Checking num_cpus v1.16.0
[INFO] [stderr]     Checking getrandom v0.2.10
[INFO] [stderr]     Checking socket2 v0.4.10
[INFO] [stderr]     Checking rand_core v0.5.1
[INFO] [stderr]     Checking rand_core v0.6.4
[INFO] [stderr]    Compiling rustix v0.38.20
[INFO] [stderr]     Checking rand_chacha v0.2.2
[INFO] [stderr]     Checking fastrand v1.9.0
[INFO] [stderr]     Checking parking v2.2.0
[INFO] [stderr]     Checking utf8parse v0.2.1
[INFO] [stderr]     Checking rand_chacha v0.3.1
[INFO] [stderr]    Compiling azure_core v0.17.0
[INFO] [stderr]     Checking anstyle-parse v0.2.2
[INFO] [stderr]     Checking rand v0.7.3
[INFO] [stderr]     Checking futures-lite v1.13.0
[INFO] [stderr]    Compiling time-macros v0.2.15
[INFO] [stderr]     Checking aho-corasick v1.1.2
[INFO] [stderr]     Checking anstyle v1.0.4
[INFO] [stderr]     Checking anstyle-query v1.0.0
[INFO] [stderr]     Checking linux-raw-sys v0.4.10
[INFO] [stderr]     Checking infer v0.2.3
[INFO] [stderr]     Checking colorchoice v1.0.0
[INFO] [stderr]     Checking anstream v0.6.4
[INFO] [stderr]     Checking rand v0.8.5
[INFO] [stderr]     Checking uuid v1.5.0
[INFO] [stderr]    Compiling openssl-sys v0.9.93
[INFO] [stderr]     Checking cpufeatures v0.2.10
[INFO] [stderr]     Checking dyn-clone v1.0.14
[INFO] [stderr]     Checking clap_lex v0.5.1
[INFO] [stderr]     Checking sha2 v0.10.8
[INFO] [stderr]     Checking clap_builder v4.4.6
[INFO] [stderr]     Checking regex-automata v0.4.3
[INFO] [stderr]     Checking termcolor v1.3.0
[INFO] [stderr]     Checking is-terminal v0.4.9
[INFO] [stderr]    Compiling openssl v0.10.57
[INFO] [stderr]    Compiling native-tls v0.2.11
[INFO] [stderr]    Compiling serde_derive v1.0.189
[INFO] [stderr]    Compiling tokio-macros v2.1.0
[INFO] [stderr]    Compiling futures-macro v0.3.28
[INFO] [stderr]    Compiling openssl-macros v0.1.1
[INFO] [stderr]    Compiling thiserror-impl v1.0.50
[INFO] [stderr]    Compiling pin-project-internal v1.1.3
[INFO] [stderr]    Compiling async-trait v0.1.74
[INFO] [stderr]     Checking regex v1.10.2
[INFO] [stderr]    Compiling clap_derive v4.4.2
[INFO] [stderr]     Checking tokio v1.33.0
[INFO] [stderr]     Checking env_logger v0.10.0
[INFO] [stderr]     Checking pin-project v1.1.3
[INFO] [stderr]     Checking clap v4.4.6
[INFO] [stderr]     Checking futures-executor v0.3.28
[INFO] [stderr]     Checking futures v0.3.28
[INFO] [stderr]     Checking tokio-util v0.7.9
[INFO] [stderr]     Checking tokio-native-tls v0.3.1
[INFO] [stderr]     Checking stop-token v0.7.0
[INFO] [stderr]     Checking h2 v0.3.21
[INFO] [stderr]     Checking url v2.4.1
[INFO] [stderr]     Checking serde_urlencoded v0.7.1
[INFO] [stderr]     Checking deranged v0.3.9
[INFO] [stderr]     Checking serde_qs v0.8.5
[INFO] [stderr]     Checking time v0.3.30
[INFO] [stderr]     Checking hyper v0.14.27
[INFO] [stderr]     Checking hyper-tls v0.5.0
[INFO] [stderr]     Checking reqwest v0.11.22
[INFO] [stderr]     Checking azure_data_cosmos v0.17.0 (/opt/rustwide/workdir)
[INFO] [stdout] error[E0433]: failed to resolve: use of undeclared crate or module `mock_transport`
[INFO] [stdout]  --> tests/setup_mock.rs:6:39
[INFO] [stdout]   |
[INFO] [stdout] 6 |     let account_name = (std::env::var(mock_transport::TESTING_MODE_KEY).as_deref()
[INFO] [stdout]   |                                       ^^^^^^^^^^^^^^ use of undeclared crate or module `mock_transport`
[INFO] [stdout] 
[INFO] [stdout] 
[INFO] [stdout] error[E0433]: failed to resolve: use of undeclared crate or module `mock_transport`
[INFO] [stdout]  --> tests/setup_mock.rs:7:15
[INFO] [stdout]   |
[INFO] [stdout] 7 |         == Ok(mock_transport::TESTING_MODE_RECORD))
[INFO] [stdout]   |               ^^^^^^^^^^^^^^ use of undeclared crate or module `mock_transport`
[INFO] [stdout] 
[INFO] [stdout] 
[INFO] [stdout] error[E0433]: failed to resolve: use of undeclared crate or module `mock_transport`
[INFO] [stdout]   --> tests/setup_mock.rs:13:9
[INFO] [stdout]    |
[INFO] [stdout] 13 |         mock_transport::new_mock_transport(transaction_name.into()),
[INFO] [stdout]    |         ^^^^^^^^^^^^^^ use of undeclared crate or module `mock_transport`
[INFO] [stdout] 
[INFO] [stdout] 
[INFO] [stdout] error[E0433]: failed to resolve: use of undeclared crate or module `mock_transport`
[INFO] [stdout]   --> tests/setup_mock.rs:27:20
[INFO] [stdout]    |
[INFO] [stdout] 27 |     (std::env::var(mock_transport::TESTING_MODE_KEY).as_deref()
[INFO] [stdout]    |                    ^^^^^^^^^^^^^^ use of undeclared crate or module `mock_transport`
[INFO] [stdout] 
[INFO] [stdout] 
[INFO] [stdout] error[E0433]: failed to resolve: use of undeclared crate or module `mock_transport`
[INFO] [stdout]   --> tests/setup_mock.rs:28:15
[INFO] [stdout]    |
[INFO] [stdout] 28 |         == Ok(mock_transport::TESTING_MODE_RECORD))
[INFO] [stdout]    |               ^^^^^^^^^^^^^^ use of undeclared crate or module `mock_transport`
[INFO] [stdout] 
[INFO] [stdout] 
[INFO] [stdout] error: aborting due to 5 previous errors
[INFO] [stdout] 
[INFO] [stdout] 
[INFO] [stdout] For more information about this error, try `rustc --explain E0433`.
[INFO] [stdout] 
[INFO] [stderr] error: could not compile `azure_data_cosmos` (test "user_operations") due to 6 previous errors
[INFO] [stderr] warning: build failed, waiting for other jobs to finish...
[INFO] running `Command { std: "docker" "inspect" "af4872ed1d493efb693d1d34c7949c8c981f301c712db00f53db1545a6bddbf1", kill_on_drop: false }`
[INFO] running `Command { std: "docker" "rm" "-f" "af4872ed1d493efb693d1d34c7949c8c981f301c712db00f53db1545a6bddbf1", kill_on_drop: false }`
[INFO] [stdout] af4872ed1d493efb693d1d34c7949c8c981f301c712db00f53db1545a6bddbf1
[INFO] checking azure_data_cosmos-0.17.0 against nightly-2024-02-05+rustflags=-Dunexpected_cfgs+cargoflags=-Zcheck-cfg for check-cfg
[INFO] extracting crate azure_data_cosmos 0.17.0 into /workspace/builds/worker-4-tc2/source
[INFO] validating manifest of crates.io crate azure_data_cosmos 0.17.0 on toolchain nightly-2024-02-05
[INFO] running `Command { std: CARGO_HOME="/workspace/cargo-home" RUSTUP_HOME="/workspace/rustup-home" "/workspace/cargo-home/bin/cargo" "+nightly-2024-02-05" "metadata" "--manifest-path" "Cargo.toml" "--no-deps", kill_on_drop: false }`
[INFO] started tweaking crates.io crate azure_data_cosmos 0.17.0
[INFO] finished tweaking crates.io crate azure_data_cosmos 0.17.0
[INFO] tweaked toml for crates.io crate azure_data_cosmos 0.17.0 written to /workspace/builds/worker-4-tc2/source/Cargo.toml
[INFO] crate crates.io crate azure_data_cosmos 0.17.0 already has a lockfile, it will not be regenerated
[INFO] running `Command { std: CARGO_HOME="/workspace/cargo-home" RUSTUP_HOME="/workspace/rustup-home" "/workspace/cargo-home/bin/cargo" "+nightly-2024-02-05" "fetch" "--manifest-path" "Cargo.toml", kill_on_drop: false }`
[INFO] running `Command { std: "docker" "create" "-v" "/var/lib/crater-agent-workspace/builds/worker-4-tc2/target:/opt/rustwide/target:rw,Z" "-v" "/var/lib/crater-agent-workspace/builds/worker-4-tc2/source:/opt/rustwide/workdir:ro,Z" "-v" "/var/lib/crater-agent-workspace/cargo-home:/opt/rustwide/cargo-home:ro,Z" "-v" "/var/lib/crater-agent-workspace/rustup-home:/opt/rustwide/rustup-home:ro,Z" "-e" "SOURCE_DIR=/opt/rustwide/workdir" "-e" "CARGO_TARGET_DIR=/opt/rustwide/target" "-e" "CARGO_HOME=/opt/rustwide/cargo-home" "-e" "RUSTUP_HOME=/opt/rustwide/rustup-home" "-w" "/opt/rustwide/workdir" "-m" "1610612736" "--user" "0:0" "--network" "none" "ghcr.io/rust-lang/crates-build-env/linux@sha256:2788e3201cd34a07e3172128adcd8b3090168a8e3bcc40d7c032b9dda1df7d1c" "/opt/rustwide/cargo-home/bin/cargo" "+nightly-2024-02-05" "metadata" "--no-deps" "--format-version=1", kill_on_drop: false }`
[INFO] [stdout] 30b1d218f3b4f0aa696e198f85d9cd0a4f282cad243719347f0167237053ec24
[INFO] running `Command { std: "docker" "start" "-a" "30b1d218f3b4f0aa696e198f85d9cd0a4f282cad243719347f0167237053ec24", kill_on_drop: false }`
[INFO] running `Command { std: "docker" "inspect" "30b1d218f3b4f0aa696e198f85d9cd0a4f282cad243719347f0167237053ec24", kill_on_drop: false }`
[INFO] running `Command { std: "docker" "rm" "-f" "30b1d218f3b4f0aa696e198f85d9cd0a4f282cad243719347f0167237053ec24", kill_on_drop: false }`
[INFO] [stdout] 30b1d218f3b4f0aa696e198f85d9cd0a4f282cad243719347f0167237053ec24
[INFO] running `Command { std: "docker" "create" "-v" "/var/lib/crater-agent-workspace/builds/worker-4-tc2/target:/opt/rustwide/target:rw,Z" "-v" "/var/lib/crater-agent-workspace/builds/worker-4-tc2/source:/opt/rustwide/workdir:ro,Z" "-v" "/var/lib/crater-agent-workspace/cargo-home:/opt/rustwide/cargo-home:ro,Z" "-v" "/var/lib/crater-agent-workspace/rustup-home:/opt/rustwide/rustup-home:ro,Z" "-e" "SOURCE_DIR=/opt/rustwide/workdir" "-e" "CARGO_TARGET_DIR=/opt/rustwide/target" "-e" "CARGO_INCREMENTAL=0" "-e" "RUST_BACKTRACE=full" "-e" "RUSTFLAGS=--cap-lints=forbid -Dunexpected_cfgs" "-e" "RUSTDOCFLAGS=--cap-lints=forbid" "-e" "CARGO_HOME=/opt/rustwide/cargo-home" "-e" "RUSTUP_HOME=/opt/rustwide/rustup-home" "-w" "/opt/rustwide/workdir" "-m" "1610612736" "--user" "0:0" "--network" "none" "ghcr.io/rust-lang/crates-build-env/linux@sha256:2788e3201cd34a07e3172128adcd8b3090168a8e3bcc40d7c032b9dda1df7d1c" "/opt/rustwide/cargo-home/bin/cargo" "+nightly-2024-02-05" "check" "--frozen" "--all" "--all-targets" "--message-format=json" "-Zcheck-cfg", kill_on_drop: false }`
[INFO] [stdout] 1cb9ea836ec34566abd79274dbd2525b6aa4b8f7881eacd832bfd61b62528058
[INFO] running `Command { std: "docker" "start" "-a" "1cb9ea836ec34566abd79274dbd2525b6aa4b8f7881eacd832bfd61b62528058", kill_on_drop: false }`
[INFO] [stderr]    Compiling proc-macro2 v1.0.69
[INFO] [stderr]    Compiling libc v0.2.149
[INFO] [stderr]    Compiling serde v1.0.189
[INFO] [stderr]    Compiling futures-task v0.3.28
[INFO] [stderr]    Compiling futures-channel v0.3.28
[INFO] [stderr]     Checking futures-io v0.3.28
[INFO] [stderr]    Compiling futures-util v0.3.28
[INFO] [stderr]     Checking tracing-core v0.1.32
[INFO] [stderr]    Compiling crossbeam-utils v0.8.16
[INFO] [stderr]    Compiling getrandom v0.1.16
[INFO] [stderr]    Compiling semver v1.0.20
[INFO] [stderr]    Compiling thiserror v1.0.50
[INFO] [stderr]     Checking tracing v0.1.40
[INFO] [stderr]    Compiling serde_json v1.0.107
[INFO] [stderr]     Checking event-listener v2.5.3
[INFO] [stderr]    Compiling quote v1.0.33
[INFO] [stderr]    Compiling anyhow v1.0.75
[INFO] [stderr]    Compiling rustix v0.38.20
[INFO] [stderr]    Compiling syn v2.0.38
[INFO] [stderr]     Checking concurrent-queue v2.3.0
[INFO] [stderr]     Checking waker-fn v1.1.1
[INFO] [stderr]    Compiling cc v1.0.83
[INFO] [stderr]     Checking async-channel v1.9.0
[INFO] [stderr]     Checking num_cpus v1.16.0
[INFO] [stderr]     Checking socket2 v0.5.5
[INFO] [stderr]     Checking mio v0.8.9
[INFO] [stderr]     Checking getrandom v0.2.10
[INFO] [stderr]     Checking socket2 v0.4.10
[INFO] [stderr]    Compiling rustc_version v0.4.0
[INFO] [stderr]     Checking utf8parse v0.2.1
[INFO] [stderr]     Checking rand_core v0.6.4
[INFO] [stderr]    Compiling http-types v2.12.0
[INFO] [stderr]     Checking rand_core v0.5.1
[INFO] [stderr]     Checking fastrand v1.9.0
[INFO] [stderr]     Checking parking v2.2.0
[INFO] [stderr]     Checking rand_chacha v0.2.2
[INFO] [stderr]     Checking rand_chacha v0.3.1
[INFO] [stderr]     Checking anstyle-parse v0.2.2
[INFO] [stderr]    Compiling azure_core v0.17.0
[INFO] [stderr]     Checking futures-lite v1.13.0
[INFO] [stderr]    Compiling time-macros v0.2.15
[INFO] [stderr]     Checking rand v0.7.3
[INFO] [stderr]     Checking aho-corasick v1.1.2
[INFO] [stderr]     Checking linux-raw-sys v0.4.10
[INFO] [stderr]     Checking infer v0.2.3
[INFO] [stderr]     Checking colorchoice v1.0.0
[INFO] [stderr]     Checking anstyle-query v1.0.0
[INFO] [stderr]     Checking anstyle v1.0.4
[INFO] [stderr]     Checking anstream v0.6.4
[INFO] [stderr]     Checking rand v0.8.5
[INFO] [stderr]     Checking uuid v1.5.0
[INFO] [stderr]     Checking cpufeatures v0.2.10
[INFO] [stderr]    Compiling openssl-sys v0.9.93
[INFO] [stderr]     Checking dyn-clone v1.0.14
[INFO] [stderr]     Checking clap_lex v0.5.1
[INFO] [stderr]     Checking sha2 v0.10.8
[INFO] [stderr]     Checking clap_builder v4.4.6
[INFO] [stderr]     Checking regex-automata v0.4.3
[INFO] [stderr]     Checking termcolor v1.3.0
[INFO] [stderr]     Checking is-terminal v0.4.9
[INFO] [stderr]    Compiling openssl v0.10.57
[INFO] [stderr]    Compiling native-tls v0.2.11
[INFO] [stderr]    Compiling serde_derive v1.0.189
[INFO] [stderr]    Compiling tokio-macros v2.1.0
[INFO] [stderr]    Compiling futures-macro v0.3.28
[INFO] [stderr]    Compiling openssl-macros v0.1.1
[INFO] [stderr]    Compiling thiserror-impl v1.0.50
[INFO] [stderr]    Compiling pin-project-internal v1.1.3
[INFO] [stderr]    Compiling async-trait v0.1.74
[INFO] [stderr]     Checking regex v1.10.2
[INFO] [stderr]     Checking tokio v1.33.0
[INFO] [stderr]    Compiling clap_derive v4.4.2
[INFO] [stderr]     Checking env_logger v0.10.0
[INFO] [stderr]     Checking pin-project v1.1.3
[INFO] [stderr]     Checking clap v4.4.6
[INFO] [stderr]     Checking futures-executor v0.3.28
[INFO] [stderr]     Checking futures v0.3.28
[INFO] [stderr]     Checking tokio-util v0.7.9
[INFO] [stderr]     Checking tokio-native-tls v0.3.1
[INFO] [stderr]     Checking stop-token v0.7.0
[INFO] [stderr]     Checking h2 v0.3.21
[INFO] [stderr]     Checking url v2.4.1
[INFO] [stderr]     Checking serde_urlencoded v0.7.1
[INFO] [stderr]     Checking deranged v0.3.9
[INFO] [stderr]     Checking serde_qs v0.8.5
[INFO] [stderr]     Checking time v0.3.30
[INFO] [stderr]     Checking hyper v0.14.27
[INFO] [stderr]     Checking hyper-tls v0.5.0
[INFO] [stderr]     Checking reqwest v0.11.22
[INFO] [stderr]     Checking azure_data_cosmos v0.17.0 (/opt/rustwide/workdir)
[INFO] [stdout] error[E0433]: failed to resolve: use of undeclared crate or module `mock_transport`
[INFO] [stdout]  --> tests/setup_mock.rs:6:39
[INFO] [stdout]   |
[INFO] [stdout] 6 |     let account_name = (std::env::var(mock_transport::TESTING_MODE_KEY).as_deref()
[INFO] [stdout]   |                                       ^^^^^^^^^^^^^^ use of undeclared crate or module `mock_transport`
[INFO] [stdout] 
[INFO] [stdout] 
[INFO] [stdout] error[E0433]: failed to resolve: use of undeclared crate or module `mock_transport`
[INFO] [stdout]  --> tests/setup_mock.rs:7:15
[INFO] [stdout]   |
[INFO] [stdout] 7 |         == Ok(mock_transport::TESTING_MODE_RECORD))
[INFO] [stdout]   |               ^^^^^^^^^^^^^^ use of undeclared crate or module `mock_transport`
[INFO] [stdout] 
[INFO] [stdout] 
[INFO] [stdout] error[E0433]: failed to resolve: use of undeclared crate or module `mock_transport`
[INFO] [stdout]   --> tests/setup_mock.rs:13:9
[INFO] [stdout]    |
[INFO] [stdout] 13 |         mock_transport::new_mock_transport(transaction_name.into()),
[INFO] [stdout]    |         ^^^^^^^^^^^^^^ use of undeclared crate or module `mock_transport`
[INFO] [stdout] 
[INFO] [stdout] 
[INFO] [stdout] error[E0433]: failed to resolve: use of undeclared crate or module `mock_transport`
[INFO] [stdout]   --> tests/setup_mock.rs:27:20
[INFO] [stdout]    |
[INFO] [stdout] 27 |     (std::env::var(mock_transport::TESTING_MODE_KEY).as_deref()
[INFO] [stdout]    |                    ^^^^^^^^^^^^^^ use of undeclared crate or module `mock_transport`
[INFO] [stdout] 
[INFO] [stdout] 
[INFO] [stdout] error[E0433]: failed to resolve: use of undeclared crate or module `mock_transport`
[INFO] [stdout]   --> tests/setup_mock.rs:28:15
[INFO] [stdout]    |
[INFO] [stdout] 28 |         == Ok(mock_transport::TESTING_MODE_RECORD))
[INFO] [stdout]    |               ^^^^^^^^^^^^^^ use of undeclared crate or module `mock_transport`
[INFO] [stdout] 
[INFO] [stdout] 
[INFO] [stdout] error: aborting due to 5 previous errors
[INFO] [stdout] 
[INFO] [stdout] 
[INFO] [stdout] For more information about this error, try `rustc --explain E0433`.
[INFO] [stdout] 
[INFO] [stderr] error: could not compile `azure_data_cosmos` (test "document_operations") due to 6 previous errors
[INFO] [stderr] warning: build failed, waiting for other jobs to finish...
[INFO] [stdout] error[E0433]: failed to resolve: use of undeclared crate or module `mock_transport`
[INFO] [stdout]  --> tests/setup_mock.rs:6:39
[INFO] [stdout]   |
[INFO] [stdout] 6 |     let account_name = (std::env::var(mock_transport::TESTING_MODE_KEY).as_deref()
[INFO] [stdout]   |                                       ^^^^^^^^^^^^^^ use of undeclared crate or module `mock_transport`
[INFO] [stdout] 
[INFO] [stdout] 
[INFO] [stdout] error[E0433]: failed to resolve: use of undeclared crate or module `mock_transport`
[INFO] [stdout]  --> tests/setup_mock.rs:7:15
[INFO] [stdout]   |
[INFO] [stdout] 7 |         == Ok(mock_transport::TESTING_MODE_RECORD))
[INFO] [stdout]   |               ^^^^^^^^^^^^^^ use of undeclared crate or module `mock_transport`
[INFO] [stdout] 
[INFO] [stdout] 
[INFO] [stdout] error[E0433]: failed to resolve: use of undeclared crate or module `mock_transport`
[INFO] [stdout]   --> tests/setup_mock.rs:13:9
[INFO] [stdout]    |
[INFO] [stdout] 13 |         mock_transport::new_mock_transport(transaction_name.into()),
[INFO] [stdout]    |         ^^^^^^^^^^^^^^ use of undeclared crate or module `mock_transport`
[INFO] [stdout] 
[INFO] [stdout] 
[INFO] [stdout] error[E0433]: failed to resolve: use of undeclared crate or module `mock_transport`
[INFO] [stdout]   --> tests/setup_mock.rs:27:20
[INFO] [stdout]    |
[INFO] [stdout] 27 |     (std::env::var(mock_transport::TESTING_MODE_KEY).as_deref()
[INFO] [stdout]    |                    ^^^^^^^^^^^^^^ use of undeclared crate or module `mock_transport`
[INFO] [stdout] 
[INFO] [stdout] 
[INFO] [stdout] error[E0433]: failed to resolve: use of undeclared crate or module `mock_transport`
[INFO] [stdout]   --> tests/setup_mock.rs:28:15
[INFO] [stdout]    |
[INFO] [stdout] 28 |         == Ok(mock_transport::TESTING_MODE_RECORD))
[INFO] [stdout]    |               ^^^^^^^^^^^^^^ use of undeclared crate or module `mock_transport`
[INFO] [stdout] 
[INFO] [stdout] 
[INFO] [stdout] error[E0433]: failed to resolve: use of undeclared crate or module `mock_transport`
[INFO] [stdout]  --> tests/setup_mock.rs:6:39
[INFO] [stdout]   |
[INFO] [stdout] 6 |     let account_name = (std::env::var(mock_transport::TESTING_MODE_KEY).as_deref()
[INFO] [stdout]   |                                       ^^^^^^^^^^^^^^ use of undeclared crate or module `mock_transport`
[INFO] [stdout] 
[INFO] [stdout] 
[INFO] [stdout] error[E0433]: failed to resolve: use of undeclared crate or module `mock_transport`
[INFO] [stdout]  --> tests/setup_mock.rs:7:15
[INFO] [stdout]   |
[INFO] [stdout] 7 |         == Ok(mock_transport::TESTING_MODE_RECORD))
[INFO] [stdout]   |               ^^^^^^^^^^^^^^ use of undeclared crate or module `mock_transport`
[INFO] [stdout] 
[INFO] [stdout] 
[INFO] [stdout] error[E0433]: failed to resolve: use of undeclared crate or module `mock_transport`
[INFO] [stdout]   --> tests/setup_mock.rs:13:9
[INFO] [stdout]    |
[INFO] [stdout] 13 |         mock_transport::new_mock_transport(transaction_name.into()),
[INFO] [stdout]    |         ^^^^^^^^^^^^^^ use of undeclared crate or module `mock_transport`
[INFO] [stdout] 
[INFO] [stdout] 
[INFO] [stdout] error[E0433]: failed to resolve: use of undeclared crate or module `mock_transport`
[INFO] [stdout]   --> tests/setup_mock.rs:27:20
[INFO] [stdout]    |
[INFO] [stdout] 27 |     (std::env::var(mock_transport::TESTING_MODE_KEY).as_deref()
[INFO] [stdout]    |                    ^^^^^^^^^^^^^^ use of undeclared crate or module `mock_transport`
[INFO] [stdout] 
[INFO] [stdout] 
[INFO] [stdout] error[E0433]: failed to resolve: use of undeclared crate or module `mock_transport`
[INFO] [stdout]   --> tests/setup_mock.rs:28:15
[INFO] [stdout]    |
[INFO] [stdout] 28 |         == Ok(mock_transport::TESTING_MODE_RECORD))
[INFO] [stdout]    |               ^^^^^^^^^^^^^^ use of undeclared crate or module `mock_transport`
[INFO] [stdout] 
[INFO] [stdout] 
[INFO] [stdout] error: aborting due to 5 previous errors
[INFO] [stdout] 
[INFO] [stdout] 
[INFO] [stdout] For more information about this error, try `rustc --explain E0433`.
[INFO] [stdout] 
[INFO] [stderr] error: could not compile `azure_data_cosmos` (test "database_operations") due to 6 previous errors
[INFO] [stdout] error: aborting due to 5 previous errors
[INFO] [stdout] 
[INFO] [stdout] 
[INFO] [stdout] For more information about this error, try `rustc --explain E0433`.
[INFO] [stdout] 
[INFO] [stderr] error: could not compile `azure_data_cosmos` (test "user_defined_function_operations") due to 6 previous errors
[INFO] running `Command { std: "docker" "inspect" "1cb9ea836ec34566abd79274dbd2525b6aa4b8f7881eacd832bfd61b62528058", kill_on_drop: false }`
[INFO] running `Command { std: "docker" "rm" "-f" "1cb9ea836ec34566abd79274dbd2525b6aa4b8f7881eacd832bfd61b62528058", kill_on_drop: false }`
[INFO] [stdout] 1cb9ea836ec34566abd79274dbd2525b6aa4b8f7881eacd832bfd61b62528058
