[INFO] fetching crate ayaka-runtime 0.2.0...
[INFO] checking ayaka-runtime-0.2.0 against nightly-2024-02-05 for check-cfg
[INFO] extracting crate ayaka-runtime 0.2.0 into /workspace/builds/worker-2-tc1/source
[INFO] validating manifest of crates.io crate ayaka-runtime 0.2.0 on toolchain nightly-2024-02-05
[INFO] running `Command { std: CARGO_HOME="/workspace/cargo-home" RUSTUP_HOME="/workspace/rustup-home" "/workspace/cargo-home/bin/cargo" "+nightly-2024-02-05" "metadata" "--manifest-path" "Cargo.toml" "--no-deps", kill_on_drop: false }`
[INFO] started tweaking crates.io crate ayaka-runtime 0.2.0
[INFO] finished tweaking crates.io crate ayaka-runtime 0.2.0
[INFO] tweaked toml for crates.io crate ayaka-runtime 0.2.0 written to /workspace/builds/worker-2-tc1/source/Cargo.toml
[INFO] running `Command { std: CARGO_HOME="/workspace/cargo-home" RUSTUP_HOME="/workspace/rustup-home" "/workspace/cargo-home/bin/cargo" "+nightly-2024-02-05" "generate-lockfile" "--manifest-path" "Cargo.toml", kill_on_drop: false }`
[INFO] [stderr]     Updating crates.io index
[INFO] running `Command { std: CARGO_HOME="/workspace/cargo-home" RUSTUP_HOME="/workspace/rustup-home" "/workspace/cargo-home/bin/cargo" "+nightly-2024-02-05" "fetch" "--manifest-path" "Cargo.toml", kill_on_drop: false }`
[INFO] [stderr]  Downloading crates ...
[INFO] [stderr]   Downloaded stream-future v0.3.1
[INFO] [stderr]   Downloaded zerofrom-derive v0.1.3
[INFO] [stderr]   Downloaded wasmi_arena v0.4.1
[INFO] [stderr]   Downloaded vfs-tar v0.3.2
[INFO] [stderr]   Downloaded bytecheck_derive v0.6.12
[INFO] [stderr]   Downloaded ayaka-plugin-wasmtime v0.2.0
[INFO] [stderr]   Downloaded zerovec v0.10.1
[INFO] [stderr]   Downloaded file-per-thread-logger v0.1.6
[INFO] [stderr]   Downloaded pulldown-cmark v0.8.0
[INFO] [stderr]   Downloaded wasmtime-component-macro v6.0.2
[INFO] [stderr]   Downloaded ayaka-primitive v0.2.0
[INFO] [stderr]   Downloaded trylog v0.3.1
[INFO] [stderr]   Downloaded ena v0.14.2
[INFO] [stderr]   Downloaded directories-next v2.0.0
[INFO] [stderr]   Downloaded windows_x86_64_msvc v0.33.0
[INFO] [stderr]   Downloaded wasmparser v0.95.0
[INFO] [stderr]   Downloaded windows_i686_gnu v0.33.0
[INFO] [stderr]   Downloaded windows_i686_msvc v0.33.0
[INFO] [stderr]   Downloaded windows-sys v0.33.0
[INFO] [stderr]   Downloaded ayaka-plugin-wasmer v0.2.0
[INFO] [stderr]   Downloaded generic-tests v0.1.2
[INFO] [stderr]   Downloaded windows_aarch64_msvc v0.33.0
[INFO] [stderr]   Downloaded windows_x86_64_gnu v0.33.0
[INFO] [stderr]   Downloaded cranelift-codegen v0.91.1
[INFO] [stderr]   Downloaded cranelift-codegen v0.93.2
[INFO] [stderr]   Downloaded cranelift-wasm v0.93.2
[INFO] [stderr]   Downloaded regalloc2 v0.5.1
[INFO] [stderr]   Downloaded wasmi v0.28.0
[INFO] [stderr]   Downloaded ittapi-sys v0.3.5
[INFO] [stderr]   Downloaded serde_with v2.3.3
[INFO] [stderr]   Downloaded corosensei v0.1.4
[INFO] [stderr]   Downloaded rkyv v0.7.44
[INFO] [stderr]   Downloaded wasmer v3.3.0
[INFO] [stderr]   Downloaded wast v70.0.2
[INFO] [stderr]   Downloaded icu_locid v1.4.0
[INFO] [stderr]   Downloaded wasmtime-cache v6.0.2
[INFO] [stderr]   Downloaded wasm-encoder v0.41.0
[INFO] [stderr]   Downloaded icu_locid_transform_data v1.4.0
[INFO] [stderr]   Downloaded icu_locid_transform v1.4.0
[INFO] [stderr]   Downloaded icu_provider v1.4.0
[INFO] [stderr]   Downloaded yoke v0.7.3
[INFO] [stderr]   Downloaded leb128 v0.2.5
[INFO] [stderr]   Downloaded cranelift-bforest v0.93.2
[INFO] [stderr]   Downloaded cranelift-frontend v0.91.1
[INFO] [stderr]   Downloaded tinystr v0.7.5
[INFO] [stderr]   Downloaded slice-group-by v0.3.1
[INFO] [stderr]   Downloaded wasmi_core v0.12.0
[INFO] [stderr]   Downloaded indexmap-nostd v0.4.0
[INFO] [stderr]   Downloaded displaydoc v0.2.4
[INFO] [stderr]   Downloaded cranelift-bforest v0.91.1
[INFO] [stderr]   Downloaded wasmtime-wit-bindgen v6.0.2
[INFO] [stderr]   Downloaded cranelift-isle v0.91.1
[INFO] [stderr]   Downloaded cranelift-entity v0.91.1
[INFO] [stderr]   Downloaded cranelift-codegen-meta v0.93.2
[INFO] [stderr]   Downloaded cranelift-isle v0.93.2
[INFO] [stderr]   Downloaded synstructure v0.13.1
[INFO] [stderr]   Downloaded cranelift-codegen-meta v0.91.1
[INFO] [stderr]   Downloaded sys-locale v0.2.4
[INFO] [stderr]   Downloaded litemap v0.7.2
[INFO] [stderr]   Downloaded wasmer-vm v3.3.0
[INFO] [stderr]   Downloaded wasmer-compiler-cranelift v3.3.0
[INFO] [stderr]   Downloaded enumset v1.1.3
[INFO] [stderr]   Downloaded wasmtime-cranelift v6.0.2
[INFO] [stderr]   Downloaded wasmparser-nostd v0.100.1
[INFO] [stderr]   Downloaded zerotrie v0.1.2
[INFO] [stderr]   Downloaded lalrpop v0.19.12
[INFO] [stderr]   Downloaded ayaka-bindings-types v0.2.0
[INFO] [stderr]   Downloaded region v3.0.0
[INFO] [stderr]   Downloaded ptr_meta v0.1.4
[INFO] [stderr]   Downloaded bytecheck v0.6.12
[INFO] [stderr]   Downloaded rend v0.4.2
[INFO] [stderr]   Downloaded rmp-serde v1.1.2
[INFO] [stderr]   Downloaded cranelift-frontend v0.93.2
[INFO] [stderr]   Downloaded ittapi v0.3.5
[INFO] [stderr]   Downloaded wat v1.0.85
[INFO] [stderr]   Downloaded serde_with_macros v2.3.3
[INFO] [stderr]   Downloaded id-arena v2.2.1
[INFO] [stderr]   Downloaded enumset_derive v0.8.1
[INFO] [stderr]   Downloaded writeable v0.5.4
[INFO] [stderr]   Downloaded wasmtime-fiber v6.0.2
[INFO] [stderr]   Downloaded embedded-io v0.4.0
[INFO] [stderr]   Downloaded wasmer-types v3.3.0
[INFO] [stderr]   Downloaded wasmer-compiler v3.3.0
[INFO] [stderr]   Downloaded quick-xml v0.27.1
[INFO] [stderr]   Downloaded icu_provider_macros v1.4.0
[INFO] [stderr]   Downloaded stream-future-impl v0.3.1
[INFO] [stderr]   Downloaded wasmer-derive v3.3.0
[INFO] [stderr]   Downloaded enum-iterator v0.7.0
[INFO] [stderr]   Downloaded cranelift-codegen-shared v0.91.1
[INFO] [stderr]   Downloaded ayaka-plugin-wasmi v0.2.0
[INFO] [stderr]   Downloaded ayaka-plugin v0.2.0
[INFO] [stderr]   Downloaded yoke-derive v0.7.3
[INFO] [stderr]   Downloaded zerofrom v0.1.3
[INFO] [stderr]   Downloaded ayaka-plugin-nop v0.2.0
[INFO] [stderr]   Downloaded cranelift-native v0.93.2
[INFO] [stderr]   Downloaded wasm-bindgen-downcast-macros v0.1.1
[INFO] [stderr]   Downloaded enum-iterator-derive v0.7.0
[INFO] [stderr]   Downloaded fallback v0.1.3
[INFO] [stderr]   Downloaded wasm-bindgen-downcast v0.1.1
[INFO] [stderr]   Downloaded memoffset v0.8.0
[INFO] [stderr]   Downloaded cranelift-codegen-shared v0.93.2
[INFO] [stderr]   Downloaded cranelift-egraph v0.91.1
[INFO] [stderr]   Downloaded postcard v1.0.8
[INFO] [stderr]   Downloaded zerovec-derive v0.10.1
[INFO] [stderr]   Downloaded rkyv_derive v0.7.44
[INFO] [stderr]   Downloaded vfs v0.9.0
[INFO] [stderr]   Downloaded wasmtime-component-util v6.0.2
[INFO] [stderr]   Downloaded ayaka-script v0.2.0
[INFO] [stderr]   Downloaded fallback-derive v0.1.2
[INFO] [stderr]   Downloaded cobs v0.2.3
[INFO] [stderr]   Downloaded more-asserts v0.2.2
[INFO] [stderr]   Downloaded ptr_meta_derive v0.1.4
[INFO] [stderr]   Downloaded icu_provider_blob v1.4.0
[INFO] [stderr]   Downloaded language-matcher v0.1.4
[INFO] [stderr]   Downloaded ascii-canvas v3.0.0
[INFO] [stderr]   Downloaded tar-parser2 v0.9.1
[INFO] [stderr]   Downloaded rmp v0.8.12
[INFO] [stderr]   Downloaded wit-parser v0.6.4
[INFO] [stderr]   Downloaded lalrpop-util v0.19.12
[INFO] running `Command { std: "docker" "create" "-v" "/var/lib/crater-agent-workspace/builds/worker-2-tc1/target:/opt/rustwide/target:rw,Z" "-v" "/var/lib/crater-agent-workspace/builds/worker-2-tc1/source:/opt/rustwide/workdir:ro,Z" "-v" "/var/lib/crater-agent-workspace/cargo-home:/opt/rustwide/cargo-home:ro,Z" "-v" "/var/lib/crater-agent-workspace/rustup-home:/opt/rustwide/rustup-home:ro,Z" "-e" "SOURCE_DIR=/opt/rustwide/workdir" "-e" "CARGO_TARGET_DIR=/opt/rustwide/target" "-e" "CARGO_HOME=/opt/rustwide/cargo-home" "-e" "RUSTUP_HOME=/opt/rustwide/rustup-home" "-w" "/opt/rustwide/workdir" "-m" "1610612736" "--user" "0:0" "--network" "none" "ghcr.io/rust-lang/crates-build-env/linux@sha256:2788e3201cd34a07e3172128adcd8b3090168a8e3bcc40d7c032b9dda1df7d1c" "/opt/rustwide/cargo-home/bin/cargo" "+nightly-2024-02-05" "metadata" "--no-deps" "--format-version=1", kill_on_drop: false }`
[INFO] [stdout] 438197ff11be99284b56c8b66877274f441f18c088abf6b6601b5434ff015d5d
[INFO] running `Command { std: "docker" "start" "-a" "438197ff11be99284b56c8b66877274f441f18c088abf6b6601b5434ff015d5d", kill_on_drop: false }`
[INFO] running `Command { std: "docker" "inspect" "438197ff11be99284b56c8b66877274f441f18c088abf6b6601b5434ff015d5d", kill_on_drop: false }`
[INFO] running `Command { std: "docker" "rm" "-f" "438197ff11be99284b56c8b66877274f441f18c088abf6b6601b5434ff015d5d", kill_on_drop: false }`
[INFO] [stdout] 438197ff11be99284b56c8b66877274f441f18c088abf6b6601b5434ff015d5d
[INFO] running `Command { std: "docker" "create" "-v" "/var/lib/crater-agent-workspace/builds/worker-2-tc1/target:/opt/rustwide/target:rw,Z" "-v" "/var/lib/crater-agent-workspace/builds/worker-2-tc1/source:/opt/rustwide/workdir:ro,Z" "-v" "/var/lib/crater-agent-workspace/cargo-home:/opt/rustwide/cargo-home:ro,Z" "-v" "/var/lib/crater-agent-workspace/rustup-home:/opt/rustwide/rustup-home:ro,Z" "-e" "SOURCE_DIR=/opt/rustwide/workdir" "-e" "CARGO_TARGET_DIR=/opt/rustwide/target" "-e" "CARGO_INCREMENTAL=0" "-e" "RUST_BACKTRACE=full" "-e" "RUSTFLAGS=--cap-lints=forbid" "-e" "RUSTDOCFLAGS=--cap-lints=forbid" "-e" "CARGO_HOME=/opt/rustwide/cargo-home" "-e" "RUSTUP_HOME=/opt/rustwide/rustup-home" "-w" "/opt/rustwide/workdir" "-m" "1610612736" "--user" "0:0" "--network" "none" "ghcr.io/rust-lang/crates-build-env/linux@sha256:2788e3201cd34a07e3172128adcd8b3090168a8e3bcc40d7c032b9dda1df7d1c" "/opt/rustwide/cargo-home/bin/cargo" "+nightly-2024-02-05" "check" "--frozen" "--all" "--all-targets" "--message-format=json", kill_on_drop: false }`
[INFO] [stdout] 6fa013bb0e4ea26b1cd7cf025c1c15f95d1125d891e4b09393682553fec0caa4
[INFO] running `Command { std: "docker" "start" "-a" "6fa013bb0e4ea26b1cd7cf025c1c15f95d1125d891e4b09393682553fec0caa4", kill_on_drop: false }`
[INFO] [stderr]     Checking stable_deref_trait v1.2.0
[INFO] [stderr]    Compiling ident_case v1.0.1
[INFO] [stderr]    Compiling strsim v0.10.0
[INFO] [stderr]    Compiling scopeguard v1.2.0
[INFO] [stderr]    Compiling rustix v0.38.31
[INFO] [stderr]     Checking minimal-lexical v0.2.1
[INFO] [stderr]    Compiling syn v2.0.48
[INFO] [stderr]    Compiling dirs-sys-next v0.1.2
[INFO] [stderr]    Compiling parking_lot_core v0.9.9
[INFO] [stderr]    Compiling tiny-keccak v2.0.2
[INFO] [stderr]    Compiling linux-raw-sys v0.4.13
[INFO] [stderr]    Compiling siphasher v0.3.11
[INFO] [stderr]     Checking cobs v0.2.3
[INFO] [stderr]    Compiling syn v1.0.109
[INFO] [stderr]    Compiling fixedbitset v0.4.2
[INFO] [stderr]     Checking writeable v0.5.4
[INFO] [stderr]    Compiling lock_api v0.4.11
[INFO] [stderr]     Checking embedded-io v0.4.0
[INFO] [stderr]    Compiling bit-vec v0.6.3
[INFO] [stderr]    Compiling precomputed-hash v0.1.1
[INFO] [stderr]    Compiling new_debug_unreachable v1.0.4
[INFO] [stderr]     Checking rmp v0.8.12
[INFO] [stderr]    Compiling petgraph v0.6.4
[INFO] [stderr]    Compiling dirs-next v2.0.0
[INFO] [stderr]    Compiling phf_shared v0.10.0
[INFO] [stderr]    Compiling ena v0.14.2
[INFO] [stderr]     Checking nom v7.1.3
[INFO] [stderr]    Compiling parking_lot v0.12.1
[INFO] [stderr]    Compiling term v0.7.0
[INFO] [stderr]    Compiling bit-set v0.5.3
[INFO] [stderr]    Compiling itertools v0.10.5
[INFO] [stderr]    Compiling lalrpop-util v0.19.12
[INFO] [stderr]    Compiling regex-syntax v0.6.29
[INFO] [stderr]    Compiling unicode-xid v0.2.4
[INFO] [stderr]    Compiling diff v0.1.13
[INFO] [stderr]     Checking getrandom v0.2.12
[INFO] [stderr]     Checking indexmap-nostd v0.4.0
[INFO] [stderr]     Checking wasmi_core v0.12.0
[INFO] [stderr]    Compiling string_cache v0.8.7
[INFO] [stderr]     Checking icu_locid_transform_data v1.4.0
[INFO] [stderr]     Checking wasmi_arena v0.4.1
[INFO] [stderr]     Checking rand_core v0.6.4
[INFO] [stderr]    Compiling ascii-canvas v3.0.0
[INFO] [stderr]     Checking wasmparser-nostd v0.100.1
[INFO] [stderr]     Checking spin v0.9.8
[INFO] [stderr]     Checking vfs v0.9.0
[INFO] [stderr]     Checking rand_chacha v0.3.1
[INFO] [stderr]     Checking memmap2 v0.5.10
[INFO] [stderr]     Checking unsafe-libyaml v0.2.10
[INFO] [stderr]     Checking sys-locale v0.2.4
[INFO] [stderr]     Checking rand v0.8.5
[INFO] [stderr]    Compiling is-terminal v0.4.10
[INFO] [stderr]     Checking tar-parser2 v0.9.1
[INFO] [stderr]     Checking vfs-tar v0.3.2
[INFO] [stderr]    Compiling lalrpop v0.19.12
[INFO] [stderr]     Checking wasmi v0.28.0
[INFO] [stderr]    Compiling synstructure v0.13.1
[INFO] [stderr]    Compiling darling_core v0.20.5
[INFO] [stderr]    Compiling serde_derive v1.0.196
[INFO] [stderr]    Compiling zerofrom-derive v0.1.3
[INFO] [stderr]    Compiling yoke-derive v0.7.3
[INFO] [stderr]    Compiling zerovec-derive v0.10.1
[INFO] [stderr]    Compiling displaydoc v0.2.4
[INFO] [stderr]    Compiling icu_provider_macros v1.4.0
[INFO] [stderr]    Compiling pin-project-internal v1.1.4
[INFO] [stderr]    Compiling fallback-derive v0.1.2
[INFO] [stderr]    Compiling futures-macro v0.3.30
[INFO] [stderr]    Compiling tokio-macros v2.2.0
[INFO] [stderr]    Compiling stream-future-impl v0.3.1
[INFO] [stderr]    Compiling generic-tests v0.1.2
[INFO] [stderr]     Checking fallback v0.1.3
[INFO] [stderr]     Checking tokio v1.36.0
[INFO] [stderr]    Compiling darling_macro v0.20.5
[INFO] [stderr]     Checking futures-util v0.3.30
[INFO] [stderr]     Checking pin-project v1.1.4
[INFO] [stderr]     Checking stream-future v0.3.1
[INFO] [stdout] error[E0432]: unresolved imports `core::ops::Generator`, `core::ops::GeneratorState`
[INFO] [stdout]    --> /opt/rustwide/cargo-home/registry/src/index.crates.io-6f17d22bba15001f/stream-future-0.3.1/src/lib.rs:104:38
[INFO] [stdout]     |
[INFO] [stdout] 104 |     ops::{ControlFlow, FromResidual, Generator, GeneratorState, Residual, Try},
[INFO] [stdout]     |                                      ^^^^^^^^^  ^^^^^^^^^^^^^^ no `GeneratorState` in `ops`
[INFO] [stdout]     |                                      |
[INFO] [stdout]     |                                      no `Generator` in `ops`
[INFO] [stdout] 
[INFO] [stdout] 
[INFO] [stdout] error[E0635]: unknown feature `generator_trait`
[INFO] [stdout]   --> /opt/rustwide/cargo-home/registry/src/index.crates.io-6f17d22bba15001f/stream-future-0.3.1/src/lib.rs:98:12
[INFO] [stdout]    |
[INFO] [stdout] 98 | #![feature(generator_trait)]
[INFO] [stdout]    |            ^^^^^^^^^^^^^^^
[INFO] [stdout] 
[INFO] [stdout] 
[INFO] [stdout] error[E0220]: associated type `Return` not found for `T`
[INFO] [stdout]    --> /opt/rustwide/cargo-home/registry/src/index.crates.io-6f17d22bba15001f/stream-future-0.3.1/src/lib.rs:139:20
[INFO] [stdout]     |
[INFO] [stdout] 139 |     ret: Option<T::Return>,
[INFO] [stdout]     |                    ^^^^^^ there is an associated type `Return` in the trait `Coroutine`
[INFO] [stdout]     |
[INFO] [stdout] help: consider further restricting this bound
[INFO] [stdout]     |
[INFO] [stdout] 136 | pub struct GenStreamFuture<P, T: Generator<ResumeTy, Yield = Poll<P>> + Coroutine> {
[INFO] [stdout]     |                                                                       +++++++++++
[INFO] [stdout] 
[INFO] [stdout] 
[INFO] [stdout] error[E0220]: associated type `Return` not found for `T`
[INFO] [stdout]    --> /opt/rustwide/cargo-home/registry/src/index.crates.io-6f17d22bba15001f/stream-future-0.3.1/src/lib.rs:199:21
[INFO] [stdout]     |
[INFO] [stdout] 199 |     ret: Option<<T::Return as Try>::Output>,
[INFO] [stdout]     |                     ^^^^^^ there is an associated type `Return` in the trait `Coroutine`
[INFO] [stdout]     |
[INFO] [stdout] help: consider further restricting this bound
[INFO] [stdout]     |
[INFO] [stdout] 196 | pub struct GenTryStreamFuture<P, T: Generator<ResumeTy, Yield = Poll<P>, Return: Try> + Coroutine> {
[INFO] [stdout]     |                                                                                       +++++++++++
[INFO] [stdout] 
[INFO] [stdout] 
[INFO] [stdout] error: aborting due to 4 previous errors
[INFO] [stdout] 
[INFO] [stdout] 
[INFO] [stdout] Some errors have detailed explanations: E0220, E0432, E0635.
[INFO] [stdout] 
[INFO] [stdout] For more information about an error, try `rustc --explain E0220`.
[INFO] [stdout] 
[INFO] [stderr] error: could not compile `stream-future` (lib) due to 5 previous errors
[INFO] [stderr] warning: build failed, waiting for other jobs to finish...
[INFO] running `Command { std: "docker" "inspect" "6fa013bb0e4ea26b1cd7cf025c1c15f95d1125d891e4b09393682553fec0caa4", kill_on_drop: false }`
[INFO] running `Command { std: "docker" "rm" "-f" "6fa013bb0e4ea26b1cd7cf025c1c15f95d1125d891e4b09393682553fec0caa4", kill_on_drop: false }`
[INFO] [stdout] 6fa013bb0e4ea26b1cd7cf025c1c15f95d1125d891e4b09393682553fec0caa4
[INFO] checking ayaka-runtime-0.2.0 against nightly-2024-02-05+rustflags=-Dunexpected_cfgs+cargoflags=-Zcheck-cfg for check-cfg
[INFO] extracting crate ayaka-runtime 0.2.0 into /workspace/builds/worker-2-tc2/source
[INFO] validating manifest of crates.io crate ayaka-runtime 0.2.0 on toolchain nightly-2024-02-05
[INFO] running `Command { std: CARGO_HOME="/workspace/cargo-home" RUSTUP_HOME="/workspace/rustup-home" "/workspace/cargo-home/bin/cargo" "+nightly-2024-02-05" "metadata" "--manifest-path" "Cargo.toml" "--no-deps", kill_on_drop: false }`
[INFO] started tweaking crates.io crate ayaka-runtime 0.2.0
[INFO] finished tweaking crates.io crate ayaka-runtime 0.2.0
[INFO] tweaked toml for crates.io crate ayaka-runtime 0.2.0 written to /workspace/builds/worker-2-tc2/source/Cargo.toml
[INFO] running `Command { std: CARGO_HOME="/workspace/cargo-home" RUSTUP_HOME="/workspace/rustup-home" "/workspace/cargo-home/bin/cargo" "+nightly-2024-02-05" "generate-lockfile" "--manifest-path" "Cargo.toml", kill_on_drop: false }`
[INFO] [stderr]     Updating crates.io index
[INFO] running `Command { std: CARGO_HOME="/workspace/cargo-home" RUSTUP_HOME="/workspace/rustup-home" "/workspace/cargo-home/bin/cargo" "+nightly-2024-02-05" "fetch" "--manifest-path" "Cargo.toml", kill_on_drop: false }`
[INFO] running `Command { std: "docker" "create" "-v" "/var/lib/crater-agent-workspace/builds/worker-2-tc2/target:/opt/rustwide/target:rw,Z" "-v" "/var/lib/crater-agent-workspace/builds/worker-2-tc2/source:/opt/rustwide/workdir:ro,Z" "-v" "/var/lib/crater-agent-workspace/cargo-home:/opt/rustwide/cargo-home:ro,Z" "-v" "/var/lib/crater-agent-workspace/rustup-home:/opt/rustwide/rustup-home:ro,Z" "-e" "SOURCE_DIR=/opt/rustwide/workdir" "-e" "CARGO_TARGET_DIR=/opt/rustwide/target" "-e" "CARGO_HOME=/opt/rustwide/cargo-home" "-e" "RUSTUP_HOME=/opt/rustwide/rustup-home" "-w" "/opt/rustwide/workdir" "-m" "1610612736" "--user" "0:0" "--network" "none" "ghcr.io/rust-lang/crates-build-env/linux@sha256:2788e3201cd34a07e3172128adcd8b3090168a8e3bcc40d7c032b9dda1df7d1c" "/opt/rustwide/cargo-home/bin/cargo" "+nightly-2024-02-05" "metadata" "--no-deps" "--format-version=1", kill_on_drop: false }`
[INFO] [stdout] 1838a94b08ab122e61f7eebb226764e6dc9a59d8368b0b7c25e91ba4e5305fd3
[INFO] running `Command { std: "docker" "start" "-a" "1838a94b08ab122e61f7eebb226764e6dc9a59d8368b0b7c25e91ba4e5305fd3", kill_on_drop: false }`
[INFO] running `Command { std: "docker" "inspect" "1838a94b08ab122e61f7eebb226764e6dc9a59d8368b0b7c25e91ba4e5305fd3", kill_on_drop: false }`
[INFO] running `Command { std: "docker" "rm" "-f" "1838a94b08ab122e61f7eebb226764e6dc9a59d8368b0b7c25e91ba4e5305fd3", kill_on_drop: false }`
[INFO] [stdout] 1838a94b08ab122e61f7eebb226764e6dc9a59d8368b0b7c25e91ba4e5305fd3
[INFO] running `Command { std: "docker" "create" "-v" "/var/lib/crater-agent-workspace/builds/worker-2-tc2/target:/opt/rustwide/target:rw,Z" "-v" "/var/lib/crater-agent-workspace/builds/worker-2-tc2/source:/opt/rustwide/workdir:ro,Z" "-v" "/var/lib/crater-agent-workspace/cargo-home:/opt/rustwide/cargo-home:ro,Z" "-v" "/var/lib/crater-agent-workspace/rustup-home:/opt/rustwide/rustup-home:ro,Z" "-e" "SOURCE_DIR=/opt/rustwide/workdir" "-e" "CARGO_TARGET_DIR=/opt/rustwide/target" "-e" "CARGO_INCREMENTAL=0" "-e" "RUST_BACKTRACE=full" "-e" "RUSTFLAGS=--cap-lints=forbid -Dunexpected_cfgs" "-e" "RUSTDOCFLAGS=--cap-lints=forbid" "-e" "CARGO_HOME=/opt/rustwide/cargo-home" "-e" "RUSTUP_HOME=/opt/rustwide/rustup-home" "-w" "/opt/rustwide/workdir" "-m" "1610612736" "--user" "0:0" "--network" "none" "ghcr.io/rust-lang/crates-build-env/linux@sha256:2788e3201cd34a07e3172128adcd8b3090168a8e3bcc40d7c032b9dda1df7d1c" "/opt/rustwide/cargo-home/bin/cargo" "+nightly-2024-02-05" "check" "--frozen" "--all" "--all-targets" "--message-format=json" "-Zcheck-cfg", kill_on_drop: false }`
[INFO] [stdout] 6dbd267ef5ed63d0054dc5069fbec1441e4f434fe4d698724b13fbe32a412d9f
[INFO] running `Command { std: "docker" "start" "-a" "6dbd267ef5ed63d0054dc5069fbec1441e4f434fe4d698724b13fbe32a412d9f", kill_on_drop: false }`
[INFO] [stderr]     Checking stable_deref_trait v1.2.0
[INFO] [stderr]    Compiling ident_case v1.0.1
[INFO] [stderr]    Compiling strsim v0.10.0
[INFO] [stderr]    Compiling rustix v0.38.31
[INFO] [stderr]    Compiling scopeguard v1.2.0
[INFO] [stderr]     Checking minimal-lexical v0.2.1
[INFO] [stderr]    Compiling syn v2.0.48
[INFO] [stderr]    Compiling dirs-sys-next v0.1.2
[INFO] [stderr]    Compiling parking_lot_core v0.9.9
[INFO] [stderr]    Compiling siphasher v0.3.11
[INFO] [stderr]    Compiling tiny-keccak v2.0.2
[INFO] [stderr]    Compiling linux-raw-sys v0.4.13
[INFO] [stderr]     Checking embedded-io v0.4.0
[INFO] [stderr]    Compiling fixedbitset v0.4.2
[INFO] [stderr]     Checking cobs v0.2.3
[INFO] [stderr]     Checking writeable v0.5.4
[INFO] [stderr]    Compiling new_debug_unreachable v1.0.4
[INFO] [stderr]    Compiling lock_api v0.4.11
[INFO] [stderr]    Compiling precomputed-hash v0.1.1
[INFO] [stderr]    Compiling bit-vec v0.6.3
[INFO] [stderr]    Compiling syn v1.0.109
[INFO] [stderr]    Compiling ena v0.14.2
[INFO] [stderr]    Compiling itertools v0.10.5
[INFO] [stderr]     Checking rmp v0.8.12
[INFO] [stderr]    Compiling dirs-next v2.0.0
[INFO] [stderr]    Compiling phf_shared v0.10.0
[INFO] [stderr]     Checking nom v7.1.3
[INFO] [stderr]    Compiling term v0.7.0
[INFO] [stderr]    Compiling parking_lot v0.12.1
[INFO] [stderr]    Compiling bit-set v0.5.3
[INFO] [stderr]    Compiling petgraph v0.6.4
[INFO] [stderr]    Compiling lalrpop-util v0.19.12
[INFO] [stderr]    Compiling regex-syntax v0.6.29
[INFO] [stderr]    Compiling unicode-xid v0.2.4
[INFO] [stderr]    Compiling diff v0.1.13
[INFO] [stderr]     Checking getrandom v0.2.12
[INFO] [stderr]     Checking indexmap-nostd v0.4.0
[INFO] [stderr]     Checking wasmi_core v0.12.0
[INFO] [stderr]     Checking wasmi_arena v0.4.1
[INFO] [stderr]    Compiling string_cache v0.8.7
[INFO] [stderr]    Compiling ascii-canvas v3.0.0
[INFO] [stderr]     Checking rand_core v0.6.4
[INFO] [stderr]     Checking wasmparser-nostd v0.100.1
[INFO] [stderr]     Checking icu_locid_transform_data v1.4.0
[INFO] [stderr]     Checking spin v0.9.8
[INFO] [stderr]     Checking vfs v0.9.0
[INFO] [stderr]     Checking rand_chacha v0.3.1
[INFO] [stderr]     Checking memmap2 v0.5.10
[INFO] [stderr]     Checking unsafe-libyaml v0.2.10
[INFO] [stderr]     Checking sys-locale v0.2.4
[INFO] [stderr]     Checking rand v0.8.5
[INFO] [stderr]    Compiling is-terminal v0.4.10
[INFO] [stderr]     Checking tar-parser2 v0.9.1
[INFO] [stderr]     Checking vfs-tar v0.3.2
[INFO] [stderr]    Compiling lalrpop v0.19.12
[INFO] [stderr]     Checking wasmi v0.28.0
[INFO] [stderr]    Compiling synstructure v0.13.1
[INFO] [stderr]    Compiling darling_core v0.20.5
[INFO] [stderr]    Compiling serde_derive v1.0.196
[INFO] [stderr]    Compiling zerofrom-derive v0.1.3
[INFO] [stderr]    Compiling yoke-derive v0.7.3
[INFO] [stderr]    Compiling zerovec-derive v0.10.1
[INFO] [stderr]    Compiling displaydoc v0.2.4
[INFO] [stderr]    Compiling icu_provider_macros v1.4.0
[INFO] [stderr]    Compiling fallback-derive v0.1.2
[INFO] [stderr]    Compiling pin-project-internal v1.1.4
[INFO] [stderr]    Compiling futures-macro v0.3.30
[INFO] [stderr]    Compiling tokio-macros v2.2.0
[INFO] [stderr]    Compiling stream-future-impl v0.3.1
[INFO] [stderr]    Compiling generic-tests v0.1.2
[INFO] [stderr]     Checking fallback v0.1.3
[INFO] [stderr]     Checking tokio v1.36.0
[INFO] [stderr]     Checking futures-util v0.3.30
[INFO] [stderr]    Compiling darling_macro v0.20.5
[INFO] [stderr]     Checking pin-project v1.1.4
[INFO] [stderr]     Checking stream-future v0.3.1
[INFO] [stdout] error[E0432]: unresolved imports `core::ops::Generator`, `core::ops::GeneratorState`
[INFO] [stdout]    --> /opt/rustwide/cargo-home/registry/src/index.crates.io-6f17d22bba15001f/stream-future-0.3.1/src/lib.rs:104:38
[INFO] [stdout]     |
[INFO] [stdout] 104 |     ops::{ControlFlow, FromResidual, Generator, GeneratorState, Residual, Try},
[INFO] [stdout]     |                                      ^^^^^^^^^  ^^^^^^^^^^^^^^ no `GeneratorState` in `ops`
[INFO] [stdout]     |                                      |
[INFO] [stdout]     |                                      no `Generator` in `ops`
[INFO] [stdout] 
[INFO] [stdout] 
[INFO] [stdout] error[E0635]: unknown feature `generator_trait`
[INFO] [stdout]   --> /opt/rustwide/cargo-home/registry/src/index.crates.io-6f17d22bba15001f/stream-future-0.3.1/src/lib.rs:98:12
[INFO] [stdout]    |
[INFO] [stdout] 98 | #![feature(generator_trait)]
[INFO] [stdout]    |            ^^^^^^^^^^^^^^^
[INFO] [stdout] 
[INFO] [stdout] 
[INFO] [stdout] error[E0220]: associated type `Return` not found for `T`
[INFO] [stdout]    --> /opt/rustwide/cargo-home/registry/src/index.crates.io-6f17d22bba15001f/stream-future-0.3.1/src/lib.rs:139:20
[INFO] [stdout]     |
[INFO] [stdout] 139 |     ret: Option<T::Return>,
[INFO] [stdout]     |                    ^^^^^^ there is an associated type `Return` in the trait `Coroutine`
[INFO] [stdout]     |
[INFO] [stdout] help: consider further restricting this bound
[INFO] [stdout]     |
[INFO] [stdout] 136 | pub struct GenStreamFuture<P, T: Generator<ResumeTy, Yield = Poll<P>> + Coroutine> {
[INFO] [stdout]     |                                                                       +++++++++++
[INFO] [stdout] 
[INFO] [stdout] 
[INFO] [stdout] error[E0220]: associated type `Return` not found for `T`
[INFO] [stdout]    --> /opt/rustwide/cargo-home/registry/src/index.crates.io-6f17d22bba15001f/stream-future-0.3.1/src/lib.rs:199:21
[INFO] [stdout]     |
[INFO] [stdout] 199 |     ret: Option<<T::Return as Try>::Output>,
[INFO] [stdout]     |                     ^^^^^^ there is an associated type `Return` in the trait `Coroutine`
[INFO] [stdout]     |
[INFO] [stdout] help: consider further restricting this bound
[INFO] [stdout]     |
[INFO] [stdout] 196 | pub struct GenTryStreamFuture<P, T: Generator<ResumeTy, Yield = Poll<P>, Return: Try> + Coroutine> {
[INFO] [stdout]     |                                                                                       +++++++++++
[INFO] [stdout] 
[INFO] [stdout] 
[INFO] [stdout] error: aborting due to 4 previous errors
[INFO] [stdout] 
[INFO] [stdout] 
[INFO] [stdout] Some errors have detailed explanations: E0220, E0432, E0635.
[INFO] [stdout] 
[INFO] [stdout] For more information about an error, try `rustc --explain E0220`.
[INFO] [stdout] 
[INFO] [stderr] error: could not compile `stream-future` (lib) due to 5 previous errors
[INFO] [stderr] warning: build failed, waiting for other jobs to finish...
[INFO] running `Command { std: "docker" "inspect" "6dbd267ef5ed63d0054dc5069fbec1441e4f434fe4d698724b13fbe32a412d9f", kill_on_drop: false }`
[INFO] running `Command { std: "docker" "rm" "-f" "6dbd267ef5ed63d0054dc5069fbec1441e4f434fe4d698724b13fbe32a412d9f", kill_on_drop: false }`
[INFO] [stdout] 6dbd267ef5ed63d0054dc5069fbec1441e4f434fe4d698724b13fbe32a412d9f
