[INFO] fetching crate axp20x 0.0.2...
[INFO] checking axp20x-0.0.2 against nightly-2024-02-05 for check-cfg
[INFO] extracting crate axp20x 0.0.2 into /workspace/builds/worker-7-tc1/source
[INFO] validating manifest of crates.io crate axp20x 0.0.2 on toolchain nightly-2024-02-05
[INFO] running `Command { std: CARGO_HOME="/workspace/cargo-home" RUSTUP_HOME="/workspace/rustup-home" "/workspace/cargo-home/bin/cargo" "+nightly-2024-02-05" "metadata" "--manifest-path" "Cargo.toml" "--no-deps", kill_on_drop: false }`
[INFO] started tweaking crates.io crate axp20x 0.0.2
[INFO] finished tweaking crates.io crate axp20x 0.0.2
[INFO] tweaked toml for crates.io crate axp20x 0.0.2 written to /workspace/builds/worker-7-tc1/source/Cargo.toml
[INFO] running `Command { std: CARGO_HOME="/workspace/cargo-home" RUSTUP_HOME="/workspace/rustup-home" "/workspace/cargo-home/bin/cargo" "+nightly-2024-02-05" "generate-lockfile" "--manifest-path" "Cargo.toml", kill_on_drop: false }`
[INFO] [stderr]     Updating crates.io index
[INFO] running `Command { std: CARGO_HOME="/workspace/cargo-home" RUSTUP_HOME="/workspace/rustup-home" "/workspace/cargo-home/bin/cargo" "+nightly-2024-02-05" "fetch" "--manifest-path" "Cargo.toml", kill_on_drop: false }`
[INFO] [stderr]  Downloading crates ...
[INFO] [stderr]   Downloaded embedded-hal v1.0.0
[INFO] [stderr]   Downloaded bitmask-enum v1.1.3
[INFO] running `Command { std: "docker" "create" "-v" "/var/lib/crater-agent-workspace/builds/worker-7-tc1/target:/opt/rustwide/target:rw,Z" "-v" "/var/lib/crater-agent-workspace/builds/worker-7-tc1/source:/opt/rustwide/workdir:ro,Z" "-v" "/var/lib/crater-agent-workspace/cargo-home:/opt/rustwide/cargo-home:ro,Z" "-v" "/var/lib/crater-agent-workspace/rustup-home:/opt/rustwide/rustup-home:ro,Z" "-e" "SOURCE_DIR=/opt/rustwide/workdir" "-e" "CARGO_TARGET_DIR=/opt/rustwide/target" "-e" "CARGO_HOME=/opt/rustwide/cargo-home" "-e" "RUSTUP_HOME=/opt/rustwide/rustup-home" "-w" "/opt/rustwide/workdir" "-m" "1610612736" "--user" "0:0" "--network" "none" "ghcr.io/rust-lang/crates-build-env/linux@sha256:2788e3201cd34a07e3172128adcd8b3090168a8e3bcc40d7c032b9dda1df7d1c" "/opt/rustwide/cargo-home/bin/cargo" "+nightly-2024-02-05" "metadata" "--no-deps" "--format-version=1", kill_on_drop: false }`
[INFO] [stdout] 1c7722e5039963a5c062f231f0196f0f9023153f1940aefef01b66d532b10da6
[INFO] running `Command { std: "docker" "start" "-a" "1c7722e5039963a5c062f231f0196f0f9023153f1940aefef01b66d532b10da6", kill_on_drop: false }`
[INFO] running `Command { std: "docker" "inspect" "1c7722e5039963a5c062f231f0196f0f9023153f1940aefef01b66d532b10da6", kill_on_drop: false }`
[INFO] running `Command { std: "docker" "rm" "-f" "1c7722e5039963a5c062f231f0196f0f9023153f1940aefef01b66d532b10da6", kill_on_drop: false }`
[INFO] [stdout] 1c7722e5039963a5c062f231f0196f0f9023153f1940aefef01b66d532b10da6
[INFO] running `Command { std: "docker" "create" "-v" "/var/lib/crater-agent-workspace/builds/worker-7-tc1/target:/opt/rustwide/target:rw,Z" "-v" "/var/lib/crater-agent-workspace/builds/worker-7-tc1/source:/opt/rustwide/workdir:ro,Z" "-v" "/var/lib/crater-agent-workspace/cargo-home:/opt/rustwide/cargo-home:ro,Z" "-v" "/var/lib/crater-agent-workspace/rustup-home:/opt/rustwide/rustup-home:ro,Z" "-e" "SOURCE_DIR=/opt/rustwide/workdir" "-e" "CARGO_TARGET_DIR=/opt/rustwide/target" "-e" "CARGO_INCREMENTAL=0" "-e" "RUST_BACKTRACE=full" "-e" "RUSTFLAGS=--cap-lints=forbid" "-e" "RUSTDOCFLAGS=--cap-lints=forbid" "-e" "CARGO_HOME=/opt/rustwide/cargo-home" "-e" "RUSTUP_HOME=/opt/rustwide/rustup-home" "-w" "/opt/rustwide/workdir" "-m" "1610612736" "--user" "0:0" "--network" "none" "ghcr.io/rust-lang/crates-build-env/linux@sha256:2788e3201cd34a07e3172128adcd8b3090168a8e3bcc40d7c032b9dda1df7d1c" "/opt/rustwide/cargo-home/bin/cargo" "+nightly-2024-02-05" "check" "--frozen" "--all" "--all-targets" "--message-format=json", kill_on_drop: false }`
[INFO] [stdout] 66a21413ee23ba561e2f1cfc527151945349b2baabf03673aa3829e29001ecb6
[INFO] running `Command { std: "docker" "start" "-a" "66a21413ee23ba561e2f1cfc527151945349b2baabf03673aa3829e29001ecb6", kill_on_drop: false }`
[INFO] [stderr]    Compiling syn v1.0.109
[INFO] [stderr]     Checking embedded-hal v1.0.0
[INFO] [stderr]    Compiling num_enum_derive v0.5.11
[INFO] [stderr]    Compiling bitmask-enum v1.1.3
[INFO] [stderr]     Checking num_enum v0.5.11
[INFO] [stderr]     Checking axp20x v0.0.2 (/opt/rustwide/workdir)
[INFO] [stdout] error[E0432]: unresolved import `embedded_hal::delay::DelayUs`
[INFO] [stdout]  --> src/lib.rs:3:20
[INFO] [stdout]   |
[INFO] [stdout] 3 | use embedded_hal::{delay::DelayUs, i2c::I2c};
[INFO] [stdout]   |                    ^^^^^^^-------
[INFO] [stdout]   |                    |      |
[INFO] [stdout]   |                    |      help: a similar name exists in the module: `DelayNs`
[INFO] [stdout]   |                    no `DelayUs` in `delay`
[INFO] [stdout] 
[INFO] [stdout] 
[INFO] [stdout] error[E0432]: unresolved import `embedded_hal::delay::DelayUs`
[INFO] [stdout]  --> src/lib.rs:3:20
[INFO] [stdout]   |
[INFO] [stdout] 3 | use embedded_hal::{delay::DelayUs, i2c::I2c};
[INFO] [stdout]   |                    ^^^^^^^-------
[INFO] [stdout]   |                    |      |
[INFO] [stdout]   |                    |      help: a similar name exists in the module: `DelayNs`
[INFO] [stdout]   |                    no `DelayUs` in `delay`
[INFO] [stdout] 
[INFO] [stdout] 
[INFO] [stdout] error: aborting due to 1 previous error
[INFO] [stdout] 
[INFO] [stdout] 
[INFO] [stdout] For more information about this error, try `rustc --explain E0432`.
[INFO] [stdout] 
[INFO] [stdout] error: aborting due to 1 previous error
[INFO] [stdout] 
[INFO] [stdout] 
[INFO] [stdout] For more information about this error, try `rustc --explain E0432`.
[INFO] [stdout] 
[INFO] [stderr] error: could not compile `axp20x` (lib) due to 2 previous errors
[INFO] [stderr] warning: build failed, waiting for other jobs to finish...
[INFO] [stderr] error: could not compile `axp20x` (lib test) due to 2 previous errors
[INFO] running `Command { std: "docker" "inspect" "66a21413ee23ba561e2f1cfc527151945349b2baabf03673aa3829e29001ecb6", kill_on_drop: false }`
[INFO] running `Command { std: "docker" "rm" "-f" "66a21413ee23ba561e2f1cfc527151945349b2baabf03673aa3829e29001ecb6", kill_on_drop: false }`
[INFO] [stdout] 66a21413ee23ba561e2f1cfc527151945349b2baabf03673aa3829e29001ecb6
[INFO] checking axp20x-0.0.2 against nightly-2024-02-05+rustflags=-Dunexpected_cfgs+cargoflags=-Zcheck-cfg for check-cfg
[INFO] extracting crate axp20x 0.0.2 into /workspace/builds/worker-7-tc2/source
[INFO] validating manifest of crates.io crate axp20x 0.0.2 on toolchain nightly-2024-02-05
[INFO] running `Command { std: CARGO_HOME="/workspace/cargo-home" RUSTUP_HOME="/workspace/rustup-home" "/workspace/cargo-home/bin/cargo" "+nightly-2024-02-05" "metadata" "--manifest-path" "Cargo.toml" "--no-deps", kill_on_drop: false }`
[INFO] started tweaking crates.io crate axp20x 0.0.2
[INFO] finished tweaking crates.io crate axp20x 0.0.2
[INFO] tweaked toml for crates.io crate axp20x 0.0.2 written to /workspace/builds/worker-7-tc2/source/Cargo.toml
[INFO] running `Command { std: CARGO_HOME="/workspace/cargo-home" RUSTUP_HOME="/workspace/rustup-home" "/workspace/cargo-home/bin/cargo" "+nightly-2024-02-05" "generate-lockfile" "--manifest-path" "Cargo.toml", kill_on_drop: false }`
[INFO] [stderr]     Updating crates.io index
[INFO] running `Command { std: CARGO_HOME="/workspace/cargo-home" RUSTUP_HOME="/workspace/rustup-home" "/workspace/cargo-home/bin/cargo" "+nightly-2024-02-05" "fetch" "--manifest-path" "Cargo.toml", kill_on_drop: false }`
[INFO] running `Command { std: "docker" "create" "-v" "/var/lib/crater-agent-workspace/builds/worker-7-tc2/target:/opt/rustwide/target:rw,Z" "-v" "/var/lib/crater-agent-workspace/builds/worker-7-tc2/source:/opt/rustwide/workdir:ro,Z" "-v" "/var/lib/crater-agent-workspace/cargo-home:/opt/rustwide/cargo-home:ro,Z" "-v" "/var/lib/crater-agent-workspace/rustup-home:/opt/rustwide/rustup-home:ro,Z" "-e" "SOURCE_DIR=/opt/rustwide/workdir" "-e" "CARGO_TARGET_DIR=/opt/rustwide/target" "-e" "CARGO_HOME=/opt/rustwide/cargo-home" "-e" "RUSTUP_HOME=/opt/rustwide/rustup-home" "-w" "/opt/rustwide/workdir" "-m" "1610612736" "--user" "0:0" "--network" "none" "ghcr.io/rust-lang/crates-build-env/linux@sha256:2788e3201cd34a07e3172128adcd8b3090168a8e3bcc40d7c032b9dda1df7d1c" "/opt/rustwide/cargo-home/bin/cargo" "+nightly-2024-02-05" "metadata" "--no-deps" "--format-version=1", kill_on_drop: false }`
[INFO] [stdout] 48e4eeaff535c5c4882229670675537ca6cd3419b2d0a153aaa53e2e84826cd3
[INFO] running `Command { std: "docker" "start" "-a" "48e4eeaff535c5c4882229670675537ca6cd3419b2d0a153aaa53e2e84826cd3", kill_on_drop: false }`
[INFO] running `Command { std: "docker" "inspect" "48e4eeaff535c5c4882229670675537ca6cd3419b2d0a153aaa53e2e84826cd3", kill_on_drop: false }`
[INFO] running `Command { std: "docker" "rm" "-f" "48e4eeaff535c5c4882229670675537ca6cd3419b2d0a153aaa53e2e84826cd3", kill_on_drop: false }`
[INFO] [stdout] 48e4eeaff535c5c4882229670675537ca6cd3419b2d0a153aaa53e2e84826cd3
[INFO] running `Command { std: "docker" "create" "-v" "/var/lib/crater-agent-workspace/builds/worker-7-tc2/target:/opt/rustwide/target:rw,Z" "-v" "/var/lib/crater-agent-workspace/builds/worker-7-tc2/source:/opt/rustwide/workdir:ro,Z" "-v" "/var/lib/crater-agent-workspace/cargo-home:/opt/rustwide/cargo-home:ro,Z" "-v" "/var/lib/crater-agent-workspace/rustup-home:/opt/rustwide/rustup-home:ro,Z" "-e" "SOURCE_DIR=/opt/rustwide/workdir" "-e" "CARGO_TARGET_DIR=/opt/rustwide/target" "-e" "CARGO_INCREMENTAL=0" "-e" "RUST_BACKTRACE=full" "-e" "RUSTFLAGS=--cap-lints=forbid -Dunexpected_cfgs" "-e" "RUSTDOCFLAGS=--cap-lints=forbid" "-e" "CARGO_HOME=/opt/rustwide/cargo-home" "-e" "RUSTUP_HOME=/opt/rustwide/rustup-home" "-w" "/opt/rustwide/workdir" "-m" "1610612736" "--user" "0:0" "--network" "none" "ghcr.io/rust-lang/crates-build-env/linux@sha256:2788e3201cd34a07e3172128adcd8b3090168a8e3bcc40d7c032b9dda1df7d1c" "/opt/rustwide/cargo-home/bin/cargo" "+nightly-2024-02-05" "check" "--frozen" "--all" "--all-targets" "--message-format=json" "-Zcheck-cfg", kill_on_drop: false }`
[INFO] [stdout] 008484b8cc6be50966f48bb46104ffc698738715216ee29d8736d0a7c78159e2
[INFO] running `Command { std: "docker" "start" "-a" "008484b8cc6be50966f48bb46104ffc698738715216ee29d8736d0a7c78159e2", kill_on_drop: false }`
[INFO] [stderr]    Compiling syn v1.0.109
[INFO] [stderr]     Checking embedded-hal v1.0.0
[INFO] [stderr]    Compiling num_enum_derive v0.5.11
[INFO] [stderr]    Compiling bitmask-enum v1.1.3
[INFO] [stderr]     Checking num_enum v0.5.11
[INFO] [stderr]     Checking axp20x v0.0.2 (/opt/rustwide/workdir)
[INFO] [stdout] error[E0432]: unresolved import `embedded_hal::delay::DelayUs`
[INFO] [stdout]  --> src/lib.rs:3:20
[INFO] [stdout]   |
[INFO] [stdout] 3 | use embedded_hal::{delay::DelayUs, i2c::I2c};
[INFO] [stdout]   |                    ^^^^^^^-------
[INFO] [stdout]   |                    |      |
[INFO] [stdout]   |                    |      help: a similar name exists in the module: `DelayNs`
[INFO] [stdout]   |                    no `DelayUs` in `delay`
[INFO] [stdout] 
[INFO] [stdout] 
[INFO] [stdout] error[E0432]: unresolved import `embedded_hal::delay::DelayUs`
[INFO] [stdout]  --> src/lib.rs:3:20
[INFO] [stdout]   |
[INFO] [stdout] 3 | use embedded_hal::{delay::DelayUs, i2c::I2c};
[INFO] [stdout]   |                    ^^^^^^^-------
[INFO] [stdout]   |                    |      |
[INFO] [stdout]   |                    |      help: a similar name exists in the module: `DelayNs`
[INFO] [stdout]   |                    no `DelayUs` in `delay`
[INFO] [stdout] 
[INFO] [stdout] 
[INFO] [stdout] error: aborting due to 1 previous error
[INFO] [stdout] 
[INFO] [stdout] 
[INFO] [stdout] For more information about this error, try `rustc --explain E0432`.
[INFO] [stdout] 
[INFO] [stdout] error: aborting due to 1 previous error
[INFO] [stdout] 
[INFO] [stdout] 
[INFO] [stdout] For more information about this error, try `rustc --explain E0432`.
[INFO] [stdout] 
[INFO] [stderr] error: could not compile `axp20x` (lib) due to 2 previous errors
[INFO] [stderr] warning: build failed, waiting for other jobs to finish...
[INFO] [stderr] error: could not compile `axp20x` (lib test) due to 2 previous errors
[INFO] running `Command { std: "docker" "inspect" "008484b8cc6be50966f48bb46104ffc698738715216ee29d8736d0a7c78159e2", kill_on_drop: false }`
[INFO] running `Command { std: "docker" "rm" "-f" "008484b8cc6be50966f48bb46104ffc698738715216ee29d8736d0a7c78159e2", kill_on_drop: false }`
[INFO] [stdout] 008484b8cc6be50966f48bb46104ffc698738715216ee29d8736d0a7c78159e2
