[INFO] fetching crate axon-tools-riscv 0.1.2...
[INFO] checking axon-tools-riscv-0.1.2 against nightly-2024-02-05 for check-cfg
[INFO] extracting crate axon-tools-riscv 0.1.2 into /workspace/builds/worker-6-tc1/source
[INFO] validating manifest of crates.io crate axon-tools-riscv 0.1.2 on toolchain nightly-2024-02-05
[INFO] running `Command { std: CARGO_HOME="/workspace/cargo-home" RUSTUP_HOME="/workspace/rustup-home" "/workspace/cargo-home/bin/cargo" "+nightly-2024-02-05" "metadata" "--manifest-path" "Cargo.toml" "--no-deps", kill_on_drop: false }`
[INFO] started tweaking crates.io crate axon-tools-riscv 0.1.2
[INFO] finished tweaking crates.io crate axon-tools-riscv 0.1.2
[INFO] tweaked toml for crates.io crate axon-tools-riscv 0.1.2 written to /workspace/builds/worker-6-tc1/source/Cargo.toml
[INFO] running `Command { std: CARGO_HOME="/workspace/cargo-home" RUSTUP_HOME="/workspace/rustup-home" "/workspace/cargo-home/bin/cargo" "+nightly-2024-02-05" "generate-lockfile" "--manifest-path" "Cargo.toml", kill_on_drop: false }`
[INFO] [stderr]     Updating crates.io index
[INFO] running `Command { std: CARGO_HOME="/workspace/cargo-home" RUSTUP_HOME="/workspace/rustup-home" "/workspace/cargo-home/bin/cargo" "+nightly-2024-02-05" "fetch" "--manifest-path" "Cargo.toml", kill_on_drop: false }`
[INFO] [stderr]  Downloading crates ...
[INFO] [stderr]   Downloaded toml_datetime v0.6.3
[INFO] [stderr]   Downloaded dyn-clone v1.0.16
[INFO] [stderr]   Downloaded faster-hex v0.6.1
[INFO] [stderr]   Downloaded parity-scale-codec v3.6.9
[INFO] [stderr]   Downloaded proc-macro-crate v2.0.2
[INFO] [stderr]   Downloaded trackable v1.3.0
[INFO] [stderr]   Downloaded impl-rlp v0.3.0
[INFO] [stderr]   Downloaded rand_pcg v0.3.1
[INFO] [stderr]   Downloaded hash-db v0.15.2
[INFO] [stderr]   Downloaded cita_trie v4.1.0
[INFO] [stderr]   Downloaded scale-info-derive v2.10.0
[INFO] [stderr]   Downloaded hash256-std-hasher v0.15.2
[INFO] [stderr]   Downloaded rustc-hex v2.1.0
[INFO] [stderr]   Downloaded trackable_derive v1.0.0
[INFO] [stderr]   Downloaded scale-info v2.10.0
[INFO] [stderr]   Downloaded ethereum v0.14.0
[INFO] [stderr]   Downloaded keccak v0.1.5
[INFO] [stderr]   Downloaded triehash v0.8.4
[INFO] [stderr]   Downloaded trackable v0.2.24
[INFO] [stderr]   Downloaded parity-scale-codec-derive v3.6.9
[INFO] [stderr]   Downloaded fixed-hash v0.8.0
[INFO] [stderr]   Downloaded rustracing v0.5.1
[INFO] [stderr]   Downloaded toml_edit v0.20.2
[INFO] [stderr]   Downloaded sha3 v0.10.8
[INFO] [stderr]   Downloaded primitive-types v0.12.2
[INFO] [stderr]   Downloaded impl-serde v0.4.0
[INFO] [stderr]   Downloaded impl-trait-for-tuples v0.2.2
[INFO] [stderr]   Downloaded ethereum-types v0.14.1
[INFO] [stderr]   Downloaded hummer v0.2.0
[INFO] [stderr]   Downloaded ethbloom v0.13.0
[INFO] [stderr]   Downloaded byte-slice-cast v1.2.2
[INFO] [stderr]   Downloaded impl-codec v0.6.0
[INFO] [stderr]   Downloaded rlp-derive v0.1.0
[INFO] [stderr]   Downloaded rlp v0.5.2
[INFO] [stderr]   Downloaded creep v0.2.2
[INFO] [stderr]   Downloaded thrift_codec v0.1.1
[INFO] [stderr]   Downloaded muta-apm-derive v0.1.0
[INFO] [stderr]   Downloaded prime_tools v0.3.4
[INFO] [stderr]   Downloaded libmath v0.1.4
[INFO] [stderr]   Downloaded hasher v0.1.4
[INFO] [stderr]   Downloaded muta-apm v0.1.0
[INFO] [stderr]   Downloaded overlord v0.4.2
[INFO] [stderr]   Downloaded rustracing_jaeger v0.7.0
[INFO] [stderr]   Downloaded ckb-blst v0.100.0
[INFO] running `Command { std: "docker" "create" "-v" "/var/lib/crater-agent-workspace/builds/worker-6-tc1/target:/opt/rustwide/target:rw,Z" "-v" "/var/lib/crater-agent-workspace/builds/worker-6-tc1/source:/opt/rustwide/workdir:ro,Z" "-v" "/var/lib/crater-agent-workspace/cargo-home:/opt/rustwide/cargo-home:ro,Z" "-v" "/var/lib/crater-agent-workspace/rustup-home:/opt/rustwide/rustup-home:ro,Z" "-e" "SOURCE_DIR=/opt/rustwide/workdir" "-e" "CARGO_TARGET_DIR=/opt/rustwide/target" "-e" "CARGO_HOME=/opt/rustwide/cargo-home" "-e" "RUSTUP_HOME=/opt/rustwide/rustup-home" "-w" "/opt/rustwide/workdir" "-m" "1610612736" "--user" "0:0" "--network" "none" "ghcr.io/rust-lang/crates-build-env/linux@sha256:2788e3201cd34a07e3172128adcd8b3090168a8e3bcc40d7c032b9dda1df7d1c" "/opt/rustwide/cargo-home/bin/cargo" "+nightly-2024-02-05" "metadata" "--no-deps" "--format-version=1", kill_on_drop: false }`
[INFO] [stdout] dffd525f435cfa54df7016607a9dd44c49a34169f412716ee36ec6a59efde193
[INFO] running `Command { std: "docker" "start" "-a" "dffd525f435cfa54df7016607a9dd44c49a34169f412716ee36ec6a59efde193", kill_on_drop: false }`
[INFO] running `Command { std: "docker" "inspect" "dffd525f435cfa54df7016607a9dd44c49a34169f412716ee36ec6a59efde193", kill_on_drop: false }`
[INFO] running `Command { std: "docker" "rm" "-f" "dffd525f435cfa54df7016607a9dd44c49a34169f412716ee36ec6a59efde193", kill_on_drop: false }`
[INFO] [stdout] dffd525f435cfa54df7016607a9dd44c49a34169f412716ee36ec6a59efde193
[INFO] running `Command { std: "docker" "create" "-v" "/var/lib/crater-agent-workspace/builds/worker-6-tc1/target:/opt/rustwide/target:rw,Z" "-v" "/var/lib/crater-agent-workspace/builds/worker-6-tc1/source:/opt/rustwide/workdir:ro,Z" "-v" "/var/lib/crater-agent-workspace/cargo-home:/opt/rustwide/cargo-home:ro,Z" "-v" "/var/lib/crater-agent-workspace/rustup-home:/opt/rustwide/rustup-home:ro,Z" "-e" "SOURCE_DIR=/opt/rustwide/workdir" "-e" "CARGO_TARGET_DIR=/opt/rustwide/target" "-e" "CARGO_INCREMENTAL=0" "-e" "RUST_BACKTRACE=full" "-e" "RUSTFLAGS=--cap-lints=forbid" "-e" "RUSTDOCFLAGS=--cap-lints=forbid" "-e" "CARGO_HOME=/opt/rustwide/cargo-home" "-e" "RUSTUP_HOME=/opt/rustwide/rustup-home" "-w" "/opt/rustwide/workdir" "-m" "1610612736" "--user" "0:0" "--network" "none" "ghcr.io/rust-lang/crates-build-env/linux@sha256:2788e3201cd34a07e3172128adcd8b3090168a8e3bcc40d7c032b9dda1df7d1c" "/opt/rustwide/cargo-home/bin/cargo" "+nightly-2024-02-05" "check" "--frozen" "--all" "--all-targets" "--message-format=json", kill_on_drop: false }`
[INFO] [stdout] ec411e0243af654e4f953d964beb18dd22082071db10c9f494b5fe1d83ed907d
[INFO] running `Command { std: "docker" "start" "-a" "ec411e0243af654e4f953d964beb18dd22082071db10c9f494b5fe1d83ed907d", kill_on_drop: false }`
[INFO] [stderr]    Compiling syn v1.0.109
[INFO] [stderr]    Compiling hashbrown v0.14.3
[INFO] [stderr]    Compiling equivalent v1.0.1
[INFO] [stderr]    Compiling toml_datetime v0.6.3
[INFO] [stderr]    Compiling winnow v0.5.37
[INFO] [stderr]    Compiling crunchy v0.2.2
[INFO] [stderr]    Compiling syn v2.0.48
[INFO] [stderr]     Checking byteorder v1.5.0
[INFO] [stderr]     Checking rustc-hex v2.1.0
[INFO] [stderr]    Compiling libc v0.2.153
[INFO] [stderr]    Compiling convert_case v0.4.0
[INFO] [stderr]     Checking arrayvec v0.7.4
[INFO] [stderr]    Compiling tiny-keccak v2.0.2
[INFO] [stderr]     Checking byte-slice-cast v1.2.2
[INFO] [stderr]    Compiling once_cell v1.19.0
[INFO] [stderr]    Compiling lock_api v0.4.11
[INFO] [stderr]     Checking static_assertions v1.1.0
[INFO] [stderr]    Compiling crossbeam-utils v0.8.19
[INFO] [stderr]    Compiling indexmap v2.2.2
[INFO] [stderr]     Checking smallvec v1.13.1
[INFO] [stderr]     Checking gimli v0.28.1
[INFO] [stderr]    Compiling serde v1.0.196
[INFO] [stderr]     Checking scopeguard v1.2.0
[INFO] [stderr]    Compiling cc v1.0.83
[INFO] [stderr]     Checking miniz_oxide v0.7.2
[INFO] [stderr]     Checking fixed-hash v0.8.0
[INFO] [stderr]     Checking object v0.32.2
[INFO] [stderr]     Checking futures-core v0.3.30
[INFO] [stderr]     Checking hex v0.4.3
[INFO] [stderr]    Compiling parking_lot_core v0.8.6
[INFO] [stderr]     Checking futures-sink v0.3.30
[INFO] [stderr]    Compiling parking_lot_core v0.9.9
[INFO] [stderr]     Checking rustc-demangle v0.1.23
[INFO] [stderr]    Compiling toml_edit v0.20.2
[INFO] [stderr]    Compiling toml_edit v0.19.15
[INFO] [stderr]    Compiling serde_json v1.0.113
[INFO] [stderr]     Checking futures-channel v0.3.30
[INFO] [stderr]     Checking uint v0.9.5
[INFO] [stderr]     Checking crossbeam-channel v0.5.11
[INFO] [stderr]    Compiling backtrace v0.3.69
[INFO] [stderr]     Checking rand v0.4.6
[INFO] [stderr]     Checking addr2line v0.21.0
[INFO] [stderr]     Checking instant v0.1.12
[INFO] [stderr]    Compiling ryu v1.0.16
[INFO] [stderr]    Compiling itoa v1.0.10
[INFO] [stderr]     Checking futures-task v0.3.30
[INFO] [stderr]     Checking match_cfg v0.1.0
[INFO] [stderr]     Checking futures-io v0.3.30
[INFO] [stderr]     Checking hostname v0.3.1
[INFO] [stderr]     Checking rand v0.3.23
[INFO] [stderr]    Compiling proc-macro-crate v2.0.2
[INFO] [stderr]    Compiling proc-macro-crate v1.3.1
[INFO] [stderr]     Checking dyn-clone v1.0.16
[INFO] [stderr]     Checking creep v0.2.2
[INFO] [stderr]     Checking digest v0.10.7
[INFO] [stderr]     Checking parking_lot v0.12.1
[INFO] [stderr]     Checking parking_lot v0.11.2
[INFO] [stderr]     Checking libmath v0.1.4
[INFO] [stderr]     Checking keccak v0.1.5
[INFO] [stderr]     Checking faster-hex v0.6.1
[INFO] [stderr]     Checking hash-db v0.15.2
[INFO] [stderr]     Checking hummer v0.2.0
[INFO] [stderr]     Checking prime_tools v0.3.4
[INFO] [stderr]     Checking sha3 v0.10.8
[INFO] [stderr]     Checking hasher v0.1.4
[INFO] [stderr]     Checking hash256-std-hasher v0.15.2
[INFO] [stderr]     Checking rand_pcg v0.3.1
[INFO] [stderr]    Compiling serde_derive v1.0.196
[INFO] [stderr]    Compiling futures-macro v0.3.30
[INFO] [stderr]    Compiling tokio-macros v2.2.0
[INFO] [stderr]    Compiling async-trait v0.1.77
[INFO] [stderr]    Compiling rlp-derive v0.1.0
[INFO] [stderr]    Compiling parity-scale-codec-derive v3.6.9
[INFO] [stderr]    Compiling impl-trait-for-tuples v0.2.2
[INFO] [stderr]    Compiling derive_more v0.99.17
[INFO] [stderr]    Compiling trackable_derive v1.0.0
[INFO] [stderr]    Compiling scale-info-derive v2.10.0
[INFO] [stderr]     Checking futures-util v0.3.30
[INFO] [stderr]     Checking trackable v1.3.0
[INFO] [stderr]     Checking trackable v0.2.24
[INFO] [stderr]    Compiling muta-apm-derive v0.1.0
[INFO] [stderr]     Checking thrift_codec v0.1.1
[INFO] [stderr]     Checking rustracing v0.5.1
[INFO] [stderr]     Checking rustracing_jaeger v0.7.0
[INFO] [stderr]     Checking tokio v1.36.0
[INFO] [stderr]     Checking muta-apm v0.1.0
[INFO] [stderr]     Checking futures-executor v0.3.30
[INFO] [stderr]     Checking futures v0.3.30
[INFO] [stderr]     Checking bytes v1.5.0
[INFO] [stderr]     Checking parity-scale-codec v3.6.9
[INFO] [stderr]     Checking impl-serde v0.4.0
[INFO] [stderr]     Checking rlp v0.5.2
[INFO] [stderr]     Checking impl-rlp v0.3.0
[INFO] [stderr]     Checking triehash v0.8.4
[INFO] [stderr]     Checking overlord v0.4.2
[INFO] [stderr]     Checking cita_trie v4.1.0
[INFO] [stderr]     Checking impl-codec v0.6.0
[INFO] [stderr]     Checking scale-info v2.10.0
[INFO] [stderr]     Checking primitive-types v0.12.2
[INFO] [stderr]     Checking ethbloom v0.13.0
[INFO] [stderr]     Checking ethereum-types v0.14.1
[INFO] [stderr]     Checking ethereum v0.14.0
[INFO] [stderr]     Checking axon-tools-riscv v0.1.2 (/opt/rustwide/workdir)
[INFO] [stdout] error[E0412]: cannot find type `Vote` in this scope
[INFO] [stdout]    --> src/types.rs:147:6
[INFO] [stdout]     |
[INFO] [stdout] 147 | impl Vote {
[INFO] [stdout]     |      ^^^^ not found in this scope
[INFO] [stdout]     |
[INFO] [stdout] help: consider importing this struct
[INFO] [stdout]     |
[INFO] [stdout] 1   + use overlord::types::Vote;
[INFO] [stdout]     |
[INFO] [stdout] 
[INFO] [stdout] 
[INFO] [stdout] error[E0433]: failed to resolve: use of undeclared type `Vote`
[INFO] [stdout]    --> src/types.rs:229:20
[INFO] [stdout]     |
[INFO] [stdout] 229 |         let vote = Vote::random();
[INFO] [stdout]     |                    ^^^^ use of undeclared type `Vote`
[INFO] [stdout]     |
[INFO] [stdout] help: consider importing this struct
[INFO] [stdout]     |
[INFO] [stdout] 221 +     use overlord::types::Vote;
[INFO] [stdout]     |
[INFO] [stdout] 
[INFO] [stdout] 
[INFO] [stdout] error[E0433]: failed to resolve: use of undeclared crate or module `rlp`
[INFO] [stdout]    --> src/types.rs:230:19
[INFO] [stdout]     |
[INFO] [stdout] 230 |         let raw = rlp::encode(&vote);
[INFO] [stdout]     |                   ^^^ use of undeclared crate or module `rlp`
[INFO] [stdout] 
[INFO] [stdout] 
[INFO] [stdout] error[E0433]: failed to resolve: use of undeclared crate or module `rlp`
[INFO] [stdout]    --> src/types.rs:231:46
[INFO] [stdout]     |
[INFO] [stdout] 231 |         let decoded: overlord::types::Vote = rlp::decode(&raw).unwrap();
[INFO] [stdout]     |                                              ^^^ use of undeclared crate or module `rlp`
[INFO] [stdout] 
[INFO] [stdout] 
[INFO] [stdout] error: aborting due to 4 previous errors
[INFO] [stdout] 
[INFO] [stdout] 
[INFO] [stdout] Some errors have detailed explanations: E0412, E0433.
[INFO] [stdout] 
[INFO] [stdout] For more information about an error, try `rustc --explain E0412`.
[INFO] [stdout] 
[INFO] [stderr] error: could not compile `axon-tools-riscv` (lib test) due to 5 previous errors
[INFO] running `Command { std: "docker" "inspect" "ec411e0243af654e4f953d964beb18dd22082071db10c9f494b5fe1d83ed907d", kill_on_drop: false }`
[INFO] running `Command { std: "docker" "rm" "-f" "ec411e0243af654e4f953d964beb18dd22082071db10c9f494b5fe1d83ed907d", kill_on_drop: false }`
[INFO] [stdout] ec411e0243af654e4f953d964beb18dd22082071db10c9f494b5fe1d83ed907d
[INFO] checking axon-tools-riscv-0.1.2 against nightly-2024-02-05+rustflags=-Dunexpected_cfgs+cargoflags=-Zcheck-cfg for check-cfg
[INFO] extracting crate axon-tools-riscv 0.1.2 into /workspace/builds/worker-6-tc2/source
[INFO] validating manifest of crates.io crate axon-tools-riscv 0.1.2 on toolchain nightly-2024-02-05
[INFO] running `Command { std: CARGO_HOME="/workspace/cargo-home" RUSTUP_HOME="/workspace/rustup-home" "/workspace/cargo-home/bin/cargo" "+nightly-2024-02-05" "metadata" "--manifest-path" "Cargo.toml" "--no-deps", kill_on_drop: false }`
[INFO] started tweaking crates.io crate axon-tools-riscv 0.1.2
[INFO] finished tweaking crates.io crate axon-tools-riscv 0.1.2
[INFO] tweaked toml for crates.io crate axon-tools-riscv 0.1.2 written to /workspace/builds/worker-6-tc2/source/Cargo.toml
[INFO] running `Command { std: CARGO_HOME="/workspace/cargo-home" RUSTUP_HOME="/workspace/rustup-home" "/workspace/cargo-home/bin/cargo" "+nightly-2024-02-05" "generate-lockfile" "--manifest-path" "Cargo.toml", kill_on_drop: false }`
[INFO] [stderr]     Updating crates.io index
[INFO] running `Command { std: CARGO_HOME="/workspace/cargo-home" RUSTUP_HOME="/workspace/rustup-home" "/workspace/cargo-home/bin/cargo" "+nightly-2024-02-05" "fetch" "--manifest-path" "Cargo.toml", kill_on_drop: false }`
[INFO] running `Command { std: "docker" "create" "-v" "/var/lib/crater-agent-workspace/builds/worker-6-tc2/target:/opt/rustwide/target:rw,Z" "-v" "/var/lib/crater-agent-workspace/builds/worker-6-tc2/source:/opt/rustwide/workdir:ro,Z" "-v" "/var/lib/crater-agent-workspace/cargo-home:/opt/rustwide/cargo-home:ro,Z" "-v" "/var/lib/crater-agent-workspace/rustup-home:/opt/rustwide/rustup-home:ro,Z" "-e" "SOURCE_DIR=/opt/rustwide/workdir" "-e" "CARGO_TARGET_DIR=/opt/rustwide/target" "-e" "CARGO_HOME=/opt/rustwide/cargo-home" "-e" "RUSTUP_HOME=/opt/rustwide/rustup-home" "-w" "/opt/rustwide/workdir" "-m" "1610612736" "--user" "0:0" "--network" "none" "ghcr.io/rust-lang/crates-build-env/linux@sha256:2788e3201cd34a07e3172128adcd8b3090168a8e3bcc40d7c032b9dda1df7d1c" "/opt/rustwide/cargo-home/bin/cargo" "+nightly-2024-02-05" "metadata" "--no-deps" "--format-version=1", kill_on_drop: false }`
[INFO] [stdout] dc2fa44aae60f944199733b5816cd48528fa16ab3277cf8607174720c6146f97
[INFO] running `Command { std: "docker" "start" "-a" "dc2fa44aae60f944199733b5816cd48528fa16ab3277cf8607174720c6146f97", kill_on_drop: false }`
[INFO] running `Command { std: "docker" "inspect" "dc2fa44aae60f944199733b5816cd48528fa16ab3277cf8607174720c6146f97", kill_on_drop: false }`
[INFO] running `Command { std: "docker" "rm" "-f" "dc2fa44aae60f944199733b5816cd48528fa16ab3277cf8607174720c6146f97", kill_on_drop: false }`
[INFO] [stdout] dc2fa44aae60f944199733b5816cd48528fa16ab3277cf8607174720c6146f97
[INFO] running `Command { std: "docker" "create" "-v" "/var/lib/crater-agent-workspace/builds/worker-6-tc2/target:/opt/rustwide/target:rw,Z" "-v" "/var/lib/crater-agent-workspace/builds/worker-6-tc2/source:/opt/rustwide/workdir:ro,Z" "-v" "/var/lib/crater-agent-workspace/cargo-home:/opt/rustwide/cargo-home:ro,Z" "-v" "/var/lib/crater-agent-workspace/rustup-home:/opt/rustwide/rustup-home:ro,Z" "-e" "SOURCE_DIR=/opt/rustwide/workdir" "-e" "CARGO_TARGET_DIR=/opt/rustwide/target" "-e" "CARGO_INCREMENTAL=0" "-e" "RUST_BACKTRACE=full" "-e" "RUSTFLAGS=--cap-lints=forbid -Dunexpected_cfgs" "-e" "RUSTDOCFLAGS=--cap-lints=forbid" "-e" "CARGO_HOME=/opt/rustwide/cargo-home" "-e" "RUSTUP_HOME=/opt/rustwide/rustup-home" "-w" "/opt/rustwide/workdir" "-m" "1610612736" "--user" "0:0" "--network" "none" "ghcr.io/rust-lang/crates-build-env/linux@sha256:2788e3201cd34a07e3172128adcd8b3090168a8e3bcc40d7c032b9dda1df7d1c" "/opt/rustwide/cargo-home/bin/cargo" "+nightly-2024-02-05" "check" "--frozen" "--all" "--all-targets" "--message-format=json" "-Zcheck-cfg", kill_on_drop: false }`
[INFO] [stdout] e716e346523e8af97c4effa1b0d079fc33ff9afacd77a0838581aff729dce03e
[INFO] running `Command { std: "docker" "start" "-a" "e716e346523e8af97c4effa1b0d079fc33ff9afacd77a0838581aff729dce03e", kill_on_drop: false }`
[INFO] [stderr]    Compiling syn v1.0.109
[INFO] [stderr]    Compiling hashbrown v0.14.3
[INFO] [stderr]    Compiling equivalent v1.0.1
[INFO] [stderr]    Compiling winnow v0.5.37
[INFO] [stderr]    Compiling toml_datetime v0.6.3
[INFO] [stderr]    Compiling crunchy v0.2.2
[INFO] [stderr]    Compiling syn v2.0.48
[INFO] [stderr]     Checking rustc-hex v2.1.0
[INFO] [stderr]     Checking byteorder v1.5.0
[INFO] [stderr]    Compiling libc v0.2.153
[INFO] [stderr]     Checking arrayvec v0.7.4
[INFO] [stderr]    Compiling convert_case v0.4.0
[INFO] [stderr]    Compiling once_cell v1.19.0
[INFO] [stderr]    Compiling tiny-keccak v2.0.2
[INFO] [stderr]     Checking byte-slice-cast v1.2.2
[INFO] [stderr]    Compiling indexmap v2.2.2
[INFO] [stderr]    Compiling lock_api v0.4.11
[INFO] [stderr]     Checking smallvec v1.13.1
[INFO] [stderr]    Compiling crossbeam-utils v0.8.19
[INFO] [stderr]     Checking static_assertions v1.1.0
[INFO] [stderr]    Compiling serde v1.0.196
[INFO] [stderr]     Checking scopeguard v1.2.0
[INFO] [stderr]     Checking gimli v0.28.1
[INFO] [stderr]     Checking miniz_oxide v0.7.2
[INFO] [stderr]    Compiling cc v1.0.83
[INFO] [stderr]     Checking fixed-hash v0.8.0
[INFO] [stderr]     Checking object v0.32.2
[INFO] [stderr]     Checking futures-core v0.3.30
[INFO] [stderr]    Compiling parking_lot_core v0.8.6
[INFO] [stderr]    Compiling toml_edit v0.20.2
[INFO] [stderr]    Compiling toml_edit v0.19.15
[INFO] [stderr]     Checking hex v0.4.3
[INFO] [stderr]     Checking rustc-demangle v0.1.23
[INFO] [stderr]     Checking futures-sink v0.3.30
[INFO] [stderr]    Compiling parking_lot_core v0.9.9
[INFO] [stderr]     Checking futures-channel v0.3.30
[INFO] [stderr]    Compiling backtrace v0.3.69
[INFO] [stderr]     Checking uint v0.9.5
[INFO] [stderr]     Checking crossbeam-channel v0.5.11
[INFO] [stderr]    Compiling proc-macro-crate v1.3.1
[INFO] [stderr]    Compiling proc-macro-crate v2.0.2
[INFO] [stderr]     Checking addr2line v0.21.0
[INFO] [stderr]    Compiling serde_json v1.0.113
[INFO] [stderr]     Checking rand v0.4.6
[INFO] [stderr]     Checking instant v0.1.12
[INFO] [stderr]     Checking futures-task v0.3.30
[INFO] [stderr]     Checking match_cfg v0.1.0
[INFO] [stderr]    Compiling itoa v1.0.10
[INFO] [stderr]     Checking futures-io v0.3.30
[INFO] [stderr]    Compiling ryu v1.0.16
[INFO] [stderr]     Checking hostname v0.3.1
[INFO] [stderr]     Checking rand v0.3.23
[INFO] [stderr]     Checking dyn-clone v1.0.16
[INFO] [stderr]     Checking parking_lot v0.12.1
[INFO] [stderr]     Checking parking_lot v0.11.2
[INFO] [stderr]     Checking creep v0.2.2
[INFO] [stderr]     Checking digest v0.10.7
[INFO] [stderr]     Checking libmath v0.1.4
[INFO] [stderr]     Checking keccak v0.1.5
[INFO] [stderr]    Compiling serde_derive v1.0.196
[INFO] [stderr]    Compiling futures-macro v0.3.30
[INFO] [stderr]    Compiling tokio-macros v2.2.0
[INFO] [stderr]     Checking faster-hex v0.6.1
[INFO] [stderr]     Checking hash-db v0.15.2
[INFO] [stderr]     Checking hummer v0.2.0
[INFO] [stderr]     Checking sha3 v0.10.8
[INFO] [stderr]     Checking prime_tools v0.3.4
[INFO] [stderr]    Compiling async-trait v0.1.77
[INFO] [stderr]     Checking hasher v0.1.4
[INFO] [stderr]     Checking hash256-std-hasher v0.15.2
[INFO] [stderr]     Checking rand_pcg v0.3.1
[INFO] [stderr]     Checking tokio v1.36.0
[INFO] [stderr]     Checking futures-util v0.3.30
[INFO] [stderr]    Compiling rlp-derive v0.1.0
[INFO] [stderr]    Compiling parity-scale-codec-derive v3.6.9
[INFO] [stderr]    Compiling impl-trait-for-tuples v0.2.2
[INFO] [stderr]    Compiling derive_more v0.99.17
[INFO] [stderr]    Compiling trackable_derive v1.0.0
[INFO] [stderr]    Compiling scale-info-derive v2.10.0
[INFO] [stderr]    Compiling muta-apm-derive v0.1.0
[INFO] [stderr]     Checking trackable v1.3.0
[INFO] [stderr]     Checking trackable v0.2.24
[INFO] [stderr]     Checking rustracing v0.5.1
[INFO] [stderr]     Checking thrift_codec v0.1.1
[INFO] [stderr]     Checking futures-executor v0.3.30
[INFO] [stderr]     Checking futures v0.3.30
[INFO] [stderr]     Checking rustracing_jaeger v0.7.0
[INFO] [stderr]     Checking muta-apm v0.1.0
[INFO] [stderr]     Checking bytes v1.5.0
[INFO] [stderr]     Checking parity-scale-codec v3.6.9
[INFO] [stderr]     Checking impl-serde v0.4.0
[INFO] [stderr]     Checking rlp v0.5.2
[INFO] [stderr]     Checking impl-rlp v0.3.0
[INFO] [stderr]     Checking triehash v0.8.4
[INFO] [stderr]     Checking cita_trie v4.1.0
[INFO] [stderr]     Checking overlord v0.4.2
[INFO] [stderr]     Checking scale-info v2.10.0
[INFO] [stderr]     Checking impl-codec v0.6.0
[INFO] [stderr]     Checking ethbloom v0.13.0
[INFO] [stderr]     Checking primitive-types v0.12.2
[INFO] [stderr]     Checking ethereum-types v0.14.1
[INFO] [stderr]     Checking ethereum v0.14.0
[INFO] [stderr]     Checking axon-tools-riscv v0.1.2 (/opt/rustwide/workdir)
[INFO] [stdout] error: unexpected `cfg` condition name: `doc_cfg`
[INFO] [stdout]  --> src/lib.rs:2:13
[INFO] [stdout]   |
[INFO] [stdout] 2 | #![cfg_attr(doc_cfg, feature(doc_cfg))]
[INFO] [stdout]   |             ^^^^^^^
[INFO] [stdout]   |
[INFO] [stdout]   = help: expected names are: `debug_assertions`, `doc`, `doctest`, `feature`, `miri`, `overflow_checks`, `panic`, `proc_macro`, `relocation_model`, `sanitize`, `sanitizer_cfi_generalize_pointers`, `sanitizer_cfi_normalize_integers`, `target_abi`, `target_arch`, `target_endian`, `target_env`, `target_family`, `target_feature`, `target_has_atomic`, `target_has_atomic_equal_alignment`, `target_has_atomic_load_store`, `target_os`, `target_pointer_width`, `target_thread_local`, `target_vendor`, `test`, `unix`, `windows`
[INFO] [stdout]   = help: consider using a Cargo feature instead or adding `println!("cargo:rustc-check-cfg=cfg(doc_cfg)");` to the top of a `build.rs`
[INFO] [stdout]   = note: see <https://doc.rust-lang.org/nightly/cargo/reference/unstable.html#check-cfg> for more information about checking conditional configuration
[INFO] [stdout]   = note: requested on the command line with `-D unexpected-cfgs`
[INFO] [stdout] 
[INFO] [stdout] 
[INFO] [stdout] error: aborting due to 1 previous error
[INFO] [stdout] 
[INFO] [stdout] 
[INFO] [stderr] error: could not compile `axon-tools-riscv` (lib) due to 2 previous errors
[INFO] [stderr] warning: build failed, waiting for other jobs to finish...
[INFO] running `Command { std: "docker" "inspect" "e716e346523e8af97c4effa1b0d079fc33ff9afacd77a0838581aff729dce03e", kill_on_drop: false }`
[INFO] running `Command { std: "docker" "rm" "-f" "e716e346523e8af97c4effa1b0d079fc33ff9afacd77a0838581aff729dce03e", kill_on_drop: false }`
[INFO] [stdout] e716e346523e8af97c4effa1b0d079fc33ff9afacd77a0838581aff729dce03e
