[INFO] fetching crate awsl-error 0.1.0...
[INFO] checking awsl-error-0.1.0 against nightly-2024-02-05 for check-cfg
[INFO] extracting crate awsl-error 0.1.0 into /workspace/builds/worker-6-tc1/source
[INFO] validating manifest of crates.io crate awsl-error 0.1.0 on toolchain nightly-2024-02-05
[INFO] running `Command { std: CARGO_HOME="/workspace/cargo-home" RUSTUP_HOME="/workspace/rustup-home" "/workspace/cargo-home/bin/cargo" "+nightly-2024-02-05" "metadata" "--manifest-path" "Cargo.toml" "--no-deps", kill_on_drop: false }`
[INFO] started tweaking crates.io crate awsl-error 0.1.0
[INFO] finished tweaking crates.io crate awsl-error 0.1.0
[INFO] tweaked toml for crates.io crate awsl-error 0.1.0 written to /workspace/builds/worker-6-tc1/source/Cargo.toml
[INFO] running `Command { std: CARGO_HOME="/workspace/cargo-home" RUSTUP_HOME="/workspace/rustup-home" "/workspace/cargo-home/bin/cargo" "+nightly-2024-02-05" "generate-lockfile" "--manifest-path" "Cargo.toml", kill_on_drop: false }`
[INFO] [stderr]     Updating crates.io index
[INFO] running `Command { std: CARGO_HOME="/workspace/cargo-home" RUSTUP_HOME="/workspace/rustup-home" "/workspace/cargo-home/bin/cargo" "+nightly-2024-02-05" "fetch" "--manifest-path" "Cargo.toml", kill_on_drop: false }`
[INFO] [stderr]  Downloading crates ...
[INFO] [stderr]   Downloaded askama v0.12.1
[INFO] [stderr]   Downloaded html-escape v0.2.13
[INFO] [stderr]   Downloaded utf8-width v0.1.7
[INFO] [stderr]   Downloaded yggdrasil-shared v0.2.5
[INFO] [stderr]   Downloaded cow-utils v0.1.3
[INFO] [stderr]   Downloaded humansize v2.1.3
[INFO] [stderr]   Downloaded enum-ordinalize v4.3.0
[INFO] [stderr]   Downloaded htmlescape v0.3.1
[INFO] [stderr]   Downloaded type-uuid-derive v0.1.2
[INFO] [stderr]   Downloaded daachorse v1.0.0
[INFO] [stderr]   Downloaded enum-ordinalize-derive v4.3.1
[INFO] [stderr]   Downloaded askama_escape v0.10.3
[INFO] [stderr]   Downloaded minifier v0.2.3
[INFO] [stderr]   Downloaded askama_parser v0.2.1
[INFO] [stderr]   Downloaded type-uuid v0.1.2
[INFO] [stderr]   Downloaded unicode-script v0.5.5
[INFO] [stderr]   Downloaded regex-automata v0.2.0
[INFO] [stderr]   Downloaded educe v0.5.11
[INFO] [stderr]   Downloaded bigdecimal v0.3.1
[INFO] [stderr]   Downloaded ucd-util v0.2.1
[INFO] [stderr]   Downloaded askama_derive v0.12.5
[INFO] [stderr]   Downloaded railroad v0.2.0
[INFO] [stderr]   Downloaded html-minifier v4.0.0
[INFO] [stderr]   Downloaded yggdrasil-ir v0.1.6
[INFO] [stderr]   Downloaded yggdrasil-error v0.1.4
[INFO] [stderr]   Downloaded yggdrasil-rt v0.0.16
[INFO] [stderr]   Downloaded validatus v0.0.2
[INFO] [stderr]   Downloaded diagnostic v0.5.10
[INFO] [stderr]   Downloaded pex-trie v0.0.3
[INFO] [stderr]   Downloaded yggdrasil-parser v0.0.4
[INFO] [stderr]   Downloaded character-set v0.4.0
[INFO] running `Command { std: "docker" "create" "-v" "/var/lib/crater-agent-workspace/builds/worker-6-tc1/target:/opt/rustwide/target:rw,Z" "-v" "/var/lib/crater-agent-workspace/builds/worker-6-tc1/source:/opt/rustwide/workdir:ro,Z" "-v" "/var/lib/crater-agent-workspace/cargo-home:/opt/rustwide/cargo-home:ro,Z" "-v" "/var/lib/crater-agent-workspace/rustup-home:/opt/rustwide/rustup-home:ro,Z" "-e" "SOURCE_DIR=/opt/rustwide/workdir" "-e" "CARGO_TARGET_DIR=/opt/rustwide/target" "-e" "CARGO_HOME=/opt/rustwide/cargo-home" "-e" "RUSTUP_HOME=/opt/rustwide/rustup-home" "-w" "/opt/rustwide/workdir" "-m" "1610612736" "--user" "0:0" "--network" "none" "ghcr.io/rust-lang/crates-build-env/linux@sha256:2788e3201cd34a07e3172128adcd8b3090168a8e3bcc40d7c032b9dda1df7d1c" "/opt/rustwide/cargo-home/bin/cargo" "+nightly-2024-02-05" "metadata" "--no-deps" "--format-version=1", kill_on_drop: false }`
[INFO] [stdout] f3173ee7e7f298c422599eeef212cd4348f3211e2c5d83b65c1ee468abdd4e28
[INFO] running `Command { std: "docker" "start" "-a" "f3173ee7e7f298c422599eeef212cd4348f3211e2c5d83b65c1ee468abdd4e28", kill_on_drop: false }`
[INFO] running `Command { std: "docker" "inspect" "f3173ee7e7f298c422599eeef212cd4348f3211e2c5d83b65c1ee468abdd4e28", kill_on_drop: false }`
[INFO] running `Command { std: "docker" "rm" "-f" "f3173ee7e7f298c422599eeef212cd4348f3211e2c5d83b65c1ee468abdd4e28", kill_on_drop: false }`
[INFO] [stdout] f3173ee7e7f298c422599eeef212cd4348f3211e2c5d83b65c1ee468abdd4e28
[INFO] running `Command { std: "docker" "create" "-v" "/var/lib/crater-agent-workspace/builds/worker-6-tc1/target:/opt/rustwide/target:rw,Z" "-v" "/var/lib/crater-agent-workspace/builds/worker-6-tc1/source:/opt/rustwide/workdir:ro,Z" "-v" "/var/lib/crater-agent-workspace/cargo-home:/opt/rustwide/cargo-home:ro,Z" "-v" "/var/lib/crater-agent-workspace/rustup-home:/opt/rustwide/rustup-home:ro,Z" "-e" "SOURCE_DIR=/opt/rustwide/workdir" "-e" "CARGO_TARGET_DIR=/opt/rustwide/target" "-e" "CARGO_INCREMENTAL=0" "-e" "RUST_BACKTRACE=full" "-e" "RUSTFLAGS=--cap-lints=forbid" "-e" "RUSTDOCFLAGS=--cap-lints=forbid" "-e" "CARGO_HOME=/opt/rustwide/cargo-home" "-e" "RUSTUP_HOME=/opt/rustwide/rustup-home" "-w" "/opt/rustwide/workdir" "-m" "1610612736" "--user" "0:0" "--network" "none" "ghcr.io/rust-lang/crates-build-env/linux@sha256:2788e3201cd34a07e3172128adcd8b3090168a8e3bcc40d7c032b9dda1df7d1c" "/opt/rustwide/cargo-home/bin/cargo" "+nightly-2024-02-05" "check" "--frozen" "--all" "--all-targets" "--message-format=json", kill_on_drop: false }`
[INFO] [stdout] 297f59de18c721b7512f5781268b480a7e146e4da07c19aa0081f03e6c47fecc
[INFO] running `Command { std: "docker" "start" "-a" "297f59de18c721b7512f5781268b480a7e146e4da07c19aa0081f03e6c47fecc", kill_on_drop: false }`
[INFO] [stderr]    Compiling num-traits v0.2.17
[INFO] [stderr]     Checking memchr v2.7.1
[INFO] [stderr]    Compiling num-integer v0.1.45
[INFO] [stderr]    Compiling num-bigint v0.4.4
[INFO] [stderr]    Compiling unicase v2.7.0
[INFO] [stderr]    Compiling crossbeam-utils v0.8.19
[INFO] [stderr]    Compiling libm v0.2.8
[INFO] [stderr]    Compiling minimal-lexical v0.2.1
[INFO] [stderr]    Compiling nom v7.1.3
[INFO] [stderr]    Compiling serde v1.0.196
[INFO] [stderr]    Compiling mime v0.3.17
[INFO] [stderr]     Checking regex-syntax v0.8.2
[INFO] [stderr]     Checking aho-corasick v1.1.2
[INFO] [stderr]    Compiling mime_guess v2.0.4
[INFO] [stderr]    Compiling num-iter v0.1.43
[INFO] [stderr]    Compiling num-rational v0.4.1
[INFO] [stderr]     Checking daachorse v1.0.0
[INFO] [stderr]     Checking ucd-trie v0.1.6
[INFO] [stderr]     Checking either v1.9.0
[INFO] [stderr]     Checking unicode-width v0.1.11
[INFO] [stderr]    Compiling validatus v0.0.2
[INFO] [stderr]     Checking humansize v2.1.3
[INFO] [stderr]     Checking crossbeam-epoch v0.9.18
[INFO] [stderr]     Checking unicode-normalization v0.1.22
[INFO] [stderr]    Compiling enum-ordinalize-derive v4.3.1
[INFO] [stderr]    Compiling rayon-core v1.12.1
[INFO] [stderr]     Checking unicode-bidi v0.3.15
[INFO] [stderr]    Compiling askama_parser v0.2.1
[INFO] [stderr]    Compiling syn v1.0.109
[INFO] [stderr]     Checking askama_escape v0.10.3
[INFO] [stderr]     Checking regex-automata v0.4.5
[INFO] [stderr]     Checking crossbeam-deque v0.8.5
[INFO] [stderr]     Checking idna v0.5.0
[INFO] [stderr]     Checking num-complex v0.4.4
[INFO] [stderr]     Checking diagnostic v0.5.10
[INFO] [stderr]    Compiling enum-ordinalize v4.3.0
[INFO] [stderr]     Checking regex-syntax v0.6.29
[INFO] [stderr]     Checking utf8-width v0.1.7
[INFO] [stderr]     Checking unicode-segmentation v1.10.1
[INFO] [stderr]     Checking html-escape v0.2.13
[INFO] [stderr]     Checking url v2.5.0
[INFO] [stderr]     Checking num v0.4.1
[INFO] [stderr]    Compiling thiserror v1.0.56
[INFO] [stderr]    Compiling basic-toml v0.1.8
[INFO] [stderr]     Checking convert_case v0.6.0
[INFO] [stderr]    Compiling educe v0.5.11
[INFO] [stderr]     Checking character-set v0.4.0
[INFO] [stderr]     Checking itertools v0.11.0
[INFO] [stderr]    Compiling indexmap v1.9.3
[INFO] [stderr]     Checking regex-automata v0.2.0
[INFO] [stderr]     Checking minifier v0.2.3
[INFO] [stderr]    Compiling uuid v0.8.2
[INFO] [stderr]    Compiling askama_derive v0.12.5
[INFO] [stderr]     Checking yggdrasil-rt v0.0.16
[INFO] [stderr]     Checking htmlescape v0.3.1
[INFO] [stderr]     Checking cow-utils v0.1.3
[INFO] [stderr]     Checking ucd-util v0.2.1
[INFO] [stderr]     Checking unicode-script v0.5.5
[INFO] [stderr]     Checking railroad v0.2.0
[INFO] [stderr]     Checking yggdrasil-parser v0.0.4
[INFO] [stderr]     Checking rayon v1.8.1
[INFO] [stdout] error[E0053]: method `get_range` has an incompatible type for trait
[INFO] [stdout]  --> /opt/rustwide/cargo-home/registry/src/index.crates.io-6f17d22bba15001f/yggdrasil-parser-0.0.4/src/antlr/parse_ast.rs:6:28
[INFO] [stdout]   |
[INFO] [stdout] 6 |     fn get_range(&self) -> Option<Range<usize>> {
[INFO] [stdout]   |                            ^^^^^^^^^^^^^^^^^^^^
[INFO] [stdout]   |                            |
[INFO] [stdout]   |                            expected `std::ops::Range<usize>`, found `Option<std::ops::Range<usize>>`
[INFO] [stdout]   |                            help: change the output type to match the trait: `std::ops::Range<usize>`
[INFO] [stdout]   |
[INFO] [stdout]   = note: expected signature `fn(&antlr::RootNode) -> std::ops::Range<_>`
[INFO] [stdout]              found signature `fn(&antlr::RootNode) -> Option<std::ops::Range<_>>`
[INFO] [stdout] 
[INFO] [stdout] 
[INFO] [stdout] error[E0053]: method `get_range` has an incompatible type for trait
[INFO] [stdout]   --> /opt/rustwide/cargo-home/registry/src/index.crates.io-6f17d22bba15001f/yggdrasil-parser-0.0.4/src/antlr/parse_ast.rs:29:28
[INFO] [stdout]    |
[INFO] [stdout] 29 |     fn get_range(&self) -> Option<Range<usize>> {
[INFO] [stdout]    |                            ^^^^^^^^^^^^^^^^^^^^
[INFO] [stdout]    |                            |
[INFO] [stdout]    |                            expected `std::ops::Range<usize>`, found `Option<std::ops::Range<usize>>`
[INFO] [stdout]    |                            help: change the output type to match the trait: `std::ops::Range<usize>`
[INFO] [stdout]    |
[INFO] [stdout]    = note: expected signature `fn(&antlr::StatementNode) -> std::ops::Range<_>`
[INFO] [stdout]               found signature `fn(&antlr::StatementNode) -> Option<std::ops::Range<_>>`
[INFO] [stdout] 
[INFO] [stdout] 
[INFO] [stdout] error[E0053]: method `get_range` has an incompatible type for trait
[INFO] [stdout]   --> /opt/rustwide/cargo-home/registry/src/index.crates.io-6f17d22bba15001f/yggdrasil-parser-0.0.4/src/antlr/parse_ast.rs:66:28
[INFO] [stdout]    |
[INFO] [stdout] 66 |     fn get_range(&self) -> Option<Range<usize>> {
[INFO] [stdout]    |                            ^^^^^^^^^^^^^^^^^^^^
[INFO] [stdout]    |                            |
[INFO] [stdout]    |                            expected `std::ops::Range<usize>`, found `Option<std::ops::Range<usize>>`
[INFO] [stdout]    |                            help: change the output type to match the trait: `std::ops::Range<usize>`
[INFO] [stdout]    |
[INFO] [stdout]    = note: expected signature `fn(&antlr::GrammarStatementNode) -> std::ops::Range<_>`
[INFO] [stdout]               found signature `fn(&antlr::GrammarStatementNode) -> Option<std::ops::Range<_>>`
[INFO] [stdout] 
[INFO] [stdout] 
[INFO] [stdout] error[E0053]: method `get_range` has an incompatible type for trait
[INFO] [stdout]   --> /opt/rustwide/cargo-home/registry/src/index.crates.io-6f17d22bba15001f/yggdrasil-parser-0.0.4/src/antlr/parse_ast.rs:90:28
[INFO] [stdout]    |
[INFO] [stdout] 90 |     fn get_range(&self) -> Option<Range<usize>> {
[INFO] [stdout]    |                            ^^^^^^^^^^^^^^^^^^^^
[INFO] [stdout]    |                            |
[INFO] [stdout]    |                            expected `std::ops::Range<usize>`, found `Option<std::ops::Range<usize>>`
[INFO] [stdout]    |                            help: change the output type to match the trait: `std::ops::Range<usize>`
[INFO] [stdout]    |
[INFO] [stdout]    = note: expected signature `fn(&antlr::GrammarBlockNode) -> std::ops::Range<_>`
[INFO] [stdout]               found signature `fn(&antlr::GrammarBlockNode) -> Option<std::ops::Range<_>>`
[INFO] [stdout] 
[INFO] [stdout] 
[INFO] [stdout] error[E0053]: method `get_range` has an incompatible type for trait
[INFO] [stdout]    --> /opt/rustwide/cargo-home/registry/src/index.crates.io-6f17d22bba15001f/yggdrasil-parser-0.0.4/src/antlr/parse_ast.rs:112:28
[INFO] [stdout]     |
[INFO] [stdout] 112 |     fn get_range(&self) -> Option<Range<usize>> {
[INFO] [stdout]     |                            ^^^^^^^^^^^^^^^^^^^^
[INFO] [stdout]     |                            |
[INFO] [stdout]     |                            expected `std::ops::Range<usize>`, found `Option<std::ops::Range<usize>>`
[INFO] [stdout]     |                            help: change the output type to match the trait: `std::ops::Range<usize>`
[INFO] [stdout]     |
[INFO] [stdout]     = note: expected signature `fn(&antlr::ClassStatementNode) -> std::ops::Range<_>`
[INFO] [stdout]                found signature `fn(&antlr::ClassStatementNode) -> Option<std::ops::Range<_>>`
[INFO] [stdout] 
[INFO] [stdout] 
[INFO] [stdout] error[E0053]: method `get_range` has an incompatible type for trait
[INFO] [stdout]    --> /opt/rustwide/cargo-home/registry/src/index.crates.io-6f17d22bba15001f/yggdrasil-parser-0.0.4/src/antlr/parse_ast.rs:140:28
[INFO] [stdout]     |
[INFO] [stdout] 140 |     fn get_range(&self) -> Option<Range<usize>> {
[INFO] [stdout]     |                            ^^^^^^^^^^^^^^^^^^^^
[INFO] [stdout]     |                            |
[INFO] [stdout]     |                            expected `std::ops::Range<usize>`, found `Option<std::ops::Range<usize>>`
[INFO] [stdout]     |                            help: change the output type to match the trait: `std::ops::Range<usize>`
[INFO] [stdout]     |
[INFO] [stdout]     = note: expected signature `fn(&antlr::ClassBlockNode) -> std::ops::Range<_>`
[INFO] [stdout]                found signature `fn(&antlr::ClassBlockNode) -> Option<std::ops::Range<_>>`
[INFO] [stdout] 
[INFO] [stdout] 
[INFO] [stdout] error[E0053]: method `get_range` has an incompatible type for trait
[INFO] [stdout]    --> /opt/rustwide/cargo-home/registry/src/index.crates.io-6f17d22bba15001f/yggdrasil-parser-0.0.4/src/antlr/parse_ast.rs:163:28
[INFO] [stdout]     |
[INFO] [stdout] 163 |     fn get_range(&self) -> Option<Range<usize>> {
[INFO] [stdout]     |                            ^^^^^^^^^^^^^^^^^^^^
[INFO] [stdout]     |                            |
[INFO] [stdout]     |                            expected `std::ops::Range<usize>`, found `Option<std::ops::Range<usize>>`
[INFO] [stdout]     |                            help: change the output type to match the trait: `std::ops::Range<usize>`
[INFO] [stdout]     |
[INFO] [stdout]     = note: expected signature `fn(&antlr::OpRemarkNode) -> std::ops::Range<_>`
[INFO] [stdout]                found signature `fn(&antlr::OpRemarkNode) -> Option<std::ops::Range<_>>`
[INFO] [stdout] 
[INFO] [stdout] 
[INFO] [stdout] error[E0053]: method `get_range` has an incompatible type for trait
[INFO] [stdout]    --> /opt/rustwide/cargo-home/registry/src/index.crates.io-6f17d22bba15001f/yggdrasil-parser-0.0.4/src/antlr/parse_ast.rs:185:28
[INFO] [stdout]     |
[INFO] [stdout] 185 |     fn get_range(&self) -> Option<Range<usize>> {
[INFO] [stdout]     |                            ^^^^^^^^^^^^^^^^^^^^
[INFO] [stdout]     |                            |
[INFO] [stdout]     |                            expected `std::ops::Range<usize>`, found `Option<std::ops::Range<usize>>`
[INFO] [stdout]     |                            help: change the output type to match the trait: `std::ops::Range<usize>`
[INFO] [stdout]     |
[INFO] [stdout]     = note: expected signature `fn(&antlr::UnionStatementNode) -> std::ops::Range<_>`
[INFO] [stdout]                found signature `fn(&antlr::UnionStatementNode) -> Option<std::ops::Range<_>>`
[INFO] [stdout] 
[INFO] [stdout] 
[INFO] [stdout] error[E0053]: method `get_range` has an incompatible type for trait
[INFO] [stdout]    --> /opt/rustwide/cargo-home/registry/src/index.crates.io-6f17d22bba15001f/yggdrasil-parser-0.0.4/src/antlr/parse_ast.rs:212:28
[INFO] [stdout]     |
[INFO] [stdout] 212 |     fn get_range(&self) -> Option<Range<usize>> {
[INFO] [stdout]     |                            ^^^^^^^^^^^^^^^^^^^^
[INFO] [stdout]     |                            |
[INFO] [stdout]     |                            expected `std::ops::Range<usize>`, found `Option<std::ops::Range<usize>>`
[INFO] [stdout]     |                            help: change the output type to match the trait: `std::ops::Range<usize>`
[INFO] [stdout]     |
[INFO] [stdout]     = note: expected signature `fn(&antlr::UnionBlockNode) -> std::ops::Range<_>`
[INFO] [stdout]                found signature `fn(&antlr::UnionBlockNode) -> Option<std::ops::Range<_>>`
[INFO] [stdout] 
[INFO] [stdout] 
[INFO] [stdout] error[E0053]: method `get_range` has an incompatible type for trait
[INFO] [stdout]    --> /opt/rustwide/cargo-home/registry/src/index.crates.io-6f17d22bba15001f/yggdrasil-parser-0.0.4/src/antlr/parse_ast.rs:235:28
[INFO] [stdout]     |
[INFO] [stdout] 235 |     fn get_range(&self) -> Option<Range<usize>> {
[INFO] [stdout]     |                            ^^^^^^^^^^^^^^^^^^^^
[INFO] [stdout]     |                            |
[INFO] [stdout]     |                            expected `std::ops::Range<usize>`, found `Option<std::ops::Range<usize>>`
[INFO] [stdout]     |                            help: change the output type to match the trait: `std::ops::Range<usize>`
[INFO] [stdout]     |
[INFO] [stdout]     = note: expected signature `fn(&antlr::UnionBranchNode) -> std::ops::Range<_>`
[INFO] [stdout]                found signature `fn(&antlr::UnionBranchNode) -> Option<std::ops::Range<_>>`
[INFO] [stdout] 
[INFO] [stdout] 
[INFO] [stdout] error[E0053]: method `get_range` has an incompatible type for trait
[INFO] [stdout]    --> /opt/rustwide/cargo-home/registry/src/index.crates.io-6f17d22bba15001f/yggdrasil-parser-0.0.4/src/antlr/parse_ast.rs:259:28
[INFO] [stdout]     |
[INFO] [stdout] 259 |     fn get_range(&self) -> Option<Range<usize>> {
[INFO] [stdout]     |                            ^^^^^^^^^^^^^^^^^^^^
[INFO] [stdout]     |                            |
[INFO] [stdout]     |                            expected `std::ops::Range<usize>`, found `Option<std::ops::Range<usize>>`
[INFO] [stdout]     |                            help: change the output type to match the trait: `std::ops::Range<usize>`
[INFO] [stdout]     |
[INFO] [stdout]     = note: expected signature `fn(&antlr::BranchTagNode) -> std::ops::Range<_>`
[INFO] [stdout]                found signature `fn(&antlr::BranchTagNode) -> Option<std::ops::Range<_>>`
[INFO] [stdout] 
[INFO] [stdout] 
[INFO] [stdout] error[E0053]: method `get_range` has an incompatible type for trait
[INFO] [stdout]    --> /opt/rustwide/cargo-home/registry/src/index.crates.io-6f17d22bba15001f/yggdrasil-parser-0.0.4/src/antlr/parse_ast.rs:283:28
[INFO] [stdout]     |
[INFO] [stdout] 283 |     fn get_range(&self) -> Option<Range<usize>> {
[INFO] [stdout]     |                            ^^^^^^^^^^^^^^^^^^^^
[INFO] [stdout]     |                            |
[INFO] [stdout]     |                            expected `std::ops::Range<usize>`, found `Option<std::ops::Range<usize>>`
[INFO] [stdout]     |                            help: change the output type to match the trait: `std::ops::Range<usize>`
[INFO] [stdout]     |
[INFO] [stdout]     = note: expected signature `fn(&antlr::RightAssociativityNode) -> std::ops::Range<_>`
[INFO] [stdout]                found signature `fn(&antlr::RightAssociativityNode) -> Option<std::ops::Range<_>>`
[INFO] [stdout] 
[INFO] [stdout] 
[INFO] [stdout] error[E0053]: method `get_range` has an incompatible type for trait
[INFO] [stdout]    --> /opt/rustwide/cargo-home/registry/src/index.crates.io-6f17d22bba15001f/yggdrasil-parser-0.0.4/src/antlr/parse_ast.rs:305:28
[INFO] [stdout]     |
[INFO] [stdout] 305 |     fn get_range(&self) -> Option<Range<usize>> {
[INFO] [stdout]     |                            ^^^^^^^^^^^^^^^^^^^^
[INFO] [stdout]     |                            |
[INFO] [stdout]     |                            expected `std::ops::Range<usize>`, found `Option<std::ops::Range<usize>>`
[INFO] [stdout]     |                            help: change the output type to match the trait: `std::ops::Range<usize>`
[INFO] [stdout]     |
[INFO] [stdout]     = note: expected signature `fn(&antlr::GroupStatementNode) -> std::ops::Range<_>`
[INFO] [stdout]                found signature `fn(&antlr::GroupStatementNode) -> Option<std::ops::Range<_>>`
[INFO] [stdout] 
[INFO] [stdout] 
[INFO] [stdout] error[E0053]: method `get_range` has an incompatible type for trait
[INFO] [stdout]    --> /opt/rustwide/cargo-home/registry/src/index.crates.io-6f17d22bba15001f/yggdrasil-parser-0.0.4/src/antlr/parse_ast.rs:331:28
[INFO] [stdout]     |
[INFO] [stdout] 331 |     fn get_range(&self) -> Option<Range<usize>> {
[INFO] [stdout]     |                            ^^^^^^^^^^^^^^^^^^^^
[INFO] [stdout]     |                            |
[INFO] [stdout]     |                            expected `std::ops::Range<usize>`, found `Option<std::ops::Range<usize>>`
[INFO] [stdout]     |                            help: change the output type to match the trait: `std::ops::Range<usize>`
[INFO] [stdout]     |
[INFO] [stdout]     = note: expected signature `fn(&antlr::GroupBlockNode) -> std::ops::Range<_>`
[INFO] [stdout]                found signature `fn(&antlr::GroupBlockNode) -> Option<std::ops::Range<_>>`
[INFO] [stdout] 
[INFO] [stdout] 
[INFO] [stderr]     Checking unicode-xid v0.2.4
[INFO] [stdout] error[E0053]: method `get_range` has an incompatible type for trait
[INFO] [stdout]    --> /opt/rustwide/cargo-home/registry/src/index.crates.io-6f17d22bba15001f/yggdrasil-parser-0.0.4/src/antlr/parse_ast.rs:354:28
[INFO] [stdout]     |
[INFO] [stdout] 354 |     fn get_range(&self) -> Option<Range<usize>> {
[INFO] [stdout]     |                            ^^^^^^^^^^^^^^^^^^^^
[INFO] [stdout]     |                            |
[INFO] [stdout]     |                            expected `std::ops::Range<usize>`, found `Option<std::ops::Range<usize>>`
[INFO] [stdout]     |                            help: change the output type to match the trait: `std::ops::Range<usize>`
[INFO] [stdout]     |
[INFO] [stdout]     = note: expected signature `fn(&antlr::GroupPairNode) -> std::ops::Range<_>`
[INFO] [stdout]                found signature `fn(&antlr::GroupPairNode) -> Option<std::ops::Range<_>>`
[INFO] [stdout] 
[INFO] [stdout] 
[INFO] [stdout] error[E0053]: method `get_range` has an incompatible type for trait
[INFO] [stdout]    --> /opt/rustwide/cargo-home/registry/src/index.crates.io-6f17d22bba15001f/yggdrasil-parser-0.0.4/src/antlr/parse_ast.rs:378:28
[INFO] [stdout]     |
[INFO] [stdout] 378 |     fn get_range(&self) -> Option<Range<usize>> {
[INFO] [stdout]     |                            ^^^^^^^^^^^^^^^^^^^^
[INFO] [stdout]     |                            |
[INFO] [stdout]     |                            expected `std::ops::Range<usize>`, found `Option<std::ops::Range<usize>>`
[INFO] [stdout]     |                            help: change the output type to match the trait: `std::ops::Range<usize>`
[INFO] [stdout]     |
[INFO] [stdout]     = note: expected signature `fn(&antlr::DecoratorCallNode) -> std::ops::Range<_>`
[INFO] [stdout]                found signature `fn(&antlr::DecoratorCallNode) -> Option<std::ops::Range<_>>`
[INFO] [stdout] 
[INFO] [stdout] 
[INFO] [stdout] error[E0053]: method `get_range` has an incompatible type for trait
[INFO] [stdout]    --> /opt/rustwide/cargo-home/registry/src/index.crates.io-6f17d22bba15001f/yggdrasil-parser-0.0.4/src/antlr/parse_ast.rs:402:28
[INFO] [stdout]     |
[INFO] [stdout] 402 |     fn get_range(&self) -> Option<Range<usize>> {
[INFO] [stdout]     |                            ^^^^^^^^^^^^^^^^^^^^
[INFO] [stdout]     |                            |
[INFO] [stdout]     |                            expected `std::ops::Range<usize>`, found `Option<std::ops::Range<usize>>`
[INFO] [stdout]     |                            help: change the output type to match the trait: `std::ops::Range<usize>`
[INFO] [stdout]     |
[INFO] [stdout]     = note: expected signature `fn(&antlr::DecoratorNameNode) -> std::ops::Range<_>`
[INFO] [stdout]                found signature `fn(&antlr::DecoratorNameNode) -> Option<std::ops::Range<_>>`
[INFO] [stdout] 
[INFO] [stdout] 
[INFO] [stdout] error[E0053]: method `get_range` has an incompatible type for trait
[INFO] [stdout]    --> /opt/rustwide/cargo-home/registry/src/index.crates.io-6f17d22bba15001f/yggdrasil-parser-0.0.4/src/antlr/parse_ast.rs:425:28
[INFO] [stdout]     |
[INFO] [stdout] 425 |     fn get_range(&self) -> Option<Range<usize>> {
[INFO] [stdout]     |                            ^^^^^^^^^^^^^^^^^^^^
[INFO] [stdout]     |                            |
[INFO] [stdout]     |                            expected `std::ops::Range<usize>`, found `Option<std::ops::Range<usize>>`
[INFO] [stdout]     |                            help: change the output type to match the trait: `std::ops::Range<usize>`
[INFO] [stdout]     |
[INFO] [stdout]     = note: expected signature `fn(&antlr::FunctionCallNode) -> std::ops::Range<_>`
[INFO] [stdout]                found signature `fn(&antlr::FunctionCallNode) -> Option<std::ops::Range<_>>`
[INFO] [stdout] 
[INFO] [stdout] 
[INFO] [stdout] error[E0053]: method `get_range` has an incompatible type for trait
[INFO] [stdout]    --> /opt/rustwide/cargo-home/registry/src/index.crates.io-6f17d22bba15001f/yggdrasil-parser-0.0.4/src/antlr/parse_ast.rs:449:28
[INFO] [stdout]     |
[INFO] [stdout] 449 |     fn get_range(&self) -> Option<Range<usize>> {
[INFO] [stdout]     |                            ^^^^^^^^^^^^^^^^^^^^
[INFO] [stdout]     |                            |
[INFO] [stdout]     |                            expected `std::ops::Range<usize>`, found `Option<std::ops::Range<usize>>`
[INFO] [stdout]     |                            help: change the output type to match the trait: `std::ops::Range<usize>`
[INFO] [stdout]     |
[INFO] [stdout]     = note: expected signature `fn(&antlr::FunctionNameNode) -> std::ops::Range<_>`
[INFO] [stdout]                found signature `fn(&antlr::FunctionNameNode) -> Option<std::ops::Range<_>>`
[INFO] [stdout] 
[INFO] [stdout] 
[INFO] [stdout] error[E0053]: method `get_range` has an incompatible type for trait
[INFO] [stdout]    --> /opt/rustwide/cargo-home/registry/src/index.crates.io-6f17d22bba15001f/yggdrasil-parser-0.0.4/src/antlr/parse_ast.rs:472:28
[INFO] [stdout]     |
[INFO] [stdout] 472 |     fn get_range(&self) -> Option<Range<usize>> {
[INFO] [stdout]     |                            ^^^^^^^^^^^^^^^^^^^^
[INFO] [stdout]     |                            |
[INFO] [stdout]     |                            expected `std::ops::Range<usize>`, found `Option<std::ops::Range<usize>>`
[INFO] [stdout]     |                            help: change the output type to match the trait: `std::ops::Range<usize>`
[INFO] [stdout]     |
[INFO] [stdout]     = note: expected signature `fn(&antlr::CallBodyNode) -> std::ops::Range<_>`
[INFO] [stdout]                found signature `fn(&antlr::CallBodyNode) -> Option<std::ops::Range<_>>`
[INFO] [stdout] 
[INFO] [stdout] 
[INFO] [stdout] error[E0053]: method `get_range` has an incompatible type for trait
[INFO] [stdout]    --> /opt/rustwide/cargo-home/registry/src/index.crates.io-6f17d22bba15001f/yggdrasil-parser-0.0.4/src/antlr/parse_ast.rs:495:28
[INFO] [stdout]     |
[INFO] [stdout] 495 |     fn get_range(&self) -> Option<Range<usize>> {
[INFO] [stdout]     |                            ^^^^^^^^^^^^^^^^^^^^
[INFO] [stdout]     |                            |
[INFO] [stdout]     |                            expected `std::ops::Range<usize>`, found `Option<std::ops::Range<usize>>`
[INFO] [stdout]     |                            help: change the output type to match the trait: `std::ops::Range<usize>`
[INFO] [stdout]     |
[INFO] [stdout]     = note: expected signature `fn(&antlr::ExpressionNode) -> std::ops::Range<_>`
[INFO] [stdout]                found signature `fn(&antlr::ExpressionNode) -> Option<std::ops::Range<_>>`
[INFO] [stdout] 
[INFO] [stdout] 
[INFO] [stdout] error[E0053]: method `get_range` has an incompatible type for trait
[INFO] [stdout]    --> /opt/rustwide/cargo-home/registry/src/index.crates.io-6f17d22bba15001f/yggdrasil-parser-0.0.4/src/antlr/parse_ast.rs:518:28
[INFO] [stdout]     |
[INFO] [stdout] 518 |     fn get_range(&self) -> Option<Range<usize>> {
[INFO] [stdout]     |                            ^^^^^^^^^^^^^^^^^^^^
[INFO] [stdout]     |                            |
[INFO] [stdout]     |                            expected `std::ops::Range<usize>`, found `Option<std::ops::Range<usize>>`
[INFO] [stdout]     |                            help: change the output type to match the trait: `std::ops::Range<usize>`
[INFO] [stdout]     |
[INFO] [stdout]     = note: expected signature `fn(&antlr::ExpressionHardNode) -> std::ops::Range<_>`
[INFO] [stdout]                found signature `fn(&antlr::ExpressionHardNode) -> Option<std::ops::Range<_>>`
[INFO] [stdout] 
[INFO] [stdout] 
[INFO] [stdout] error[E0053]: method `get_range` has an incompatible type for trait
[INFO] [stdout]    --> /opt/rustwide/cargo-home/registry/src/index.crates.io-6f17d22bba15001f/yggdrasil-parser-0.0.4/src/antlr/parse_ast.rs:541:28
[INFO] [stdout]     |
[INFO] [stdout] 541 |     fn get_range(&self) -> Option<Range<usize>> {
[INFO] [stdout]     |                            ^^^^^^^^^^^^^^^^^^^^
[INFO] [stdout]     |                            |
[INFO] [stdout]     |                            expected `std::ops::Range<usize>`, found `Option<std::ops::Range<usize>>`
[INFO] [stdout]     |                            help: change the output type to match the trait: `std::ops::Range<usize>`
[INFO] [stdout]     |
[INFO] [stdout]     = note: expected signature `fn(&antlr::ExpressionSoftNode) -> std::ops::Range<_>`
[INFO] [stdout]                found signature `fn(&antlr::ExpressionSoftNode) -> Option<std::ops::Range<_>>`
[INFO] [stdout] 
[INFO] [stdout] 
[INFO] [stdout] error[E0053]: method `get_range` has an incompatible type for trait
[INFO] [stdout]    --> /opt/rustwide/cargo-home/registry/src/index.crates.io-6f17d22bba15001f/yggdrasil-parser-0.0.4/src/antlr/parse_ast.rs:564:28
[INFO] [stdout]     |
[INFO] [stdout] 564 |     fn get_range(&self) -> Option<Range<usize>> {
[INFO] [stdout]     |                            ^^^^^^^^^^^^^^^^^^^^
[INFO] [stdout]     |                            |
[INFO] [stdout]     |                            expected `std::ops::Range<usize>`, found `Option<std::ops::Range<usize>>`
[INFO] [stdout]     |                            help: change the output type to match the trait: `std::ops::Range<usize>`
[INFO] [stdout]     |
[INFO] [stdout]     = note: expected signature `fn(&antlr::ExpressionTagNode) -> std::ops::Range<_>`
[INFO] [stdout]                found signature `fn(&antlr::ExpressionTagNode) -> Option<std::ops::Range<_>>`
[INFO] [stdout] 
[INFO] [stdout] 
[INFO] [stdout] error[E0053]: method `get_range` has an incompatible type for trait
[INFO] [stdout]    --> /opt/rustwide/cargo-home/registry/src/index.crates.io-6f17d22bba15001f/yggdrasil-parser-0.0.4/src/antlr/parse_ast.rs:588:28
[INFO] [stdout]     |
[INFO] [stdout] 588 |     fn get_range(&self) -> Option<Range<usize>> {
[INFO] [stdout]     |                            ^^^^^^^^^^^^^^^^^^^^
[INFO] [stdout]     |                            |
[INFO] [stdout]     |                            expected `std::ops::Range<usize>`, found `Option<std::ops::Range<usize>>`
[INFO] [stdout]     |                            help: change the output type to match the trait: `std::ops::Range<usize>`
[INFO] [stdout]     |
[INFO] [stdout]     = note: expected signature `fn(&antlr::TermNode) -> std::ops::Range<_>`
[INFO] [stdout]                found signature `fn(&antlr::TermNode) -> Option<std::ops::Range<_>>`
[INFO] [stdout] 
[INFO] [stdout] 
[INFO] [stdout] error[E0053]: method `get_range` has an incompatible type for trait
[INFO] [stdout]    --> /opt/rustwide/cargo-home/registry/src/index.crates.io-6f17d22bba15001f/yggdrasil-parser-0.0.4/src/antlr/parse_ast.rs:613:28
[INFO] [stdout]     |
[INFO] [stdout] 613 |     fn get_range(&self) -> Option<Range<usize>> {
[INFO] [stdout]     |                            ^^^^^^^^^^^^^^^^^^^^
[INFO] [stdout]     |                            |
[INFO] [stdout]     |                            expected `std::ops::Range<usize>`, found `Option<std::ops::Range<usize>>`
[INFO] [stdout]     |                            help: change the output type to match the trait: `std::ops::Range<usize>`
[INFO] [stdout]     |
[INFO] [stdout]     = note: expected signature `fn(&antlr::PrefixNode) -> std::ops::Range<_>`
[INFO] [stdout]                found signature `fn(&antlr::PrefixNode) -> Option<std::ops::Range<_>>`
[INFO] [stdout] 
[INFO] [stdout] 
[INFO] [stdout] error[E0053]: method `get_range` has an incompatible type for trait
[INFO] [stdout]    --> /opt/rustwide/cargo-home/registry/src/index.crates.io-6f17d22bba15001f/yggdrasil-parser-0.0.4/src/antlr/parse_ast.rs:646:28
[INFO] [stdout]     |
[INFO] [stdout] 646 |     fn get_range(&self) -> Option<Range<usize>> {
[INFO] [stdout]     |                            ^^^^^^^^^^^^^^^^^^^^
[INFO] [stdout]     |                            |
[INFO] [stdout]     |                            expected `std::ops::Range<usize>`, found `Option<std::ops::Range<usize>>`
[INFO] [stdout]     |                            help: change the output type to match the trait: `std::ops::Range<usize>`
[INFO] [stdout]     |
[INFO] [stdout]     = note: expected signature `fn(&antlr::SuffixNode) -> std::ops::Range<_>`
[INFO] [stdout]                found signature `fn(&antlr::SuffixNode) -> Option<std::ops::Range<_>>`
[INFO] [stdout] 
[INFO] [stdout] 
[INFO] [stdout] error[E0053]: method `get_range` has an incompatible type for trait
[INFO] [stdout]    --> /opt/rustwide/cargo-home/registry/src/index.crates.io-6f17d22bba15001f/yggdrasil-parser-0.0.4/src/antlr/parse_ast.rs:679:28
[INFO] [stdout]     |
[INFO] [stdout] 679 |     fn get_range(&self) -> Option<Range<usize>> {
[INFO] [stdout]     |                            ^^^^^^^^^^^^^^^^^^^^
[INFO] [stdout]     |                            |
[INFO] [stdout]     |                            expected `std::ops::Range<usize>`, found `Option<std::ops::Range<usize>>`
[INFO] [stdout]     |                            help: change the output type to match the trait: `std::ops::Range<usize>`
[INFO] [stdout]     |
[INFO] [stdout]     = note: expected signature `fn(&antlr::AtomicNode) -> std::ops::Range<_>`
[INFO] [stdout]                found signature `fn(&antlr::AtomicNode) -> Option<std::ops::Range<_>>`
[INFO] [stdout] 
[INFO] [stdout] 
[INFO] [stdout] error[E0053]: method `get_range` has an incompatible type for trait
[INFO] [stdout]    --> /opt/rustwide/cargo-home/registry/src/index.crates.io-6f17d22bba15001f/yggdrasil-parser-0.0.4/src/antlr/parse_ast.rs:728:28
[INFO] [stdout]     |
[INFO] [stdout] 728 |     fn get_range(&self) -> Option<Range<usize>> {
[INFO] [stdout]     |                            ^^^^^^^^^^^^^^^^^^^^
[INFO] [stdout]     |                            |
[INFO] [stdout]     |                            expected `std::ops::Range<usize>`, found `Option<std::ops::Range<usize>>`
[INFO] [stdout]     |                            help: change the output type to match the trait: `std::ops::Range<usize>`
[INFO] [stdout]     |
[INFO] [stdout]     = note: expected signature `fn(&antlr::GroupExpressionNode) -> std::ops::Range<_>`
[INFO] [stdout]                found signature `fn(&antlr::GroupExpressionNode) -> Option<std::ops::Range<_>>`
[INFO] [stdout] 
[INFO] [stdout] 
[INFO] [stdout] error[E0053]: method `get_range` has an incompatible type for trait
[INFO] [stdout]    --> /opt/rustwide/cargo-home/registry/src/index.crates.io-6f17d22bba15001f/yggdrasil-parser-0.0.4/src/antlr/parse_ast.rs:751:28
[INFO] [stdout]     |
[INFO] [stdout] 751 |     fn get_range(&self) -> Option<Range<usize>> {
[INFO] [stdout]     |                            ^^^^^^^^^^^^^^^^^^^^
[INFO] [stdout]     |                            |
[INFO] [stdout]     |                            expected `std::ops::Range<usize>`, found `Option<std::ops::Range<usize>>`
[INFO] [stdout]     |                            help: change the output type to match the trait: `std::ops::Range<usize>`
[INFO] [stdout]     |
[INFO] [stdout]     = note: expected signature `fn(&antlr::StringNode) -> std::ops::Range<_>`
[INFO] [stdout]                found signature `fn(&antlr::StringNode) -> Option<std::ops::Range<_>>`
[INFO] [stdout] 
[INFO] [stdout] 
[INFO] [stdout] error[E0053]: method `get_range` has an incompatible type for trait
[INFO] [stdout]    --> /opt/rustwide/cargo-home/registry/src/index.crates.io-6f17d22bba15001f/yggdrasil-parser-0.0.4/src/antlr/parse_ast.rs:780:28
[INFO] [stdout]     |
[INFO] [stdout] 780 |     fn get_range(&self) -> Option<Range<usize>> {
[INFO] [stdout]     |                            ^^^^^^^^^^^^^^^^^^^^
[INFO] [stdout]     |                            |
[INFO] [stdout]     |                            expected `std::ops::Range<usize>`, found `Option<std::ops::Range<usize>>`
[INFO] [stdout]     |                            help: change the output type to match the trait: `std::ops::Range<usize>`
[INFO] [stdout]     |
[INFO] [stdout]     = note: expected signature `fn(&antlr::StringRawNode) -> std::ops::Range<_>`
[INFO] [stdout]                found signature `fn(&antlr::StringRawNode) -> Option<std::ops::Range<_>>`
[INFO] [stdout] 
[INFO] [stdout] 
[INFO] [stdout] error[E0053]: method `get_range` has an incompatible type for trait
[INFO] [stdout]    --> /opt/rustwide/cargo-home/registry/src/index.crates.io-6f17d22bba15001f/yggdrasil-parser-0.0.4/src/antlr/parse_ast.rs:803:28
[INFO] [stdout]     |
[INFO] [stdout] 803 |     fn get_range(&self) -> Option<Range<usize>> {
[INFO] [stdout]     |                            ^^^^^^^^^^^^^^^^^^^^
[INFO] [stdout]     |                            |
[INFO] [stdout]     |                            expected `std::ops::Range<usize>`, found `Option<std::ops::Range<usize>>`
[INFO] [stdout]     |                            help: change the output type to match the trait: `std::ops::Range<usize>`
[INFO] [stdout]     |
[INFO] [stdout]     = note: expected signature `fn(&antlr::StringNormalNode) -> std::ops::Range<_>`
[INFO] [stdout]                found signature `fn(&antlr::StringNormalNode) -> Option<std::ops::Range<_>>`
[INFO] [stdout] 
[INFO] [stdout] 
[INFO] [stdout] error[E0053]: method `get_range` has an incompatible type for trait
[INFO] [stdout]    --> /opt/rustwide/cargo-home/registry/src/index.crates.io-6f17d22bba15001f/yggdrasil-parser-0.0.4/src/antlr/parse_ast.rs:826:28
[INFO] [stdout]     |
[INFO] [stdout] 826 |     fn get_range(&self) -> Option<Range<usize>> {
[INFO] [stdout]     |                            ^^^^^^^^^^^^^^^^^^^^
[INFO] [stdout]     |                            |
[INFO] [stdout]     |                            expected `std::ops::Range<usize>`, found `Option<std::ops::Range<usize>>`
[INFO] [stdout]     |                            help: change the output type to match the trait: `std::ops::Range<usize>`
[INFO] [stdout]     |
[INFO] [stdout]     = note: expected signature `fn(&antlr::StringItemNode) -> std::ops::Range<_>`
[INFO] [stdout]                found signature `fn(&antlr::StringItemNode) -> Option<std::ops::Range<_>>`
[INFO] [stdout] 
[INFO] [stdout] 
[INFO] [stdout] error[E0053]: method `get_range` has an incompatible type for trait
[INFO] [stdout]    --> /opt/rustwide/cargo-home/registry/src/index.crates.io-6f17d22bba15001f/yggdrasil-parser-0.0.4/src/antlr/parse_ast.rs:859:28
[INFO] [stdout]     |
[INFO] [stdout] 859 |     fn get_range(&self) -> Option<Range<usize>> {
[INFO] [stdout]     |                            ^^^^^^^^^^^^^^^^^^^^
[INFO] [stdout]     |                            |
[INFO] [stdout]     |                            expected `std::ops::Range<usize>`, found `Option<std::ops::Range<usize>>`
[INFO] [stdout]     |                            help: change the output type to match the trait: `std::ops::Range<usize>`
[INFO] [stdout]     |
[INFO] [stdout]     = note: expected signature `fn(&antlr::EscapedUnicodeNode) -> std::ops::Range<_>`
[INFO] [stdout]                found signature `fn(&antlr::EscapedUnicodeNode) -> Option<std::ops::Range<_>>`
[INFO] [stdout] 
[INFO] [stdout] 
[INFO] [stdout] error[E0053]: method `get_range` has an incompatible type for trait
[INFO] [stdout]    --> /opt/rustwide/cargo-home/registry/src/index.crates.io-6f17d22bba15001f/yggdrasil-parser-0.0.4/src/antlr/parse_ast.rs:882:28
[INFO] [stdout]     |
[INFO] [stdout] 882 |     fn get_range(&self) -> Option<Range<usize>> {
[INFO] [stdout]     |                            ^^^^^^^^^^^^^^^^^^^^
[INFO] [stdout]     |                            |
[INFO] [stdout]     |                            expected `std::ops::Range<usize>`, found `Option<std::ops::Range<usize>>`
[INFO] [stdout]     |                            help: change the output type to match the trait: `std::ops::Range<usize>`
[INFO] [stdout]     |
[INFO] [stdout]     = note: expected signature `fn(&antlr::EscapedCharacterNode) -> std::ops::Range<_>`
[INFO] [stdout]                found signature `fn(&antlr::EscapedCharacterNode) -> Option<std::ops::Range<_>>`
[INFO] [stdout] 
[INFO] [stdout] 
[INFO] [stdout] error[E0053]: method `get_range` has an incompatible type for trait
[INFO] [stdout]    --> /opt/rustwide/cargo-home/registry/src/index.crates.io-6f17d22bba15001f/yggdrasil-parser-0.0.4/src/antlr/parse_ast.rs:905:28
[INFO] [stdout]     |
[INFO] [stdout] 905 |     fn get_range(&self) -> Option<Range<usize>> {
[INFO] [stdout]     |                            ^^^^^^^^^^^^^^^^^^^^
[INFO] [stdout]     |                            |
[INFO] [stdout]     |                            expected `std::ops::Range<usize>`, found `Option<std::ops::Range<usize>>`
[INFO] [stdout]     |                            help: change the output type to match the trait: `std::ops::Range<usize>`
[INFO] [stdout]     |
[INFO] [stdout]     = note: expected signature `fn(&antlr::TextAnyNode) -> std::ops::Range<_>`
[INFO] [stdout]                found signature `fn(&antlr::TextAnyNode) -> Option<std::ops::Range<_>>`
[INFO] [stdout] 
[INFO] [stdout] 
[INFO] [stdout] error[E0053]: method `get_range` has an incompatible type for trait
[INFO] [stdout]    --> /opt/rustwide/cargo-home/registry/src/index.crates.io-6f17d22bba15001f/yggdrasil-parser-0.0.4/src/antlr/parse_ast.rs:928:28
[INFO] [stdout]     |
[INFO] [stdout] 928 |     fn get_range(&self) -> Option<Range<usize>> {
[INFO] [stdout]     |                            ^^^^^^^^^^^^^^^^^^^^
[INFO] [stdout]     |                            |
[INFO] [stdout]     |                            expected `std::ops::Range<usize>`, found `Option<std::ops::Range<usize>>`
[INFO] [stdout]     |                            help: change the output type to match the trait: `std::ops::Range<usize>`
[INFO] [stdout]     |
[INFO] [stdout]     = note: expected signature `fn(&antlr::RegexEmbedNode) -> std::ops::Range<_>`
[INFO] [stdout]                found signature `fn(&antlr::RegexEmbedNode) -> Option<std::ops::Range<_>>`
[INFO] [stdout] 
[INFO] [stdout] 
[INFO] [stdout] error[E0053]: method `get_range` has an incompatible type for trait
[INFO] [stdout]    --> /opt/rustwide/cargo-home/registry/src/index.crates.io-6f17d22bba15001f/yggdrasil-parser-0.0.4/src/antlr/parse_ast.rs:951:28
[INFO] [stdout]     |
[INFO] [stdout] 951 |     fn get_range(&self) -> Option<Range<usize>> {
[INFO] [stdout]     |                            ^^^^^^^^^^^^^^^^^^^^
[INFO] [stdout]     |                            |
[INFO] [stdout]     |                            expected `std::ops::Range<usize>`, found `Option<std::ops::Range<usize>>`
[INFO] [stdout]     |                            help: change the output type to match the trait: `std::ops::Range<usize>`
[INFO] [stdout]     |
[INFO] [stdout]     = note: expected signature `fn(&antlr::RegexInnerNode) -> std::ops::Range<_>`
[INFO] [stdout]                found signature `fn(&antlr::RegexInnerNode) -> Option<std::ops::Range<_>>`
[INFO] [stdout] 
[INFO] [stdout] 
[INFO] [stdout] error[E0053]: method `get_range` has an incompatible type for trait
[INFO] [stdout]    --> /opt/rustwide/cargo-home/registry/src/index.crates.io-6f17d22bba15001f/yggdrasil-parser-0.0.4/src/antlr/parse_ast.rs:974:28
[INFO] [stdout]     |
[INFO] [stdout] 974 |     fn get_range(&self) -> Option<Range<usize>> {
[INFO] [stdout]     |                            ^^^^^^^^^^^^^^^^^^^^
[INFO] [stdout]     |                            |
[INFO] [stdout]     |                            expected `std::ops::Range<usize>`, found `Option<std::ops::Range<usize>>`
[INFO] [stdout]     |                            help: change the output type to match the trait: `std::ops::Range<usize>`
[INFO] [stdout]     |
[INFO] [stdout]     = note: expected signature `fn(&antlr::RegexRangeNode) -> std::ops::Range<_>`
[INFO] [stdout]                found signature `fn(&antlr::RegexRangeNode) -> Option<std::ops::Range<_>>`
[INFO] [stdout] 
[INFO] [stdout] 
[INFO] [stdout] error[E0053]: method `get_range` has an incompatible type for trait
[INFO] [stdout]    --> /opt/rustwide/cargo-home/registry/src/index.crates.io-6f17d22bba15001f/yggdrasil-parser-0.0.4/src/antlr/parse_ast.rs:998:28
[INFO] [stdout]     |
[INFO] [stdout] 998 |     fn get_range(&self) -> Option<Range<usize>> {
[INFO] [stdout]     |                            ^^^^^^^^^^^^^^^^^^^^
[INFO] [stdout]     |                            |
[INFO] [stdout]     |                            expected `std::ops::Range<usize>`, found `Option<std::ops::Range<usize>>`
[INFO] [stdout]     |                            help: change the output type to match the trait: `std::ops::Range<usize>`
[INFO] [stdout]     |
[INFO] [stdout]     = note: expected signature `fn(&antlr::RegexNegativeNode) -> std::ops::Range<_>`
[INFO] [stdout]                found signature `fn(&antlr::RegexNegativeNode) -> Option<std::ops::Range<_>>`
[INFO] [stdout] 
[INFO] [stdout] 
[INFO] [stdout] error[E0053]: method `get_range` has an incompatible type for trait
[INFO] [stdout]     --> /opt/rustwide/cargo-home/registry/src/index.crates.io-6f17d22bba15001f/yggdrasil-parser-0.0.4/src/antlr/parse_ast.rs:1020:28
[INFO] [stdout]      |
[INFO] [stdout] 1020 |     fn get_range(&self) -> Option<Range<usize>> {
[INFO] [stdout]      |                            ^^^^^^^^^^^^^^^^^^^^
[INFO] [stdout]      |                            |
[INFO] [stdout]      |                            expected `std::ops::Range<usize>`, found `Option<std::ops::Range<usize>>`
[INFO] [stdout]      |                            help: change the output type to match the trait: `std::ops::Range<usize>`
[INFO] [stdout]      |
[INFO] [stdout]      = note: expected signature `fn(&antlr::NamepathFreeNode) -> std::ops::Range<_>`
[INFO] [stdout]                 found signature `fn(&antlr::NamepathFreeNode) -> Option<std::ops::Range<_>>`
[INFO] [stdout] 
[INFO] [stdout] 
[INFO] [stdout] error[E0053]: method `get_range` has an incompatible type for trait
[INFO] [stdout]     --> /opt/rustwide/cargo-home/registry/src/index.crates.io-6f17d22bba15001f/yggdrasil-parser-0.0.4/src/antlr/parse_ast.rs:1043:28
[INFO] [stdout]      |
[INFO] [stdout] 1043 |     fn get_range(&self) -> Option<Range<usize>> {
[INFO] [stdout]      |                            ^^^^^^^^^^^^^^^^^^^^
[INFO] [stdout]      |                            |
[INFO] [stdout]      |                            expected `std::ops::Range<usize>`, found `Option<std::ops::Range<usize>>`
[INFO] [stdout]      |                            help: change the output type to match the trait: `std::ops::Range<usize>`
[INFO] [stdout]      |
[INFO] [stdout]      = note: expected signature `fn(&antlr::NamepathNode) -> std::ops::Range<_>`
[INFO] [stdout]                 found signature `fn(&antlr::NamepathNode) -> Option<std::ops::Range<_>>`
[INFO] [stdout] 
[INFO] [stdout] 
[INFO] [stderr]     Checking hashbrown v0.12.3
[INFO] [stdout] error[E0053]: method `get_range` has an incompatible type for trait
[INFO] [stdout]     --> /opt/rustwide/cargo-home/registry/src/index.crates.io-6f17d22bba15001f/yggdrasil-parser-0.0.4/src/antlr/parse_ast.rs:1066:28
[INFO] [stdout]      |
[INFO] [stdout] 1066 |     fn get_range(&self) -> Option<Range<usize>> {
[INFO] [stdout]      |                            ^^^^^^^^^^^^^^^^^^^^
[INFO] [stdout]      |                            |
[INFO] [stdout]      |                            expected `std::ops::Range<usize>`, found `Option<std::ops::Range<usize>>`
[INFO] [stdout]      |                            help: change the output type to match the trait: `std::ops::Range<usize>`
[INFO] [stdout]      |
[INFO] [stdout]      = note: expected signature `fn(&antlr::IdentifierNode) -> std::ops::Range<_>`
[INFO] [stdout]                 found signature `fn(&antlr::IdentifierNode) -> Option<std::ops::Range<_>>`
[INFO] [stdout] 
[INFO] [stdout] 
[INFO] [stdout] error[E0053]: method `get_range` has an incompatible type for trait
[INFO] [stdout]     --> /opt/rustwide/cargo-home/registry/src/index.crates.io-6f17d22bba15001f/yggdrasil-parser-0.0.4/src/antlr/parse_ast.rs:1089:28
[INFO] [stdout]      |
[INFO] [stdout] 1089 |     fn get_range(&self) -> Option<Range<usize>> {
[INFO] [stdout]      |                            ^^^^^^^^^^^^^^^^^^^^
[INFO] [stdout]      |                            |
[INFO] [stdout]      |                            expected `std::ops::Range<usize>`, found `Option<std::ops::Range<usize>>`
[INFO] [stdout]      |                            help: change the output type to match the trait: `std::ops::Range<usize>`
[INFO] [stdout]      |
[INFO] [stdout]      = note: expected signature `fn(&antlr::BooleanNode) -> std::ops::Range<_>`
[INFO] [stdout]                 found signature `fn(&antlr::BooleanNode) -> Option<std::ops::Range<_>>`
[INFO] [stdout] 
[INFO] [stdout] 
[INFO] [stdout] error[E0053]: method `get_range` has an incompatible type for trait
[INFO] [stdout]     --> /opt/rustwide/cargo-home/registry/src/index.crates.io-6f17d22bba15001f/yggdrasil-parser-0.0.4/src/antlr/parse_ast.rs:1118:28
[INFO] [stdout]      |
[INFO] [stdout] 1118 |     fn get_range(&self) -> Option<Range<usize>> {
[INFO] [stdout]      |                            ^^^^^^^^^^^^^^^^^^^^
[INFO] [stdout]      |                            |
[INFO] [stdout]      |                            expected `std::ops::Range<usize>`, found `Option<std::ops::Range<usize>>`
[INFO] [stdout]      |                            help: change the output type to match the trait: `std::ops::Range<usize>`
[INFO] [stdout]      |
[INFO] [stdout]      = note: expected signature `fn(&antlr::ModifierCallNode) -> std::ops::Range<_>`
[INFO] [stdout]                 found signature `fn(&antlr::ModifierCallNode) -> Option<std::ops::Range<_>>`
[INFO] [stdout] 
[INFO] [stdout] 
[INFO] [stdout] error[E0053]: method `get_range` has an incompatible type for trait
[INFO] [stdout]     --> /opt/rustwide/cargo-home/registry/src/index.crates.io-6f17d22bba15001f/yggdrasil-parser-0.0.4/src/antlr/parse_ast.rs:1141:28
[INFO] [stdout]      |
[INFO] [stdout] 1141 |     fn get_range(&self) -> Option<Range<usize>> {
[INFO] [stdout]      |                            ^^^^^^^^^^^^^^^^^^^^
[INFO] [stdout]      |                            |
[INFO] [stdout]      |                            expected `std::ops::Range<usize>`, found `Option<std::ops::Range<usize>>`
[INFO] [stdout]      |                            help: change the output type to match the trait: `std::ops::Range<usize>`
[INFO] [stdout]      |
[INFO] [stdout]      = note: expected signature `fn(&antlr::KwGrammarNode) -> std::ops::Range<_>`
[INFO] [stdout]                 found signature `fn(&antlr::KwGrammarNode) -> Option<std::ops::Range<_>>`
[INFO] [stdout] 
[INFO] [stdout] 
[INFO] [stdout] error[E0053]: method `get_range` has an incompatible type for trait
[INFO] [stdout]     --> /opt/rustwide/cargo-home/registry/src/index.crates.io-6f17d22bba15001f/yggdrasil-parser-0.0.4/src/antlr/parse_ast.rs:1163:28
[INFO] [stdout]      |
[INFO] [stdout] 1163 |     fn get_range(&self) -> Option<Range<usize>> {
[INFO] [stdout]      |                            ^^^^^^^^^^^^^^^^^^^^
[INFO] [stdout]      |                            |
[INFO] [stdout]      |                            expected `std::ops::Range<usize>`, found `Option<std::ops::Range<usize>>`
[INFO] [stdout]      |                            help: change the output type to match the trait: `std::ops::Range<usize>`
[INFO] [stdout]      |
[INFO] [stdout]      = note: expected signature `fn(&antlr::KwImportNode) -> std::ops::Range<_>`
[INFO] [stdout]                 found signature `fn(&antlr::KwImportNode) -> Option<std::ops::Range<_>>`
[INFO] [stdout] 
[INFO] [stdout] 
[INFO] [stdout] error[E0053]: method `get_range` has an incompatible type for trait
[INFO] [stdout]     --> /opt/rustwide/cargo-home/registry/src/index.crates.io-6f17d22bba15001f/yggdrasil-parser-0.0.4/src/antlr/parse_ast.rs:1185:28
[INFO] [stdout]      |
[INFO] [stdout] 1185 |     fn get_range(&self) -> Option<Range<usize>> {
[INFO] [stdout]      |                            ^^^^^^^^^^^^^^^^^^^^
[INFO] [stdout]      |                            |
[INFO] [stdout]      |                            expected `std::ops::Range<usize>`, found `Option<std::ops::Range<usize>>`
[INFO] [stdout]      |                            help: change the output type to match the trait: `std::ops::Range<usize>`
[INFO] [stdout]      |
[INFO] [stdout]      = note: expected signature `fn(&antlr::KwClassNode) -> std::ops::Range<_>`
[INFO] [stdout]                 found signature `fn(&antlr::KwClassNode) -> Option<std::ops::Range<_>>`
[INFO] [stdout] 
[INFO] [stdout] 
[INFO] [stdout] error[E0053]: method `get_range` has an incompatible type for trait
[INFO] [stdout]     --> /opt/rustwide/cargo-home/registry/src/index.crates.io-6f17d22bba15001f/yggdrasil-parser-0.0.4/src/antlr/parse_ast.rs:1207:28
[INFO] [stdout]      |
[INFO] [stdout] 1207 |     fn get_range(&self) -> Option<Range<usize>> {
[INFO] [stdout]      |                            ^^^^^^^^^^^^^^^^^^^^
[INFO] [stdout]      |                            |
[INFO] [stdout]      |                            expected `std::ops::Range<usize>`, found `Option<std::ops::Range<usize>>`
[INFO] [stdout]      |                            help: change the output type to match the trait: `std::ops::Range<usize>`
[INFO] [stdout]      |
[INFO] [stdout]      = note: expected signature `fn(&antlr::KwUnionNode) -> std::ops::Range<_>`
[INFO] [stdout]                 found signature `fn(&antlr::KwUnionNode) -> Option<std::ops::Range<_>>`
[INFO] [stdout] 
[INFO] [stdout] 
[INFO] [stdout] error[E0053]: method `get_range` has an incompatible type for trait
[INFO] [stdout]     --> /opt/rustwide/cargo-home/registry/src/index.crates.io-6f17d22bba15001f/yggdrasil-parser-0.0.4/src/antlr/parse_ast.rs:1229:28
[INFO] [stdout]      |
[INFO] [stdout] 1229 |     fn get_range(&self) -> Option<Range<usize>> {
[INFO] [stdout]      |                            ^^^^^^^^^^^^^^^^^^^^
[INFO] [stdout]      |                            |
[INFO] [stdout]      |                            expected `std::ops::Range<usize>`, found `Option<std::ops::Range<usize>>`
[INFO] [stdout]      |                            help: change the output type to match the trait: `std::ops::Range<usize>`
[INFO] [stdout]      |
[INFO] [stdout]      = note: expected signature `fn(&antlr::KwGroupNode) -> std::ops::Range<_>`
[INFO] [stdout]                 found signature `fn(&antlr::KwGroupNode) -> Option<std::ops::Range<_>>`
[INFO] [stdout] 
[INFO] [stdout] 
[INFO] [stdout] error[E0053]: method `get_range` has an incompatible type for trait
[INFO] [stdout]     --> /opt/rustwide/cargo-home/registry/src/index.crates.io-6f17d22bba15001f/yggdrasil-parser-0.0.4/src/antlr/parse_ast.rs:1251:28
[INFO] [stdout]      |
[INFO] [stdout] 1251 |     fn get_range(&self) -> Option<Range<usize>> {
[INFO] [stdout]      |                            ^^^^^^^^^^^^^^^^^^^^
[INFO] [stdout]      |                            |
[INFO] [stdout]      |                            expected `std::ops::Range<usize>`, found `Option<std::ops::Range<usize>>`
[INFO] [stdout]      |                            help: change the output type to match the trait: `std::ops::Range<usize>`
[INFO] [stdout]      |
[INFO] [stdout]      = note: expected signature `fn(&antlr::KwClimbNode) -> std::ops::Range<_>`
[INFO] [stdout]                 found signature `fn(&antlr::KwClimbNode) -> Option<std::ops::Range<_>>`
[INFO] [stdout] 
[INFO] [stdout] 
[INFO] [stdout] error[E0053]: method `get_range` has an incompatible type for trait
[INFO] [stdout]     --> /opt/rustwide/cargo-home/registry/src/index.crates.io-6f17d22bba15001f/yggdrasil-parser-0.0.4/src/antlr/parse_ast.rs:1273:28
[INFO] [stdout]      |
[INFO] [stdout] 1273 |     fn get_range(&self) -> Option<Range<usize>> {
[INFO] [stdout]      |                            ^^^^^^^^^^^^^^^^^^^^
[INFO] [stdout]      |                            |
[INFO] [stdout]      |                            expected `std::ops::Range<usize>`, found `Option<std::ops::Range<usize>>`
[INFO] [stdout]      |                            help: change the output type to match the trait: `std::ops::Range<usize>`
[INFO] [stdout]      |
[INFO] [stdout]      = note: expected signature `fn(&antlr::KwMacroNode) -> std::ops::Range<_>`
[INFO] [stdout]                 found signature `fn(&antlr::KwMacroNode) -> Option<std::ops::Range<_>>`
[INFO] [stdout] 
[INFO] [stdout] 
[INFO] [stdout] error[E0053]: method `get_range` has an incompatible type for trait
[INFO] [stdout]     --> /opt/rustwide/cargo-home/registry/src/index.crates.io-6f17d22bba15001f/yggdrasil-parser-0.0.4/src/antlr/parse_ast.rs:1295:28
[INFO] [stdout]      |
[INFO] [stdout] 1295 |     fn get_range(&self) -> Option<Range<usize>> {
[INFO] [stdout]      |                            ^^^^^^^^^^^^^^^^^^^^
[INFO] [stdout]      |                            |
[INFO] [stdout]      |                            expected `std::ops::Range<usize>`, found `Option<std::ops::Range<usize>>`
[INFO] [stdout]      |                            help: change the output type to match the trait: `std::ops::Range<usize>`
[INFO] [stdout]      |
[INFO] [stdout]      = note: expected signature `fn(&antlr::WhiteSpaceNode) -> std::ops::Range<_>`
[INFO] [stdout]                 found signature `fn(&antlr::WhiteSpaceNode) -> Option<std::ops::Range<_>>`
[INFO] [stdout] 
[INFO] [stdout] 
[INFO] [stdout] error[E0053]: method `get_range` has an incompatible type for trait
[INFO] [stdout]     --> /opt/rustwide/cargo-home/registry/src/index.crates.io-6f17d22bba15001f/yggdrasil-parser-0.0.4/src/antlr/parse_ast.rs:1317:28
[INFO] [stdout]      |
[INFO] [stdout] 1317 |     fn get_range(&self) -> Option<Range<usize>> {
[INFO] [stdout]      |                            ^^^^^^^^^^^^^^^^^^^^
[INFO] [stdout]      |                            |
[INFO] [stdout]      |                            expected `std::ops::Range<usize>`, found `Option<std::ops::Range<usize>>`
[INFO] [stdout]      |                            help: change the output type to match the trait: `std::ops::Range<usize>`
[INFO] [stdout]      |
[INFO] [stdout]      = note: expected signature `fn(&antlr::CommentNode) -> std::ops::Range<_>`
[INFO] [stdout]                 found signature `fn(&antlr::CommentNode) -> Option<std::ops::Range<_>>`
[INFO] [stdout] 
[INFO] [stdout] 
[INFO] [stdout] error[E0053]: method `get_range` has an incompatible type for trait
[INFO] [stdout]  --> /opt/rustwide/cargo-home/registry/src/index.crates.io-6f17d22bba15001f/yggdrasil-parser-0.0.4/src/bootstrap/parse_ast.rs:6:28
[INFO] [stdout]   |
[INFO] [stdout] 6 |     fn get_range(&self) -> Option<Range<usize>> {
[INFO] [stdout]   |                            ^^^^^^^^^^^^^^^^^^^^
[INFO] [stdout]   |                            |
[INFO] [stdout]   |                            expected `std::ops::Range<usize>`, found `Option<std::ops::Range<usize>>`
[INFO] [stdout]   |                            help: change the output type to match the trait: `std::ops::Range<usize>`
[INFO] [stdout]   |
[INFO] [stdout]   = note: expected signature `fn(&bootstrap::RootNode) -> std::ops::Range<_>`
[INFO] [stdout]              found signature `fn(&bootstrap::RootNode) -> Option<std::ops::Range<_>>`
[INFO] [stdout] 
[INFO] [stdout] 
[INFO] [stdout] error[E0053]: method `get_range` has an incompatible type for trait
[INFO] [stdout]   --> /opt/rustwide/cargo-home/registry/src/index.crates.io-6f17d22bba15001f/yggdrasil-parser-0.0.4/src/bootstrap/parse_ast.rs:29:28
[INFO] [stdout]    |
[INFO] [stdout] 29 |     fn get_range(&self) -> Option<Range<usize>> {
[INFO] [stdout]    |                            ^^^^^^^^^^^^^^^^^^^^
[INFO] [stdout]    |                            |
[INFO] [stdout]    |                            expected `std::ops::Range<usize>`, found `Option<std::ops::Range<usize>>`
[INFO] [stdout]    |                            help: change the output type to match the trait: `std::ops::Range<usize>`
[INFO] [stdout]    |
[INFO] [stdout]    = note: expected signature `fn(&bootstrap::StatementNode) -> std::ops::Range<_>`
[INFO] [stdout]               found signature `fn(&bootstrap::StatementNode) -> Option<std::ops::Range<_>>`
[INFO] [stdout] 
[INFO] [stdout] 
[INFO] [stdout] error[E0053]: method `get_range` has an incompatible type for trait
[INFO] [stdout]   --> /opt/rustwide/cargo-home/registry/src/index.crates.io-6f17d22bba15001f/yggdrasil-parser-0.0.4/src/bootstrap/parse_ast.rs:66:28
[INFO] [stdout]    |
[INFO] [stdout] 66 |     fn get_range(&self) -> Option<Range<usize>> {
[INFO] [stdout]    |                            ^^^^^^^^^^^^^^^^^^^^
[INFO] [stdout]    |                            |
[INFO] [stdout]    |                            expected `std::ops::Range<usize>`, found `Option<std::ops::Range<usize>>`
[INFO] [stdout]    |                            help: change the output type to match the trait: `std::ops::Range<usize>`
[INFO] [stdout]    |
[INFO] [stdout]    = note: expected signature `fn(&bootstrap::GrammarStatementNode) -> std::ops::Range<_>`
[INFO] [stdout]               found signature `fn(&bootstrap::GrammarStatementNode) -> Option<std::ops::Range<_>>`
[INFO] [stdout] 
[INFO] [stdout] 
[INFO] [stdout] error[E0053]: method `get_range` has an incompatible type for trait
[INFO] [stdout]   --> /opt/rustwide/cargo-home/registry/src/index.crates.io-6f17d22bba15001f/yggdrasil-parser-0.0.4/src/bootstrap/parse_ast.rs:90:28
[INFO] [stdout]    |
[INFO] [stdout] 90 |     fn get_range(&self) -> Option<Range<usize>> {
[INFO] [stdout]    |                            ^^^^^^^^^^^^^^^^^^^^
[INFO] [stdout]    |                            |
[INFO] [stdout]    |                            expected `std::ops::Range<usize>`, found `Option<std::ops::Range<usize>>`
[INFO] [stdout]    |                            help: change the output type to match the trait: `std::ops::Range<usize>`
[INFO] [stdout]    |
[INFO] [stdout]    = note: expected signature `fn(&bootstrap::GrammarBlockNode) -> std::ops::Range<_>`
[INFO] [stdout]               found signature `fn(&bootstrap::GrammarBlockNode) -> Option<std::ops::Range<_>>`
[INFO] [stdout] 
[INFO] [stdout] 
[INFO] [stdout] error[E0053]: method `get_range` has an incompatible type for trait
[INFO] [stdout]    --> /opt/rustwide/cargo-home/registry/src/index.crates.io-6f17d22bba15001f/yggdrasil-parser-0.0.4/src/bootstrap/parse_ast.rs:110:28
[INFO] [stdout]     |
[INFO] [stdout] 110 |     fn get_range(&self) -> Option<Range<usize>> {
[INFO] [stdout]     |                            ^^^^^^^^^^^^^^^^^^^^
[INFO] [stdout]     |                            |
[INFO] [stdout]     |                            expected `std::ops::Range<usize>`, found `Option<std::ops::Range<usize>>`
[INFO] [stdout]     |                            help: change the output type to match the trait: `std::ops::Range<usize>`
[INFO] [stdout]     |
[INFO] [stdout]     = note: expected signature `fn(&bootstrap::ClassStatementNode) -> std::ops::Range<_>`
[INFO] [stdout]                found signature `fn(&bootstrap::ClassStatementNode) -> Option<std::ops::Range<_>>`
[INFO] [stdout] 
[INFO] [stdout] 
[INFO] [stdout] error[E0053]: method `get_range` has an incompatible type for trait
[INFO] [stdout]    --> /opt/rustwide/cargo-home/registry/src/index.crates.io-6f17d22bba15001f/yggdrasil-parser-0.0.4/src/bootstrap/parse_ast.rs:142:28
[INFO] [stdout]     |
[INFO] [stdout] 142 |     fn get_range(&self) -> Option<Range<usize>> {
[INFO] [stdout]     |                            ^^^^^^^^^^^^^^^^^^^^
[INFO] [stdout]     |                            |
[INFO] [stdout]     |                            expected `std::ops::Range<usize>`, found `Option<std::ops::Range<usize>>`
[INFO] [stdout]     |                            help: change the output type to match the trait: `std::ops::Range<usize>`
[INFO] [stdout]     |
[INFO] [stdout]     = note: expected signature `fn(&bootstrap::ClassBlockNode) -> std::ops::Range<_>`
[INFO] [stdout]                found signature `fn(&bootstrap::ClassBlockNode) -> Option<std::ops::Range<_>>`
[INFO] [stdout] 
[INFO] [stdout] 
[INFO] [stdout] error[E0053]: method `get_range` has an incompatible type for trait
[INFO] [stdout]    --> /opt/rustwide/cargo-home/registry/src/index.crates.io-6f17d22bba15001f/yggdrasil-parser-0.0.4/src/bootstrap/parse_ast.rs:165:28
[INFO] [stdout]     |
[INFO] [stdout] 165 |     fn get_range(&self) -> Option<Range<usize>> {
[INFO] [stdout]     |                            ^^^^^^^^^^^^^^^^^^^^
[INFO] [stdout]     |                            |
[INFO] [stdout]     |                            expected `std::ops::Range<usize>`, found `Option<std::ops::Range<usize>>`
[INFO] [stdout]     |                            help: change the output type to match the trait: `std::ops::Range<usize>`
[INFO] [stdout]     |
[INFO] [stdout]     = note: expected signature `fn(&bootstrap::OpRemarkNode) -> std::ops::Range<_>`
[INFO] [stdout]                found signature `fn(&bootstrap::OpRemarkNode) -> Option<std::ops::Range<_>>`
[INFO] [stdout] 
[INFO] [stdout] 
[INFO] [stdout] error[E0053]: method `get_range` has an incompatible type for trait
[INFO] [stdout]    --> /opt/rustwide/cargo-home/registry/src/index.crates.io-6f17d22bba15001f/yggdrasil-parser-0.0.4/src/bootstrap/parse_ast.rs:185:28
[INFO] [stdout]     |
[INFO] [stdout] 185 |     fn get_range(&self) -> Option<Range<usize>> {
[INFO] [stdout]     |                            ^^^^^^^^^^^^^^^^^^^^
[INFO] [stdout]     |                            |
[INFO] [stdout]     |                            expected `std::ops::Range<usize>`, found `Option<std::ops::Range<usize>>`
[INFO] [stdout]     |                            help: change the output type to match the trait: `std::ops::Range<usize>`
[INFO] [stdout]     |
[INFO] [stdout]     = note: expected signature `fn(&bootstrap::UnionStatementNode) -> std::ops::Range<_>`
[INFO] [stdout]                found signature `fn(&bootstrap::UnionStatementNode) -> Option<std::ops::Range<_>>`
[INFO] [stdout] 
[INFO] [stdout] 
[INFO] [stdout] error[E0053]: method `get_range` has an incompatible type for trait
[INFO] [stdout]    --> /opt/rustwide/cargo-home/registry/src/index.crates.io-6f17d22bba15001f/yggdrasil-parser-0.0.4/src/bootstrap/parse_ast.rs:216:28
[INFO] [stdout]     |
[INFO] [stdout] 216 |     fn get_range(&self) -> Option<Range<usize>> {
[INFO] [stdout]     |                            ^^^^^^^^^^^^^^^^^^^^
[INFO] [stdout]     |                            |
[INFO] [stdout]     |                            expected `std::ops::Range<usize>`, found `Option<std::ops::Range<usize>>`
[INFO] [stdout]     |                            help: change the output type to match the trait: `std::ops::Range<usize>`
[INFO] [stdout]     |
[INFO] [stdout]     = note: expected signature `fn(&bootstrap::UnionBlockNode) -> std::ops::Range<_>`
[INFO] [stdout]                found signature `fn(&bootstrap::UnionBlockNode) -> Option<std::ops::Range<_>>`
[INFO] [stdout] 
[INFO] [stdout] 
[INFO] [stdout] error[E0053]: method `get_range` has an incompatible type for trait
[INFO] [stdout]    --> /opt/rustwide/cargo-home/registry/src/index.crates.io-6f17d22bba15001f/yggdrasil-parser-0.0.4/src/bootstrap/parse_ast.rs:241:28
[INFO] [stdout]     |
[INFO] [stdout] 241 |     fn get_range(&self) -> Option<Range<usize>> {
[INFO] [stdout]     |                            ^^^^^^^^^^^^^^^^^^^^
[INFO] [stdout]     |                            |
[INFO] [stdout]     |                            expected `std::ops::Range<usize>`, found `Option<std::ops::Range<usize>>`
[INFO] [stdout]     |                            help: change the output type to match the trait: `std::ops::Range<usize>`
[INFO] [stdout]     |
[INFO] [stdout]     = note: expected signature `fn(&bootstrap::UnionBranchNode) -> std::ops::Range<_>`
[INFO] [stdout]                found signature `fn(&bootstrap::UnionBranchNode) -> Option<std::ops::Range<_>>`
[INFO] [stdout] 
[INFO] [stdout] 
[INFO] [stdout] error[E0053]: method `get_range` has an incompatible type for trait
[INFO] [stdout]    --> /opt/rustwide/cargo-home/registry/src/index.crates.io-6f17d22bba15001f/yggdrasil-parser-0.0.4/src/bootstrap/parse_ast.rs:265:28
[INFO] [stdout]     |
[INFO] [stdout] 265 |     fn get_range(&self) -> Option<Range<usize>> {
[INFO] [stdout]     |                            ^^^^^^^^^^^^^^^^^^^^
[INFO] [stdout]     |                            |
[INFO] [stdout]     |                            expected `std::ops::Range<usize>`, found `Option<std::ops::Range<usize>>`
[INFO] [stdout]     |                            help: change the output type to match the trait: `std::ops::Range<usize>`
[INFO] [stdout]     |
[INFO] [stdout]     = note: expected signature `fn(&bootstrap::BranchTagNode) -> std::ops::Range<_>`
[INFO] [stdout]                found signature `fn(&bootstrap::BranchTagNode) -> Option<std::ops::Range<_>>`
[INFO] [stdout] 
[INFO] [stdout] 
[INFO] [stdout] error[E0053]: method `get_range` has an incompatible type for trait
[INFO] [stdout]    --> /opt/rustwide/cargo-home/registry/src/index.crates.io-6f17d22bba15001f/yggdrasil-parser-0.0.4/src/bootstrap/parse_ast.rs:289:28
[INFO] [stdout]     |
[INFO] [stdout] 289 |     fn get_range(&self) -> Option<Range<usize>> {
[INFO] [stdout]     |                            ^^^^^^^^^^^^^^^^^^^^
[INFO] [stdout]     |                            |
[INFO] [stdout]     |                            expected `std::ops::Range<usize>`, found `Option<std::ops::Range<usize>>`
[INFO] [stdout]     |                            help: change the output type to match the trait: `std::ops::Range<usize>`
[INFO] [stdout]     |
[INFO] [stdout]     = note: expected signature `fn(&bootstrap::RightAssociativityNode) -> std::ops::Range<_>`
[INFO] [stdout]                found signature `fn(&bootstrap::RightAssociativityNode) -> Option<std::ops::Range<_>>`
[INFO] [stdout] 
[INFO] [stdout] 
[INFO] [stdout] error[E0053]: method `get_range` has an incompatible type for trait
[INFO] [stdout]    --> /opt/rustwide/cargo-home/registry/src/index.crates.io-6f17d22bba15001f/yggdrasil-parser-0.0.4/src/bootstrap/parse_ast.rs:309:28
[INFO] [stdout]     |
[INFO] [stdout] 309 |     fn get_range(&self) -> Option<Range<usize>> {
[INFO] [stdout]     |                            ^^^^^^^^^^^^^^^^^^^^
[INFO] [stdout]     |                            |
[INFO] [stdout]     |                            expected `std::ops::Range<usize>`, found `Option<std::ops::Range<usize>>`
[INFO] [stdout]     |                            help: change the output type to match the trait: `std::ops::Range<usize>`
[INFO] [stdout]     |
[INFO] [stdout]     = note: expected signature `fn(&bootstrap::GroupStatementNode) -> std::ops::Range<_>`
[INFO] [stdout]                found signature `fn(&bootstrap::GroupStatementNode) -> Option<std::ops::Range<_>>`
[INFO] [stdout] 
[INFO] [stdout] 
[INFO] [stdout] error[E0053]: method `get_range` has an incompatible type for trait
[INFO] [stdout]    --> /opt/rustwide/cargo-home/registry/src/index.crates.io-6f17d22bba15001f/yggdrasil-parser-0.0.4/src/bootstrap/parse_ast.rs:339:28
[INFO] [stdout]     |
[INFO] [stdout] 339 |     fn get_range(&self) -> Option<Range<usize>> {
[INFO] [stdout]     |                            ^^^^^^^^^^^^^^^^^^^^
[INFO] [stdout]     |                            |
[INFO] [stdout]     |                            expected `std::ops::Range<usize>`, found `Option<std::ops::Range<usize>>`
[INFO] [stdout]     |                            help: change the output type to match the trait: `std::ops::Range<usize>`
[INFO] [stdout]     |
[INFO] [stdout]     = note: expected signature `fn(&bootstrap::GroupBlockNode) -> std::ops::Range<_>`
[INFO] [stdout]                found signature `fn(&bootstrap::GroupBlockNode) -> Option<std::ops::Range<_>>`
[INFO] [stdout] 
[INFO] [stdout] 
[INFO] [stdout] error[E0053]: method `get_range` has an incompatible type for trait
[INFO] [stdout]    --> /opt/rustwide/cargo-home/registry/src/index.crates.io-6f17d22bba15001f/yggdrasil-parser-0.0.4/src/bootstrap/parse_ast.rs:362:28
[INFO] [stdout]     |
[INFO] [stdout] 362 |     fn get_range(&self) -> Option<Range<usize>> {
[INFO] [stdout]     |                            ^^^^^^^^^^^^^^^^^^^^
[INFO] [stdout]     |                            |
[INFO] [stdout]     |                            expected `std::ops::Range<usize>`, found `Option<std::ops::Range<usize>>`
[INFO] [stdout]     |                            help: change the output type to match the trait: `std::ops::Range<usize>`
[INFO] [stdout]     |
[INFO] [stdout]     = note: expected signature `fn(&bootstrap::GroupPairNode) -> std::ops::Range<_>`
[INFO] [stdout]                found signature `fn(&bootstrap::GroupPairNode) -> Option<std::ops::Range<_>>`
[INFO] [stdout] 
[INFO] [stdout] 
[INFO] [stdout] error[E0053]: method `get_range` has an incompatible type for trait
[INFO] [stdout]    --> /opt/rustwide/cargo-home/registry/src/index.crates.io-6f17d22bba15001f/yggdrasil-parser-0.0.4/src/bootstrap/parse_ast.rs:386:28
[INFO] [stdout]     |
[INFO] [stdout] 386 |     fn get_range(&self) -> Option<Range<usize>> {
[INFO] [stdout]     |                            ^^^^^^^^^^^^^^^^^^^^
[INFO] [stdout]     |                            |
[INFO] [stdout]     |                            expected `std::ops::Range<usize>`, found `Option<std::ops::Range<usize>>`
[INFO] [stdout]     |                            help: change the output type to match the trait: `std::ops::Range<usize>`
[INFO] [stdout]     |
[INFO] [stdout]     = note: expected signature `fn(&bootstrap::DecoratorCallNode) -> std::ops::Range<_>`
[INFO] [stdout]                found signature `fn(&bootstrap::DecoratorCallNode) -> Option<std::ops::Range<_>>`
[INFO] [stdout] 
[INFO] [stdout] 
[INFO] [stdout] error[E0053]: method `get_range` has an incompatible type for trait
[INFO] [stdout]    --> /opt/rustwide/cargo-home/registry/src/index.crates.io-6f17d22bba15001f/yggdrasil-parser-0.0.4/src/bootstrap/parse_ast.rs:410:28
[INFO] [stdout]     |
[INFO] [stdout] 410 |     fn get_range(&self) -> Option<Range<usize>> {
[INFO] [stdout]     |                            ^^^^^^^^^^^^^^^^^^^^
[INFO] [stdout]     |                            |
[INFO] [stdout]     |                            expected `std::ops::Range<usize>`, found `Option<std::ops::Range<usize>>`
[INFO] [stdout]     |                            help: change the output type to match the trait: `std::ops::Range<usize>`
[INFO] [stdout]     |
[INFO] [stdout]     = note: expected signature `fn(&bootstrap::DecoratorNameNode) -> std::ops::Range<_>`
[INFO] [stdout]                found signature `fn(&bootstrap::DecoratorNameNode) -> Option<std::ops::Range<_>>`
[INFO] [stdout] 
[INFO] [stdout] 
[INFO] [stdout] error[E0053]: method `get_range` has an incompatible type for trait
[INFO] [stdout]    --> /opt/rustwide/cargo-home/registry/src/index.crates.io-6f17d22bba15001f/yggdrasil-parser-0.0.4/src/bootstrap/parse_ast.rs:433:28
[INFO] [stdout]     |
[INFO] [stdout] 433 |     fn get_range(&self) -> Option<Range<usize>> {
[INFO] [stdout]     |                            ^^^^^^^^^^^^^^^^^^^^
[INFO] [stdout]     |                            |
[INFO] [stdout]     |                            expected `std::ops::Range<usize>`, found `Option<std::ops::Range<usize>>`
[INFO] [stdout]     |                            help: change the output type to match the trait: `std::ops::Range<usize>`
[INFO] [stdout]     |
[INFO] [stdout]     = note: expected signature `fn(&bootstrap::FunctionCallNode) -> std::ops::Range<_>`
[INFO] [stdout]                found signature `fn(&bootstrap::FunctionCallNode) -> Option<std::ops::Range<_>>`
[INFO] [stdout] 
[INFO] [stdout] 
[INFO] [stdout] error[E0053]: method `get_range` has an incompatible type for trait
[INFO] [stdout]    --> /opt/rustwide/cargo-home/registry/src/index.crates.io-6f17d22bba15001f/yggdrasil-parser-0.0.4/src/bootstrap/parse_ast.rs:457:28
[INFO] [stdout]     |
[INFO] [stdout] 457 |     fn get_range(&self) -> Option<Range<usize>> {
[INFO] [stdout]     |                            ^^^^^^^^^^^^^^^^^^^^
[INFO] [stdout]     |                            |
[INFO] [stdout]     |                            expected `std::ops::Range<usize>`, found `Option<std::ops::Range<usize>>`
[INFO] [stdout]     |                            help: change the output type to match the trait: `std::ops::Range<usize>`
[INFO] [stdout]     |
[INFO] [stdout]     = note: expected signature `fn(&bootstrap::FunctionNameNode) -> std::ops::Range<_>`
[INFO] [stdout]                found signature `fn(&bootstrap::FunctionNameNode) -> Option<std::ops::Range<_>>`
[INFO] [stdout] 
[INFO] [stdout] 
[INFO] [stdout] error[E0053]: method `get_range` has an incompatible type for trait
[INFO] [stdout]    --> /opt/rustwide/cargo-home/registry/src/index.crates.io-6f17d22bba15001f/yggdrasil-parser-0.0.4/src/bootstrap/parse_ast.rs:480:28
[INFO] [stdout]     |
[INFO] [stdout] 480 |     fn get_range(&self) -> Option<Range<usize>> {
[INFO] [stdout]     |                            ^^^^^^^^^^^^^^^^^^^^
[INFO] [stdout]     |                            |
[INFO] [stdout]     |                            expected `std::ops::Range<usize>`, found `Option<std::ops::Range<usize>>`
[INFO] [stdout]     |                            help: change the output type to match the trait: `std::ops::Range<usize>`
[INFO] [stdout]     |
[INFO] [stdout]     = note: expected signature `fn(&bootstrap::CallBodyNode) -> std::ops::Range<_>`
[INFO] [stdout]                found signature `fn(&bootstrap::CallBodyNode) -> Option<std::ops::Range<_>>`
[INFO] [stdout] 
[INFO] [stdout] 
[INFO] [stdout] error[E0053]: method `get_range` has an incompatible type for trait
[INFO] [stdout]    --> /opt/rustwide/cargo-home/registry/src/index.crates.io-6f17d22bba15001f/yggdrasil-parser-0.0.4/src/bootstrap/parse_ast.rs:503:28
[INFO] [stdout]     |
[INFO] [stdout] 503 |     fn get_range(&self) -> Option<Range<usize>> {
[INFO] [stdout]     |                            ^^^^^^^^^^^^^^^^^^^^
[INFO] [stdout]     |                            |
[INFO] [stdout]     |                            expected `std::ops::Range<usize>`, found `Option<std::ops::Range<usize>>`
[INFO] [stdout]     |                            help: change the output type to match the trait: `std::ops::Range<usize>`
[INFO] [stdout]     |
[INFO] [stdout]     = note: expected signature `fn(&bootstrap::ExpressionNode) -> std::ops::Range<_>`
[INFO] [stdout]                found signature `fn(&bootstrap::ExpressionNode) -> Option<std::ops::Range<_>>`
[INFO] [stdout] 
[INFO] [stdout] 
[INFO] [stdout] error[E0053]: method `get_range` has an incompatible type for trait
[INFO] [stdout]    --> /opt/rustwide/cargo-home/registry/src/index.crates.io-6f17d22bba15001f/yggdrasil-parser-0.0.4/src/bootstrap/parse_ast.rs:528:28
[INFO] [stdout]     |
[INFO] [stdout] 528 |     fn get_range(&self) -> Option<Range<usize>> {
[INFO] [stdout]     |                            ^^^^^^^^^^^^^^^^^^^^
[INFO] [stdout]     |                            |
[INFO] [stdout]     |                            expected `std::ops::Range<usize>`, found `Option<std::ops::Range<usize>>`
[INFO] [stdout]     |                            help: change the output type to match the trait: `std::ops::Range<usize>`
[INFO] [stdout]     |
[INFO] [stdout]     = note: expected signature `fn(&bootstrap::ExpressionHardNode) -> std::ops::Range<_>`
[INFO] [stdout]                found signature `fn(&bootstrap::ExpressionHardNode) -> Option<std::ops::Range<_>>`
[INFO] [stdout] 
[INFO] [stdout] 
[INFO] [stdout] error[E0053]: method `get_range` has an incompatible type for trait
[INFO] [stdout]    --> /opt/rustwide/cargo-home/registry/src/index.crates.io-6f17d22bba15001f/yggdrasil-parser-0.0.4/src/bootstrap/parse_ast.rs:553:28
[INFO] [stdout]     |
[INFO] [stdout] 553 |     fn get_range(&self) -> Option<Range<usize>> {
[INFO] [stdout]     |                            ^^^^^^^^^^^^^^^^^^^^
[INFO] [stdout]     |                            |
[INFO] [stdout]     |                            expected `std::ops::Range<usize>`, found `Option<std::ops::Range<usize>>`
[INFO] [stdout]     |                            help: change the output type to match the trait: `std::ops::Range<usize>`
[INFO] [stdout]     |
[INFO] [stdout]     = note: expected signature `fn(&bootstrap::ExpressionSoftNode) -> std::ops::Range<_>`
[INFO] [stdout]                found signature `fn(&bootstrap::ExpressionSoftNode) -> Option<std::ops::Range<_>>`
[INFO] [stdout] 
[INFO] [stdout] 
[INFO] [stdout] error[E0053]: method `get_range` has an incompatible type for trait
[INFO] [stdout]    --> /opt/rustwide/cargo-home/registry/src/index.crates.io-6f17d22bba15001f/yggdrasil-parser-0.0.4/src/bootstrap/parse_ast.rs:578:28
[INFO] [stdout]     |
[INFO] [stdout] 578 |     fn get_range(&self) -> Option<Range<usize>> {
[INFO] [stdout]     |                            ^^^^^^^^^^^^^^^^^^^^
[INFO] [stdout]     |                            |
[INFO] [stdout]     |                            expected `std::ops::Range<usize>`, found `Option<std::ops::Range<usize>>`
[INFO] [stdout]     |                            help: change the output type to match the trait: `std::ops::Range<usize>`
[INFO] [stdout]     |
[INFO] [stdout]     = note: expected signature `fn(&bootstrap::ExpressionTagNode) -> std::ops::Range<_>`
[INFO] [stdout]                found signature `fn(&bootstrap::ExpressionTagNode) -> Option<std::ops::Range<_>>`
[INFO] [stdout] 
[INFO] [stdout] 
[INFO] [stdout] error[E0053]: method `get_range` has an incompatible type for trait
[INFO] [stdout]    --> /opt/rustwide/cargo-home/registry/src/index.crates.io-6f17d22bba15001f/yggdrasil-parser-0.0.4/src/bootstrap/parse_ast.rs:602:28
[INFO] [stdout]     |
[INFO] [stdout] 602 |     fn get_range(&self) -> Option<Range<usize>> {
[INFO] [stdout]     |                            ^^^^^^^^^^^^^^^^^^^^
[INFO] [stdout]     |                            |
[INFO] [stdout]     |                            expected `std::ops::Range<usize>`, found `Option<std::ops::Range<usize>>`
[INFO] [stdout]     |                            help: change the output type to match the trait: `std::ops::Range<usize>`
[INFO] [stdout]     |
[INFO] [stdout]     = note: expected signature `fn(&bootstrap::TermNode) -> std::ops::Range<_>`
[INFO] [stdout]                found signature `fn(&bootstrap::TermNode) -> Option<std::ops::Range<_>>`
[INFO] [stdout] 
[INFO] [stdout] 
[INFO] [stderr]     Checking pest v2.7.7
[INFO] [stdout] error[E0053]: method `get_range` has an incompatible type for trait
[INFO] [stdout]    --> /opt/rustwide/cargo-home/registry/src/index.crates.io-6f17d22bba15001f/yggdrasil-parser-0.0.4/src/bootstrap/parse_ast.rs:627:28
[INFO] [stdout]     |
[INFO] [stdout] 627 |     fn get_range(&self) -> Option<Range<usize>> {
[INFO] [stdout]     |                            ^^^^^^^^^^^^^^^^^^^^
[INFO] [stdout]     |                            |
[INFO] [stdout]     |                            expected `std::ops::Range<usize>`, found `Option<std::ops::Range<usize>>`
[INFO] [stdout]     |                            help: change the output type to match the trait: `std::ops::Range<usize>`
[INFO] [stdout]     |
[INFO] [stdout]     = note: expected signature `fn(&bootstrap::PrefixNode) -> std::ops::Range<_>`
[INFO] [stdout]                found signature `fn(&bootstrap::PrefixNode) -> Option<std::ops::Range<_>>`
[INFO] [stdout] 
[INFO] [stdout] 
[INFO] [stdout] error[E0053]: method `get_range` has an incompatible type for trait
[INFO] [stdout]    --> /opt/rustwide/cargo-home/registry/src/index.crates.io-6f17d22bba15001f/yggdrasil-parser-0.0.4/src/bootstrap/parse_ast.rs:660:28
[INFO] [stdout]     |
[INFO] [stdout] 660 |     fn get_range(&self) -> Option<Range<usize>> {
[INFO] [stdout]     |                            ^^^^^^^^^^^^^^^^^^^^
[INFO] [stdout]     |                            |
[INFO] [stdout]     |                            expected `std::ops::Range<usize>`, found `Option<std::ops::Range<usize>>`
[INFO] [stdout]     |                            help: change the output type to match the trait: `std::ops::Range<usize>`
[INFO] [stdout]     |
[INFO] [stdout]     = note: expected signature `fn(&bootstrap::SuffixNode) -> std::ops::Range<_>`
[INFO] [stdout]                found signature `fn(&bootstrap::SuffixNode) -> Option<std::ops::Range<_>>`
[INFO] [stdout] 
[INFO] [stdout] 
[INFO] [stdout] error[E0053]: method `get_range` has an incompatible type for trait
[INFO] [stdout]    --> /opt/rustwide/cargo-home/registry/src/index.crates.io-6f17d22bba15001f/yggdrasil-parser-0.0.4/src/bootstrap/parse_ast.rs:693:28
[INFO] [stdout]     |
[INFO] [stdout] 693 |     fn get_range(&self) -> Option<Range<usize>> {
[INFO] [stdout]     |                            ^^^^^^^^^^^^^^^^^^^^
[INFO] [stdout]     |                            |
[INFO] [stdout]     |                            expected `std::ops::Range<usize>`, found `Option<std::ops::Range<usize>>`
[INFO] [stdout]     |                            help: change the output type to match the trait: `std::ops::Range<usize>`
[INFO] [stdout]     |
[INFO] [stdout]     = note: expected signature `fn(&bootstrap::AtomicNode) -> std::ops::Range<_>`
[INFO] [stdout]                found signature `fn(&bootstrap::AtomicNode) -> Option<std::ops::Range<_>>`
[INFO] [stdout] 
[INFO] [stdout] 
[INFO] [stdout] error[E0053]: method `get_range` has an incompatible type for trait
[INFO] [stdout]    --> /opt/rustwide/cargo-home/registry/src/index.crates.io-6f17d22bba15001f/yggdrasil-parser-0.0.4/src/bootstrap/parse_ast.rs:742:28
[INFO] [stdout]     |
[INFO] [stdout] 742 |     fn get_range(&self) -> Option<Range<usize>> {
[INFO] [stdout]     |                            ^^^^^^^^^^^^^^^^^^^^
[INFO] [stdout]     |                            |
[INFO] [stdout]     |                            expected `std::ops::Range<usize>`, found `Option<std::ops::Range<usize>>`
[INFO] [stdout]     |                            help: change the output type to match the trait: `std::ops::Range<usize>`
[INFO] [stdout]     |
[INFO] [stdout]     = note: expected signature `fn(&bootstrap::GroupExpressionNode) -> std::ops::Range<_>`
[INFO] [stdout]                found signature `fn(&bootstrap::GroupExpressionNode) -> Option<std::ops::Range<_>>`
[INFO] [stdout] 
[INFO] [stdout] 
[INFO] [stdout] error[E0053]: method `get_range` has an incompatible type for trait
[INFO] [stdout]    --> /opt/rustwide/cargo-home/registry/src/index.crates.io-6f17d22bba15001f/yggdrasil-parser-0.0.4/src/bootstrap/parse_ast.rs:765:28
[INFO] [stdout]     |
[INFO] [stdout] 765 |     fn get_range(&self) -> Option<Range<usize>> {
[INFO] [stdout]     |                            ^^^^^^^^^^^^^^^^^^^^
[INFO] [stdout]     |                            |
[INFO] [stdout]     |                            expected `std::ops::Range<usize>`, found `Option<std::ops::Range<usize>>`
[INFO] [stdout]     |                            help: change the output type to match the trait: `std::ops::Range<usize>`
[INFO] [stdout]     |
[INFO] [stdout]     = note: expected signature `fn(&bootstrap::StringNode) -> std::ops::Range<_>`
[INFO] [stdout]                found signature `fn(&bootstrap::StringNode) -> Option<std::ops::Range<_>>`
[INFO] [stdout] 
[INFO] [stdout] 
[INFO] [stdout] error[E0053]: method `get_range` has an incompatible type for trait
[INFO] [stdout]    --> /opt/rustwide/cargo-home/registry/src/index.crates.io-6f17d22bba15001f/yggdrasil-parser-0.0.4/src/bootstrap/parse_ast.rs:794:28
[INFO] [stdout]     |
[INFO] [stdout] 794 |     fn get_range(&self) -> Option<Range<usize>> {
[INFO] [stdout]     |                            ^^^^^^^^^^^^^^^^^^^^
[INFO] [stdout]     |                            |
[INFO] [stdout]     |                            expected `std::ops::Range<usize>`, found `Option<std::ops::Range<usize>>`
[INFO] [stdout]     |                            help: change the output type to match the trait: `std::ops::Range<usize>`
[INFO] [stdout]     |
[INFO] [stdout]     = note: expected signature `fn(&bootstrap::StringRawNode) -> std::ops::Range<_>`
[INFO] [stdout]                found signature `fn(&bootstrap::StringRawNode) -> Option<std::ops::Range<_>>`
[INFO] [stdout] 
[INFO] [stdout] 
[INFO] [stdout] error[E0053]: method `get_range` has an incompatible type for trait
[INFO] [stdout]    --> /opt/rustwide/cargo-home/registry/src/index.crates.io-6f17d22bba15001f/yggdrasil-parser-0.0.4/src/bootstrap/parse_ast.rs:815:28
[INFO] [stdout]     |
[INFO] [stdout] 815 |     fn get_range(&self) -> Option<Range<usize>> {
[INFO] [stdout]     |                            ^^^^^^^^^^^^^^^^^^^^
[INFO] [stdout]     |                            |
[INFO] [stdout]     |                            expected `std::ops::Range<usize>`, found `Option<std::ops::Range<usize>>`
[INFO] [stdout]     |                            help: change the output type to match the trait: `std::ops::Range<usize>`
[INFO] [stdout]     |
[INFO] [stdout]     = note: expected signature `fn(&bootstrap::StringNormalNode) -> std::ops::Range<_>`
[INFO] [stdout]                found signature `fn(&bootstrap::StringNormalNode) -> Option<std::ops::Range<_>>`
[INFO] [stdout] 
[INFO] [stdout] 
[INFO] [stdout] error[E0053]: method `get_range` has an incompatible type for trait
[INFO] [stdout]    --> /opt/rustwide/cargo-home/registry/src/index.crates.io-6f17d22bba15001f/yggdrasil-parser-0.0.4/src/bootstrap/parse_ast.rs:841:28
[INFO] [stdout]     |
[INFO] [stdout] 841 |     fn get_range(&self) -> Option<Range<usize>> {
[INFO] [stdout]     |                            ^^^^^^^^^^^^^^^^^^^^
[INFO] [stdout]     |                            |
[INFO] [stdout]     |                            expected `std::ops::Range<usize>`, found `Option<std::ops::Range<usize>>`
[INFO] [stdout]     |                            help: change the output type to match the trait: `std::ops::Range<usize>`
[INFO] [stdout]     |
[INFO] [stdout]     = note: expected signature `fn(&bootstrap::StringItemNode) -> std::ops::Range<_>`
[INFO] [stdout]                found signature `fn(&bootstrap::StringItemNode) -> Option<std::ops::Range<_>>`
[INFO] [stdout] 
[INFO] [stdout] 
[INFO] [stdout] error[E0053]: method `get_range` has an incompatible type for trait
[INFO] [stdout]    --> /opt/rustwide/cargo-home/registry/src/index.crates.io-6f17d22bba15001f/yggdrasil-parser-0.0.4/src/bootstrap/parse_ast.rs:875:28
[INFO] [stdout]     |
[INFO] [stdout] 875 |     fn get_range(&self) -> Option<Range<usize>> {
[INFO] [stdout]     |                            ^^^^^^^^^^^^^^^^^^^^
[INFO] [stdout]     |                            |
[INFO] [stdout]     |                            expected `std::ops::Range<usize>`, found `Option<std::ops::Range<usize>>`
[INFO] [stdout]     |                            help: change the output type to match the trait: `std::ops::Range<usize>`
[INFO] [stdout]     |
[INFO] [stdout]     = note: expected signature `fn(&bootstrap::EscapedUnicodeNode) -> std::ops::Range<_>`
[INFO] [stdout]                found signature `fn(&bootstrap::EscapedUnicodeNode) -> Option<std::ops::Range<_>>`
[INFO] [stdout] 
[INFO] [stdout] 
[INFO] [stdout] error[E0053]: method `get_range` has an incompatible type for trait
[INFO] [stdout]    --> /opt/rustwide/cargo-home/registry/src/index.crates.io-6f17d22bba15001f/yggdrasil-parser-0.0.4/src/bootstrap/parse_ast.rs:897:28
[INFO] [stdout]     |
[INFO] [stdout] 897 |     fn get_range(&self) -> Option<Range<usize>> {
[INFO] [stdout]     |                            ^^^^^^^^^^^^^^^^^^^^
[INFO] [stdout]     |                            |
[INFO] [stdout]     |                            expected `std::ops::Range<usize>`, found `Option<std::ops::Range<usize>>`
[INFO] [stdout]     |                            help: change the output type to match the trait: `std::ops::Range<usize>`
[INFO] [stdout]     |
[INFO] [stdout]     = note: expected signature `fn(&bootstrap::EscapedCharacterNode) -> std::ops::Range<_>`
[INFO] [stdout]                found signature `fn(&bootstrap::EscapedCharacterNode) -> Option<std::ops::Range<_>>`
[INFO] [stdout] 
[INFO] [stdout] 
[INFO] [stdout] error[E0053]: method `get_range` has an incompatible type for trait
[INFO] [stdout]    --> /opt/rustwide/cargo-home/registry/src/index.crates.io-6f17d22bba15001f/yggdrasil-parser-0.0.4/src/bootstrap/parse_ast.rs:919:28
[INFO] [stdout]     |
[INFO] [stdout] 919 |     fn get_range(&self) -> Option<Range<usize>> {
[INFO] [stdout]     |                            ^^^^^^^^^^^^^^^^^^^^
[INFO] [stdout]     |                            |
[INFO] [stdout]     |                            expected `std::ops::Range<usize>`, found `Option<std::ops::Range<usize>>`
[INFO] [stdout]     |                            help: change the output type to match the trait: `std::ops::Range<usize>`
[INFO] [stdout]     |
[INFO] [stdout]     = note: expected signature `fn(&bootstrap::TextAnyNode) -> std::ops::Range<_>`
[INFO] [stdout]                found signature `fn(&bootstrap::TextAnyNode) -> Option<std::ops::Range<_>>`
[INFO] [stdout] 
[INFO] [stdout] 
[INFO] [stdout] error[E0053]: method `get_range` has an incompatible type for trait
[INFO] [stdout]    --> /opt/rustwide/cargo-home/registry/src/index.crates.io-6f17d22bba15001f/yggdrasil-parser-0.0.4/src/bootstrap/parse_ast.rs:940:28
[INFO] [stdout]     |
[INFO] [stdout] 940 |     fn get_range(&self) -> Option<Range<usize>> {
[INFO] [stdout]     |                            ^^^^^^^^^^^^^^^^^^^^
[INFO] [stdout]     |                            |
[INFO] [stdout]     |                            expected `std::ops::Range<usize>`, found `Option<std::ops::Range<usize>>`
[INFO] [stdout]     |                            help: change the output type to match the trait: `std::ops::Range<usize>`
[INFO] [stdout]     |
[INFO] [stdout]     = note: expected signature `fn(&bootstrap::RegexEmbedNode) -> std::ops::Range<_>`
[INFO] [stdout]                found signature `fn(&bootstrap::RegexEmbedNode) -> Option<std::ops::Range<_>>`
[INFO] [stdout] 
[INFO] [stdout] 
[INFO] [stdout] error[E0053]: method `get_range` has an incompatible type for trait
[INFO] [stdout]    --> /opt/rustwide/cargo-home/registry/src/index.crates.io-6f17d22bba15001f/yggdrasil-parser-0.0.4/src/bootstrap/parse_ast.rs:964:28
[INFO] [stdout]     |
[INFO] [stdout] 964 |     fn get_range(&self) -> Option<Range<usize>> {
[INFO] [stdout]     |                            ^^^^^^^^^^^^^^^^^^^^
[INFO] [stdout]     |                            |
[INFO] [stdout]     |                            expected `std::ops::Range<usize>`, found `Option<std::ops::Range<usize>>`
[INFO] [stdout]     |                            help: change the output type to match the trait: `std::ops::Range<usize>`
[INFO] [stdout]     |
[INFO] [stdout]     = note: expected signature `fn(&bootstrap::RegexInnerNode) -> std::ops::Range<_>`
[INFO] [stdout]                found signature `fn(&bootstrap::RegexInnerNode) -> Option<std::ops::Range<_>>`
[INFO] [stdout] 
[INFO] [stdout] 
[INFO] [stdout] error[E0053]: method `get_range` has an incompatible type for trait
[INFO] [stdout]    --> /opt/rustwide/cargo-home/registry/src/index.crates.io-6f17d22bba15001f/yggdrasil-parser-0.0.4/src/bootstrap/parse_ast.rs:985:28
[INFO] [stdout]     |
[INFO] [stdout] 985 |     fn get_range(&self) -> Option<Range<usize>> {
[INFO] [stdout]     |                            ^^^^^^^^^^^^^^^^^^^^
[INFO] [stdout]     |                            |
[INFO] [stdout]     |                            expected `std::ops::Range<usize>`, found `Option<std::ops::Range<usize>>`
[INFO] [stdout]     |                            help: change the output type to match the trait: `std::ops::Range<usize>`
[INFO] [stdout]     |
[INFO] [stdout]     = note: expected signature `fn(&bootstrap::RegexRangeNode) -> std::ops::Range<_>`
[INFO] [stdout]                found signature `fn(&bootstrap::RegexRangeNode) -> Option<std::ops::Range<_>>`
[INFO] [stdout] 
[INFO] [stdout] 
[INFO] [stdout] error[E0053]: method `get_range` has an incompatible type for trait
[INFO] [stdout]     --> /opt/rustwide/cargo-home/registry/src/index.crates.io-6f17d22bba15001f/yggdrasil-parser-0.0.4/src/bootstrap/parse_ast.rs:1009:28
[INFO] [stdout]      |
[INFO] [stdout] 1009 |     fn get_range(&self) -> Option<Range<usize>> {
[INFO] [stdout]      |                            ^^^^^^^^^^^^^^^^^^^^
[INFO] [stdout]      |                            |
[INFO] [stdout]      |                            expected `std::ops::Range<usize>`, found `Option<std::ops::Range<usize>>`
[INFO] [stdout]      |                            help: change the output type to match the trait: `std::ops::Range<usize>`
[INFO] [stdout]      |
[INFO] [stdout]      = note: expected signature `fn(&bootstrap::RegexNegativeNode) -> std::ops::Range<_>`
[INFO] [stdout]                 found signature `fn(&bootstrap::RegexNegativeNode) -> Option<std::ops::Range<_>>`
[INFO] [stdout] 
[INFO] [stdout] 
[INFO] [stdout] error[E0053]: method `get_range` has an incompatible type for trait
[INFO] [stdout]     --> /opt/rustwide/cargo-home/registry/src/index.crates.io-6f17d22bba15001f/yggdrasil-parser-0.0.4/src/bootstrap/parse_ast.rs:1029:28
[INFO] [stdout]      |
[INFO] [stdout] 1029 |     fn get_range(&self) -> Option<Range<usize>> {
[INFO] [stdout]      |                            ^^^^^^^^^^^^^^^^^^^^
[INFO] [stdout]      |                            |
[INFO] [stdout]      |                            expected `std::ops::Range<usize>`, found `Option<std::ops::Range<usize>>`
[INFO] [stdout]      |                            help: change the output type to match the trait: `std::ops::Range<usize>`
[INFO] [stdout]      |
[INFO] [stdout]      = note: expected signature `fn(&bootstrap::NamepathFreeNode) -> std::ops::Range<_>`
[INFO] [stdout]                 found signature `fn(&bootstrap::NamepathFreeNode) -> Option<std::ops::Range<_>>`
[INFO] [stdout] 
[INFO] [stdout] 
[INFO] [stdout] error[E0053]: method `get_range` has an incompatible type for trait
[INFO] [stdout]     --> /opt/rustwide/cargo-home/registry/src/index.crates.io-6f17d22bba15001f/yggdrasil-parser-0.0.4/src/bootstrap/parse_ast.rs:1052:28
[INFO] [stdout]      |
[INFO] [stdout] 1052 |     fn get_range(&self) -> Option<Range<usize>> {
[INFO] [stdout]      |                            ^^^^^^^^^^^^^^^^^^^^
[INFO] [stdout]      |                            |
[INFO] [stdout]      |                            expected `std::ops::Range<usize>`, found `Option<std::ops::Range<usize>>`
[INFO] [stdout]      |                            help: change the output type to match the trait: `std::ops::Range<usize>`
[INFO] [stdout]      |
[INFO] [stdout]      = note: expected signature `fn(&bootstrap::NamepathNode) -> std::ops::Range<_>`
[INFO] [stdout]                 found signature `fn(&bootstrap::NamepathNode) -> Option<std::ops::Range<_>>`
[INFO] [stdout] 
[INFO] [stdout] 
[INFO] [stdout] error[E0053]: method `get_range` has an incompatible type for trait
[INFO] [stdout]     --> /opt/rustwide/cargo-home/registry/src/index.crates.io-6f17d22bba15001f/yggdrasil-parser-0.0.4/src/bootstrap/parse_ast.rs:1075:28
[INFO] [stdout]      |
[INFO] [stdout] 1075 |     fn get_range(&self) -> Option<Range<usize>> {
[INFO] [stdout]      |                            ^^^^^^^^^^^^^^^^^^^^
[INFO] [stdout]      |                            |
[INFO] [stdout]      |                            expected `std::ops::Range<usize>`, found `Option<std::ops::Range<usize>>`
[INFO] [stdout]      |                            help: change the output type to match the trait: `std::ops::Range<usize>`
[INFO] [stdout]      |
[INFO] [stdout]      = note: expected signature `fn(&bootstrap::IdentifierNode) -> std::ops::Range<_>`
[INFO] [stdout]                 found signature `fn(&bootstrap::IdentifierNode) -> Option<std::ops::Range<_>>`
[INFO] [stdout] 
[INFO] [stdout] 
[INFO] [stdout] error[E0053]: method `get_range` has an incompatible type for trait
[INFO] [stdout]     --> /opt/rustwide/cargo-home/registry/src/index.crates.io-6f17d22bba15001f/yggdrasil-parser-0.0.4/src/bootstrap/parse_ast.rs:1095:28
[INFO] [stdout]      |
[INFO] [stdout] 1095 |     fn get_range(&self) -> Option<Range<usize>> {
[INFO] [stdout]      |                            ^^^^^^^^^^^^^^^^^^^^
[INFO] [stdout]      |                            |
[INFO] [stdout]      |                            expected `std::ops::Range<usize>`, found `Option<std::ops::Range<usize>>`
[INFO] [stdout]      |                            help: change the output type to match the trait: `std::ops::Range<usize>`
[INFO] [stdout]      |
[INFO] [stdout]      = note: expected signature `fn(&bootstrap::BooleanNode) -> std::ops::Range<_>`
[INFO] [stdout]                 found signature `fn(&bootstrap::BooleanNode) -> Option<std::ops::Range<_>>`
[INFO] [stdout] 
[INFO] [stdout] 
[INFO] [stdout] error[E0053]: method `get_range` has an incompatible type for trait
[INFO] [stdout]     --> /opt/rustwide/cargo-home/registry/src/index.crates.io-6f17d22bba15001f/yggdrasil-parser-0.0.4/src/bootstrap/parse_ast.rs:1124:28
[INFO] [stdout]      |
[INFO] [stdout] 1124 |     fn get_range(&self) -> Option<Range<usize>> {
[INFO] [stdout]      |                            ^^^^^^^^^^^^^^^^^^^^
[INFO] [stdout]      |                            |
[INFO] [stdout]      |                            expected `std::ops::Range<usize>`, found `Option<std::ops::Range<usize>>`
[INFO] [stdout]      |                            help: change the output type to match the trait: `std::ops::Range<usize>`
[INFO] [stdout]      |
[INFO] [stdout]      = note: expected signature `fn(&bootstrap::ModifierCallNode) -> std::ops::Range<_>`
[INFO] [stdout]                 found signature `fn(&bootstrap::ModifierCallNode) -> Option<std::ops::Range<_>>`
[INFO] [stdout] 
[INFO] [stdout] 
[INFO] [stdout] error[E0053]: method `get_range` has an incompatible type for trait
[INFO] [stdout]     --> /opt/rustwide/cargo-home/registry/src/index.crates.io-6f17d22bba15001f/yggdrasil-parser-0.0.4/src/bootstrap/parse_ast.rs:1147:28
[INFO] [stdout]      |
[INFO] [stdout] 1147 |     fn get_range(&self) -> Option<Range<usize>> {
[INFO] [stdout]      |                            ^^^^^^^^^^^^^^^^^^^^
[INFO] [stdout]      |                            |
[INFO] [stdout]      |                            expected `std::ops::Range<usize>`, found `Option<std::ops::Range<usize>>`
[INFO] [stdout]      |                            help: change the output type to match the trait: `std::ops::Range<usize>`
[INFO] [stdout]      |
[INFO] [stdout]      = note: expected signature `fn(&bootstrap::KwGrammarNode) -> std::ops::Range<_>`
[INFO] [stdout]                 found signature `fn(&bootstrap::KwGrammarNode) -> Option<std::ops::Range<_>>`
[INFO] [stdout] 
[INFO] [stdout] 
[INFO] [stdout] error[E0053]: method `get_range` has an incompatible type for trait
[INFO] [stdout]     --> /opt/rustwide/cargo-home/registry/src/index.crates.io-6f17d22bba15001f/yggdrasil-parser-0.0.4/src/bootstrap/parse_ast.rs:1167:28
[INFO] [stdout]      |
[INFO] [stdout] 1167 |     fn get_range(&self) -> Option<Range<usize>> {
[INFO] [stdout]      |                            ^^^^^^^^^^^^^^^^^^^^
[INFO] [stdout]      |                            |
[INFO] [stdout]      |                            expected `std::ops::Range<usize>`, found `Option<std::ops::Range<usize>>`
[INFO] [stdout]      |                            help: change the output type to match the trait: `std::ops::Range<usize>`
[INFO] [stdout]      |
[INFO] [stdout]      = note: expected signature `fn(&bootstrap::KwImportNode) -> std::ops::Range<_>`
[INFO] [stdout]                 found signature `fn(&bootstrap::KwImportNode) -> Option<std::ops::Range<_>>`
[INFO] [stdout] 
[INFO] [stdout] 
[INFO] [stdout] error[E0053]: method `get_range` has an incompatible type for trait
[INFO] [stdout]     --> /opt/rustwide/cargo-home/registry/src/index.crates.io-6f17d22bba15001f/yggdrasil-parser-0.0.4/src/bootstrap/parse_ast.rs:1187:28
[INFO] [stdout]      |
[INFO] [stdout] 1187 |     fn get_range(&self) -> Option<Range<usize>> {
[INFO] [stdout]      |                            ^^^^^^^^^^^^^^^^^^^^
[INFO] [stdout]      |                            |
[INFO] [stdout]      |                            expected `std::ops::Range<usize>`, found `Option<std::ops::Range<usize>>`
[INFO] [stdout]      |                            help: change the output type to match the trait: `std::ops::Range<usize>`
[INFO] [stdout]      |
[INFO] [stdout]      = note: expected signature `fn(&bootstrap::KwClassNode) -> std::ops::Range<_>`
[INFO] [stdout]                 found signature `fn(&bootstrap::KwClassNode) -> Option<std::ops::Range<_>>`
[INFO] [stdout] 
[INFO] [stdout] 
[INFO] [stdout] error[E0053]: method `get_range` has an incompatible type for trait
[INFO] [stdout]     --> /opt/rustwide/cargo-home/registry/src/index.crates.io-6f17d22bba15001f/yggdrasil-parser-0.0.4/src/bootstrap/parse_ast.rs:1207:28
[INFO] [stdout]      |
[INFO] [stdout] 1207 |     fn get_range(&self) -> Option<Range<usize>> {
[INFO] [stdout]      |                            ^^^^^^^^^^^^^^^^^^^^
[INFO] [stdout]      |                            |
[INFO] [stdout]      |                            expected `std::ops::Range<usize>`, found `Option<std::ops::Range<usize>>`
[INFO] [stdout]      |                            help: change the output type to match the trait: `std::ops::Range<usize>`
[INFO] [stdout]      |
[INFO] [stdout]      = note: expected signature `fn(&bootstrap::KwUnionNode) -> std::ops::Range<_>`
[INFO] [stdout]                 found signature `fn(&bootstrap::KwUnionNode) -> Option<std::ops::Range<_>>`
[INFO] [stdout] 
[INFO] [stdout] 
[INFO] [stdout] error[E0053]: method `get_range` has an incompatible type for trait
[INFO] [stdout]     --> /opt/rustwide/cargo-home/registry/src/index.crates.io-6f17d22bba15001f/yggdrasil-parser-0.0.4/src/bootstrap/parse_ast.rs:1227:28
[INFO] [stdout]      |
[INFO] [stdout] 1227 |     fn get_range(&self) -> Option<Range<usize>> {
[INFO] [stdout]      |                            ^^^^^^^^^^^^^^^^^^^^
[INFO] [stdout]      |                            |
[INFO] [stdout]      |                            expected `std::ops::Range<usize>`, found `Option<std::ops::Range<usize>>`
[INFO] [stdout]      |                            help: change the output type to match the trait: `std::ops::Range<usize>`
[INFO] [stdout]      |
[INFO] [stdout]      = note: expected signature `fn(&bootstrap::KwGroupNode) -> std::ops::Range<_>`
[INFO] [stdout]                 found signature `fn(&bootstrap::KwGroupNode) -> Option<std::ops::Range<_>>`
[INFO] [stdout] 
[INFO] [stdout] 
[INFO] [stdout] error[E0053]: method `get_range` has an incompatible type for trait
[INFO] [stdout]     --> /opt/rustwide/cargo-home/registry/src/index.crates.io-6f17d22bba15001f/yggdrasil-parser-0.0.4/src/bootstrap/parse_ast.rs:1247:28
[INFO] [stdout]      |
[INFO] [stdout] 1247 |     fn get_range(&self) -> Option<Range<usize>> {
[INFO] [stdout]      |                            ^^^^^^^^^^^^^^^^^^^^
[INFO] [stdout]      |                            |
[INFO] [stdout]      |                            expected `std::ops::Range<usize>`, found `Option<std::ops::Range<usize>>`
[INFO] [stdout]      |                            help: change the output type to match the trait: `std::ops::Range<usize>`
[INFO] [stdout]      |
[INFO] [stdout]      = note: expected signature `fn(&bootstrap::KwClimbNode) -> std::ops::Range<_>`
[INFO] [stdout]                 found signature `fn(&bootstrap::KwClimbNode) -> Option<std::ops::Range<_>>`
[INFO] [stdout] 
[INFO] [stdout] 
[INFO] [stdout] error[E0053]: method `get_range` has an incompatible type for trait
[INFO] [stdout]     --> /opt/rustwide/cargo-home/registry/src/index.crates.io-6f17d22bba15001f/yggdrasil-parser-0.0.4/src/bootstrap/parse_ast.rs:1267:28
[INFO] [stdout]      |
[INFO] [stdout] 1267 |     fn get_range(&self) -> Option<Range<usize>> {
[INFO] [stdout]      |                            ^^^^^^^^^^^^^^^^^^^^
[INFO] [stdout]      |                            |
[INFO] [stdout]      |                            expected `std::ops::Range<usize>`, found `Option<std::ops::Range<usize>>`
[INFO] [stdout]      |                            help: change the output type to match the trait: `std::ops::Range<usize>`
[INFO] [stdout]      |
[INFO] [stdout]      = note: expected signature `fn(&bootstrap::KwMacroNode) -> std::ops::Range<_>`
[INFO] [stdout]                 found signature `fn(&bootstrap::KwMacroNode) -> Option<std::ops::Range<_>>`
[INFO] [stdout] 
[INFO] [stdout] 
[INFO] [stdout] error[E0053]: method `get_range` has an incompatible type for trait
[INFO] [stdout]     --> /opt/rustwide/cargo-home/registry/src/index.crates.io-6f17d22bba15001f/yggdrasil-parser-0.0.4/src/bootstrap/parse_ast.rs:1287:28
[INFO] [stdout]      |
[INFO] [stdout] 1287 |     fn get_range(&self) -> Option<Range<usize>> {
[INFO] [stdout]      |                            ^^^^^^^^^^^^^^^^^^^^
[INFO] [stdout]      |                            |
[INFO] [stdout]      |                            expected `std::ops::Range<usize>`, found `Option<std::ops::Range<usize>>`
[INFO] [stdout]      |                            help: change the output type to match the trait: `std::ops::Range<usize>`
[INFO] [stdout]      |
[INFO] [stdout]      = note: expected signature `fn(&bootstrap::WhiteSpaceNode) -> std::ops::Range<_>`
[INFO] [stdout]                 found signature `fn(&bootstrap::WhiteSpaceNode) -> Option<std::ops::Range<_>>`
[INFO] [stdout] 
[INFO] [stdout] 
[INFO] [stdout] error[E0053]: method `get_range` has an incompatible type for trait
[INFO] [stdout]     --> /opt/rustwide/cargo-home/registry/src/index.crates.io-6f17d22bba15001f/yggdrasil-parser-0.0.4/src/bootstrap/parse_ast.rs:1308:28
[INFO] [stdout]      |
[INFO] [stdout] 1308 |     fn get_range(&self) -> Option<Range<usize>> {
[INFO] [stdout]      |                            ^^^^^^^^^^^^^^^^^^^^
[INFO] [stdout]      |                            |
[INFO] [stdout]      |                            expected `std::ops::Range<usize>`, found `Option<std::ops::Range<usize>>`
[INFO] [stdout]      |                            help: change the output type to match the trait: `std::ops::Range<usize>`
[INFO] [stdout]      |
[INFO] [stdout]      = note: expected signature `fn(&bootstrap::CommentNode) -> std::ops::Range<_>`
[INFO] [stdout]                 found signature `fn(&bootstrap::CommentNode) -> Option<std::ops::Range<_>>`
[INFO] [stdout] 
[INFO] [stdout] 
[INFO] [stderr]     Checking html-minifier v4.0.0
[INFO] [stdout] error[E0308]: mismatched types
[INFO] [stdout]   --> /opt/rustwide/cargo-home/registry/src/index.crates.io-6f17d22bba15001f/yggdrasil-parser-0.0.4/src/antlr/parse_ast.rs:31:40
[INFO] [stdout]    |
[INFO] [stdout] 29 |     fn get_range(&self) -> Option<Range<usize>> {
[INFO] [stdout]    |                            -------------------- expected `Option<std::ops::Range<usize>>` because of return type
[INFO] [stdout] 30 |         match self {
[INFO] [stdout] 31 |             Self::ClassStatement(s) => s.get_range(),
[INFO] [stdout]    |                                        ^^^^^^^^^^^^^ expected `Option<Range<usize>>`, found `Range<usize>`
[INFO] [stdout]    |
[INFO] [stdout]    = note: expected enum `Option<std::ops::Range<_>>`
[INFO] [stdout]             found struct `std::ops::Range<_>`
[INFO] [stdout] help: try wrapping the expression in `Some`
[INFO] [stdout]    |
[INFO] [stdout] 31 |             Self::ClassStatement(s) => Some(s.get_range()),
[INFO] [stdout]    |                                        +++++             +
[INFO] [stdout] 
[INFO] [stdout] 
[INFO] [stdout] error[E0308]: mismatched types
[INFO] [stdout]    --> /opt/rustwide/cargo-home/registry/src/index.crates.io-6f17d22bba15001f/yggdrasil-parser-0.0.4/src/antlr/parse_ast.rs:681:33
[INFO] [stdout]     |
[INFO] [stdout] 679 |     fn get_range(&self) -> Option<Range<usize>> {
[INFO] [stdout]     |                            -------------------- expected `Option<std::ops::Range<usize>>` because of return type
[INFO] [stdout] 680 |         match self {
[INFO] [stdout] 681 |             Self::Boolean(s) => s.get_range(),
[INFO] [stdout]     |                                 ^^^^^^^^^^^^^ expected `Option<Range<usize>>`, found `Range<usize>`
[INFO] [stdout]     |
[INFO] [stdout]     = note: expected enum `Option<std::ops::Range<_>>`
[INFO] [stdout]              found struct `std::ops::Range<_>`
[INFO] [stdout] help: try wrapping the expression in `Some`
[INFO] [stdout]     |
[INFO] [stdout] 681 |             Self::Boolean(s) => Some(s.get_range()),
[INFO] [stdout]     |                                 +++++             +
[INFO] [stdout] 
[INFO] [stdout] 
[INFO] [stdout] error[E0308]: mismatched types
[INFO] [stdout]    --> /opt/rustwide/cargo-home/registry/src/index.crates.io-6f17d22bba15001f/yggdrasil-parser-0.0.4/src/antlr/parse_ast.rs:753:32
[INFO] [stdout]     |
[INFO] [stdout] 751 |     fn get_range(&self) -> Option<Range<usize>> {
[INFO] [stdout]     |                            -------------------- expected `Option<std::ops::Range<usize>>` because of return type
[INFO] [stdout] 752 |         match self {
[INFO] [stdout] 753 |             Self::Normal(s) => s.get_range(),
[INFO] [stdout]     |                                ^^^^^^^^^^^^^ expected `Option<Range<usize>>`, found `Range<usize>`
[INFO] [stdout]     |
[INFO] [stdout]     = note: expected enum `Option<std::ops::Range<_>>`
[INFO] [stdout]              found struct `std::ops::Range<_>`
[INFO] [stdout] help: try wrapping the expression in `Some`
[INFO] [stdout]     |
[INFO] [stdout] 753 |             Self::Normal(s) => Some(s.get_range()),
[INFO] [stdout]     |                                +++++             +
[INFO] [stdout] 
[INFO] [stdout] 
[INFO] [stdout] error[E0308]: mismatched types
[INFO] [stdout]    --> /opt/rustwide/cargo-home/registry/src/index.crates.io-6f17d22bba15001f/yggdrasil-parser-0.0.4/src/antlr/parse_ast.rs:828:42
[INFO] [stdout]     |
[INFO] [stdout] 826 |     fn get_range(&self) -> Option<Range<usize>> {
[INFO] [stdout]     |                            -------------------- expected `Option<std::ops::Range<usize>>` because of return type
[INFO] [stdout] 827 |         match self {
[INFO] [stdout] 828 |             Self::EscapedCharacter(s) => s.get_range(),
[INFO] [stdout]     |                                          ^^^^^^^^^^^^^ expected `Option<Range<usize>>`, found `Range<usize>`
[INFO] [stdout]     |
[INFO] [stdout]     = note: expected enum `Option<std::ops::Range<_>>`
[INFO] [stdout]              found struct `std::ops::Range<_>`
[INFO] [stdout] help: try wrapping the expression in `Some`
[INFO] [stdout]     |
[INFO] [stdout] 828 |             Self::EscapedCharacter(s) => Some(s.get_range()),
[INFO] [stdout]     |                                          +++++             +
[INFO] [stdout] 
[INFO] [stdout] 
[INFO] [stdout] error[E0308]: mismatched types
[INFO] [stdout]   --> /opt/rustwide/cargo-home/registry/src/index.crates.io-6f17d22bba15001f/yggdrasil-parser-0.0.4/src/bootstrap/parse_ast.rs:31:40
[INFO] [stdout]    |
[INFO] [stdout] 29 |     fn get_range(&self) -> Option<Range<usize>> {
[INFO] [stdout]    |                            -------------------- expected `Option<std::ops::Range<usize>>` because of return type
[INFO] [stdout] 30 |         match self {
[INFO] [stdout] 31 |             Self::ClassStatement(s) => s.get_range(),
[INFO] [stdout]    |                                        ^^^^^^^^^^^^^ expected `Option<Range<usize>>`, found `Range<usize>`
[INFO] [stdout]    |
[INFO] [stdout]    = note: expected enum `Option<std::ops::Range<_>>`
[INFO] [stdout]             found struct `std::ops::Range<_>`
[INFO] [stdout] help: try wrapping the expression in `Some`
[INFO] [stdout]    |
[INFO] [stdout] 31 |             Self::ClassStatement(s) => Some(s.get_range()),
[INFO] [stdout]    |                                        +++++             +
[INFO] [stdout] 
[INFO] [stdout] 
[INFO] [stdout] error[E0308]: mismatched types
[INFO] [stdout]    --> /opt/rustwide/cargo-home/registry/src/index.crates.io-6f17d22bba15001f/yggdrasil-parser-0.0.4/src/bootstrap/parse_ast.rs:695:33
[INFO] [stdout]     |
[INFO] [stdout] 693 |     fn get_range(&self) -> Option<Range<usize>> {
[INFO] [stdout]     |                            -------------------- expected `Option<std::ops::Range<usize>>` because of return type
[INFO] [stdout] 694 |         match self {
[INFO] [stdout] 695 |             Self::Boolean(s) => s.get_range(),
[INFO] [stdout]     |                                 ^^^^^^^^^^^^^ expected `Option<Range<usize>>`, found `Range<usize>`
[INFO] [stdout]     |
[INFO] [stdout]     = note: expected enum `Option<std::ops::Range<_>>`
[INFO] [stdout]              found struct `std::ops::Range<_>`
[INFO] [stdout] help: try wrapping the expression in `Some`
[INFO] [stdout]     |
[INFO] [stdout] 695 |             Self::Boolean(s) => Some(s.get_range()),
[INFO] [stdout]     |                                 +++++             +
[INFO] [stdout] 
[INFO] [stdout] 
[INFO] [stdout] error[E0308]: mismatched types
[INFO] [stdout]    --> /opt/rustwide/cargo-home/registry/src/index.crates.io-6f17d22bba15001f/yggdrasil-parser-0.0.4/src/bootstrap/parse_ast.rs:767:32
[INFO] [stdout]     |
[INFO] [stdout] 765 |     fn get_range(&self) -> Option<Range<usize>> {
[INFO] [stdout]     |                            -------------------- expected `Option<std::ops::Range<usize>>` because of return type
[INFO] [stdout] 766 |         match self {
[INFO] [stdout] 767 |             Self::Normal(s) => s.get_range(),
[INFO] [stdout]     |                                ^^^^^^^^^^^^^ expected `Option<Range<usize>>`, found `Range<usize>`
[INFO] [stdout]     |
[INFO] [stdout]     = note: expected enum `Option<std::ops::Range<_>>`
[INFO] [stdout]              found struct `std::ops::Range<_>`
[INFO] [stdout] help: try wrapping the expression in `Some`
[INFO] [stdout]     |
[INFO] [stdout] 767 |             Self::Normal(s) => Some(s.get_range()),
[INFO] [stdout]     |                                +++++             +
[INFO] [stdout] 
[INFO] [stdout] 
[INFO] [stdout] error[E0308]: mismatched types
[INFO] [stdout]    --> /opt/rustwide/cargo-home/registry/src/index.crates.io-6f17d22bba15001f/yggdrasil-parser-0.0.4/src/bootstrap/parse_ast.rs:843:42
[INFO] [stdout]     |
[INFO] [stdout] 841 |     fn get_range(&self) -> Option<Range<usize>> {
[INFO] [stdout]     |                            -------------------- expected `Option<std::ops::Range<usize>>` because of return type
[INFO] [stdout] 842 |         match self {
[INFO] [stdout] 843 |             Self::EscapedCharacter(s) => s.get_range(),
[INFO] [stdout]     |                                          ^^^^^^^^^^^^^ expected `Option<Range<usize>>`, found `Range<usize>`
[INFO] [stdout]     |
[INFO] [stdout]     = note: expected enum `Option<std::ops::Range<_>>`
[INFO] [stdout]              found struct `std::ops::Range<_>`
[INFO] [stdout] help: try wrapping the expression in `Some`
[INFO] [stdout]     |
[INFO] [stdout] 843 |             Self::EscapedCharacter(s) => Some(s.get_range()),
[INFO] [stdout]     |                                          +++++             +
[INFO] [stdout] 
[INFO] [stdout] 
[INFO] [stderr]     Checking bigdecimal v0.3.1
[INFO] [stderr]     Checking pex-trie v0.0.3
[INFO] [stdout] error: aborting due to 116 previous errors
[INFO] [stdout] 
[INFO] [stdout] 
[INFO] [stdout] Some errors have detailed explanations: E0053, E0308.
[INFO] [stdout] 
[INFO] [stdout] For more information about an error, try `rustc --explain E0053`.
[INFO] [stdout] 
[INFO] [stderr] error: could not compile `yggdrasil-parser` (lib) due to 117 previous errors
[INFO] [stderr] warning: build failed, waiting for other jobs to finish...
[INFO] running `Command { std: "docker" "inspect" "297f59de18c721b7512f5781268b480a7e146e4da07c19aa0081f03e6c47fecc", kill_on_drop: false }`
[INFO] running `Command { std: "docker" "rm" "-f" "297f59de18c721b7512f5781268b480a7e146e4da07c19aa0081f03e6c47fecc", kill_on_drop: false }`
[INFO] [stdout] 297f59de18c721b7512f5781268b480a7e146e4da07c19aa0081f03e6c47fecc
[INFO] checking awsl-error-0.1.0 against nightly-2024-02-05+rustflags=-Dunexpected_cfgs+cargoflags=-Zcheck-cfg for check-cfg
[INFO] extracting crate awsl-error 0.1.0 into /workspace/builds/worker-6-tc2/source
[INFO] validating manifest of crates.io crate awsl-error 0.1.0 on toolchain nightly-2024-02-05
[INFO] running `Command { std: CARGO_HOME="/workspace/cargo-home" RUSTUP_HOME="/workspace/rustup-home" "/workspace/cargo-home/bin/cargo" "+nightly-2024-02-05" "metadata" "--manifest-path" "Cargo.toml" "--no-deps", kill_on_drop: false }`
[INFO] started tweaking crates.io crate awsl-error 0.1.0
[INFO] finished tweaking crates.io crate awsl-error 0.1.0
[INFO] tweaked toml for crates.io crate awsl-error 0.1.0 written to /workspace/builds/worker-6-tc2/source/Cargo.toml
[INFO] running `Command { std: CARGO_HOME="/workspace/cargo-home" RUSTUP_HOME="/workspace/rustup-home" "/workspace/cargo-home/bin/cargo" "+nightly-2024-02-05" "generate-lockfile" "--manifest-path" "Cargo.toml", kill_on_drop: false }`
[INFO] [stderr]     Updating crates.io index
[INFO] running `Command { std: CARGO_HOME="/workspace/cargo-home" RUSTUP_HOME="/workspace/rustup-home" "/workspace/cargo-home/bin/cargo" "+nightly-2024-02-05" "fetch" "--manifest-path" "Cargo.toml", kill_on_drop: false }`
[INFO] running `Command { std: "docker" "create" "-v" "/var/lib/crater-agent-workspace/builds/worker-6-tc2/target:/opt/rustwide/target:rw,Z" "-v" "/var/lib/crater-agent-workspace/builds/worker-6-tc2/source:/opt/rustwide/workdir:ro,Z" "-v" "/var/lib/crater-agent-workspace/cargo-home:/opt/rustwide/cargo-home:ro,Z" "-v" "/var/lib/crater-agent-workspace/rustup-home:/opt/rustwide/rustup-home:ro,Z" "-e" "SOURCE_DIR=/opt/rustwide/workdir" "-e" "CARGO_TARGET_DIR=/opt/rustwide/target" "-e" "CARGO_HOME=/opt/rustwide/cargo-home" "-e" "RUSTUP_HOME=/opt/rustwide/rustup-home" "-w" "/opt/rustwide/workdir" "-m" "1610612736" "--user" "0:0" "--network" "none" "ghcr.io/rust-lang/crates-build-env/linux@sha256:2788e3201cd34a07e3172128adcd8b3090168a8e3bcc40d7c032b9dda1df7d1c" "/opt/rustwide/cargo-home/bin/cargo" "+nightly-2024-02-05" "metadata" "--no-deps" "--format-version=1", kill_on_drop: false }`
[INFO] [stdout] 1a5b35bd7389ca22ec04e985143462be03f1f992513c8059aed8d8181ecc5783
[INFO] running `Command { std: "docker" "start" "-a" "1a5b35bd7389ca22ec04e985143462be03f1f992513c8059aed8d8181ecc5783", kill_on_drop: false }`
[INFO] running `Command { std: "docker" "inspect" "1a5b35bd7389ca22ec04e985143462be03f1f992513c8059aed8d8181ecc5783", kill_on_drop: false }`
[INFO] running `Command { std: "docker" "rm" "-f" "1a5b35bd7389ca22ec04e985143462be03f1f992513c8059aed8d8181ecc5783", kill_on_drop: false }`
[INFO] [stdout] 1a5b35bd7389ca22ec04e985143462be03f1f992513c8059aed8d8181ecc5783
[INFO] running `Command { std: "docker" "create" "-v" "/var/lib/crater-agent-workspace/builds/worker-6-tc2/target:/opt/rustwide/target:rw,Z" "-v" "/var/lib/crater-agent-workspace/builds/worker-6-tc2/source:/opt/rustwide/workdir:ro,Z" "-v" "/var/lib/crater-agent-workspace/cargo-home:/opt/rustwide/cargo-home:ro,Z" "-v" "/var/lib/crater-agent-workspace/rustup-home:/opt/rustwide/rustup-home:ro,Z" "-e" "SOURCE_DIR=/opt/rustwide/workdir" "-e" "CARGO_TARGET_DIR=/opt/rustwide/target" "-e" "CARGO_INCREMENTAL=0" "-e" "RUST_BACKTRACE=full" "-e" "RUSTFLAGS=--cap-lints=forbid -Dunexpected_cfgs" "-e" "RUSTDOCFLAGS=--cap-lints=forbid" "-e" "CARGO_HOME=/opt/rustwide/cargo-home" "-e" "RUSTUP_HOME=/opt/rustwide/rustup-home" "-w" "/opt/rustwide/workdir" "-m" "1610612736" "--user" "0:0" "--network" "none" "ghcr.io/rust-lang/crates-build-env/linux@sha256:2788e3201cd34a07e3172128adcd8b3090168a8e3bcc40d7c032b9dda1df7d1c" "/opt/rustwide/cargo-home/bin/cargo" "+nightly-2024-02-05" "check" "--frozen" "--all" "--all-targets" "--message-format=json" "-Zcheck-cfg", kill_on_drop: false }`
[INFO] [stdout] ce567f9a0fb7f9d77b4102631223e0c56f2123dd0ac71b0ad5bcdf10e8eb09ef
[INFO] running `Command { std: "docker" "start" "-a" "ce567f9a0fb7f9d77b4102631223e0c56f2123dd0ac71b0ad5bcdf10e8eb09ef", kill_on_drop: false }`
[INFO] [stderr]    Compiling num-traits v0.2.17
[INFO] [stderr]     Checking memchr v2.7.1
[INFO] [stderr]    Compiling num-integer v0.1.45
[INFO] [stderr]    Compiling num-bigint v0.4.4
[INFO] [stderr]    Compiling unicase v2.7.0
[INFO] [stderr]    Compiling libm v0.2.8
[INFO] [stderr]    Compiling minimal-lexical v0.2.1
[INFO] [stderr]    Compiling crossbeam-utils v0.8.19
[INFO] [stderr]    Compiling nom v7.1.3
[INFO] [stderr]    Compiling serde v1.0.196
[INFO] [stderr]     Checking regex-syntax v0.8.2
[INFO] [stderr]    Compiling mime v0.3.17
[INFO] [stderr]     Checking aho-corasick v1.1.2
[INFO] [stderr]    Compiling mime_guess v2.0.4
[INFO] [stderr]    Compiling num-rational v0.4.1
[INFO] [stderr]    Compiling num-iter v0.1.43
[INFO] [stderr]     Checking unicode-width v0.1.11
[INFO] [stderr]     Checking either v1.9.0
[INFO] [stderr]     Checking ucd-trie v0.1.6
[INFO] [stderr]     Checking daachorse v1.0.0
[INFO] [stderr]    Compiling validatus v0.0.2
[INFO] [stderr]     Checking humansize v2.1.3
[INFO] [stderr]     Checking crossbeam-epoch v0.9.18
[INFO] [stderr]     Checking unicode-normalization v0.1.22
[INFO] [stderr]    Compiling enum-ordinalize-derive v4.3.1
[INFO] [stderr]     Checking askama_escape v0.10.3
[INFO] [stderr]    Compiling rayon-core v1.12.1
[INFO] [stderr]    Compiling syn v1.0.109
[INFO] [stderr]     Checking unicode-bidi v0.3.15
[INFO] [stderr]     Checking regex-automata v0.4.5
[INFO] [stderr]    Compiling askama_parser v0.2.1
[INFO] [stderr]     Checking crossbeam-deque v0.8.5
[INFO] [stderr]     Checking idna v0.5.0
[INFO] [stderr]     Checking num-complex v0.4.4
[INFO] [stderr]     Checking diagnostic v0.5.10
[INFO] [stderr]    Compiling enum-ordinalize v4.3.0
[INFO] [stderr]     Checking regex-syntax v0.6.29
[INFO] [stderr]     Checking unicode-segmentation v1.10.1
[INFO] [stderr]     Checking utf8-width v0.1.7
[INFO] [stderr]    Compiling thiserror v1.0.56
[INFO] [stderr]     Checking html-escape v0.2.13
[INFO] [stderr]     Checking url v2.5.0
[INFO] [stderr]     Checking convert_case v0.6.0
[INFO] [stderr]    Compiling educe v0.5.11
[INFO] [stderr]     Checking num v0.4.1
[INFO] [stderr]     Checking character-set v0.4.0
[INFO] [stderr]    Compiling basic-toml v0.1.8
[INFO] [stderr]     Checking itertools v0.11.0
[INFO] [stderr]    Compiling indexmap v1.9.3
[INFO] [stderr]     Checking unicode-script v0.5.5
[INFO] [stderr]     Checking regex-automata v0.2.0
[INFO] [stderr]     Checking htmlescape v0.3.1
[INFO] [stderr]     Checking cow-utils v0.1.3
[INFO] [stderr]    Compiling askama_derive v0.12.5
[INFO] [stderr]     Checking ucd-util v0.2.1
[INFO] [stderr]    Compiling uuid v0.8.2
[INFO] [stderr]     Checking minifier v0.2.3
[INFO] [stderr]     Checking railroad v0.2.0
[INFO] [stderr]     Checking yggdrasil-rt v0.0.16
[INFO] [stderr]     Checking rayon v1.8.1
[INFO] [stderr]     Checking hashbrown v0.12.3
[INFO] [stderr]     Checking html-minifier v4.0.0
[INFO] [stderr]     Checking unicode-xid v0.2.4
[INFO] [stderr]     Checking pest v2.7.7
[INFO] [stderr]     Checking yggdrasil-parser v0.0.4
[INFO] [stderr]     Checking bigdecimal v0.3.1
[INFO] [stdout] error[E0053]: method `get_range` has an incompatible type for trait
[INFO] [stdout]  --> /opt/rustwide/cargo-home/registry/src/index.crates.io-6f17d22bba15001f/yggdrasil-parser-0.0.4/src/antlr/parse_ast.rs:6:28
[INFO] [stdout]   |
[INFO] [stdout] 6 |     fn get_range(&self) -> Option<Range<usize>> {
[INFO] [stdout]   |                            ^^^^^^^^^^^^^^^^^^^^
[INFO] [stdout]   |                            |
[INFO] [stdout]   |                            expected `std::ops::Range<usize>`, found `Option<std::ops::Range<usize>>`
[INFO] [stdout]   |                            help: change the output type to match the trait: `std::ops::Range<usize>`
[INFO] [stdout]   |
[INFO] [stdout]   = note: expected signature `fn(&antlr::RootNode) -> std::ops::Range<_>`
[INFO] [stdout]              found signature `fn(&antlr::RootNode) -> Option<std::ops::Range<_>>`
[INFO] [stdout] 
[INFO] [stdout] 
[INFO] [stdout] error[E0053]: method `get_range` has an incompatible type for trait
[INFO] [stdout]   --> /opt/rustwide/cargo-home/registry/src/index.crates.io-6f17d22bba15001f/yggdrasil-parser-0.0.4/src/antlr/parse_ast.rs:29:28
[INFO] [stdout]    |
[INFO] [stdout] 29 |     fn get_range(&self) -> Option<Range<usize>> {
[INFO] [stdout]    |                            ^^^^^^^^^^^^^^^^^^^^
[INFO] [stdout]    |                            |
[INFO] [stdout]    |                            expected `std::ops::Range<usize>`, found `Option<std::ops::Range<usize>>`
[INFO] [stdout]    |                            help: change the output type to match the trait: `std::ops::Range<usize>`
[INFO] [stdout]    |
[INFO] [stdout]    = note: expected signature `fn(&antlr::StatementNode) -> std::ops::Range<_>`
[INFO] [stdout]               found signature `fn(&antlr::StatementNode) -> Option<std::ops::Range<_>>`
[INFO] [stdout] 
[INFO] [stdout] 
[INFO] [stdout] error[E0053]: method `get_range` has an incompatible type for trait
[INFO] [stdout]   --> /opt/rustwide/cargo-home/registry/src/index.crates.io-6f17d22bba15001f/yggdrasil-parser-0.0.4/src/antlr/parse_ast.rs:66:28
[INFO] [stdout]    |
[INFO] [stdout] 66 |     fn get_range(&self) -> Option<Range<usize>> {
[INFO] [stdout]    |                            ^^^^^^^^^^^^^^^^^^^^
[INFO] [stdout]    |                            |
[INFO] [stdout]    |                            expected `std::ops::Range<usize>`, found `Option<std::ops::Range<usize>>`
[INFO] [stdout]    |                            help: change the output type to match the trait: `std::ops::Range<usize>`
[INFO] [stdout]    |
[INFO] [stdout]    = note: expected signature `fn(&antlr::GrammarStatementNode) -> std::ops::Range<_>`
[INFO] [stdout]               found signature `fn(&antlr::GrammarStatementNode) -> Option<std::ops::Range<_>>`
[INFO] [stdout] 
[INFO] [stdout] 
[INFO] [stdout] error[E0053]: method `get_range` has an incompatible type for trait
[INFO] [stdout]   --> /opt/rustwide/cargo-home/registry/src/index.crates.io-6f17d22bba15001f/yggdrasil-parser-0.0.4/src/antlr/parse_ast.rs:90:28
[INFO] [stdout]    |
[INFO] [stdout] 90 |     fn get_range(&self) -> Option<Range<usize>> {
[INFO] [stdout]    |                            ^^^^^^^^^^^^^^^^^^^^
[INFO] [stdout]    |                            |
[INFO] [stdout]    |                            expected `std::ops::Range<usize>`, found `Option<std::ops::Range<usize>>`
[INFO] [stdout]    |                            help: change the output type to match the trait: `std::ops::Range<usize>`
[INFO] [stdout]    |
[INFO] [stdout]    = note: expected signature `fn(&antlr::GrammarBlockNode) -> std::ops::Range<_>`
[INFO] [stdout]               found signature `fn(&antlr::GrammarBlockNode) -> Option<std::ops::Range<_>>`
[INFO] [stdout] 
[INFO] [stdout] 
[INFO] [stdout] error[E0053]: method `get_range` has an incompatible type for trait
[INFO] [stdout]    --> /opt/rustwide/cargo-home/registry/src/index.crates.io-6f17d22bba15001f/yggdrasil-parser-0.0.4/src/antlr/parse_ast.rs:112:28
[INFO] [stdout]     |
[INFO] [stdout] 112 |     fn get_range(&self) -> Option<Range<usize>> {
[INFO] [stdout]     |                            ^^^^^^^^^^^^^^^^^^^^
[INFO] [stdout]     |                            |
[INFO] [stdout]     |                            expected `std::ops::Range<usize>`, found `Option<std::ops::Range<usize>>`
[INFO] [stdout]     |                            help: change the output type to match the trait: `std::ops::Range<usize>`
[INFO] [stdout]     |
[INFO] [stdout]     = note: expected signature `fn(&antlr::ClassStatementNode) -> std::ops::Range<_>`
[INFO] [stdout]                found signature `fn(&antlr::ClassStatementNode) -> Option<std::ops::Range<_>>`
[INFO] [stdout] 
[INFO] [stdout] 
[INFO] [stdout] error[E0053]: method `get_range` has an incompatible type for trait
[INFO] [stdout]    --> /opt/rustwide/cargo-home/registry/src/index.crates.io-6f17d22bba15001f/yggdrasil-parser-0.0.4/src/antlr/parse_ast.rs:140:28
[INFO] [stdout]     |
[INFO] [stdout] 140 |     fn get_range(&self) -> Option<Range<usize>> {
[INFO] [stdout]     |                            ^^^^^^^^^^^^^^^^^^^^
[INFO] [stdout]     |                            |
[INFO] [stdout]     |                            expected `std::ops::Range<usize>`, found `Option<std::ops::Range<usize>>`
[INFO] [stdout]     |                            help: change the output type to match the trait: `std::ops::Range<usize>`
[INFO] [stdout]     |
[INFO] [stdout]     = note: expected signature `fn(&antlr::ClassBlockNode) -> std::ops::Range<_>`
[INFO] [stdout]                found signature `fn(&antlr::ClassBlockNode) -> Option<std::ops::Range<_>>`
[INFO] [stdout] 
[INFO] [stdout] 
[INFO] [stdout] error[E0053]: method `get_range` has an incompatible type for trait
[INFO] [stdout]    --> /opt/rustwide/cargo-home/registry/src/index.crates.io-6f17d22bba15001f/yggdrasil-parser-0.0.4/src/antlr/parse_ast.rs:163:28
[INFO] [stdout]     |
[INFO] [stdout] 163 |     fn get_range(&self) -> Option<Range<usize>> {
[INFO] [stdout]     |                            ^^^^^^^^^^^^^^^^^^^^
[INFO] [stdout]     |                            |
[INFO] [stdout]     |                            expected `std::ops::Range<usize>`, found `Option<std::ops::Range<usize>>`
[INFO] [stdout]     |                            help: change the output type to match the trait: `std::ops::Range<usize>`
[INFO] [stdout]     |
[INFO] [stdout]     = note: expected signature `fn(&antlr::OpRemarkNode) -> std::ops::Range<_>`
[INFO] [stdout]                found signature `fn(&antlr::OpRemarkNode) -> Option<std::ops::Range<_>>`
[INFO] [stdout] 
[INFO] [stdout] 
[INFO] [stdout] error[E0053]: method `get_range` has an incompatible type for trait
[INFO] [stdout]    --> /opt/rustwide/cargo-home/registry/src/index.crates.io-6f17d22bba15001f/yggdrasil-parser-0.0.4/src/antlr/parse_ast.rs:185:28
[INFO] [stdout]     |
[INFO] [stdout] 185 |     fn get_range(&self) -> Option<Range<usize>> {
[INFO] [stdout]     |                            ^^^^^^^^^^^^^^^^^^^^
[INFO] [stdout]     |                            |
[INFO] [stdout]     |                            expected `std::ops::Range<usize>`, found `Option<std::ops::Range<usize>>`
[INFO] [stdout]     |                            help: change the output type to match the trait: `std::ops::Range<usize>`
[INFO] [stdout]     |
[INFO] [stdout]     = note: expected signature `fn(&antlr::UnionStatementNode) -> std::ops::Range<_>`
[INFO] [stdout]                found signature `fn(&antlr::UnionStatementNode) -> Option<std::ops::Range<_>>`
[INFO] [stdout] 
[INFO] [stdout] 
[INFO] [stdout] error[E0053]: method `get_range` has an incompatible type for trait
[INFO] [stdout]    --> /opt/rustwide/cargo-home/registry/src/index.crates.io-6f17d22bba15001f/yggdrasil-parser-0.0.4/src/antlr/parse_ast.rs:212:28
[INFO] [stdout]     |
[INFO] [stdout] 212 |     fn get_range(&self) -> Option<Range<usize>> {
[INFO] [stdout]     |                            ^^^^^^^^^^^^^^^^^^^^
[INFO] [stdout]     |                            |
[INFO] [stdout]     |                            expected `std::ops::Range<usize>`, found `Option<std::ops::Range<usize>>`
[INFO] [stdout]     |                            help: change the output type to match the trait: `std::ops::Range<usize>`
[INFO] [stdout]     |
[INFO] [stdout]     = note: expected signature `fn(&antlr::UnionBlockNode) -> std::ops::Range<_>`
[INFO] [stdout]                found signature `fn(&antlr::UnionBlockNode) -> Option<std::ops::Range<_>>`
[INFO] [stdout] 
[INFO] [stdout] 
[INFO] [stdout] error[E0053]: method `get_range` has an incompatible type for trait
[INFO] [stdout]    --> /opt/rustwide/cargo-home/registry/src/index.crates.io-6f17d22bba15001f/yggdrasil-parser-0.0.4/src/antlr/parse_ast.rs:235:28
[INFO] [stdout]     |
[INFO] [stdout] 235 |     fn get_range(&self) -> Option<Range<usize>> {
[INFO] [stdout]     |                            ^^^^^^^^^^^^^^^^^^^^
[INFO] [stdout]     |                            |
[INFO] [stdout]     |                            expected `std::ops::Range<usize>`, found `Option<std::ops::Range<usize>>`
[INFO] [stdout]     |                            help: change the output type to match the trait: `std::ops::Range<usize>`
[INFO] [stdout]     |
[INFO] [stdout]     = note: expected signature `fn(&antlr::UnionBranchNode) -> std::ops::Range<_>`
[INFO] [stdout]                found signature `fn(&antlr::UnionBranchNode) -> Option<std::ops::Range<_>>`
[INFO] [stdout] 
[INFO] [stdout] 
[INFO] [stdout] error[E0053]: method `get_range` has an incompatible type for trait
[INFO] [stdout]    --> /opt/rustwide/cargo-home/registry/src/index.crates.io-6f17d22bba15001f/yggdrasil-parser-0.0.4/src/antlr/parse_ast.rs:259:28
[INFO] [stdout]     |
[INFO] [stdout] 259 |     fn get_range(&self) -> Option<Range<usize>> {
[INFO] [stdout]     |                            ^^^^^^^^^^^^^^^^^^^^
[INFO] [stdout]     |                            |
[INFO] [stdout]     |                            expected `std::ops::Range<usize>`, found `Option<std::ops::Range<usize>>`
[INFO] [stdout]     |                            help: change the output type to match the trait: `std::ops::Range<usize>`
[INFO] [stdout]     |
[INFO] [stdout]     = note: expected signature `fn(&antlr::BranchTagNode) -> std::ops::Range<_>`
[INFO] [stdout]                found signature `fn(&antlr::BranchTagNode) -> Option<std::ops::Range<_>>`
[INFO] [stdout] 
[INFO] [stdout] 
[INFO] [stdout] error[E0053]: method `get_range` has an incompatible type for trait
[INFO] [stdout]    --> /opt/rustwide/cargo-home/registry/src/index.crates.io-6f17d22bba15001f/yggdrasil-parser-0.0.4/src/antlr/parse_ast.rs:283:28
[INFO] [stdout]     |
[INFO] [stdout] 283 |     fn get_range(&self) -> Option<Range<usize>> {
[INFO] [stdout]     |                            ^^^^^^^^^^^^^^^^^^^^
[INFO] [stdout]     |                            |
[INFO] [stdout]     |                            expected `std::ops::Range<usize>`, found `Option<std::ops::Range<usize>>`
[INFO] [stdout]     |                            help: change the output type to match the trait: `std::ops::Range<usize>`
[INFO] [stdout]     |
[INFO] [stdout]     = note: expected signature `fn(&antlr::RightAssociativityNode) -> std::ops::Range<_>`
[INFO] [stdout]                found signature `fn(&antlr::RightAssociativityNode) -> Option<std::ops::Range<_>>`
[INFO] [stdout] 
[INFO] [stdout] 
[INFO] [stdout] error[E0053]: method `get_range` has an incompatible type for trait
[INFO] [stdout]    --> /opt/rustwide/cargo-home/registry/src/index.crates.io-6f17d22bba15001f/yggdrasil-parser-0.0.4/src/antlr/parse_ast.rs:305:28
[INFO] [stdout]     |
[INFO] [stdout] 305 |     fn get_range(&self) -> Option<Range<usize>> {
[INFO] [stdout]     |                            ^^^^^^^^^^^^^^^^^^^^
[INFO] [stdout]     |                            |
[INFO] [stdout]     |                            expected `std::ops::Range<usize>`, found `Option<std::ops::Range<usize>>`
[INFO] [stdout]     |                            help: change the output type to match the trait: `std::ops::Range<usize>`
[INFO] [stdout]     |
[INFO] [stdout]     = note: expected signature `fn(&antlr::GroupStatementNode) -> std::ops::Range<_>`
[INFO] [stdout]                found signature `fn(&antlr::GroupStatementNode) -> Option<std::ops::Range<_>>`
[INFO] [stdout] 
[INFO] [stdout] 
[INFO] [stdout] error[E0053]: method `get_range` has an incompatible type for trait
[INFO] [stdout]    --> /opt/rustwide/cargo-home/registry/src/index.crates.io-6f17d22bba15001f/yggdrasil-parser-0.0.4/src/antlr/parse_ast.rs:331:28
[INFO] [stdout]     |
[INFO] [stdout] 331 |     fn get_range(&self) -> Option<Range<usize>> {
[INFO] [stdout]     |                            ^^^^^^^^^^^^^^^^^^^^
[INFO] [stdout]     |                            |
[INFO] [stdout]     |                            expected `std::ops::Range<usize>`, found `Option<std::ops::Range<usize>>`
[INFO] [stdout]     |                            help: change the output type to match the trait: `std::ops::Range<usize>`
[INFO] [stdout]     |
[INFO] [stdout]     = note: expected signature `fn(&antlr::GroupBlockNode) -> std::ops::Range<_>`
[INFO] [stdout]                found signature `fn(&antlr::GroupBlockNode) -> Option<std::ops::Range<_>>`
[INFO] [stdout] 
[INFO] [stdout] 
[INFO] [stdout] error[E0053]: method `get_range` has an incompatible type for trait
[INFO] [stdout]    --> /opt/rustwide/cargo-home/registry/src/index.crates.io-6f17d22bba15001f/yggdrasil-parser-0.0.4/src/antlr/parse_ast.rs:354:28
[INFO] [stdout]     |
[INFO] [stdout] 354 |     fn get_range(&self) -> Option<Range<usize>> {
[INFO] [stdout]     |                            ^^^^^^^^^^^^^^^^^^^^
[INFO] [stdout]     |                            |
[INFO] [stdout]     |                            expected `std::ops::Range<usize>`, found `Option<std::ops::Range<usize>>`
[INFO] [stdout]     |                            help: change the output type to match the trait: `std::ops::Range<usize>`
[INFO] [stdout]     |
[INFO] [stdout]     = note: expected signature `fn(&antlr::GroupPairNode) -> std::ops::Range<_>`
[INFO] [stdout]                found signature `fn(&antlr::GroupPairNode) -> Option<std::ops::Range<_>>`
[INFO] [stdout] 
[INFO] [stdout] 
[INFO] [stdout] error[E0053]: method `get_range` has an incompatible type for trait
[INFO] [stdout]    --> /opt/rustwide/cargo-home/registry/src/index.crates.io-6f17d22bba15001f/yggdrasil-parser-0.0.4/src/antlr/parse_ast.rs:378:28
[INFO] [stdout]     |
[INFO] [stdout] 378 |     fn get_range(&self) -> Option<Range<usize>> {
[INFO] [stdout]     |                            ^^^^^^^^^^^^^^^^^^^^
[INFO] [stdout]     |                            |
[INFO] [stdout]     |                            expected `std::ops::Range<usize>`, found `Option<std::ops::Range<usize>>`
[INFO] [stdout]     |                            help: change the output type to match the trait: `std::ops::Range<usize>`
[INFO] [stdout]     |
[INFO] [stdout]     = note: expected signature `fn(&antlr::DecoratorCallNode) -> std::ops::Range<_>`
[INFO] [stdout]                found signature `fn(&antlr::DecoratorCallNode) -> Option<std::ops::Range<_>>`
[INFO] [stdout] 
[INFO] [stdout] 
[INFO] [stdout] error[E0053]: method `get_range` has an incompatible type for trait
[INFO] [stdout]    --> /opt/rustwide/cargo-home/registry/src/index.crates.io-6f17d22bba15001f/yggdrasil-parser-0.0.4/src/antlr/parse_ast.rs:402:28
[INFO] [stdout]     |
[INFO] [stdout] 402 |     fn get_range(&self) -> Option<Range<usize>> {
[INFO] [stdout]     |                            ^^^^^^^^^^^^^^^^^^^^
[INFO] [stdout]     |                            |
[INFO] [stdout]     |                            expected `std::ops::Range<usize>`, found `Option<std::ops::Range<usize>>`
[INFO] [stdout]     |                            help: change the output type to match the trait: `std::ops::Range<usize>`
[INFO] [stdout]     |
[INFO] [stdout]     = note: expected signature `fn(&antlr::DecoratorNameNode) -> std::ops::Range<_>`
[INFO] [stdout]                found signature `fn(&antlr::DecoratorNameNode) -> Option<std::ops::Range<_>>`
[INFO] [stdout] 
[INFO] [stdout] 
[INFO] [stdout] error[E0053]: method `get_range` has an incompatible type for trait
[INFO] [stdout]    --> /opt/rustwide/cargo-home/registry/src/index.crates.io-6f17d22bba15001f/yggdrasil-parser-0.0.4/src/antlr/parse_ast.rs:425:28
[INFO] [stdout]     |
[INFO] [stdout] 425 |     fn get_range(&self) -> Option<Range<usize>> {
[INFO] [stdout]     |                            ^^^^^^^^^^^^^^^^^^^^
[INFO] [stdout]     |                            |
[INFO] [stdout]     |                            expected `std::ops::Range<usize>`, found `Option<std::ops::Range<usize>>`
[INFO] [stdout]     |                            help: change the output type to match the trait: `std::ops::Range<usize>`
[INFO] [stdout]     |
[INFO] [stdout]     = note: expected signature `fn(&antlr::FunctionCallNode) -> std::ops::Range<_>`
[INFO] [stdout]                found signature `fn(&antlr::FunctionCallNode) -> Option<std::ops::Range<_>>`
[INFO] [stdout] 
[INFO] [stdout] 
[INFO] [stdout] error[E0053]: method `get_range` has an incompatible type for trait
[INFO] [stdout]    --> /opt/rustwide/cargo-home/registry/src/index.crates.io-6f17d22bba15001f/yggdrasil-parser-0.0.4/src/antlr/parse_ast.rs:449:28
[INFO] [stdout]     |
[INFO] [stdout] 449 |     fn get_range(&self) -> Option<Range<usize>> {
[INFO] [stdout]     |                            ^^^^^^^^^^^^^^^^^^^^
[INFO] [stdout]     |                            |
[INFO] [stdout]     |                            expected `std::ops::Range<usize>`, found `Option<std::ops::Range<usize>>`
[INFO] [stdout]     |                            help: change the output type to match the trait: `std::ops::Range<usize>`
[INFO] [stdout]     |
[INFO] [stdout]     = note: expected signature `fn(&antlr::FunctionNameNode) -> std::ops::Range<_>`
[INFO] [stdout]                found signature `fn(&antlr::FunctionNameNode) -> Option<std::ops::Range<_>>`
[INFO] [stdout] 
[INFO] [stdout] 
[INFO] [stdout] error[E0053]: method `get_range` has an incompatible type for trait
[INFO] [stdout]    --> /opt/rustwide/cargo-home/registry/src/index.crates.io-6f17d22bba15001f/yggdrasil-parser-0.0.4/src/antlr/parse_ast.rs:472:28
[INFO] [stdout]     |
[INFO] [stdout] 472 |     fn get_range(&self) -> Option<Range<usize>> {
[INFO] [stdout]     |                            ^^^^^^^^^^^^^^^^^^^^
[INFO] [stdout]     |                            |
[INFO] [stdout]     |                            expected `std::ops::Range<usize>`, found `Option<std::ops::Range<usize>>`
[INFO] [stdout]     |                            help: change the output type to match the trait: `std::ops::Range<usize>`
[INFO] [stdout]     |
[INFO] [stdout]     = note: expected signature `fn(&antlr::CallBodyNode) -> std::ops::Range<_>`
[INFO] [stdout]                found signature `fn(&antlr::CallBodyNode) -> Option<std::ops::Range<_>>`
[INFO] [stdout] 
[INFO] [stdout] 
[INFO] [stdout] error[E0053]: method `get_range` has an incompatible type for trait
[INFO] [stdout]    --> /opt/rustwide/cargo-home/registry/src/index.crates.io-6f17d22bba15001f/yggdrasil-parser-0.0.4/src/antlr/parse_ast.rs:495:28
[INFO] [stdout]     |
[INFO] [stdout] 495 |     fn get_range(&self) -> Option<Range<usize>> {
[INFO] [stdout]     |                            ^^^^^^^^^^^^^^^^^^^^
[INFO] [stdout]     |                            |
[INFO] [stdout]     |                            expected `std::ops::Range<usize>`, found `Option<std::ops::Range<usize>>`
[INFO] [stdout]     |                            help: change the output type to match the trait: `std::ops::Range<usize>`
[INFO] [stdout]     |
[INFO] [stdout]     = note: expected signature `fn(&antlr::ExpressionNode) -> std::ops::Range<_>`
[INFO] [stdout]                found signature `fn(&antlr::ExpressionNode) -> Option<std::ops::Range<_>>`
[INFO] [stdout] 
[INFO] [stdout] 
[INFO] [stdout] error[E0053]: method `get_range` has an incompatible type for trait
[INFO] [stdout]    --> /opt/rustwide/cargo-home/registry/src/index.crates.io-6f17d22bba15001f/yggdrasil-parser-0.0.4/src/antlr/parse_ast.rs:518:28
[INFO] [stdout]     |
[INFO] [stdout] 518 |     fn get_range(&self) -> Option<Range<usize>> {
[INFO] [stdout]     |                            ^^^^^^^^^^^^^^^^^^^^
[INFO] [stdout]     |                            |
[INFO] [stdout]     |                            expected `std::ops::Range<usize>`, found `Option<std::ops::Range<usize>>`
[INFO] [stdout]     |                            help: change the output type to match the trait: `std::ops::Range<usize>`
[INFO] [stdout]     |
[INFO] [stdout]     = note: expected signature `fn(&antlr::ExpressionHardNode) -> std::ops::Range<_>`
[INFO] [stdout]                found signature `fn(&antlr::ExpressionHardNode) -> Option<std::ops::Range<_>>`
[INFO] [stdout] 
[INFO] [stdout] 
[INFO] [stdout] error[E0053]: method `get_range` has an incompatible type for trait
[INFO] [stdout]    --> /opt/rustwide/cargo-home/registry/src/index.crates.io-6f17d22bba15001f/yggdrasil-parser-0.0.4/src/antlr/parse_ast.rs:541:28
[INFO] [stdout]     |
[INFO] [stdout] 541 |     fn get_range(&self) -> Option<Range<usize>> {
[INFO] [stdout]     |                            ^^^^^^^^^^^^^^^^^^^^
[INFO] [stdout]     |                            |
[INFO] [stdout]     |                            expected `std::ops::Range<usize>`, found `Option<std::ops::Range<usize>>`
[INFO] [stdout]     |                            help: change the output type to match the trait: `std::ops::Range<usize>`
[INFO] [stdout]     |
[INFO] [stdout]     = note: expected signature `fn(&antlr::ExpressionSoftNode) -> std::ops::Range<_>`
[INFO] [stdout]                found signature `fn(&antlr::ExpressionSoftNode) -> Option<std::ops::Range<_>>`
[INFO] [stdout] 
[INFO] [stdout] 
[INFO] [stdout] error[E0053]: method `get_range` has an incompatible type for trait
[INFO] [stdout]    --> /opt/rustwide/cargo-home/registry/src/index.crates.io-6f17d22bba15001f/yggdrasil-parser-0.0.4/src/antlr/parse_ast.rs:564:28
[INFO] [stdout]     |
[INFO] [stdout] 564 |     fn get_range(&self) -> Option<Range<usize>> {
[INFO] [stdout]     |                            ^^^^^^^^^^^^^^^^^^^^
[INFO] [stdout]     |                            |
[INFO] [stdout]     |                            expected `std::ops::Range<usize>`, found `Option<std::ops::Range<usize>>`
[INFO] [stdout]     |                            help: change the output type to match the trait: `std::ops::Range<usize>`
[INFO] [stdout]     |
[INFO] [stdout]     = note: expected signature `fn(&antlr::ExpressionTagNode) -> std::ops::Range<_>`
[INFO] [stdout]                found signature `fn(&antlr::ExpressionTagNode) -> Option<std::ops::Range<_>>`
[INFO] [stdout] 
[INFO] [stdout] 
[INFO] [stdout] error[E0053]: method `get_range` has an incompatible type for trait
[INFO] [stdout]    --> /opt/rustwide/cargo-home/registry/src/index.crates.io-6f17d22bba15001f/yggdrasil-parser-0.0.4/src/antlr/parse_ast.rs:588:28
[INFO] [stdout]     |
[INFO] [stdout] 588 |     fn get_range(&self) -> Option<Range<usize>> {
[INFO] [stdout]     |                            ^^^^^^^^^^^^^^^^^^^^
[INFO] [stdout]     |                            |
[INFO] [stdout]     |                            expected `std::ops::Range<usize>`, found `Option<std::ops::Range<usize>>`
[INFO] [stdout]     |                            help: change the output type to match the trait: `std::ops::Range<usize>`
[INFO] [stdout]     |
[INFO] [stdout]     = note: expected signature `fn(&antlr::TermNode) -> std::ops::Range<_>`
[INFO] [stdout]                found signature `fn(&antlr::TermNode) -> Option<std::ops::Range<_>>`
[INFO] [stdout] 
[INFO] [stdout] 
[INFO] [stdout] error[E0053]: method `get_range` has an incompatible type for trait
[INFO] [stdout]    --> /opt/rustwide/cargo-home/registry/src/index.crates.io-6f17d22bba15001f/yggdrasil-parser-0.0.4/src/antlr/parse_ast.rs:613:28
[INFO] [stdout]     |
[INFO] [stdout] 613 |     fn get_range(&self) -> Option<Range<usize>> {
[INFO] [stdout]     |                            ^^^^^^^^^^^^^^^^^^^^
[INFO] [stdout]     |                            |
[INFO] [stdout]     |                            expected `std::ops::Range<usize>`, found `Option<std::ops::Range<usize>>`
[INFO] [stdout]     |                            help: change the output type to match the trait: `std::ops::Range<usize>`
[INFO] [stdout]     |
[INFO] [stdout]     = note: expected signature `fn(&antlr::PrefixNode) -> std::ops::Range<_>`
[INFO] [stdout]                found signature `fn(&antlr::PrefixNode) -> Option<std::ops::Range<_>>`
[INFO] [stdout] 
[INFO] [stdout] 
[INFO] [stdout] error[E0053]: method `get_range` has an incompatible type for trait
[INFO] [stdout]    --> /opt/rustwide/cargo-home/registry/src/index.crates.io-6f17d22bba15001f/yggdrasil-parser-0.0.4/src/antlr/parse_ast.rs:646:28
[INFO] [stdout]     |
[INFO] [stdout] 646 |     fn get_range(&self) -> Option<Range<usize>> {
[INFO] [stdout]     |                            ^^^^^^^^^^^^^^^^^^^^
[INFO] [stdout]     |                            |
[INFO] [stdout]     |                            expected `std::ops::Range<usize>`, found `Option<std::ops::Range<usize>>`
[INFO] [stdout]     |                            help: change the output type to match the trait: `std::ops::Range<usize>`
[INFO] [stdout]     |
[INFO] [stdout]     = note: expected signature `fn(&antlr::SuffixNode) -> std::ops::Range<_>`
[INFO] [stdout]                found signature `fn(&antlr::SuffixNode) -> Option<std::ops::Range<_>>`
[INFO] [stdout] 
[INFO] [stdout] 
[INFO] [stdout] error[E0053]: method `get_range` has an incompatible type for trait
[INFO] [stdout]    --> /opt/rustwide/cargo-home/registry/src/index.crates.io-6f17d22bba15001f/yggdrasil-parser-0.0.4/src/antlr/parse_ast.rs:679:28
[INFO] [stdout]     |
[INFO] [stdout] 679 |     fn get_range(&self) -> Option<Range<usize>> {
[INFO] [stdout]     |                            ^^^^^^^^^^^^^^^^^^^^
[INFO] [stdout]     |                            |
[INFO] [stdout]     |                            expected `std::ops::Range<usize>`, found `Option<std::ops::Range<usize>>`
[INFO] [stdout]     |                            help: change the output type to match the trait: `std::ops::Range<usize>`
[INFO] [stdout]     |
[INFO] [stdout]     = note: expected signature `fn(&antlr::AtomicNode) -> std::ops::Range<_>`
[INFO] [stdout]                found signature `fn(&antlr::AtomicNode) -> Option<std::ops::Range<_>>`
[INFO] [stdout] 
[INFO] [stdout] 
[INFO] [stdout] error[E0053]: method `get_range` has an incompatible type for trait
[INFO] [stdout]    --> /opt/rustwide/cargo-home/registry/src/index.crates.io-6f17d22bba15001f/yggdrasil-parser-0.0.4/src/antlr/parse_ast.rs:728:28
[INFO] [stdout]     |
[INFO] [stdout] 728 |     fn get_range(&self) -> Option<Range<usize>> {
[INFO] [stdout]     |                            ^^^^^^^^^^^^^^^^^^^^
[INFO] [stdout]     |                            |
[INFO] [stdout]     |                            expected `std::ops::Range<usize>`, found `Option<std::ops::Range<usize>>`
[INFO] [stdout]     |                            help: change the output type to match the trait: `std::ops::Range<usize>`
[INFO] [stdout]     |
[INFO] [stdout]     = note: expected signature `fn(&antlr::GroupExpressionNode) -> std::ops::Range<_>`
[INFO] [stdout]                found signature `fn(&antlr::GroupExpressionNode) -> Option<std::ops::Range<_>>`
[INFO] [stdout] 
[INFO] [stdout] 
[INFO] [stdout] error[E0053]: method `get_range` has an incompatible type for trait
[INFO] [stdout]    --> /opt/rustwide/cargo-home/registry/src/index.crates.io-6f17d22bba15001f/yggdrasil-parser-0.0.4/src/antlr/parse_ast.rs:751:28
[INFO] [stdout]     |
[INFO] [stdout] 751 |     fn get_range(&self) -> Option<Range<usize>> {
[INFO] [stdout]     |                            ^^^^^^^^^^^^^^^^^^^^
[INFO] [stdout]     |                            |
[INFO] [stdout]     |                            expected `std::ops::Range<usize>`, found `Option<std::ops::Range<usize>>`
[INFO] [stdout]     |                            help: change the output type to match the trait: `std::ops::Range<usize>`
[INFO] [stdout]     |
[INFO] [stdout]     = note: expected signature `fn(&antlr::StringNode) -> std::ops::Range<_>`
[INFO] [stdout]                found signature `fn(&antlr::StringNode) -> Option<std::ops::Range<_>>`
[INFO] [stdout] 
[INFO] [stdout] 
[INFO] [stdout] error[E0053]: method `get_range` has an incompatible type for trait
[INFO] [stdout]    --> /opt/rustwide/cargo-home/registry/src/index.crates.io-6f17d22bba15001f/yggdrasil-parser-0.0.4/src/antlr/parse_ast.rs:780:28
[INFO] [stdout]     |
[INFO] [stdout] 780 |     fn get_range(&self) -> Option<Range<usize>> {
[INFO] [stdout]     |                            ^^^^^^^^^^^^^^^^^^^^
[INFO] [stdout]     |                            |
[INFO] [stdout]     |                            expected `std::ops::Range<usize>`, found `Option<std::ops::Range<usize>>`
[INFO] [stdout]     |                            help: change the output type to match the trait: `std::ops::Range<usize>`
[INFO] [stdout]     |
[INFO] [stdout]     = note: expected signature `fn(&antlr::StringRawNode) -> std::ops::Range<_>`
[INFO] [stdout]                found signature `fn(&antlr::StringRawNode) -> Option<std::ops::Range<_>>`
[INFO] [stdout] 
[INFO] [stdout] 
[INFO] [stdout] error[E0053]: method `get_range` has an incompatible type for trait
[INFO] [stdout]    --> /opt/rustwide/cargo-home/registry/src/index.crates.io-6f17d22bba15001f/yggdrasil-parser-0.0.4/src/antlr/parse_ast.rs:803:28
[INFO] [stdout]     |
[INFO] [stdout] 803 |     fn get_range(&self) -> Option<Range<usize>> {
[INFO] [stdout]     |                            ^^^^^^^^^^^^^^^^^^^^
[INFO] [stdout]     |                            |
[INFO] [stdout]     |                            expected `std::ops::Range<usize>`, found `Option<std::ops::Range<usize>>`
[INFO] [stdout]     |                            help: change the output type to match the trait: `std::ops::Range<usize>`
[INFO] [stdout]     |
[INFO] [stdout]     = note: expected signature `fn(&antlr::StringNormalNode) -> std::ops::Range<_>`
[INFO] [stdout]                found signature `fn(&antlr::StringNormalNode) -> Option<std::ops::Range<_>>`
[INFO] [stdout] 
[INFO] [stdout] 
[INFO] [stdout] error[E0053]: method `get_range` has an incompatible type for trait
[INFO] [stdout]    --> /opt/rustwide/cargo-home/registry/src/index.crates.io-6f17d22bba15001f/yggdrasil-parser-0.0.4/src/antlr/parse_ast.rs:826:28
[INFO] [stdout]     |
[INFO] [stdout] 826 |     fn get_range(&self) -> Option<Range<usize>> {
[INFO] [stdout]     |                            ^^^^^^^^^^^^^^^^^^^^
[INFO] [stdout]     |                            |
[INFO] [stdout]     |                            expected `std::ops::Range<usize>`, found `Option<std::ops::Range<usize>>`
[INFO] [stdout]     |                            help: change the output type to match the trait: `std::ops::Range<usize>`
[INFO] [stdout]     |
[INFO] [stdout]     = note: expected signature `fn(&antlr::StringItemNode) -> std::ops::Range<_>`
[INFO] [stdout]                found signature `fn(&antlr::StringItemNode) -> Option<std::ops::Range<_>>`
[INFO] [stdout] 
[INFO] [stdout] 
[INFO] [stdout] error[E0053]: method `get_range` has an incompatible type for trait
[INFO] [stdout]    --> /opt/rustwide/cargo-home/registry/src/index.crates.io-6f17d22bba15001f/yggdrasil-parser-0.0.4/src/antlr/parse_ast.rs:859:28
[INFO] [stdout]     |
[INFO] [stdout] 859 |     fn get_range(&self) -> Option<Range<usize>> {
[INFO] [stdout]     |                            ^^^^^^^^^^^^^^^^^^^^
[INFO] [stdout]     |                            |
[INFO] [stdout]     |                            expected `std::ops::Range<usize>`, found `Option<std::ops::Range<usize>>`
[INFO] [stdout]     |                            help: change the output type to match the trait: `std::ops::Range<usize>`
[INFO] [stdout]     |
[INFO] [stdout]     = note: expected signature `fn(&antlr::EscapedUnicodeNode) -> std::ops::Range<_>`
[INFO] [stdout]                found signature `fn(&antlr::EscapedUnicodeNode) -> Option<std::ops::Range<_>>`
[INFO] [stdout] 
[INFO] [stdout] 
[INFO] [stdout] error[E0053]: method `get_range` has an incompatible type for trait
[INFO] [stdout]    --> /opt/rustwide/cargo-home/registry/src/index.crates.io-6f17d22bba15001f/yggdrasil-parser-0.0.4/src/antlr/parse_ast.rs:882:28
[INFO] [stdout]     |
[INFO] [stdout] 882 |     fn get_range(&self) -> Option<Range<usize>> {
[INFO] [stdout]     |                            ^^^^^^^^^^^^^^^^^^^^
[INFO] [stdout]     |                            |
[INFO] [stdout]     |                            expected `std::ops::Range<usize>`, found `Option<std::ops::Range<usize>>`
[INFO] [stdout]     |                            help: change the output type to match the trait: `std::ops::Range<usize>`
[INFO] [stdout]     |
[INFO] [stdout]     = note: expected signature `fn(&antlr::EscapedCharacterNode) -> std::ops::Range<_>`
[INFO] [stdout]                found signature `fn(&antlr::EscapedCharacterNode) -> Option<std::ops::Range<_>>`
[INFO] [stdout] 
[INFO] [stdout] 
[INFO] [stdout] error[E0053]: method `get_range` has an incompatible type for trait
[INFO] [stdout]    --> /opt/rustwide/cargo-home/registry/src/index.crates.io-6f17d22bba15001f/yggdrasil-parser-0.0.4/src/antlr/parse_ast.rs:905:28
[INFO] [stdout]     |
[INFO] [stdout] 905 |     fn get_range(&self) -> Option<Range<usize>> {
[INFO] [stdout]     |                            ^^^^^^^^^^^^^^^^^^^^
[INFO] [stdout]     |                            |
[INFO] [stdout]     |                            expected `std::ops::Range<usize>`, found `Option<std::ops::Range<usize>>`
[INFO] [stdout]     |                            help: change the output type to match the trait: `std::ops::Range<usize>`
[INFO] [stdout]     |
[INFO] [stdout]     = note: expected signature `fn(&antlr::TextAnyNode) -> std::ops::Range<_>`
[INFO] [stdout]                found signature `fn(&antlr::TextAnyNode) -> Option<std::ops::Range<_>>`
[INFO] [stdout] 
[INFO] [stdout] 
[INFO] [stdout] error[E0053]: method `get_range` has an incompatible type for trait
[INFO] [stdout]    --> /opt/rustwide/cargo-home/registry/src/index.crates.io-6f17d22bba15001f/yggdrasil-parser-0.0.4/src/antlr/parse_ast.rs:928:28
[INFO] [stdout]     |
[INFO] [stdout] 928 |     fn get_range(&self) -> Option<Range<usize>> {
[INFO] [stdout]     |                            ^^^^^^^^^^^^^^^^^^^^
[INFO] [stdout]     |                            |
[INFO] [stdout]     |                            expected `std::ops::Range<usize>`, found `Option<std::ops::Range<usize>>`
[INFO] [stdout]     |                            help: change the output type to match the trait: `std::ops::Range<usize>`
[INFO] [stdout]     |
[INFO] [stdout]     = note: expected signature `fn(&antlr::RegexEmbedNode) -> std::ops::Range<_>`
[INFO] [stdout]                found signature `fn(&antlr::RegexEmbedNode) -> Option<std::ops::Range<_>>`
[INFO] [stdout] 
[INFO] [stdout] 
[INFO] [stdout] error[E0053]: method `get_range` has an incompatible type for trait
[INFO] [stdout]    --> /opt/rustwide/cargo-home/registry/src/index.crates.io-6f17d22bba15001f/yggdrasil-parser-0.0.4/src/antlr/parse_ast.rs:951:28
[INFO] [stdout]     |
[INFO] [stdout] 951 |     fn get_range(&self) -> Option<Range<usize>> {
[INFO] [stdout]     |                            ^^^^^^^^^^^^^^^^^^^^
[INFO] [stdout]     |                            |
[INFO] [stdout]     |                            expected `std::ops::Range<usize>`, found `Option<std::ops::Range<usize>>`
[INFO] [stdout]     |                            help: change the output type to match the trait: `std::ops::Range<usize>`
[INFO] [stdout]     |
[INFO] [stdout]     = note: expected signature `fn(&antlr::RegexInnerNode) -> std::ops::Range<_>`
[INFO] [stdout]                found signature `fn(&antlr::RegexInnerNode) -> Option<std::ops::Range<_>>`
[INFO] [stdout] 
[INFO] [stdout] 
[INFO] [stdout] error[E0053]: method `get_range` has an incompatible type for trait
[INFO] [stdout]    --> /opt/rustwide/cargo-home/registry/src/index.crates.io-6f17d22bba15001f/yggdrasil-parser-0.0.4/src/antlr/parse_ast.rs:974:28
[INFO] [stdout]     |
[INFO] [stdout] 974 |     fn get_range(&self) -> Option<Range<usize>> {
[INFO] [stdout]     |                            ^^^^^^^^^^^^^^^^^^^^
[INFO] [stdout]     |                            |
[INFO] [stdout]     |                            expected `std::ops::Range<usize>`, found `Option<std::ops::Range<usize>>`
[INFO] [stdout]     |                            help: change the output type to match the trait: `std::ops::Range<usize>`
[INFO] [stdout]     |
[INFO] [stdout]     = note: expected signature `fn(&antlr::RegexRangeNode) -> std::ops::Range<_>`
[INFO] [stdout]                found signature `fn(&antlr::RegexRangeNode) -> Option<std::ops::Range<_>>`
[INFO] [stdout] 
[INFO] [stdout] 
[INFO] [stdout] error[E0053]: method `get_range` has an incompatible type for trait
[INFO] [stdout]    --> /opt/rustwide/cargo-home/registry/src/index.crates.io-6f17d22bba15001f/yggdrasil-parser-0.0.4/src/antlr/parse_ast.rs:998:28
[INFO] [stdout]     |
[INFO] [stdout] 998 |     fn get_range(&self) -> Option<Range<usize>> {
[INFO] [stdout]     |                            ^^^^^^^^^^^^^^^^^^^^
[INFO] [stdout]     |                            |
[INFO] [stdout]     |                            expected `std::ops::Range<usize>`, found `Option<std::ops::Range<usize>>`
[INFO] [stdout]     |                            help: change the output type to match the trait: `std::ops::Range<usize>`
[INFO] [stdout]     |
[INFO] [stdout]     = note: expected signature `fn(&antlr::RegexNegativeNode) -> std::ops::Range<_>`
[INFO] [stdout]                found signature `fn(&antlr::RegexNegativeNode) -> Option<std::ops::Range<_>>`
[INFO] [stdout] 
[INFO] [stdout] 
[INFO] [stdout] error[E0053]: method `get_range` has an incompatible type for trait
[INFO] [stdout]     --> /opt/rustwide/cargo-home/registry/src/index.crates.io-6f17d22bba15001f/yggdrasil-parser-0.0.4/src/antlr/parse_ast.rs:1020:28
[INFO] [stdout]      |
[INFO] [stdout] 1020 |     fn get_range(&self) -> Option<Range<usize>> {
[INFO] [stdout]      |                            ^^^^^^^^^^^^^^^^^^^^
[INFO] [stdout]      |                            |
[INFO] [stdout]      |                            expected `std::ops::Range<usize>`, found `Option<std::ops::Range<usize>>`
[INFO] [stdout]      |                            help: change the output type to match the trait: `std::ops::Range<usize>`
[INFO] [stdout]      |
[INFO] [stdout]      = note: expected signature `fn(&antlr::NamepathFreeNode) -> std::ops::Range<_>`
[INFO] [stdout]                 found signature `fn(&antlr::NamepathFreeNode) -> Option<std::ops::Range<_>>`
[INFO] [stdout] 
[INFO] [stdout] 
[INFO] [stdout] error[E0053]: method `get_range` has an incompatible type for trait
[INFO] [stdout]     --> /opt/rustwide/cargo-home/registry/src/index.crates.io-6f17d22bba15001f/yggdrasil-parser-0.0.4/src/antlr/parse_ast.rs:1043:28
[INFO] [stdout]      |
[INFO] [stdout] 1043 |     fn get_range(&self) -> Option<Range<usize>> {
[INFO] [stdout]      |                            ^^^^^^^^^^^^^^^^^^^^
[INFO] [stdout]      |                            |
[INFO] [stdout]      |                            expected `std::ops::Range<usize>`, found `Option<std::ops::Range<usize>>`
[INFO] [stdout]      |                            help: change the output type to match the trait: `std::ops::Range<usize>`
[INFO] [stdout]      |
[INFO] [stdout]      = note: expected signature `fn(&antlr::NamepathNode) -> std::ops::Range<_>`
[INFO] [stdout]                 found signature `fn(&antlr::NamepathNode) -> Option<std::ops::Range<_>>`
[INFO] [stdout] 
[INFO] [stdout] 
[INFO] [stdout] error[E0053]: method `get_range` has an incompatible type for trait
[INFO] [stdout]     --> /opt/rustwide/cargo-home/registry/src/index.crates.io-6f17d22bba15001f/yggdrasil-parser-0.0.4/src/antlr/parse_ast.rs:1066:28
[INFO] [stdout]      |
[INFO] [stdout] 1066 |     fn get_range(&self) -> Option<Range<usize>> {
[INFO] [stdout]      |                            ^^^^^^^^^^^^^^^^^^^^
[INFO] [stdout]      |                            |
[INFO] [stdout]      |                            expected `std::ops::Range<usize>`, found `Option<std::ops::Range<usize>>`
[INFO] [stdout]      |                            help: change the output type to match the trait: `std::ops::Range<usize>`
[INFO] [stdout]      |
[INFO] [stdout]      = note: expected signature `fn(&antlr::IdentifierNode) -> std::ops::Range<_>`
[INFO] [stdout]                 found signature `fn(&antlr::IdentifierNode) -> Option<std::ops::Range<_>>`
[INFO] [stdout] 
[INFO] [stdout] 
[INFO] [stdout] error[E0053]: method `get_range` has an incompatible type for trait
[INFO] [stdout]     --> /opt/rustwide/cargo-home/registry/src/index.crates.io-6f17d22bba15001f/yggdrasil-parser-0.0.4/src/antlr/parse_ast.rs:1089:28
[INFO] [stdout]      |
[INFO] [stdout] 1089 |     fn get_range(&self) -> Option<Range<usize>> {
[INFO] [stdout]      |                            ^^^^^^^^^^^^^^^^^^^^
[INFO] [stdout]      |                            |
[INFO] [stdout]      |                            expected `std::ops::Range<usize>`, found `Option<std::ops::Range<usize>>`
[INFO] [stdout]      |                            help: change the output type to match the trait: `std::ops::Range<usize>`
[INFO] [stdout]      |
[INFO] [stdout]      = note: expected signature `fn(&antlr::BooleanNode) -> std::ops::Range<_>`
[INFO] [stdout]                 found signature `fn(&antlr::BooleanNode) -> Option<std::ops::Range<_>>`
[INFO] [stdout] 
[INFO] [stdout] 
[INFO] [stdout] error[E0053]: method `get_range` has an incompatible type for trait
[INFO] [stdout]     --> /opt/rustwide/cargo-home/registry/src/index.crates.io-6f17d22bba15001f/yggdrasil-parser-0.0.4/src/antlr/parse_ast.rs:1118:28
[INFO] [stdout]      |
[INFO] [stdout] 1118 |     fn get_range(&self) -> Option<Range<usize>> {
[INFO] [stdout]      |                            ^^^^^^^^^^^^^^^^^^^^
[INFO] [stdout]      |                            |
[INFO] [stdout]      |                            expected `std::ops::Range<usize>`, found `Option<std::ops::Range<usize>>`
[INFO] [stdout]      |                            help: change the output type to match the trait: `std::ops::Range<usize>`
[INFO] [stdout]      |
[INFO] [stdout]      = note: expected signature `fn(&antlr::ModifierCallNode) -> std::ops::Range<_>`
[INFO] [stdout]                 found signature `fn(&antlr::ModifierCallNode) -> Option<std::ops::Range<_>>`
[INFO] [stdout] 
[INFO] [stdout] 
[INFO] [stdout] error[E0053]: method `get_range` has an incompatible type for trait
[INFO] [stdout]     --> /opt/rustwide/cargo-home/registry/src/index.crates.io-6f17d22bba15001f/yggdrasil-parser-0.0.4/src/antlr/parse_ast.rs:1141:28
[INFO] [stdout]      |
[INFO] [stdout] 1141 |     fn get_range(&self) -> Option<Range<usize>> {
[INFO] [stdout]      |                            ^^^^^^^^^^^^^^^^^^^^
[INFO] [stdout]      |                            |
[INFO] [stdout]      |                            expected `std::ops::Range<usize>`, found `Option<std::ops::Range<usize>>`
[INFO] [stdout]      |                            help: change the output type to match the trait: `std::ops::Range<usize>`
[INFO] [stdout]      |
[INFO] [stdout]      = note: expected signature `fn(&antlr::KwGrammarNode) -> std::ops::Range<_>`
[INFO] [stdout]                 found signature `fn(&antlr::KwGrammarNode) -> Option<std::ops::Range<_>>`
[INFO] [stdout] 
[INFO] [stdout] 
[INFO] [stdout] error[E0053]: method `get_range` has an incompatible type for trait
[INFO] [stdout]     --> /opt/rustwide/cargo-home/registry/src/index.crates.io-6f17d22bba15001f/yggdrasil-parser-0.0.4/src/antlr/parse_ast.rs:1163:28
[INFO] [stdout]      |
[INFO] [stdout] 1163 |     fn get_range(&self) -> Option<Range<usize>> {
[INFO] [stdout]      |                            ^^^^^^^^^^^^^^^^^^^^
[INFO] [stdout]      |                            |
[INFO] [stdout]      |                            expected `std::ops::Range<usize>`, found `Option<std::ops::Range<usize>>`
[INFO] [stdout]      |                            help: change the output type to match the trait: `std::ops::Range<usize>`
[INFO] [stdout]      |
[INFO] [stdout]      = note: expected signature `fn(&antlr::KwImportNode) -> std::ops::Range<_>`
[INFO] [stdout]                 found signature `fn(&antlr::KwImportNode) -> Option<std::ops::Range<_>>`
[INFO] [stdout] 
[INFO] [stdout] 
[INFO] [stdout] error[E0053]: method `get_range` has an incompatible type for trait
[INFO] [stdout]     --> /opt/rustwide/cargo-home/registry/src/index.crates.io-6f17d22bba15001f/yggdrasil-parser-0.0.4/src/antlr/parse_ast.rs:1185:28
[INFO] [stdout]      |
[INFO] [stdout] 1185 |     fn get_range(&self) -> Option<Range<usize>> {
[INFO] [stdout]      |                            ^^^^^^^^^^^^^^^^^^^^
[INFO] [stdout]      |                            |
[INFO] [stdout]      |                            expected `std::ops::Range<usize>`, found `Option<std::ops::Range<usize>>`
[INFO] [stdout]      |                            help: change the output type to match the trait: `std::ops::Range<usize>`
[INFO] [stdout]      |
[INFO] [stdout]      = note: expected signature `fn(&antlr::KwClassNode) -> std::ops::Range<_>`
[INFO] [stdout]                 found signature `fn(&antlr::KwClassNode) -> Option<std::ops::Range<_>>`
[INFO] [stdout] 
[INFO] [stdout] 
[INFO] [stdout] error[E0053]: method `get_range` has an incompatible type for trait
[INFO] [stdout]     --> /opt/rustwide/cargo-home/registry/src/index.crates.io-6f17d22bba15001f/yggdrasil-parser-0.0.4/src/antlr/parse_ast.rs:1207:28
[INFO] [stdout]      |
[INFO] [stdout] 1207 |     fn get_range(&self) -> Option<Range<usize>> {
[INFO] [stdout]      |                            ^^^^^^^^^^^^^^^^^^^^
[INFO] [stdout]      |                            |
[INFO] [stdout]      |                            expected `std::ops::Range<usize>`, found `Option<std::ops::Range<usize>>`
[INFO] [stdout]      |                            help: change the output type to match the trait: `std::ops::Range<usize>`
[INFO] [stdout]      |
[INFO] [stdout]      = note: expected signature `fn(&antlr::KwUnionNode) -> std::ops::Range<_>`
[INFO] [stdout]                 found signature `fn(&antlr::KwUnionNode) -> Option<std::ops::Range<_>>`
[INFO] [stdout] 
[INFO] [stdout] 
[INFO] [stdout] error[E0053]: method `get_range` has an incompatible type for trait
[INFO] [stdout]     --> /opt/rustwide/cargo-home/registry/src/index.crates.io-6f17d22bba15001f/yggdrasil-parser-0.0.4/src/antlr/parse_ast.rs:1229:28
[INFO] [stdout]      |
[INFO] [stdout] 1229 |     fn get_range(&self) -> Option<Range<usize>> {
[INFO] [stdout]      |                            ^^^^^^^^^^^^^^^^^^^^
[INFO] [stdout]      |                            |
[INFO] [stdout]      |                            expected `std::ops::Range<usize>`, found `Option<std::ops::Range<usize>>`
[INFO] [stdout]      |                            help: change the output type to match the trait: `std::ops::Range<usize>`
[INFO] [stdout]      |
[INFO] [stdout]      = note: expected signature `fn(&antlr::KwGroupNode) -> std::ops::Range<_>`
[INFO] [stdout]                 found signature `fn(&antlr::KwGroupNode) -> Option<std::ops::Range<_>>`
[INFO] [stdout] 
[INFO] [stdout] 
[INFO] [stdout] error[E0053]: method `get_range` has an incompatible type for trait
[INFO] [stdout]     --> /opt/rustwide/cargo-home/registry/src/index.crates.io-6f17d22bba15001f/yggdrasil-parser-0.0.4/src/antlr/parse_ast.rs:1251:28
[INFO] [stdout]      |
[INFO] [stdout] 1251 |     fn get_range(&self) -> Option<Range<usize>> {
[INFO] [stdout]      |                            ^^^^^^^^^^^^^^^^^^^^
[INFO] [stdout]      |                            |
[INFO] [stdout]      |                            expected `std::ops::Range<usize>`, found `Option<std::ops::Range<usize>>`
[INFO] [stdout]      |                            help: change the output type to match the trait: `std::ops::Range<usize>`
[INFO] [stdout]      |
[INFO] [stdout]      = note: expected signature `fn(&antlr::KwClimbNode) -> std::ops::Range<_>`
[INFO] [stdout]                 found signature `fn(&antlr::KwClimbNode) -> Option<std::ops::Range<_>>`
[INFO] [stdout] 
[INFO] [stdout] 
[INFO] [stdout] error[E0053]: method `get_range` has an incompatible type for trait
[INFO] [stdout]     --> /opt/rustwide/cargo-home/registry/src/index.crates.io-6f17d22bba15001f/yggdrasil-parser-0.0.4/src/antlr/parse_ast.rs:1273:28
[INFO] [stdout]      |
[INFO] [stdout] 1273 |     fn get_range(&self) -> Option<Range<usize>> {
[INFO] [stdout]      |                            ^^^^^^^^^^^^^^^^^^^^
[INFO] [stdout]      |                            |
[INFO] [stdout]      |                            expected `std::ops::Range<usize>`, found `Option<std::ops::Range<usize>>`
[INFO] [stdout]      |                            help: change the output type to match the trait: `std::ops::Range<usize>`
[INFO] [stdout]      |
[INFO] [stdout]      = note: expected signature `fn(&antlr::KwMacroNode) -> std::ops::Range<_>`
[INFO] [stdout]                 found signature `fn(&antlr::KwMacroNode) -> Option<std::ops::Range<_>>`
[INFO] [stdout] 
[INFO] [stdout] 
[INFO] [stdout] error[E0053]: method `get_range` has an incompatible type for trait
[INFO] [stdout]     --> /opt/rustwide/cargo-home/registry/src/index.crates.io-6f17d22bba15001f/yggdrasil-parser-0.0.4/src/antlr/parse_ast.rs:1295:28
[INFO] [stdout]      |
[INFO] [stdout] 1295 |     fn get_range(&self) -> Option<Range<usize>> {
[INFO] [stdout]      |                            ^^^^^^^^^^^^^^^^^^^^
[INFO] [stdout]      |                            |
[INFO] [stdout]      |                            expected `std::ops::Range<usize>`, found `Option<std::ops::Range<usize>>`
[INFO] [stdout]      |                            help: change the output type to match the trait: `std::ops::Range<usize>`
[INFO] [stdout]      |
[INFO] [stdout]      = note: expected signature `fn(&antlr::WhiteSpaceNode) -> std::ops::Range<_>`
[INFO] [stdout]                 found signature `fn(&antlr::WhiteSpaceNode) -> Option<std::ops::Range<_>>`
[INFO] [stdout] 
[INFO] [stdout] 
[INFO] [stdout] error[E0053]: method `get_range` has an incompatible type for trait
[INFO] [stdout]     --> /opt/rustwide/cargo-home/registry/src/index.crates.io-6f17d22bba15001f/yggdrasil-parser-0.0.4/src/antlr/parse_ast.rs:1317:28
[INFO] [stdout]      |
[INFO] [stdout] 1317 |     fn get_range(&self) -> Option<Range<usize>> {
[INFO] [stdout]      |                            ^^^^^^^^^^^^^^^^^^^^
[INFO] [stdout]      |                            |
[INFO] [stdout]      |                            expected `std::ops::Range<usize>`, found `Option<std::ops::Range<usize>>`
[INFO] [stdout]      |                            help: change the output type to match the trait: `std::ops::Range<usize>`
[INFO] [stdout]      |
[INFO] [stdout]      = note: expected signature `fn(&antlr::CommentNode) -> std::ops::Range<_>`
[INFO] [stdout]                 found signature `fn(&antlr::CommentNode) -> Option<std::ops::Range<_>>`
[INFO] [stdout] 
[INFO] [stdout] 
[INFO] [stdout] error[E0053]: method `get_range` has an incompatible type for trait
[INFO] [stdout]  --> /opt/rustwide/cargo-home/registry/src/index.crates.io-6f17d22bba15001f/yggdrasil-parser-0.0.4/src/bootstrap/parse_ast.rs:6:28
[INFO] [stdout]   |
[INFO] [stdout] 6 |     fn get_range(&self) -> Option<Range<usize>> {
[INFO] [stdout]   |                            ^^^^^^^^^^^^^^^^^^^^
[INFO] [stdout]   |                            |
[INFO] [stdout]   |                            expected `std::ops::Range<usize>`, found `Option<std::ops::Range<usize>>`
[INFO] [stdout]   |                            help: change the output type to match the trait: `std::ops::Range<usize>`
[INFO] [stdout]   |
[INFO] [stdout]   = note: expected signature `fn(&bootstrap::RootNode) -> std::ops::Range<_>`
[INFO] [stdout]              found signature `fn(&bootstrap::RootNode) -> Option<std::ops::Range<_>>`
[INFO] [stdout] 
[INFO] [stdout] 
[INFO] [stdout] error[E0053]: method `get_range` has an incompatible type for trait
[INFO] [stdout]   --> /opt/rustwide/cargo-home/registry/src/index.crates.io-6f17d22bba15001f/yggdrasil-parser-0.0.4/src/bootstrap/parse_ast.rs:29:28
[INFO] [stdout]    |
[INFO] [stdout] 29 |     fn get_range(&self) -> Option<Range<usize>> {
[INFO] [stdout]    |                            ^^^^^^^^^^^^^^^^^^^^
[INFO] [stdout]    |                            |
[INFO] [stdout]    |                            expected `std::ops::Range<usize>`, found `Option<std::ops::Range<usize>>`
[INFO] [stdout]    |                            help: change the output type to match the trait: `std::ops::Range<usize>`
[INFO] [stdout]    |
[INFO] [stdout]    = note: expected signature `fn(&bootstrap::StatementNode) -> std::ops::Range<_>`
[INFO] [stdout]               found signature `fn(&bootstrap::StatementNode) -> Option<std::ops::Range<_>>`
[INFO] [stdout] 
[INFO] [stdout] 
[INFO] [stdout] error[E0053]: method `get_range` has an incompatible type for trait
[INFO] [stdout]   --> /opt/rustwide/cargo-home/registry/src/index.crates.io-6f17d22bba15001f/yggdrasil-parser-0.0.4/src/bootstrap/parse_ast.rs:66:28
[INFO] [stdout]    |
[INFO] [stdout] 66 |     fn get_range(&self) -> Option<Range<usize>> {
[INFO] [stdout]    |                            ^^^^^^^^^^^^^^^^^^^^
[INFO] [stdout]    |                            |
[INFO] [stdout]    |                            expected `std::ops::Range<usize>`, found `Option<std::ops::Range<usize>>`
[INFO] [stdout]    |                            help: change the output type to match the trait: `std::ops::Range<usize>`
[INFO] [stdout]    |
[INFO] [stdout]    = note: expected signature `fn(&bootstrap::GrammarStatementNode) -> std::ops::Range<_>`
[INFO] [stdout]               found signature `fn(&bootstrap::GrammarStatementNode) -> Option<std::ops::Range<_>>`
[INFO] [stdout] 
[INFO] [stdout] 
[INFO] [stdout] error[E0053]: method `get_range` has an incompatible type for trait
[INFO] [stdout]   --> /opt/rustwide/cargo-home/registry/src/index.crates.io-6f17d22bba15001f/yggdrasil-parser-0.0.4/src/bootstrap/parse_ast.rs:90:28
[INFO] [stdout]    |
[INFO] [stdout] 90 |     fn get_range(&self) -> Option<Range<usize>> {
[INFO] [stdout]    |                            ^^^^^^^^^^^^^^^^^^^^
[INFO] [stdout]    |                            |
[INFO] [stdout]    |                            expected `std::ops::Range<usize>`, found `Option<std::ops::Range<usize>>`
[INFO] [stdout]    |                            help: change the output type to match the trait: `std::ops::Range<usize>`
[INFO] [stdout]    |
[INFO] [stdout]    = note: expected signature `fn(&bootstrap::GrammarBlockNode) -> std::ops::Range<_>`
[INFO] [stdout]               found signature `fn(&bootstrap::GrammarBlockNode) -> Option<std::ops::Range<_>>`
[INFO] [stdout] 
[INFO] [stdout] 
[INFO] [stdout] error[E0053]: method `get_range` has an incompatible type for trait
[INFO] [stdout]    --> /opt/rustwide/cargo-home/registry/src/index.crates.io-6f17d22bba15001f/yggdrasil-parser-0.0.4/src/bootstrap/parse_ast.rs:110:28
[INFO] [stdout]     |
[INFO] [stdout] 110 |     fn get_range(&self) -> Option<Range<usize>> {
[INFO] [stdout]     |                            ^^^^^^^^^^^^^^^^^^^^
[INFO] [stdout]     |                            |
[INFO] [stdout]     |                            expected `std::ops::Range<usize>`, found `Option<std::ops::Range<usize>>`
[INFO] [stdout]     |                            help: change the output type to match the trait: `std::ops::Range<usize>`
[INFO] [stdout]     |
[INFO] [stdout]     = note: expected signature `fn(&bootstrap::ClassStatementNode) -> std::ops::Range<_>`
[INFO] [stdout]                found signature `fn(&bootstrap::ClassStatementNode) -> Option<std::ops::Range<_>>`
[INFO] [stdout] 
[INFO] [stdout] 
[INFO] [stdout] error[E0053]: method `get_range` has an incompatible type for trait
[INFO] [stdout]    --> /opt/rustwide/cargo-home/registry/src/index.crates.io-6f17d22bba15001f/yggdrasil-parser-0.0.4/src/bootstrap/parse_ast.rs:142:28
[INFO] [stdout]     |
[INFO] [stdout] 142 |     fn get_range(&self) -> Option<Range<usize>> {
[INFO] [stdout]     |                            ^^^^^^^^^^^^^^^^^^^^
[INFO] [stdout]     |                            |
[INFO] [stdout]     |                            expected `std::ops::Range<usize>`, found `Option<std::ops::Range<usize>>`
[INFO] [stdout]     |                            help: change the output type to match the trait: `std::ops::Range<usize>`
[INFO] [stdout]     |
[INFO] [stdout]     = note: expected signature `fn(&bootstrap::ClassBlockNode) -> std::ops::Range<_>`
[INFO] [stdout]                found signature `fn(&bootstrap::ClassBlockNode) -> Option<std::ops::Range<_>>`
[INFO] [stdout] 
[INFO] [stdout] 
[INFO] [stdout] error[E0053]: method `get_range` has an incompatible type for trait
[INFO] [stdout]    --> /opt/rustwide/cargo-home/registry/src/index.crates.io-6f17d22bba15001f/yggdrasil-parser-0.0.4/src/bootstrap/parse_ast.rs:165:28
[INFO] [stdout]     |
[INFO] [stdout] 165 |     fn get_range(&self) -> Option<Range<usize>> {
[INFO] [stdout]     |                            ^^^^^^^^^^^^^^^^^^^^
[INFO] [stdout]     |                            |
[INFO] [stdout]     |                            expected `std::ops::Range<usize>`, found `Option<std::ops::Range<usize>>`
[INFO] [stdout]     |                            help: change the output type to match the trait: `std::ops::Range<usize>`
[INFO] [stdout]     |
[INFO] [stdout]     = note: expected signature `fn(&bootstrap::OpRemarkNode) -> std::ops::Range<_>`
[INFO] [stdout]                found signature `fn(&bootstrap::OpRemarkNode) -> Option<std::ops::Range<_>>`
[INFO] [stdout] 
[INFO] [stdout] 
[INFO] [stdout] error[E0053]: method `get_range` has an incompatible type for trait
[INFO] [stdout]    --> /opt/rustwide/cargo-home/registry/src/index.crates.io-6f17d22bba15001f/yggdrasil-parser-0.0.4/src/bootstrap/parse_ast.rs:185:28
[INFO] [stdout]     |
[INFO] [stdout] 185 |     fn get_range(&self) -> Option<Range<usize>> {
[INFO] [stdout]     |                            ^^^^^^^^^^^^^^^^^^^^
[INFO] [stdout]     |                            |
[INFO] [stdout]     |                            expected `std::ops::Range<usize>`, found `Option<std::ops::Range<usize>>`
[INFO] [stdout]     |                            help: change the output type to match the trait: `std::ops::Range<usize>`
[INFO] [stdout]     |
[INFO] [stdout]     = note: expected signature `fn(&bootstrap::UnionStatementNode) -> std::ops::Range<_>`
[INFO] [stdout]                found signature `fn(&bootstrap::UnionStatementNode) -> Option<std::ops::Range<_>>`
[INFO] [stdout] 
[INFO] [stdout] 
[INFO] [stdout] error[E0053]: method `get_range` has an incompatible type for trait
[INFO] [stdout]    --> /opt/rustwide/cargo-home/registry/src/index.crates.io-6f17d22bba15001f/yggdrasil-parser-0.0.4/src/bootstrap/parse_ast.rs:216:28
[INFO] [stdout]     |
[INFO] [stdout] 216 |     fn get_range(&self) -> Option<Range<usize>> {
[INFO] [stdout]     |                            ^^^^^^^^^^^^^^^^^^^^
[INFO] [stdout]     |                            |
[INFO] [stdout]     |                            expected `std::ops::Range<usize>`, found `Option<std::ops::Range<usize>>`
[INFO] [stdout]     |                            help: change the output type to match the trait: `std::ops::Range<usize>`
[INFO] [stdout]     |
[INFO] [stdout]     = note: expected signature `fn(&bootstrap::UnionBlockNode) -> std::ops::Range<_>`
[INFO] [stdout]                found signature `fn(&bootstrap::UnionBlockNode) -> Option<std::ops::Range<_>>`
[INFO] [stdout] 
[INFO] [stdout] 
[INFO] [stdout] error[E0053]: method `get_range` has an incompatible type for trait
[INFO] [stdout]    --> /opt/rustwide/cargo-home/registry/src/index.crates.io-6f17d22bba15001f/yggdrasil-parser-0.0.4/src/bootstrap/parse_ast.rs:241:28
[INFO] [stdout]     |
[INFO] [stdout] 241 |     fn get_range(&self) -> Option<Range<usize>> {
[INFO] [stdout]     |                            ^^^^^^^^^^^^^^^^^^^^
[INFO] [stdout]     |                            |
[INFO] [stdout]     |                            expected `std::ops::Range<usize>`, found `Option<std::ops::Range<usize>>`
[INFO] [stdout]     |                            help: change the output type to match the trait: `std::ops::Range<usize>`
[INFO] [stdout]     |
[INFO] [stdout]     = note: expected signature `fn(&bootstrap::UnionBranchNode) -> std::ops::Range<_>`
[INFO] [stdout]                found signature `fn(&bootstrap::UnionBranchNode) -> Option<std::ops::Range<_>>`
[INFO] [stdout] 
[INFO] [stdout] 
[INFO] [stdout] error[E0053]: method `get_range` has an incompatible type for trait
[INFO] [stdout]    --> /opt/rustwide/cargo-home/registry/src/index.crates.io-6f17d22bba15001f/yggdrasil-parser-0.0.4/src/bootstrap/parse_ast.rs:265:28
[INFO] [stdout]     |
[INFO] [stdout] 265 |     fn get_range(&self) -> Option<Range<usize>> {
[INFO] [stdout]     |                            ^^^^^^^^^^^^^^^^^^^^
[INFO] [stdout]     |                            |
[INFO] [stdout]     |                            expected `std::ops::Range<usize>`, found `Option<std::ops::Range<usize>>`
[INFO] [stdout]     |                            help: change the output type to match the trait: `std::ops::Range<usize>`
[INFO] [stdout]     |
[INFO] [stdout]     = note: expected signature `fn(&bootstrap::BranchTagNode) -> std::ops::Range<_>`
[INFO] [stdout]                found signature `fn(&bootstrap::BranchTagNode) -> Option<std::ops::Range<_>>`
[INFO] [stdout] 
[INFO] [stdout] 
[INFO] [stdout] error[E0053]: method `get_range` has an incompatible type for trait
[INFO] [stdout]    --> /opt/rustwide/cargo-home/registry/src/index.crates.io-6f17d22bba15001f/yggdrasil-parser-0.0.4/src/bootstrap/parse_ast.rs:289:28
[INFO] [stdout]     |
[INFO] [stdout] 289 |     fn get_range(&self) -> Option<Range<usize>> {
[INFO] [stdout]     |                            ^^^^^^^^^^^^^^^^^^^^
[INFO] [stdout]     |                            |
[INFO] [stdout]     |                            expected `std::ops::Range<usize>`, found `Option<std::ops::Range<usize>>`
[INFO] [stdout]     |                            help: change the output type to match the trait: `std::ops::Range<usize>`
[INFO] [stdout]     |
[INFO] [stdout]     = note: expected signature `fn(&bootstrap::RightAssociativityNode) -> std::ops::Range<_>`
[INFO] [stdout]                found signature `fn(&bootstrap::RightAssociativityNode) -> Option<std::ops::Range<_>>`
[INFO] [stdout] 
[INFO] [stdout] 
[INFO] [stdout] error[E0053]: method `get_range` has an incompatible type for trait
[INFO] [stdout]    --> /opt/rustwide/cargo-home/registry/src/index.crates.io-6f17d22bba15001f/yggdrasil-parser-0.0.4/src/bootstrap/parse_ast.rs:309:28
[INFO] [stdout]     |
[INFO] [stdout] 309 |     fn get_range(&self) -> Option<Range<usize>> {
[INFO] [stdout]     |                            ^^^^^^^^^^^^^^^^^^^^
[INFO] [stdout]     |                            |
[INFO] [stdout]     |                            expected `std::ops::Range<usize>`, found `Option<std::ops::Range<usize>>`
[INFO] [stdout]     |                            help: change the output type to match the trait: `std::ops::Range<usize>`
[INFO] [stdout]     |
[INFO] [stdout]     = note: expected signature `fn(&bootstrap::GroupStatementNode) -> std::ops::Range<_>`
[INFO] [stdout]                found signature `fn(&bootstrap::GroupStatementNode) -> Option<std::ops::Range<_>>`
[INFO] [stdout] 
[INFO] [stdout] 
[INFO] [stdout] error[E0053]: method `get_range` has an incompatible type for trait
[INFO] [stdout]    --> /opt/rustwide/cargo-home/registry/src/index.crates.io-6f17d22bba15001f/yggdrasil-parser-0.0.4/src/bootstrap/parse_ast.rs:339:28
[INFO] [stdout]     |
[INFO] [stdout] 339 |     fn get_range(&self) -> Option<Range<usize>> {
[INFO] [stdout]     |                            ^^^^^^^^^^^^^^^^^^^^
[INFO] [stdout]     |                            |
[INFO] [stdout]     |                            expected `std::ops::Range<usize>`, found `Option<std::ops::Range<usize>>`
[INFO] [stdout]     |                            help: change the output type to match the trait: `std::ops::Range<usize>`
[INFO] [stdout]     |
[INFO] [stdout]     = note: expected signature `fn(&bootstrap::GroupBlockNode) -> std::ops::Range<_>`
[INFO] [stdout]                found signature `fn(&bootstrap::GroupBlockNode) -> Option<std::ops::Range<_>>`
[INFO] [stdout] 
[INFO] [stdout] 
[INFO] [stdout] error[E0053]: method `get_range` has an incompatible type for trait
[INFO] [stdout]    --> /opt/rustwide/cargo-home/registry/src/index.crates.io-6f17d22bba15001f/yggdrasil-parser-0.0.4/src/bootstrap/parse_ast.rs:362:28
[INFO] [stdout]     |
[INFO] [stdout] 362 |     fn get_range(&self) -> Option<Range<usize>> {
[INFO] [stdout]     |                            ^^^^^^^^^^^^^^^^^^^^
[INFO] [stdout]     |                            |
[INFO] [stdout]     |                            expected `std::ops::Range<usize>`, found `Option<std::ops::Range<usize>>`
[INFO] [stdout]     |                            help: change the output type to match the trait: `std::ops::Range<usize>`
[INFO] [stdout]     |
[INFO] [stdout]     = note: expected signature `fn(&bootstrap::GroupPairNode) -> std::ops::Range<_>`
[INFO] [stdout]                found signature `fn(&bootstrap::GroupPairNode) -> Option<std::ops::Range<_>>`
[INFO] [stdout] 
[INFO] [stdout] 
[INFO] [stdout] error[E0053]: method `get_range` has an incompatible type for trait
[INFO] [stdout]    --> /opt/rustwide/cargo-home/registry/src/index.crates.io-6f17d22bba15001f/yggdrasil-parser-0.0.4/src/bootstrap/parse_ast.rs:386:28
[INFO] [stdout]     |
[INFO] [stdout] 386 |     fn get_range(&self) -> Option<Range<usize>> {
[INFO] [stdout]     |                            ^^^^^^^^^^^^^^^^^^^^
[INFO] [stdout]     |                            |
[INFO] [stdout]     |                            expected `std::ops::Range<usize>`, found `Option<std::ops::Range<usize>>`
[INFO] [stdout]     |                            help: change the output type to match the trait: `std::ops::Range<usize>`
[INFO] [stdout]     |
[INFO] [stdout]     = note: expected signature `fn(&bootstrap::DecoratorCallNode) -> std::ops::Range<_>`
[INFO] [stdout]                found signature `fn(&bootstrap::DecoratorCallNode) -> Option<std::ops::Range<_>>`
[INFO] [stdout] 
[INFO] [stdout] 
[INFO] [stdout] error[E0053]: method `get_range` has an incompatible type for trait
[INFO] [stdout]    --> /opt/rustwide/cargo-home/registry/src/index.crates.io-6f17d22bba15001f/yggdrasil-parser-0.0.4/src/bootstrap/parse_ast.rs:410:28
[INFO] [stdout]     |
[INFO] [stdout] 410 |     fn get_range(&self) -> Option<Range<usize>> {
[INFO] [stdout]     |                            ^^^^^^^^^^^^^^^^^^^^
[INFO] [stdout]     |                            |
[INFO] [stdout]     |                            expected `std::ops::Range<usize>`, found `Option<std::ops::Range<usize>>`
[INFO] [stdout]     |                            help: change the output type to match the trait: `std::ops::Range<usize>`
[INFO] [stdout]     |
[INFO] [stdout]     = note: expected signature `fn(&bootstrap::DecoratorNameNode) -> std::ops::Range<_>`
[INFO] [stdout]                found signature `fn(&bootstrap::DecoratorNameNode) -> Option<std::ops::Range<_>>`
[INFO] [stdout] 
[INFO] [stdout] 
[INFO] [stdout] error[E0053]: method `get_range` has an incompatible type for trait
[INFO] [stdout]    --> /opt/rustwide/cargo-home/registry/src/index.crates.io-6f17d22bba15001f/yggdrasil-parser-0.0.4/src/bootstrap/parse_ast.rs:433:28
[INFO] [stdout]     |
[INFO] [stdout] 433 |     fn get_range(&self) -> Option<Range<usize>> {
[INFO] [stdout]     |                            ^^^^^^^^^^^^^^^^^^^^
[INFO] [stdout]     |                            |
[INFO] [stdout]     |                            expected `std::ops::Range<usize>`, found `Option<std::ops::Range<usize>>`
[INFO] [stdout]     |                            help: change the output type to match the trait: `std::ops::Range<usize>`
[INFO] [stdout]     |
[INFO] [stdout]     = note: expected signature `fn(&bootstrap::FunctionCallNode) -> std::ops::Range<_>`
[INFO] [stdout]                found signature `fn(&bootstrap::FunctionCallNode) -> Option<std::ops::Range<_>>`
[INFO] [stdout] 
[INFO] [stdout] 
[INFO] [stdout] error[E0053]: method `get_range` has an incompatible type for trait
[INFO] [stdout]    --> /opt/rustwide/cargo-home/registry/src/index.crates.io-6f17d22bba15001f/yggdrasil-parser-0.0.4/src/bootstrap/parse_ast.rs:457:28
[INFO] [stdout]     |
[INFO] [stdout] 457 |     fn get_range(&self) -> Option<Range<usize>> {
[INFO] [stdout]     |                            ^^^^^^^^^^^^^^^^^^^^
[INFO] [stdout]     |                            |
[INFO] [stdout]     |                            expected `std::ops::Range<usize>`, found `Option<std::ops::Range<usize>>`
[INFO] [stdout]     |                            help: change the output type to match the trait: `std::ops::Range<usize>`
[INFO] [stdout]     |
[INFO] [stdout]     = note: expected signature `fn(&bootstrap::FunctionNameNode) -> std::ops::Range<_>`
[INFO] [stdout]                found signature `fn(&bootstrap::FunctionNameNode) -> Option<std::ops::Range<_>>`
[INFO] [stdout] 
[INFO] [stdout] 
[INFO] [stdout] error[E0053]: method `get_range` has an incompatible type for trait
[INFO] [stdout]    --> /opt/rustwide/cargo-home/registry/src/index.crates.io-6f17d22bba15001f/yggdrasil-parser-0.0.4/src/bootstrap/parse_ast.rs:480:28
[INFO] [stdout]     |
[INFO] [stdout] 480 |     fn get_range(&self) -> Option<Range<usize>> {
[INFO] [stdout]     |                            ^^^^^^^^^^^^^^^^^^^^
[INFO] [stdout]     |                            |
[INFO] [stdout]     |                            expected `std::ops::Range<usize>`, found `Option<std::ops::Range<usize>>`
[INFO] [stdout]     |                            help: change the output type to match the trait: `std::ops::Range<usize>`
[INFO] [stdout]     |
[INFO] [stdout]     = note: expected signature `fn(&bootstrap::CallBodyNode) -> std::ops::Range<_>`
[INFO] [stdout]                found signature `fn(&bootstrap::CallBodyNode) -> Option<std::ops::Range<_>>`
[INFO] [stdout] 
[INFO] [stdout] 
[INFO] [stdout] error[E0053]: method `get_range` has an incompatible type for trait
[INFO] [stdout]    --> /opt/rustwide/cargo-home/registry/src/index.crates.io-6f17d22bba15001f/yggdrasil-parser-0.0.4/src/bootstrap/parse_ast.rs:503:28
[INFO] [stdout]     |
[INFO] [stdout] 503 |     fn get_range(&self) -> Option<Range<usize>> {
[INFO] [stdout]     |                            ^^^^^^^^^^^^^^^^^^^^
[INFO] [stdout]     |                            |
[INFO] [stdout]     |                            expected `std::ops::Range<usize>`, found `Option<std::ops::Range<usize>>`
[INFO] [stdout]     |                            help: change the output type to match the trait: `std::ops::Range<usize>`
[INFO] [stdout]     |
[INFO] [stdout]     = note: expected signature `fn(&bootstrap::ExpressionNode) -> std::ops::Range<_>`
[INFO] [stdout]                found signature `fn(&bootstrap::ExpressionNode) -> Option<std::ops::Range<_>>`
[INFO] [stdout] 
[INFO] [stdout] 
[INFO] [stdout] error[E0053]: method `get_range` has an incompatible type for trait
[INFO] [stdout]    --> /opt/rustwide/cargo-home/registry/src/index.crates.io-6f17d22bba15001f/yggdrasil-parser-0.0.4/src/bootstrap/parse_ast.rs:528:28
[INFO] [stdout]     |
[INFO] [stdout] 528 |     fn get_range(&self) -> Option<Range<usize>> {
[INFO] [stdout]     |                            ^^^^^^^^^^^^^^^^^^^^
[INFO] [stdout]     |                            |
[INFO] [stdout]     |                            expected `std::ops::Range<usize>`, found `Option<std::ops::Range<usize>>`
[INFO] [stdout]     |                            help: change the output type to match the trait: `std::ops::Range<usize>`
[INFO] [stdout]     |
[INFO] [stdout]     = note: expected signature `fn(&bootstrap::ExpressionHardNode) -> std::ops::Range<_>`
[INFO] [stdout]                found signature `fn(&bootstrap::ExpressionHardNode) -> Option<std::ops::Range<_>>`
[INFO] [stdout] 
[INFO] [stdout] 
[INFO] [stdout] error[E0053]: method `get_range` has an incompatible type for trait
[INFO] [stdout]    --> /opt/rustwide/cargo-home/registry/src/index.crates.io-6f17d22bba15001f/yggdrasil-parser-0.0.4/src/bootstrap/parse_ast.rs:553:28
[INFO] [stdout]     |
[INFO] [stdout] 553 |     fn get_range(&self) -> Option<Range<usize>> {
[INFO] [stdout]     |                            ^^^^^^^^^^^^^^^^^^^^
[INFO] [stdout]     |                            |
[INFO] [stdout]     |                            expected `std::ops::Range<usize>`, found `Option<std::ops::Range<usize>>`
[INFO] [stdout]     |                            help: change the output type to match the trait: `std::ops::Range<usize>`
[INFO] [stdout]     |
[INFO] [stdout]     = note: expected signature `fn(&bootstrap::ExpressionSoftNode) -> std::ops::Range<_>`
[INFO] [stdout]                found signature `fn(&bootstrap::ExpressionSoftNode) -> Option<std::ops::Range<_>>`
[INFO] [stdout] 
[INFO] [stdout] 
[INFO] [stdout] error[E0053]: method `get_range` has an incompatible type for trait
[INFO] [stdout]    --> /opt/rustwide/cargo-home/registry/src/index.crates.io-6f17d22bba15001f/yggdrasil-parser-0.0.4/src/bootstrap/parse_ast.rs:578:28
[INFO] [stdout]     |
[INFO] [stdout] 578 |     fn get_range(&self) -> Option<Range<usize>> {
[INFO] [stdout]     |                            ^^^^^^^^^^^^^^^^^^^^
[INFO] [stdout]     |                            |
[INFO] [stdout]     |                            expected `std::ops::Range<usize>`, found `Option<std::ops::Range<usize>>`
[INFO] [stdout]     |                            help: change the output type to match the trait: `std::ops::Range<usize>`
[INFO] [stdout]     |
[INFO] [stdout]     = note: expected signature `fn(&bootstrap::ExpressionTagNode) -> std::ops::Range<_>`
[INFO] [stdout]                found signature `fn(&bootstrap::ExpressionTagNode) -> Option<std::ops::Range<_>>`
[INFO] [stdout] 
[INFO] [stdout] 
[INFO] [stdout] error[E0053]: method `get_range` has an incompatible type for trait
[INFO] [stdout]    --> /opt/rustwide/cargo-home/registry/src/index.crates.io-6f17d22bba15001f/yggdrasil-parser-0.0.4/src/bootstrap/parse_ast.rs:602:28
[INFO] [stdout]     |
[INFO] [stdout] 602 |     fn get_range(&self) -> Option<Range<usize>> {
[INFO] [stdout]     |                            ^^^^^^^^^^^^^^^^^^^^
[INFO] [stdout]     |                            |
[INFO] [stdout]     |                            expected `std::ops::Range<usize>`, found `Option<std::ops::Range<usize>>`
[INFO] [stdout]     |                            help: change the output type to match the trait: `std::ops::Range<usize>`
[INFO] [stdout]     |
[INFO] [stdout]     = note: expected signature `fn(&bootstrap::TermNode) -> std::ops::Range<_>`
[INFO] [stdout]                found signature `fn(&bootstrap::TermNode) -> Option<std::ops::Range<_>>`
[INFO] [stdout] 
[INFO] [stdout] 
[INFO] [stdout] error[E0053]: method `get_range` has an incompatible type for trait
[INFO] [stdout]    --> /opt/rustwide/cargo-home/registry/src/index.crates.io-6f17d22bba15001f/yggdrasil-parser-0.0.4/src/bootstrap/parse_ast.rs:627:28
[INFO] [stdout]     |
[INFO] [stdout] 627 |     fn get_range(&self) -> Option<Range<usize>> {
[INFO] [stdout]     |                            ^^^^^^^^^^^^^^^^^^^^
[INFO] [stdout]     |                            |
[INFO] [stdout]     |                            expected `std::ops::Range<usize>`, found `Option<std::ops::Range<usize>>`
[INFO] [stdout]     |                            help: change the output type to match the trait: `std::ops::Range<usize>`
[INFO] [stdout]     |
[INFO] [stdout]     = note: expected signature `fn(&bootstrap::PrefixNode) -> std::ops::Range<_>`
[INFO] [stdout]                found signature `fn(&bootstrap::PrefixNode) -> Option<std::ops::Range<_>>`
[INFO] [stdout] 
[INFO] [stdout] 
[INFO] [stdout] error[E0053]: method `get_range` has an incompatible type for trait
[INFO] [stdout]    --> /opt/rustwide/cargo-home/registry/src/index.crates.io-6f17d22bba15001f/yggdrasil-parser-0.0.4/src/bootstrap/parse_ast.rs:660:28
[INFO] [stdout]     |
[INFO] [stdout] 660 |     fn get_range(&self) -> Option<Range<usize>> {
[INFO] [stdout]     |                            ^^^^^^^^^^^^^^^^^^^^
[INFO] [stdout]     |                            |
[INFO] [stdout]     |                            expected `std::ops::Range<usize>`, found `Option<std::ops::Range<usize>>`
[INFO] [stdout]     |                            help: change the output type to match the trait: `std::ops::Range<usize>`
[INFO] [stdout]     |
[INFO] [stdout]     = note: expected signature `fn(&bootstrap::SuffixNode) -> std::ops::Range<_>`
[INFO] [stdout]                found signature `fn(&bootstrap::SuffixNode) -> Option<std::ops::Range<_>>`
[INFO] [stdout] 
[INFO] [stdout] 
[INFO] [stdout] error[E0053]: method `get_range` has an incompatible type for trait
[INFO] [stdout]    --> /opt/rustwide/cargo-home/registry/src/index.crates.io-6f17d22bba15001f/yggdrasil-parser-0.0.4/src/bootstrap/parse_ast.rs:693:28
[INFO] [stdout]     |
[INFO] [stdout] 693 |     fn get_range(&self) -> Option<Range<usize>> {
[INFO] [stdout]     |                            ^^^^^^^^^^^^^^^^^^^^
[INFO] [stdout]     |                            |
[INFO] [stdout]     |                            expected `std::ops::Range<usize>`, found `Option<std::ops::Range<usize>>`
[INFO] [stdout]     |                            help: change the output type to match the trait: `std::ops::Range<usize>`
[INFO] [stdout]     |
[INFO] [stdout]     = note: expected signature `fn(&bootstrap::AtomicNode) -> std::ops::Range<_>`
[INFO] [stdout]                found signature `fn(&bootstrap::AtomicNode) -> Option<std::ops::Range<_>>`
[INFO] [stdout] 
[INFO] [stdout] 
[INFO] [stdout] error[E0053]: method `get_range` has an incompatible type for trait
[INFO] [stdout]    --> /opt/rustwide/cargo-home/registry/src/index.crates.io-6f17d22bba15001f/yggdrasil-parser-0.0.4/src/bootstrap/parse_ast.rs:742:28
[INFO] [stdout]     |
[INFO] [stdout] 742 |     fn get_range(&self) -> Option<Range<usize>> {
[INFO] [stdout]     |                            ^^^^^^^^^^^^^^^^^^^^
[INFO] [stdout]     |                            |
[INFO] [stdout]     |                            expected `std::ops::Range<usize>`, found `Option<std::ops::Range<usize>>`
[INFO] [stdout]     |                            help: change the output type to match the trait: `std::ops::Range<usize>`
[INFO] [stdout]     |
[INFO] [stdout]     = note: expected signature `fn(&bootstrap::GroupExpressionNode) -> std::ops::Range<_>`
[INFO] [stdout]                found signature `fn(&bootstrap::GroupExpressionNode) -> Option<std::ops::Range<_>>`
[INFO] [stdout] 
[INFO] [stdout] 
[INFO] [stdout] error[E0053]: method `get_range` has an incompatible type for trait
[INFO] [stdout]    --> /opt/rustwide/cargo-home/registry/src/index.crates.io-6f17d22bba15001f/yggdrasil-parser-0.0.4/src/bootstrap/parse_ast.rs:765:28
[INFO] [stdout]     |
[INFO] [stdout] 765 |     fn get_range(&self) -> Option<Range<usize>> {
[INFO] [stdout]     |                            ^^^^^^^^^^^^^^^^^^^^
[INFO] [stdout]     |                            |
[INFO] [stdout]     |                            expected `std::ops::Range<usize>`, found `Option<std::ops::Range<usize>>`
[INFO] [stdout]     |                            help: change the output type to match the trait: `std::ops::Range<usize>`
[INFO] [stdout]     |
[INFO] [stdout]     = note: expected signature `fn(&bootstrap::StringNode) -> std::ops::Range<_>`
[INFO] [stdout]                found signature `fn(&bootstrap::StringNode) -> Option<std::ops::Range<_>>`
[INFO] [stdout] 
[INFO] [stdout] 
[INFO] [stdout] error[E0053]: method `get_range` has an incompatible type for trait
[INFO] [stdout]    --> /opt/rustwide/cargo-home/registry/src/index.crates.io-6f17d22bba15001f/yggdrasil-parser-0.0.4/src/bootstrap/parse_ast.rs:794:28
[INFO] [stdout]     |
[INFO] [stdout] 794 |     fn get_range(&self) -> Option<Range<usize>> {
[INFO] [stdout]     |                            ^^^^^^^^^^^^^^^^^^^^
[INFO] [stdout]     |                            |
[INFO] [stdout]     |                            expected `std::ops::Range<usize>`, found `Option<std::ops::Range<usize>>`
[INFO] [stdout]     |                            help: change the output type to match the trait: `std::ops::Range<usize>`
[INFO] [stdout]     |
[INFO] [stdout]     = note: expected signature `fn(&bootstrap::StringRawNode) -> std::ops::Range<_>`
[INFO] [stdout]                found signature `fn(&bootstrap::StringRawNode) -> Option<std::ops::Range<_>>`
[INFO] [stdout] 
[INFO] [stdout] 
[INFO] [stdout] error[E0053]: method `get_range` has an incompatible type for trait
[INFO] [stdout]    --> /opt/rustwide/cargo-home/registry/src/index.crates.io-6f17d22bba15001f/yggdrasil-parser-0.0.4/src/bootstrap/parse_ast.rs:815:28
[INFO] [stdout]     |
[INFO] [stdout] 815 |     fn get_range(&self) -> Option<Range<usize>> {
[INFO] [stdout]     |                            ^^^^^^^^^^^^^^^^^^^^
[INFO] [stdout]     |                            |
[INFO] [stdout]     |                            expected `std::ops::Range<usize>`, found `Option<std::ops::Range<usize>>`
[INFO] [stdout]     |                            help: change the output type to match the trait: `std::ops::Range<usize>`
[INFO] [stdout]     |
[INFO] [stdout]     = note: expected signature `fn(&bootstrap::StringNormalNode) -> std::ops::Range<_>`
[INFO] [stdout]                found signature `fn(&bootstrap::StringNormalNode) -> Option<std::ops::Range<_>>`
[INFO] [stdout] 
[INFO] [stdout] 
[INFO] [stdout] error[E0053]: method `get_range` has an incompatible type for trait
[INFO] [stdout]    --> /opt/rustwide/cargo-home/registry/src/index.crates.io-6f17d22bba15001f/yggdrasil-parser-0.0.4/src/bootstrap/parse_ast.rs:841:28
[INFO] [stdout]     |
[INFO] [stdout] 841 |     fn get_range(&self) -> Option<Range<usize>> {
[INFO] [stdout]     |                            ^^^^^^^^^^^^^^^^^^^^
[INFO] [stdout]     |                            |
[INFO] [stdout]     |                            expected `std::ops::Range<usize>`, found `Option<std::ops::Range<usize>>`
[INFO] [stdout]     |                            help: change the output type to match the trait: `std::ops::Range<usize>`
[INFO] [stdout]     |
[INFO] [stdout]     = note: expected signature `fn(&bootstrap::StringItemNode) -> std::ops::Range<_>`
[INFO] [stdout]                found signature `fn(&bootstrap::StringItemNode) -> Option<std::ops::Range<_>>`
[INFO] [stdout] 
[INFO] [stdout] 
[INFO] [stdout] error[E0053]: method `get_range` has an incompatible type for trait
[INFO] [stdout]    --> /opt/rustwide/cargo-home/registry/src/index.crates.io-6f17d22bba15001f/yggdrasil-parser-0.0.4/src/bootstrap/parse_ast.rs:875:28
[INFO] [stdout]     |
[INFO] [stdout] 875 |     fn get_range(&self) -> Option<Range<usize>> {
[INFO] [stdout]     |                            ^^^^^^^^^^^^^^^^^^^^
[INFO] [stdout]     |                            |
[INFO] [stdout]     |                            expected `std::ops::Range<usize>`, found `Option<std::ops::Range<usize>>`
[INFO] [stdout]     |                            help: change the output type to match the trait: `std::ops::Range<usize>`
[INFO] [stdout]     |
[INFO] [stdout]     = note: expected signature `fn(&bootstrap::EscapedUnicodeNode) -> std::ops::Range<_>`
[INFO] [stdout]                found signature `fn(&bootstrap::EscapedUnicodeNode) -> Option<std::ops::Range<_>>`
[INFO] [stdout] 
[INFO] [stdout] 
[INFO] [stdout] error[E0053]: method `get_range` has an incompatible type for trait
[INFO] [stdout]    --> /opt/rustwide/cargo-home/registry/src/index.crates.io-6f17d22bba15001f/yggdrasil-parser-0.0.4/src/bootstrap/parse_ast.rs:897:28
[INFO] [stdout]     |
[INFO] [stdout] 897 |     fn get_range(&self) -> Option<Range<usize>> {
[INFO] [stdout]     |                            ^^^^^^^^^^^^^^^^^^^^
[INFO] [stdout]     |                            |
[INFO] [stdout]     |                            expected `std::ops::Range<usize>`, found `Option<std::ops::Range<usize>>`
[INFO] [stdout]     |                            help: change the output type to match the trait: `std::ops::Range<usize>`
[INFO] [stdout]     |
[INFO] [stdout]     = note: expected signature `fn(&bootstrap::EscapedCharacterNode) -> std::ops::Range<_>`
[INFO] [stdout]                found signature `fn(&bootstrap::EscapedCharacterNode) -> Option<std::ops::Range<_>>`
[INFO] [stdout] 
[INFO] [stdout] 
[INFO] [stdout] error[E0053]: method `get_range` has an incompatible type for trait
[INFO] [stdout]    --> /opt/rustwide/cargo-home/registry/src/index.crates.io-6f17d22bba15001f/yggdrasil-parser-0.0.4/src/bootstrap/parse_ast.rs:919:28
[INFO] [stdout]     |
[INFO] [stdout] 919 |     fn get_range(&self) -> Option<Range<usize>> {
[INFO] [stdout]     |                            ^^^^^^^^^^^^^^^^^^^^
[INFO] [stdout]     |                            |
[INFO] [stdout]     |                            expected `std::ops::Range<usize>`, found `Option<std::ops::Range<usize>>`
[INFO] [stdout]     |                            help: change the output type to match the trait: `std::ops::Range<usize>`
[INFO] [stdout]     |
[INFO] [stdout]     = note: expected signature `fn(&bootstrap::TextAnyNode) -> std::ops::Range<_>`
[INFO] [stdout]                found signature `fn(&bootstrap::TextAnyNode) -> Option<std::ops::Range<_>>`
[INFO] [stdout] 
[INFO] [stdout] 
[INFO] [stdout] error[E0053]: method `get_range` has an incompatible type for trait
[INFO] [stdout]    --> /opt/rustwide/cargo-home/registry/src/index.crates.io-6f17d22bba15001f/yggdrasil-parser-0.0.4/src/bootstrap/parse_ast.rs:940:28
[INFO] [stdout]     |
[INFO] [stdout] 940 |     fn get_range(&self) -> Option<Range<usize>> {
[INFO] [stdout]     |                            ^^^^^^^^^^^^^^^^^^^^
[INFO] [stdout]     |                            |
[INFO] [stdout]     |                            expected `std::ops::Range<usize>`, found `Option<std::ops::Range<usize>>`
[INFO] [stdout]     |                            help: change the output type to match the trait: `std::ops::Range<usize>`
[INFO] [stdout]     |
[INFO] [stdout]     = note: expected signature `fn(&bootstrap::RegexEmbedNode) -> std::ops::Range<_>`
[INFO] [stdout]                found signature `fn(&bootstrap::RegexEmbedNode) -> Option<std::ops::Range<_>>`
[INFO] [stdout] 
[INFO] [stdout] 
[INFO] [stdout] error[E0053]: method `get_range` has an incompatible type for trait
[INFO] [stdout]    --> /opt/rustwide/cargo-home/registry/src/index.crates.io-6f17d22bba15001f/yggdrasil-parser-0.0.4/src/bootstrap/parse_ast.rs:964:28
[INFO] [stdout]     |
[INFO] [stdout] 964 |     fn get_range(&self) -> Option<Range<usize>> {
[INFO] [stdout]     |                            ^^^^^^^^^^^^^^^^^^^^
[INFO] [stdout]     |                            |
[INFO] [stdout]     |                            expected `std::ops::Range<usize>`, found `Option<std::ops::Range<usize>>`
[INFO] [stdout]     |                            help: change the output type to match the trait: `std::ops::Range<usize>`
[INFO] [stdout]     |
[INFO] [stdout]     = note: expected signature `fn(&bootstrap::RegexInnerNode) -> std::ops::Range<_>`
[INFO] [stdout]                found signature `fn(&bootstrap::RegexInnerNode) -> Option<std::ops::Range<_>>`
[INFO] [stdout] 
[INFO] [stdout] 
[INFO] [stdout] error[E0053]: method `get_range` has an incompatible type for trait
[INFO] [stdout]    --> /opt/rustwide/cargo-home/registry/src/index.crates.io-6f17d22bba15001f/yggdrasil-parser-0.0.4/src/bootstrap/parse_ast.rs:985:28
[INFO] [stdout]     |
[INFO] [stdout] 985 |     fn get_range(&self) -> Option<Range<usize>> {
[INFO] [stdout]     |                            ^^^^^^^^^^^^^^^^^^^^
[INFO] [stdout]     |                            |
[INFO] [stdout]     |                            expected `std::ops::Range<usize>`, found `Option<std::ops::Range<usize>>`
[INFO] [stdout]     |                            help: change the output type to match the trait: `std::ops::Range<usize>`
[INFO] [stdout]     |
[INFO] [stdout]     = note: expected signature `fn(&bootstrap::RegexRangeNode) -> std::ops::Range<_>`
[INFO] [stdout]                found signature `fn(&bootstrap::RegexRangeNode) -> Option<std::ops::Range<_>>`
[INFO] [stdout] 
[INFO] [stdout] 
[INFO] [stdout] error[E0053]: method `get_range` has an incompatible type for trait
[INFO] [stdout]     --> /opt/rustwide/cargo-home/registry/src/index.crates.io-6f17d22bba15001f/yggdrasil-parser-0.0.4/src/bootstrap/parse_ast.rs:1009:28
[INFO] [stdout]      |
[INFO] [stdout] 1009 |     fn get_range(&self) -> Option<Range<usize>> {
[INFO] [stdout]      |                            ^^^^^^^^^^^^^^^^^^^^
[INFO] [stdout]      |                            |
[INFO] [stdout]      |                            expected `std::ops::Range<usize>`, found `Option<std::ops::Range<usize>>`
[INFO] [stdout]      |                            help: change the output type to match the trait: `std::ops::Range<usize>`
[INFO] [stdout]      |
[INFO] [stdout]      = note: expected signature `fn(&bootstrap::RegexNegativeNode) -> std::ops::Range<_>`
[INFO] [stdout]                 found signature `fn(&bootstrap::RegexNegativeNode) -> Option<std::ops::Range<_>>`
[INFO] [stdout] 
[INFO] [stdout] 
[INFO] [stdout] error[E0053]: method `get_range` has an incompatible type for trait
[INFO] [stdout]     --> /opt/rustwide/cargo-home/registry/src/index.crates.io-6f17d22bba15001f/yggdrasil-parser-0.0.4/src/bootstrap/parse_ast.rs:1029:28
[INFO] [stdout]      |
[INFO] [stdout] 1029 |     fn get_range(&self) -> Option<Range<usize>> {
[INFO] [stdout]      |                            ^^^^^^^^^^^^^^^^^^^^
[INFO] [stdout]      |                            |
[INFO] [stdout]      |                            expected `std::ops::Range<usize>`, found `Option<std::ops::Range<usize>>`
[INFO] [stdout]      |                            help: change the output type to match the trait: `std::ops::Range<usize>`
[INFO] [stdout]      |
[INFO] [stdout]      = note: expected signature `fn(&bootstrap::NamepathFreeNode) -> std::ops::Range<_>`
[INFO] [stdout]                 found signature `fn(&bootstrap::NamepathFreeNode) -> Option<std::ops::Range<_>>`
[INFO] [stdout] 
[INFO] [stdout] 
[INFO] [stdout] error[E0053]: method `get_range` has an incompatible type for trait
[INFO] [stdout]     --> /opt/rustwide/cargo-home/registry/src/index.crates.io-6f17d22bba15001f/yggdrasil-parser-0.0.4/src/bootstrap/parse_ast.rs:1052:28
[INFO] [stdout]      |
[INFO] [stdout] 1052 |     fn get_range(&self) -> Option<Range<usize>> {
[INFO] [stdout]      |                            ^^^^^^^^^^^^^^^^^^^^
[INFO] [stdout]      |                            |
[INFO] [stdout]      |                            expected `std::ops::Range<usize>`, found `Option<std::ops::Range<usize>>`
[INFO] [stdout]      |                            help: change the output type to match the trait: `std::ops::Range<usize>`
[INFO] [stdout]      |
[INFO] [stdout]      = note: expected signature `fn(&bootstrap::NamepathNode) -> std::ops::Range<_>`
[INFO] [stdout]                 found signature `fn(&bootstrap::NamepathNode) -> Option<std::ops::Range<_>>`
[INFO] [stdout] 
[INFO] [stdout] 
[INFO] [stdout] error[E0053]: method `get_range` has an incompatible type for trait
[INFO] [stdout]     --> /opt/rustwide/cargo-home/registry/src/index.crates.io-6f17d22bba15001f/yggdrasil-parser-0.0.4/src/bootstrap/parse_ast.rs:1075:28
[INFO] [stdout]      |
[INFO] [stdout] 1075 |     fn get_range(&self) -> Option<Range<usize>> {
[INFO] [stdout]      |                            ^^^^^^^^^^^^^^^^^^^^
[INFO] [stdout]      |                            |
[INFO] [stdout]      |                            expected `std::ops::Range<usize>`, found `Option<std::ops::Range<usize>>`
[INFO] [stdout]      |                            help: change the output type to match the trait: `std::ops::Range<usize>`
[INFO] [stdout]      |
[INFO] [stdout]      = note: expected signature `fn(&bootstrap::IdentifierNode) -> std::ops::Range<_>`
[INFO] [stdout]                 found signature `fn(&bootstrap::IdentifierNode) -> Option<std::ops::Range<_>>`
[INFO] [stdout] 
[INFO] [stdout] 
[INFO] [stdout] error[E0053]: method `get_range` has an incompatible type for trait
[INFO] [stdout]     --> /opt/rustwide/cargo-home/registry/src/index.crates.io-6f17d22bba15001f/yggdrasil-parser-0.0.4/src/bootstrap/parse_ast.rs:1095:28
[INFO] [stdout]      |
[INFO] [stdout] 1095 |     fn get_range(&self) -> Option<Range<usize>> {
[INFO] [stdout]      |                            ^^^^^^^^^^^^^^^^^^^^
[INFO] [stdout]      |                            |
[INFO] [stdout]      |                            expected `std::ops::Range<usize>`, found `Option<std::ops::Range<usize>>`
[INFO] [stdout]      |                            help: change the output type to match the trait: `std::ops::Range<usize>`
[INFO] [stdout]      |
[INFO] [stdout]      = note: expected signature `fn(&bootstrap::BooleanNode) -> std::ops::Range<_>`
[INFO] [stdout]                 found signature `fn(&bootstrap::BooleanNode) -> Option<std::ops::Range<_>>`
[INFO] [stdout] 
[INFO] [stdout] 
[INFO] [stdout] error[E0053]: method `get_range` has an incompatible type for trait
[INFO] [stdout]     --> /opt/rustwide/cargo-home/registry/src/index.crates.io-6f17d22bba15001f/yggdrasil-parser-0.0.4/src/bootstrap/parse_ast.rs:1124:28
[INFO] [stdout]      |
[INFO] [stdout] 1124 |     fn get_range(&self) -> Option<Range<usize>> {
[INFO] [stdout]      |                            ^^^^^^^^^^^^^^^^^^^^
[INFO] [stdout]      |                            |
[INFO] [stdout]      |                            expected `std::ops::Range<usize>`, found `Option<std::ops::Range<usize>>`
[INFO] [stdout]      |                            help: change the output type to match the trait: `std::ops::Range<usize>`
[INFO] [stdout]      |
[INFO] [stdout]      = note: expected signature `fn(&bootstrap::ModifierCallNode) -> std::ops::Range<_>`
[INFO] [stdout]                 found signature `fn(&bootstrap::ModifierCallNode) -> Option<std::ops::Range<_>>`
[INFO] [stdout] 
[INFO] [stdout] 
[INFO] [stdout] error[E0053]: method `get_range` has an incompatible type for trait
[INFO] [stdout]     --> /opt/rustwide/cargo-home/registry/src/index.crates.io-6f17d22bba15001f/yggdrasil-parser-0.0.4/src/bootstrap/parse_ast.rs:1147:28
[INFO] [stdout]      |
[INFO] [stdout] 1147 |     fn get_range(&self) -> Option<Range<usize>> {
[INFO] [stdout]      |                            ^^^^^^^^^^^^^^^^^^^^
[INFO] [stdout]      |                            |
[INFO] [stdout]      |                            expected `std::ops::Range<usize>`, found `Option<std::ops::Range<usize>>`
[INFO] [stdout]      |                            help: change the output type to match the trait: `std::ops::Range<usize>`
[INFO] [stdout]      |
[INFO] [stdout]      = note: expected signature `fn(&bootstrap::KwGrammarNode) -> std::ops::Range<_>`
[INFO] [stdout]                 found signature `fn(&bootstrap::KwGrammarNode) -> Option<std::ops::Range<_>>`
[INFO] [stdout] 
[INFO] [stdout] 
[INFO] [stdout] error[E0053]: method `get_range` has an incompatible type for trait
[INFO] [stdout]     --> /opt/rustwide/cargo-home/registry/src/index.crates.io-6f17d22bba15001f/yggdrasil-parser-0.0.4/src/bootstrap/parse_ast.rs:1167:28
[INFO] [stdout]      |
[INFO] [stdout] 1167 |     fn get_range(&self) -> Option<Range<usize>> {
[INFO] [stdout]      |                            ^^^^^^^^^^^^^^^^^^^^
[INFO] [stdout]      |                            |
[INFO] [stdout]      |                            expected `std::ops::Range<usize>`, found `Option<std::ops::Range<usize>>`
[INFO] [stdout]      |                            help: change the output type to match the trait: `std::ops::Range<usize>`
[INFO] [stdout]      |
[INFO] [stdout]      = note: expected signature `fn(&bootstrap::KwImportNode) -> std::ops::Range<_>`
[INFO] [stdout]                 found signature `fn(&bootstrap::KwImportNode) -> Option<std::ops::Range<_>>`
[INFO] [stdout] 
[INFO] [stdout] 
[INFO] [stdout] error[E0053]: method `get_range` has an incompatible type for trait
[INFO] [stdout]     --> /opt/rustwide/cargo-home/registry/src/index.crates.io-6f17d22bba15001f/yggdrasil-parser-0.0.4/src/bootstrap/parse_ast.rs:1187:28
[INFO] [stdout]      |
[INFO] [stdout] 1187 |     fn get_range(&self) -> Option<Range<usize>> {
[INFO] [stdout]      |                            ^^^^^^^^^^^^^^^^^^^^
[INFO] [stdout]      |                            |
[INFO] [stdout]      |                            expected `std::ops::Range<usize>`, found `Option<std::ops::Range<usize>>`
[INFO] [stdout]      |                            help: change the output type to match the trait: `std::ops::Range<usize>`
[INFO] [stdout]      |
[INFO] [stdout]      = note: expected signature `fn(&bootstrap::KwClassNode) -> std::ops::Range<_>`
[INFO] [stdout]                 found signature `fn(&bootstrap::KwClassNode) -> Option<std::ops::Range<_>>`
[INFO] [stdout] 
[INFO] [stdout] 
[INFO] [stdout] error[E0053]: method `get_range` has an incompatible type for trait
[INFO] [stdout]     --> /opt/rustwide/cargo-home/registry/src/index.crates.io-6f17d22bba15001f/yggdrasil-parser-0.0.4/src/bootstrap/parse_ast.rs:1207:28
[INFO] [stdout]      |
[INFO] [stdout] 1207 |     fn get_range(&self) -> Option<Range<usize>> {
[INFO] [stdout]      |                            ^^^^^^^^^^^^^^^^^^^^
[INFO] [stdout]      |                            |
[INFO] [stdout]      |                            expected `std::ops::Range<usize>`, found `Option<std::ops::Range<usize>>`
[INFO] [stdout]      |                            help: change the output type to match the trait: `std::ops::Range<usize>`
[INFO] [stdout]      |
[INFO] [stdout]      = note: expected signature `fn(&bootstrap::KwUnionNode) -> std::ops::Range<_>`
[INFO] [stdout]                 found signature `fn(&bootstrap::KwUnionNode) -> Option<std::ops::Range<_>>`
[INFO] [stdout] 
[INFO] [stdout] 
[INFO] [stdout] error[E0053]: method `get_range` has an incompatible type for trait
[INFO] [stdout]     --> /opt/rustwide/cargo-home/registry/src/index.crates.io-6f17d22bba15001f/yggdrasil-parser-0.0.4/src/bootstrap/parse_ast.rs:1227:28
[INFO] [stdout]      |
[INFO] [stdout] 1227 |     fn get_range(&self) -> Option<Range<usize>> {
[INFO] [stdout]      |                            ^^^^^^^^^^^^^^^^^^^^
[INFO] [stdout]      |                            |
[INFO] [stdout]      |                            expected `std::ops::Range<usize>`, found `Option<std::ops::Range<usize>>`
[INFO] [stdout]      |                            help: change the output type to match the trait: `std::ops::Range<usize>`
[INFO] [stdout]      |
[INFO] [stdout]      = note: expected signature `fn(&bootstrap::KwGroupNode) -> std::ops::Range<_>`
[INFO] [stdout]                 found signature `fn(&bootstrap::KwGroupNode) -> Option<std::ops::Range<_>>`
[INFO] [stdout] 
[INFO] [stdout] 
[INFO] [stdout] error[E0053]: method `get_range` has an incompatible type for trait
[INFO] [stdout]     --> /opt/rustwide/cargo-home/registry/src/index.crates.io-6f17d22bba15001f/yggdrasil-parser-0.0.4/src/bootstrap/parse_ast.rs:1247:28
[INFO] [stdout]      |
[INFO] [stdout] 1247 |     fn get_range(&self) -> Option<Range<usize>> {
[INFO] [stdout]      |                            ^^^^^^^^^^^^^^^^^^^^
[INFO] [stdout]      |                            |
[INFO] [stdout]      |                            expected `std::ops::Range<usize>`, found `Option<std::ops::Range<usize>>`
[INFO] [stdout]      |                            help: change the output type to match the trait: `std::ops::Range<usize>`
[INFO] [stdout]      |
[INFO] [stdout]      = note: expected signature `fn(&bootstrap::KwClimbNode) -> std::ops::Range<_>`
[INFO] [stdout]                 found signature `fn(&bootstrap::KwClimbNode) -> Option<std::ops::Range<_>>`
[INFO] [stdout] 
[INFO] [stdout] 
[INFO] [stdout] error[E0053]: method `get_range` has an incompatible type for trait
[INFO] [stdout]     --> /opt/rustwide/cargo-home/registry/src/index.crates.io-6f17d22bba15001f/yggdrasil-parser-0.0.4/src/bootstrap/parse_ast.rs:1267:28
[INFO] [stdout]      |
[INFO] [stdout] 1267 |     fn get_range(&self) -> Option<Range<usize>> {
[INFO] [stdout]      |                            ^^^^^^^^^^^^^^^^^^^^
[INFO] [stdout]      |                            |
[INFO] [stdout]      |                            expected `std::ops::Range<usize>`, found `Option<std::ops::Range<usize>>`
[INFO] [stdout]      |                            help: change the output type to match the trait: `std::ops::Range<usize>`
[INFO] [stdout]      |
[INFO] [stdout]      = note: expected signature `fn(&bootstrap::KwMacroNode) -> std::ops::Range<_>`
[INFO] [stdout]                 found signature `fn(&bootstrap::KwMacroNode) -> Option<std::ops::Range<_>>`
[INFO] [stdout] 
[INFO] [stdout] 
[INFO] [stdout] error[E0053]: method `get_range` has an incompatible type for trait
[INFO] [stdout]     --> /opt/rustwide/cargo-home/registry/src/index.crates.io-6f17d22bba15001f/yggdrasil-parser-0.0.4/src/bootstrap/parse_ast.rs:1287:28
[INFO] [stdout]      |
[INFO] [stdout] 1287 |     fn get_range(&self) -> Option<Range<usize>> {
[INFO] [stdout]      |                            ^^^^^^^^^^^^^^^^^^^^
[INFO] [stdout]      |                            |
[INFO] [stdout]      |                            expected `std::ops::Range<usize>`, found `Option<std::ops::Range<usize>>`
[INFO] [stdout]      |                            help: change the output type to match the trait: `std::ops::Range<usize>`
[INFO] [stdout]      |
[INFO] [stdout]      = note: expected signature `fn(&bootstrap::WhiteSpaceNode) -> std::ops::Range<_>`
[INFO] [stdout]                 found signature `fn(&bootstrap::WhiteSpaceNode) -> Option<std::ops::Range<_>>`
[INFO] [stdout] 
[INFO] [stdout] 
[INFO] [stdout] error[E0053]: method `get_range` has an incompatible type for trait
[INFO] [stdout]     --> /opt/rustwide/cargo-home/registry/src/index.crates.io-6f17d22bba15001f/yggdrasil-parser-0.0.4/src/bootstrap/parse_ast.rs:1308:28
[INFO] [stdout]      |
[INFO] [stdout] 1308 |     fn get_range(&self) -> Option<Range<usize>> {
[INFO] [stdout]      |                            ^^^^^^^^^^^^^^^^^^^^
[INFO] [stdout]      |                            |
[INFO] [stdout]      |                            expected `std::ops::Range<usize>`, found `Option<std::ops::Range<usize>>`
[INFO] [stdout]      |                            help: change the output type to match the trait: `std::ops::Range<usize>`
[INFO] [stdout]      |
[INFO] [stdout]      = note: expected signature `fn(&bootstrap::CommentNode) -> std::ops::Range<_>`
[INFO] [stdout]                 found signature `fn(&bootstrap::CommentNode) -> Option<std::ops::Range<_>>`
[INFO] [stdout] 
[INFO] [stdout] 
[INFO] [stdout] error[E0308]: mismatched types
[INFO] [stdout]   --> /opt/rustwide/cargo-home/registry/src/index.crates.io-6f17d22bba15001f/yggdrasil-parser-0.0.4/src/antlr/parse_ast.rs:31:40
[INFO] [stdout]    |
[INFO] [stdout] 29 |     fn get_range(&self) -> Option<Range<usize>> {
[INFO] [stdout]    |                            -------------------- expected `Option<std::ops::Range<usize>>` because of return type
[INFO] [stdout] 30 |         match self {
[INFO] [stdout] 31 |             Self::ClassStatement(s) => s.get_range(),
[INFO] [stdout]    |                                        ^^^^^^^^^^^^^ expected `Option<Range<usize>>`, found `Range<usize>`
[INFO] [stdout]    |
[INFO] [stdout]    = note: expected enum `Option<std::ops::Range<_>>`
[INFO] [stdout]             found struct `std::ops::Range<_>`
[INFO] [stdout] help: try wrapping the expression in `Some`
[INFO] [stdout]    |
[INFO] [stdout] 31 |             Self::ClassStatement(s) => Some(s.get_range()),
[INFO] [stdout]    |                                        +++++             +
[INFO] [stdout] 
[INFO] [stdout] 
[INFO] [stdout] error[E0308]: mismatched types
[INFO] [stdout]    --> /opt/rustwide/cargo-home/registry/src/index.crates.io-6f17d22bba15001f/yggdrasil-parser-0.0.4/src/antlr/parse_ast.rs:681:33
[INFO] [stdout]     |
[INFO] [stdout] 679 |     fn get_range(&self) -> Option<Range<usize>> {
[INFO] [stdout]     |                            -------------------- expected `Option<std::ops::Range<usize>>` because of return type
[INFO] [stdout] 680 |         match self {
[INFO] [stdout] 681 |             Self::Boolean(s) => s.get_range(),
[INFO] [stdout]     |                                 ^^^^^^^^^^^^^ expected `Option<Range<usize>>`, found `Range<usize>`
[INFO] [stdout]     |
[INFO] [stdout]     = note: expected enum `Option<std::ops::Range<_>>`
[INFO] [stdout]              found struct `std::ops::Range<_>`
[INFO] [stdout] help: try wrapping the expression in `Some`
[INFO] [stdout]     |
[INFO] [stdout] 681 |             Self::Boolean(s) => Some(s.get_range()),
[INFO] [stdout]     |                                 +++++             +
[INFO] [stdout] 
[INFO] [stdout] 
[INFO] [stdout] error[E0308]: mismatched types
[INFO] [stdout]    --> /opt/rustwide/cargo-home/registry/src/index.crates.io-6f17d22bba15001f/yggdrasil-parser-0.0.4/src/antlr/parse_ast.rs:753:32
[INFO] [stdout]     |
[INFO] [stdout] 751 |     fn get_range(&self) -> Option<Range<usize>> {
[INFO] [stdout]     |                            -------------------- expected `Option<std::ops::Range<usize>>` because of return type
[INFO] [stdout] 752 |         match self {
[INFO] [stdout] 753 |             Self::Normal(s) => s.get_range(),
[INFO] [stdout]     |                                ^^^^^^^^^^^^^ expected `Option<Range<usize>>`, found `Range<usize>`
[INFO] [stdout]     |
[INFO] [stdout]     = note: expected enum `Option<std::ops::Range<_>>`
[INFO] [stdout]              found struct `std::ops::Range<_>`
[INFO] [stdout] help: try wrapping the expression in `Some`
[INFO] [stdout]     |
[INFO] [stdout] 753 |             Self::Normal(s) => Some(s.get_range()),
[INFO] [stdout]     |                                +++++             +
[INFO] [stdout] 
[INFO] [stdout] 
[INFO] [stdout] error[E0308]: mismatched types
[INFO] [stdout]    --> /opt/rustwide/cargo-home/registry/src/index.crates.io-6f17d22bba15001f/yggdrasil-parser-0.0.4/src/antlr/parse_ast.rs:828:42
[INFO] [stdout]     |
[INFO] [stdout] 826 |     fn get_range(&self) -> Option<Range<usize>> {
[INFO] [stdout]     |                            -------------------- expected `Option<std::ops::Range<usize>>` because of return type
[INFO] [stdout] 827 |         match self {
[INFO] [stdout] 828 |             Self::EscapedCharacter(s) => s.get_range(),
[INFO] [stdout]     |                                          ^^^^^^^^^^^^^ expected `Option<Range<usize>>`, found `Range<usize>`
[INFO] [stdout]     |
[INFO] [stdout]     = note: expected enum `Option<std::ops::Range<_>>`
[INFO] [stdout]              found struct `std::ops::Range<_>`
[INFO] [stdout] help: try wrapping the expression in `Some`
[INFO] [stdout]     |
[INFO] [stdout] 828 |             Self::EscapedCharacter(s) => Some(s.get_range()),
[INFO] [stdout]     |                                          +++++             +
[INFO] [stdout] 
[INFO] [stdout] 
[INFO] [stdout] error[E0308]: mismatched types
[INFO] [stdout]   --> /opt/rustwide/cargo-home/registry/src/index.crates.io-6f17d22bba15001f/yggdrasil-parser-0.0.4/src/bootstrap/parse_ast.rs:31:40
[INFO] [stdout]    |
[INFO] [stdout] 29 |     fn get_range(&self) -> Option<Range<usize>> {
[INFO] [stdout]    |                            -------------------- expected `Option<std::ops::Range<usize>>` because of return type
[INFO] [stdout] 30 |         match self {
[INFO] [stdout] 31 |             Self::ClassStatement(s) => s.get_range(),
[INFO] [stdout]    |                                        ^^^^^^^^^^^^^ expected `Option<Range<usize>>`, found `Range<usize>`
[INFO] [stdout]    |
[INFO] [stdout]    = note: expected enum `Option<std::ops::Range<_>>`
[INFO] [stdout]             found struct `std::ops::Range<_>`
[INFO] [stdout] help: try wrapping the expression in `Some`
[INFO] [stdout]    |
[INFO] [stdout] 31 |             Self::ClassStatement(s) => Some(s.get_range()),
[INFO] [stdout]    |                                        +++++             +
[INFO] [stdout] 
[INFO] [stdout] 
[INFO] [stdout] error[E0308]: mismatched types
[INFO] [stdout]    --> /opt/rustwide/cargo-home/registry/src/index.crates.io-6f17d22bba15001f/yggdrasil-parser-0.0.4/src/bootstrap/parse_ast.rs:695:33
[INFO] [stdout]     |
[INFO] [stdout] 693 |     fn get_range(&self) -> Option<Range<usize>> {
[INFO] [stdout]     |                            -------------------- expected `Option<std::ops::Range<usize>>` because of return type
[INFO] [stdout] 694 |         match self {
[INFO] [stdout] 695 |             Self::Boolean(s) => s.get_range(),
[INFO] [stdout]     |                                 ^^^^^^^^^^^^^ expected `Option<Range<usize>>`, found `Range<usize>`
[INFO] [stdout]     |
[INFO] [stdout]     = note: expected enum `Option<std::ops::Range<_>>`
[INFO] [stdout]              found struct `std::ops::Range<_>`
[INFO] [stdout] help: try wrapping the expression in `Some`
[INFO] [stdout]     |
[INFO] [stdout] 695 |             Self::Boolean(s) => Some(s.get_range()),
[INFO] [stdout]     |                                 +++++             +
[INFO] [stdout] 
[INFO] [stdout] 
[INFO] [stdout] error[E0308]: mismatched types
[INFO] [stdout]    --> /opt/rustwide/cargo-home/registry/src/index.crates.io-6f17d22bba15001f/yggdrasil-parser-0.0.4/src/bootstrap/parse_ast.rs:767:32
[INFO] [stdout]     |
[INFO] [stdout] 765 |     fn get_range(&self) -> Option<Range<usize>> {
[INFO] [stdout]     |                            -------------------- expected `Option<std::ops::Range<usize>>` because of return type
[INFO] [stdout] 766 |         match self {
[INFO] [stdout] 767 |             Self::Normal(s) => s.get_range(),
[INFO] [stdout]     |                                ^^^^^^^^^^^^^ expected `Option<Range<usize>>`, found `Range<usize>`
[INFO] [stdout]     |
[INFO] [stdout]     = note: expected enum `Option<std::ops::Range<_>>`
[INFO] [stdout]              found struct `std::ops::Range<_>`
[INFO] [stdout] help: try wrapping the expression in `Some`
[INFO] [stdout]     |
[INFO] [stdout] 767 |             Self::Normal(s) => Some(s.get_range()),
[INFO] [stdout]     |                                +++++             +
[INFO] [stdout] 
[INFO] [stdout] 
[INFO] [stdout] error[E0308]: mismatched types
[INFO] [stdout]    --> /opt/rustwide/cargo-home/registry/src/index.crates.io-6f17d22bba15001f/yggdrasil-parser-0.0.4/src/bootstrap/parse_ast.rs:843:42
[INFO] [stdout]     |
[INFO] [stdout] 841 |     fn get_range(&self) -> Option<Range<usize>> {
[INFO] [stdout]     |                            -------------------- expected `Option<std::ops::Range<usize>>` because of return type
[INFO] [stdout] 842 |         match self {
[INFO] [stdout] 843 |             Self::EscapedCharacter(s) => s.get_range(),
[INFO] [stdout]     |                                          ^^^^^^^^^^^^^ expected `Option<Range<usize>>`, found `Range<usize>`
[INFO] [stdout]     |
[INFO] [stdout]     = note: expected enum `Option<std::ops::Range<_>>`
[INFO] [stdout]              found struct `std::ops::Range<_>`
[INFO] [stdout] help: try wrapping the expression in `Some`
[INFO] [stdout]     |
[INFO] [stdout] 843 |             Self::EscapedCharacter(s) => Some(s.get_range()),
[INFO] [stdout]     |                                          +++++             +
[INFO] [stdout] 
[INFO] [stdout] 
[INFO] [stderr]     Checking pex-trie v0.0.3
[INFO] [stdout] error: aborting due to 116 previous errors
[INFO] [stdout] 
[INFO] [stdout] 
[INFO] [stdout] Some errors have detailed explanations: E0053, E0308.
[INFO] [stdout] 
[INFO] [stdout] For more information about an error, try `rustc --explain E0053`.
[INFO] [stdout] 
[INFO] [stderr] error: could not compile `yggdrasil-parser` (lib) due to 117 previous errors
[INFO] [stderr] warning: build failed, waiting for other jobs to finish...
[INFO] running `Command { std: "docker" "inspect" "ce567f9a0fb7f9d77b4102631223e0c56f2123dd0ac71b0ad5bcdf10e8eb09ef", kill_on_drop: false }`
[INFO] running `Command { std: "docker" "rm" "-f" "ce567f9a0fb7f9d77b4102631223e0c56f2123dd0ac71b0ad5bcdf10e8eb09ef", kill_on_drop: false }`
[INFO] [stdout] ce567f9a0fb7f9d77b4102631223e0c56f2123dd0ac71b0ad5bcdf10e8eb09ef
