[INFO] fetching crate avr_delay 0.3.2...
[INFO] checking avr_delay-0.3.2 against nightly-2024-02-05 for check-cfg
[INFO] extracting crate avr_delay 0.3.2 into /workspace/builds/worker-5-tc1/source
[INFO] validating manifest of crates.io crate avr_delay 0.3.2 on toolchain nightly-2024-02-05
[INFO] running `Command { std: CARGO_HOME="/workspace/cargo-home" RUSTUP_HOME="/workspace/rustup-home" "/workspace/cargo-home/bin/cargo" "+nightly-2024-02-05" "metadata" "--manifest-path" "Cargo.toml" "--no-deps", kill_on_drop: false }`
[INFO] started tweaking crates.io crate avr_delay 0.3.2
[INFO] finished tweaking crates.io crate avr_delay 0.3.2
[INFO] tweaked toml for crates.io crate avr_delay 0.3.2 written to /workspace/builds/worker-5-tc1/source/Cargo.toml
[INFO] crate crates.io crate avr_delay 0.3.2 already has a lockfile, it will not be regenerated
[INFO] running `Command { std: CARGO_HOME="/workspace/cargo-home" RUSTUP_HOME="/workspace/rustup-home" "/workspace/cargo-home/bin/cargo" "+nightly-2024-02-05" "fetch" "--manifest-path" "Cargo.toml", kill_on_drop: false }`
[INFO] [stderr]     Updating crates.io index
[INFO] [stderr]  Downloading crates ...
[INFO] [stderr]   Downloaded avr-config v2.0.1
[INFO] [stderr]   Downloaded const_env_impl--value v0.1.2
[INFO] [stderr]   Downloaded const_env--value v0.1.2
[INFO] [stderr]   Downloaded avr-std-stub v1.0.2
[INFO] running `Command { std: "docker" "create" "-v" "/var/lib/crater-agent-workspace/builds/worker-5-tc1/target:/opt/rustwide/target:rw,Z" "-v" "/var/lib/crater-agent-workspace/builds/worker-5-tc1/source:/opt/rustwide/workdir:ro,Z" "-v" "/var/lib/crater-agent-workspace/cargo-home:/opt/rustwide/cargo-home:ro,Z" "-v" "/var/lib/crater-agent-workspace/rustup-home:/opt/rustwide/rustup-home:ro,Z" "-e" "SOURCE_DIR=/opt/rustwide/workdir" "-e" "CARGO_TARGET_DIR=/opt/rustwide/target" "-e" "CARGO_HOME=/opt/rustwide/cargo-home" "-e" "RUSTUP_HOME=/opt/rustwide/rustup-home" "-w" "/opt/rustwide/workdir" "-m" "1610612736" "--user" "0:0" "--network" "none" "ghcr.io/rust-lang/crates-build-env/linux@sha256:2788e3201cd34a07e3172128adcd8b3090168a8e3bcc40d7c032b9dda1df7d1c" "/opt/rustwide/cargo-home/bin/cargo" "+nightly-2024-02-05" "metadata" "--no-deps" "--format-version=1", kill_on_drop: false }`
[INFO] [stdout] eac1fb1c2fb0c152c63d12e094463cb48544c22aaa65496043b26bdf7d70a56c
[INFO] running `Command { std: "docker" "start" "-a" "eac1fb1c2fb0c152c63d12e094463cb48544c22aaa65496043b26bdf7d70a56c", kill_on_drop: false }`
[INFO] running `Command { std: "docker" "inspect" "eac1fb1c2fb0c152c63d12e094463cb48544c22aaa65496043b26bdf7d70a56c", kill_on_drop: false }`
[INFO] running `Command { std: "docker" "rm" "-f" "eac1fb1c2fb0c152c63d12e094463cb48544c22aaa65496043b26bdf7d70a56c", kill_on_drop: false }`
[INFO] [stdout] eac1fb1c2fb0c152c63d12e094463cb48544c22aaa65496043b26bdf7d70a56c
[INFO] running `Command { std: "docker" "create" "-v" "/var/lib/crater-agent-workspace/builds/worker-5-tc1/target:/opt/rustwide/target:rw,Z" "-v" "/var/lib/crater-agent-workspace/builds/worker-5-tc1/source:/opt/rustwide/workdir:ro,Z" "-v" "/var/lib/crater-agent-workspace/cargo-home:/opt/rustwide/cargo-home:ro,Z" "-v" "/var/lib/crater-agent-workspace/rustup-home:/opt/rustwide/rustup-home:ro,Z" "-e" "SOURCE_DIR=/opt/rustwide/workdir" "-e" "CARGO_TARGET_DIR=/opt/rustwide/target" "-e" "CARGO_INCREMENTAL=0" "-e" "RUST_BACKTRACE=full" "-e" "RUSTFLAGS=--cap-lints=forbid" "-e" "RUSTDOCFLAGS=--cap-lints=forbid" "-e" "CARGO_HOME=/opt/rustwide/cargo-home" "-e" "RUSTUP_HOME=/opt/rustwide/rustup-home" "-w" "/opt/rustwide/workdir" "-m" "1610612736" "--user" "0:0" "--network" "none" "ghcr.io/rust-lang/crates-build-env/linux@sha256:2788e3201cd34a07e3172128adcd8b3090168a8e3bcc40d7c032b9dda1df7d1c" "/opt/rustwide/cargo-home/bin/cargo" "+nightly-2024-02-05" "check" "--frozen" "--all" "--all-targets" "--message-format=json", kill_on_drop: false }`
[INFO] [stdout] 75be3a0449dfd952fee42c72f57166ee57e2dfc59b8b2db53f07d9c33417c3ff
[INFO] running `Command { std: "docker" "start" "-a" "75be3a0449dfd952fee42c72f57166ee57e2dfc59b8b2db53f07d9c33417c3ff", kill_on_drop: false }`
[INFO] [stderr]    Compiling proc-macro2 v1.0.24
[INFO] [stderr]    Compiling unicode-xid v0.2.1
[INFO] [stderr]    Compiling syn v1.0.60
[INFO] [stderr]     Checking avr-std-stub v1.0.2
[INFO] [stderr]    Compiling quote v1.0.9
[INFO] [stderr]    Compiling const_env_impl--value v0.1.2
[INFO] [stderr]    Compiling const_env--value v0.1.2
[INFO] [stderr]     Checking avr-config v2.0.1
[INFO] [stderr]     Checking avr_delay v0.3.2 (/opt/rustwide/workdir)
[INFO] [stdout] error: cannot find macro `llvm_asm` in this scope
[INFO] [stdout]   --> src/lib.rs:34:17
[INFO] [stdout]    |
[INFO] [stdout] 34 |         unsafe {llvm_asm!("1: sbiw $0,1
[INFO] [stdout]    |                 ^^^^^^^^
[INFO] [stdout] 
[INFO] [stdout] 
[INFO] [stdout] error: cannot find macro `llvm_asm` in this scope
[INFO] [stdout]   --> src/lib.rs:41:13
[INFO] [stdout]    |
[INFO] [stdout] 41 |     unsafe {llvm_asm!("1: sbiw $0,1
[INFO] [stdout]    |             ^^^^^^^^
[INFO] [stdout] 
[INFO] [stdout] 
[INFO] [stdout] error[E0635]: unknown feature `llvm_asm`
[INFO] [stdout]  --> src/lib.rs:1:12
[INFO] [stdout]   |
[INFO] [stdout] 1 | #![feature(llvm_asm)]
[INFO] [stdout]   |            ^^^^^^^^
[INFO] [stdout] 
[INFO] [stdout] 
[INFO] [stdout] error: cannot find macro `llvm_asm` in this scope
[INFO] [stdout]   --> src/lib.rs:34:17
[INFO] [stdout]    |
[INFO] [stdout] 34 |         unsafe {llvm_asm!("1: sbiw $0,1
[INFO] [stdout]    |                 ^^^^^^^^
[INFO] [stdout] 
[INFO] [stdout] 
[INFO] [stdout] error: cannot find macro `llvm_asm` in this scope
[INFO] [stdout]   --> src/lib.rs:41:13
[INFO] [stdout]    |
[INFO] [stdout] 41 |     unsafe {llvm_asm!("1: sbiw $0,1
[INFO] [stdout]    |             ^^^^^^^^
[INFO] [stdout] 
[INFO] [stdout] 
[INFO] [stdout] error: aborting due to 3 previous errors
[INFO] [stdout] 
[INFO] [stdout] 
[INFO] [stdout] For more information about this error, try `rustc --explain E0635`.
[INFO] [stdout] 
[INFO] [stdout] error[E0635]: unknown feature `llvm_asm`
[INFO] [stdout]  --> src/lib.rs:1:12
[INFO] [stdout]   |
[INFO] [stdout] 1 | #![feature(llvm_asm)]
[INFO] [stdout]   |            ^^^^^^^^
[INFO] [stdout] 
[INFO] [stdout] 
[INFO] [stderr] error: could not compile `avr_delay` (lib) due to 4 previous errors
[INFO] [stderr] warning: build failed, waiting for other jobs to finish...
[INFO] [stdout] error: aborting due to 3 previous errors
[INFO] [stdout] 
[INFO] [stdout] 
[INFO] [stdout] For more information about this error, try `rustc --explain E0635`.
[INFO] [stdout] 
[INFO] [stderr] error: could not compile `avr_delay` (lib test) due to 4 previous errors
[INFO] running `Command { std: "docker" "inspect" "75be3a0449dfd952fee42c72f57166ee57e2dfc59b8b2db53f07d9c33417c3ff", kill_on_drop: false }`
[INFO] running `Command { std: "docker" "rm" "-f" "75be3a0449dfd952fee42c72f57166ee57e2dfc59b8b2db53f07d9c33417c3ff", kill_on_drop: false }`
[INFO] [stdout] 75be3a0449dfd952fee42c72f57166ee57e2dfc59b8b2db53f07d9c33417c3ff
[INFO] checking avr_delay-0.3.2 against nightly-2024-02-05+rustflags=-Dunexpected_cfgs+cargoflags=-Zcheck-cfg for check-cfg
[INFO] extracting crate avr_delay 0.3.2 into /workspace/builds/worker-5-tc2/source
[INFO] validating manifest of crates.io crate avr_delay 0.3.2 on toolchain nightly-2024-02-05
[INFO] running `Command { std: CARGO_HOME="/workspace/cargo-home" RUSTUP_HOME="/workspace/rustup-home" "/workspace/cargo-home/bin/cargo" "+nightly-2024-02-05" "metadata" "--manifest-path" "Cargo.toml" "--no-deps", kill_on_drop: false }`
[INFO] started tweaking crates.io crate avr_delay 0.3.2
[INFO] finished tweaking crates.io crate avr_delay 0.3.2
[INFO] tweaked toml for crates.io crate avr_delay 0.3.2 written to /workspace/builds/worker-5-tc2/source/Cargo.toml
[INFO] crate crates.io crate avr_delay 0.3.2 already has a lockfile, it will not be regenerated
[INFO] running `Command { std: CARGO_HOME="/workspace/cargo-home" RUSTUP_HOME="/workspace/rustup-home" "/workspace/cargo-home/bin/cargo" "+nightly-2024-02-05" "fetch" "--manifest-path" "Cargo.toml", kill_on_drop: false }`
[INFO] running `Command { std: "docker" "create" "-v" "/var/lib/crater-agent-workspace/builds/worker-5-tc2/target:/opt/rustwide/target:rw,Z" "-v" "/var/lib/crater-agent-workspace/builds/worker-5-tc2/source:/opt/rustwide/workdir:ro,Z" "-v" "/var/lib/crater-agent-workspace/cargo-home:/opt/rustwide/cargo-home:ro,Z" "-v" "/var/lib/crater-agent-workspace/rustup-home:/opt/rustwide/rustup-home:ro,Z" "-e" "SOURCE_DIR=/opt/rustwide/workdir" "-e" "CARGO_TARGET_DIR=/opt/rustwide/target" "-e" "CARGO_HOME=/opt/rustwide/cargo-home" "-e" "RUSTUP_HOME=/opt/rustwide/rustup-home" "-w" "/opt/rustwide/workdir" "-m" "1610612736" "--user" "0:0" "--network" "none" "ghcr.io/rust-lang/crates-build-env/linux@sha256:2788e3201cd34a07e3172128adcd8b3090168a8e3bcc40d7c032b9dda1df7d1c" "/opt/rustwide/cargo-home/bin/cargo" "+nightly-2024-02-05" "metadata" "--no-deps" "--format-version=1", kill_on_drop: false }`
[INFO] [stdout] 6d9b8798d3c2c8c9d4d3a95480637f6b274ce870d1f08aa3f5c36725dd036905
[INFO] running `Command { std: "docker" "start" "-a" "6d9b8798d3c2c8c9d4d3a95480637f6b274ce870d1f08aa3f5c36725dd036905", kill_on_drop: false }`
[INFO] running `Command { std: "docker" "inspect" "6d9b8798d3c2c8c9d4d3a95480637f6b274ce870d1f08aa3f5c36725dd036905", kill_on_drop: false }`
[INFO] running `Command { std: "docker" "rm" "-f" "6d9b8798d3c2c8c9d4d3a95480637f6b274ce870d1f08aa3f5c36725dd036905", kill_on_drop: false }`
[INFO] [stdout] 6d9b8798d3c2c8c9d4d3a95480637f6b274ce870d1f08aa3f5c36725dd036905
[INFO] running `Command { std: "docker" "create" "-v" "/var/lib/crater-agent-workspace/builds/worker-5-tc2/target:/opt/rustwide/target:rw,Z" "-v" "/var/lib/crater-agent-workspace/builds/worker-5-tc2/source:/opt/rustwide/workdir:ro,Z" "-v" "/var/lib/crater-agent-workspace/cargo-home:/opt/rustwide/cargo-home:ro,Z" "-v" "/var/lib/crater-agent-workspace/rustup-home:/opt/rustwide/rustup-home:ro,Z" "-e" "SOURCE_DIR=/opt/rustwide/workdir" "-e" "CARGO_TARGET_DIR=/opt/rustwide/target" "-e" "CARGO_INCREMENTAL=0" "-e" "RUST_BACKTRACE=full" "-e" "RUSTFLAGS=--cap-lints=forbid -Dunexpected_cfgs" "-e" "RUSTDOCFLAGS=--cap-lints=forbid" "-e" "CARGO_HOME=/opt/rustwide/cargo-home" "-e" "RUSTUP_HOME=/opt/rustwide/rustup-home" "-w" "/opt/rustwide/workdir" "-m" "1610612736" "--user" "0:0" "--network" "none" "ghcr.io/rust-lang/crates-build-env/linux@sha256:2788e3201cd34a07e3172128adcd8b3090168a8e3bcc40d7c032b9dda1df7d1c" "/opt/rustwide/cargo-home/bin/cargo" "+nightly-2024-02-05" "check" "--frozen" "--all" "--all-targets" "--message-format=json" "-Zcheck-cfg", kill_on_drop: false }`
[INFO] [stdout] 4f12df1bab63bed65652faf6a64dd53c7f0e0f445b8106772666e480713c5ae6
[INFO] running `Command { std: "docker" "start" "-a" "4f12df1bab63bed65652faf6a64dd53c7f0e0f445b8106772666e480713c5ae6", kill_on_drop: false }`
[INFO] [stderr]    Compiling proc-macro2 v1.0.24
[INFO] [stderr]    Compiling unicode-xid v0.2.1
[INFO] [stderr]    Compiling syn v1.0.60
[INFO] [stderr]     Checking avr-std-stub v1.0.2
[INFO] [stderr]    Compiling quote v1.0.9
[INFO] [stderr]    Compiling const_env_impl--value v0.1.2
[INFO] [stderr]    Compiling const_env--value v0.1.2
[INFO] [stderr]     Checking avr-config v2.0.1
[INFO] [stderr]     Checking avr_delay v0.3.2 (/opt/rustwide/workdir)
[INFO] [stdout] error: cannot find macro `llvm_asm` in this scope
[INFO] [stdout]   --> src/lib.rs:34:17
[INFO] [stdout]    |
[INFO] [stdout] 34 |         unsafe {llvm_asm!("1: sbiw $0,1
[INFO] [stdout]    |                 ^^^^^^^^
[INFO] [stdout] 
[INFO] [stdout] 
[INFO] [stdout] error: cannot find macro `llvm_asm` in this scope
[INFO] [stdout]   --> src/lib.rs:41:13
[INFO] [stdout]    |
[INFO] [stdout] 41 |     unsafe {llvm_asm!("1: sbiw $0,1
[INFO] [stdout]    |             ^^^^^^^^
[INFO] [stdout] 
[INFO] [stdout] 
[INFO] [stdout] error: cannot find macro `llvm_asm` in this scope
[INFO] [stdout]   --> src/lib.rs:34:17
[INFO] [stdout]    |
[INFO] [stdout] 34 |         unsafe {llvm_asm!("1: sbiw $0,1
[INFO] [stdout]    |                 ^^^^^^^^
[INFO] [stdout] 
[INFO] [stdout] 
[INFO] [stdout] error: cannot find macro `llvm_asm` in this scope
[INFO] [stdout]   --> src/lib.rs:41:13
[INFO] [stdout]    |
[INFO] [stdout] 41 |     unsafe {llvm_asm!("1: sbiw $0,1
[INFO] [stdout]    |             ^^^^^^^^
[INFO] [stdout] 
[INFO] [stdout] 
[INFO] [stdout] error[E0635]: unknown feature `llvm_asm`
[INFO] [stdout]  --> src/lib.rs:1:12
[INFO] [stdout]   |
[INFO] [stdout] 1 | #![feature(llvm_asm)]
[INFO] [stdout]   |            ^^^^^^^^
[INFO] [stdout] 
[INFO] [stdout] 
[INFO] [stdout] error[E0635]: unknown feature `llvm_asm`
[INFO] [stdout]  --> src/lib.rs:1:12
[INFO] [stdout]   |
[INFO] [stdout] 1 | #![feature(llvm_asm)]
[INFO] [stdout]   |            ^^^^^^^^
[INFO] [stdout] 
[INFO] [stdout] 
[INFO] [stdout] error: aborting due to 3 previous errors
[INFO] [stdout] 
[INFO] [stdout] 
[INFO] [stdout] For more information about this error, try `rustc --explain E0635`.
[INFO] [stdout] 
[INFO] [stderr] error: could not compile `avr_delay` (lib) due to 4 previous errors
[INFO] [stderr] warning: build failed, waiting for other jobs to finish...
[INFO] [stdout] error: aborting due to 3 previous errors
[INFO] [stdout] 
[INFO] [stdout] 
[INFO] [stdout] For more information about this error, try `rustc --explain E0635`.
[INFO] [stdout] 
[INFO] [stderr] error: could not compile `avr_delay` (lib test) due to 4 previous errors
[INFO] running `Command { std: "docker" "inspect" "4f12df1bab63bed65652faf6a64dd53c7f0e0f445b8106772666e480713c5ae6", kill_on_drop: false }`
[INFO] running `Command { std: "docker" "rm" "-f" "4f12df1bab63bed65652faf6a64dd53c7f0e0f445b8106772666e480713c5ae6", kill_on_drop: false }`
[INFO] [stdout] 4f12df1bab63bed65652faf6a64dd53c7f0e0f445b8106772666e480713c5ae6
