[INFO] fetching crate automaat-server 0.1.0...
[INFO] checking automaat-server-0.1.0 against nightly-2024-02-05 for check-cfg
[INFO] extracting crate automaat-server 0.1.0 into /workspace/builds/worker-1-tc1/source
[INFO] validating manifest of crates.io crate automaat-server 0.1.0 on toolchain nightly-2024-02-05
[INFO] running `Command { std: CARGO_HOME="/workspace/cargo-home" RUSTUP_HOME="/workspace/rustup-home" "/workspace/cargo-home/bin/cargo" "+nightly-2024-02-05" "metadata" "--manifest-path" "Cargo.toml" "--no-deps", kill_on_drop: false }`
[INFO] started tweaking crates.io crate automaat-server 0.1.0
[INFO] finished tweaking crates.io crate automaat-server 0.1.0
[INFO] tweaked toml for crates.io crate automaat-server 0.1.0 written to /workspace/builds/worker-1-tc1/source/Cargo.toml
[INFO] running `Command { std: CARGO_HOME="/workspace/cargo-home" RUSTUP_HOME="/workspace/rustup-home" "/workspace/cargo-home/bin/cargo" "+nightly-2024-02-05" "generate-lockfile" "--manifest-path" "Cargo.toml", kill_on_drop: false }`
[INFO] [stderr]     Updating crates.io index
[INFO] running `Command { std: CARGO_HOME="/workspace/cargo-home" RUSTUP_HOME="/workspace/rustup-home" "/workspace/cargo-home/bin/cargo" "+nightly-2024-02-05" "fetch" "--manifest-path" "Cargo.toml", kill_on_drop: false }`
[INFO] [stderr]  Downloading crates ...
[INFO] [stderr]   Downloaded diesel_migrations v1.4.0
[INFO] [stderr]   Downloaded version-sync v0.8.1
[INFO] [stderr]   Downloaded juniper_codegen v0.12.0
[INFO] [stderr]   Downloaded polyval v0.4.5
[INFO] [stderr]   Downloaded diesel_derives v1.4.1
[INFO] [stderr]   Downloaded state v0.4.2
[INFO] [stderr]   Downloaded inotify-sys v0.1.5
[INFO] [stderr]   Downloaded fsevent v0.4.0
[INFO] [stderr]   Downloaded traitobject v0.1.0
[INFO] [stderr]   Downloaded migrations_internals v1.4.1
[INFO] [stderr]   Downloaded cpuid-bool v0.2.0
[INFO] [stderr]   Downloaded devise_codegen v0.2.1
[INFO] [stderr]   Downloaded r2d2 v0.8.10
[INFO] [stderr]   Downloaded pear_codegen v0.1.5
[INFO] [stderr]   Downloaded semver-parser v0.9.0
[INFO] [stderr]   Downloaded pear v0.1.5
[INFO] [stderr]   Downloaded hkdf v0.10.0
[INFO] [stderr]   Downloaded hmac v0.10.1
[INFO] [stderr]   Downloaded base64 v0.9.3
[INFO] [stderr]   Downloaded notify v4.0.17
[INFO] [stderr]   Downloaded aesni v0.10.0
[INFO] [stderr]   Downloaded hyper v0.10.16
[INFO] [stderr]   Downloaded libgit2-sys v0.7.11
[INFO] [stderr]   Downloaded juniper v0.12.0
[INFO] [stderr]   Downloaded aes-gcm v0.8.0
[INFO] [stderr]   Downloaded libssh2-sys v0.2.23
[INFO] [stderr]   Downloaded git2 v0.8.0
[INFO] [stderr]   Downloaded combine v3.8.1
[INFO] [stderr]   Downloaded pulldown-cmark v0.4.1
[INFO] [stderr]   Downloaded rocket v0.4.11
[INFO] [stderr]   Downloaded syn v0.11.11
[INFO] [stderr]   Downloaded aes v0.6.0
[INFO] [stderr]   Downloaded rocket_cors v0.5.2
[INFO] [stderr]   Downloaded rocket_codegen v0.4.11
[INFO] [stderr]   Downloaded automaat-processor-redis-command v0.1.0
[INFO] [stderr]   Downloaded diesel-derive-enum v0.4.4
[INFO] [stderr]   Downloaded toml v0.4.10
[INFO] [stderr]   Downloaded rocket_http v0.4.11
[INFO] [stderr]   Downloaded aes-soft v0.6.4
[INFO] [stderr]   Downloaded rocket_contrib_codegen v0.4.11
[INFO] [stderr]   Downloaded ascii v0.9.3
[INFO] [stderr]   Downloaded scheduled-thread-pool v0.2.7
[INFO] [stderr]   Downloaded inotify v0.7.1
[INFO] [stderr]   Downloaded rocket_contrib v0.4.11
[INFO] [stderr]   Downloaded vte v0.10.1
[INFO] [stderr]   Downloaded juniper_serde v0.1.0
[INFO] [stderr]   Downloaded synom v0.11.3
[INFO] [stderr]   Downloaded pq-sys v0.4.8
[INFO] [stderr]   Downloaded aead v0.3.2
[INFO] [stderr]   Downloaded unicase_serde v0.1.0
[INFO] [stderr]   Downloaded automaat-processor-git-clone v0.1.0
[INFO] [stderr]   Downloaded automaat-processor-shell-command v0.1.0
[INFO] [stderr]   Downloaded automaat-core v0.1.0
[INFO] [stderr]   Downloaded juniper_rocket v0.3.0
[INFO] [stderr]   Downloaded unicode-xid v0.0.4
[INFO] [stderr]   Downloaded ghash v0.3.1
[INFO] [stderr]   Downloaded automaat-processor-string-regex v0.1.0
[INFO] [stderr]   Downloaded devise v0.2.1
[INFO] [stderr]   Downloaded crypto-mac v0.10.1
[INFO] [stderr]   Downloaded quote v0.3.15
[INFO] [stderr]   Downloaded fsevent-sys v2.0.1
[INFO] [stderr]   Downloaded strip-ansi-escapes v0.1.1
[INFO] [stderr]   Downloaded vte_generate_state_changes v0.1.1
[INFO] [stderr]   Downloaded automaat-processor-print-output v0.1.0
[INFO] [stderr]   Downloaded migrations_macros v1.4.2
[INFO] [stderr]   Downloaded devise_core v0.2.1
[INFO] [stderr]   Downloaded url_serde v0.2.0
[INFO] [stderr]   Downloaded unreachable v1.0.0
[INFO] [stderr]   Downloaded diesel v1.4.8
[INFO] [stderr]   Downloaded redis v0.10.0
[INFO] [stderr]   Downloaded ctr v0.6.0
[INFO] running `Command { std: "docker" "create" "-v" "/var/lib/crater-agent-workspace/builds/worker-1-tc1/target:/opt/rustwide/target:rw,Z" "-v" "/var/lib/crater-agent-workspace/builds/worker-1-tc1/source:/opt/rustwide/workdir:ro,Z" "-v" "/var/lib/crater-agent-workspace/cargo-home:/opt/rustwide/cargo-home:ro,Z" "-v" "/var/lib/crater-agent-workspace/rustup-home:/opt/rustwide/rustup-home:ro,Z" "-e" "SOURCE_DIR=/opt/rustwide/workdir" "-e" "CARGO_TARGET_DIR=/opt/rustwide/target" "-e" "CARGO_HOME=/opt/rustwide/cargo-home" "-e" "RUSTUP_HOME=/opt/rustwide/rustup-home" "-w" "/opt/rustwide/workdir" "-m" "1610612736" "--user" "0:0" "--network" "none" "ghcr.io/rust-lang/crates-build-env/linux@sha256:2788e3201cd34a07e3172128adcd8b3090168a8e3bcc40d7c032b9dda1df7d1c" "/opt/rustwide/cargo-home/bin/cargo" "+nightly-2024-02-05" "metadata" "--no-deps" "--format-version=1", kill_on_drop: false }`
[INFO] [stdout] e4a5a433f7eebb406c27dd30d1c5624ff52e4cbcbc586aa22b30ad9eb552c43b
[INFO] running `Command { std: "docker" "start" "-a" "e4a5a433f7eebb406c27dd30d1c5624ff52e4cbcbc586aa22b30ad9eb552c43b", kill_on_drop: false }`
[INFO] running `Command { std: "docker" "inspect" "e4a5a433f7eebb406c27dd30d1c5624ff52e4cbcbc586aa22b30ad9eb552c43b", kill_on_drop: false }`
[INFO] running `Command { std: "docker" "rm" "-f" "e4a5a433f7eebb406c27dd30d1c5624ff52e4cbcbc586aa22b30ad9eb552c43b", kill_on_drop: false }`
[INFO] [stdout] e4a5a433f7eebb406c27dd30d1c5624ff52e4cbcbc586aa22b30ad9eb552c43b
[INFO] running `Command { std: "docker" "create" "-v" "/var/lib/crater-agent-workspace/builds/worker-1-tc1/target:/opt/rustwide/target:rw,Z" "-v" "/var/lib/crater-agent-workspace/builds/worker-1-tc1/source:/opt/rustwide/workdir:ro,Z" "-v" "/var/lib/crater-agent-workspace/cargo-home:/opt/rustwide/cargo-home:ro,Z" "-v" "/var/lib/crater-agent-workspace/rustup-home:/opt/rustwide/rustup-home:ro,Z" "-e" "SOURCE_DIR=/opt/rustwide/workdir" "-e" "CARGO_TARGET_DIR=/opt/rustwide/target" "-e" "CARGO_INCREMENTAL=0" "-e" "RUST_BACKTRACE=full" "-e" "RUSTFLAGS=--cap-lints=forbid" "-e" "RUSTDOCFLAGS=--cap-lints=forbid" "-e" "CARGO_HOME=/opt/rustwide/cargo-home" "-e" "RUSTUP_HOME=/opt/rustwide/rustup-home" "-w" "/opt/rustwide/workdir" "-m" "1610612736" "--user" "0:0" "--network" "none" "ghcr.io/rust-lang/crates-build-env/linux@sha256:2788e3201cd34a07e3172128adcd8b3090168a8e3bcc40d7c032b9dda1df7d1c" "/opt/rustwide/cargo-home/bin/cargo" "+nightly-2024-02-05" "check" "--frozen" "--all" "--all-targets" "--message-format=json", kill_on_drop: false }`
[INFO] [stdout] db0f338b9ccd8685eb215546806dd642eee66ca53c3c16e719412cd67e4a0dc4
[INFO] running `Command { std: "docker" "start" "-a" "db0f338b9ccd8685eb215546806dd642eee66ca53c3c16e719412cd67e4a0dc4", kill_on_drop: false }`
[INFO] [stderr]    Compiling libc v0.2.153
[INFO] [stderr]    Compiling version_check v0.9.4
[INFO] [stderr]    Compiling typenum v1.17.0
[INFO] [stderr]    Compiling serde v1.0.196
[INFO] [stderr]    Compiling proc-macro2 v0.4.30
[INFO] [stderr]    Compiling syn v0.15.44
[INFO] [stderr]     Checking tinyvec_macros v0.1.1
[INFO] [stderr]     Checking log v0.4.20
[INFO] [stderr]     Checking unicode-bidi v0.3.15
[INFO] [stderr]     Checking matches v0.1.10
[INFO] [stderr]    Compiling num-traits v0.2.17
[INFO] [stderr]    Compiling yansi v0.5.1
[INFO] [stderr]     Checking percent-encoding v1.0.1
[INFO] [stderr]    Compiling indexmap v1.9.3
[INFO] [stderr]    Compiling pkg-config v0.3.29
[INFO] [stderr]    Compiling syn v2.0.48
[INFO] [stderr]     Checking tinyvec v1.6.0
[INFO] [stderr]    Compiling lock_api v0.4.11
[INFO] [stderr]    Compiling parking_lot_core v0.9.9
[INFO] [stderr]    Compiling vcpkg v0.2.15
[INFO] [stderr]    Compiling subtle v2.4.1
[INFO] [stderr]    Compiling smallvec v1.13.1
[INFO] [stderr]    Compiling generic-array v0.14.7
[INFO] [stderr]    Compiling bitflags v1.3.2
[INFO] [stderr]     Checking memchr v2.7.1
[INFO] [stderr]    Compiling opaque-debug v0.3.0
[INFO] [stderr]    Compiling version_check v0.1.5
[INFO] [stderr]     Checking hashbrown v0.12.3
[INFO] [stderr]     Checking iana-time-zone v0.1.60
[INFO] [stderr]    Compiling byteorder v1.5.0
[INFO] [stdout] error[E0422]: cannot find struct, variant or union type `LineColumn` in crate `proc_macro`
[INFO] [stdout]    --> /opt/rustwide/cargo-home/registry/src/index.crates.io-6f17d22bba15001f/proc-macro2-0.4.30/src/wrapper.rs:484:33
[INFO] [stdout]     |
[INFO] [stdout] 484 |                 let proc_macro::LineColumn { line, column } = s.start();
[INFO] [stdout]     |                                 ^^^^^^^^^^ not found in `proc_macro`
[INFO] [stdout]     |
[INFO] [stdout] help: consider importing one of these items
[INFO] [stdout]     |
[INFO] [stdout] 1   + use LineColumn;
[INFO] [stdout]     |
[INFO] [stdout] 1   + use fallback::LineColumn;
[INFO] [stdout]     |
[INFO] [stdout] help: if you import `LineColumn`, refer to it directly
[INFO] [stdout]     |
[INFO] [stdout] 484 -                 let proc_macro::LineColumn { line, column } = s.start();
[INFO] [stdout] 484 +                 let LineColumn { line, column } = s.start();
[INFO] [stdout]     |
[INFO] [stdout] 
[INFO] [stdout] 
[INFO] [stdout] error[E0422]: cannot find struct, variant or union type `LineColumn` in crate `proc_macro`
[INFO] [stdout]    --> /opt/rustwide/cargo-home/registry/src/index.crates.io-6f17d22bba15001f/proc-macro2-0.4.30/src/wrapper.rs:501:33
[INFO] [stdout]     |
[INFO] [stdout] 501 |                 let proc_macro::LineColumn { line, column } = s.end();
[INFO] [stdout]     |                                 ^^^^^^^^^^ not found in `proc_macro`
[INFO] [stdout]     |
[INFO] [stdout] help: consider importing one of these items
[INFO] [stdout]     |
[INFO] [stdout] 1   + use LineColumn;
[INFO] [stdout]     |
[INFO] [stdout] 1   + use fallback::LineColumn;
[INFO] [stdout]     |
[INFO] [stdout] help: if you import `LineColumn`, refer to it directly
[INFO] [stdout]     |
[INFO] [stdout] 501 -                 let proc_macro::LineColumn { line, column } = s.end();
[INFO] [stdout] 501 +                 let LineColumn { line, column } = s.end();
[INFO] [stdout]     |
[INFO] [stdout] 
[INFO] [stdout] 
[INFO] [stderr]    Compiling httparse v1.8.0
[INFO] [stderr]    Compiling unicase v1.4.2
[INFO] [stderr]    Compiling pear_codegen v0.1.5
[INFO] [stdout] error: aborting due to 2 previous errors
[INFO] [stdout] 
[INFO] [stdout] 
[INFO] [stdout] For more information about this error, try `rustc --explain E0422`.
[INFO] [stdout] 
[INFO] [stderr] error: could not compile `proc-macro2` (lib) due to 3 previous errors
[INFO] [stderr] warning: build failed, waiting for other jobs to finish...
[INFO] running `Command { std: "docker" "inspect" "db0f338b9ccd8685eb215546806dd642eee66ca53c3c16e719412cd67e4a0dc4", kill_on_drop: false }`
[INFO] running `Command { std: "docker" "rm" "-f" "db0f338b9ccd8685eb215546806dd642eee66ca53c3c16e719412cd67e4a0dc4", kill_on_drop: false }`
[INFO] [stdout] db0f338b9ccd8685eb215546806dd642eee66ca53c3c16e719412cd67e4a0dc4
[INFO] checking automaat-server-0.1.0 against nightly-2024-02-05+rustflags=-Dunexpected_cfgs+cargoflags=-Zcheck-cfg for check-cfg
[INFO] extracting crate automaat-server 0.1.0 into /workspace/builds/worker-1-tc2/source
[INFO] validating manifest of crates.io crate automaat-server 0.1.0 on toolchain nightly-2024-02-05
[INFO] running `Command { std: CARGO_HOME="/workspace/cargo-home" RUSTUP_HOME="/workspace/rustup-home" "/workspace/cargo-home/bin/cargo" "+nightly-2024-02-05" "metadata" "--manifest-path" "Cargo.toml" "--no-deps", kill_on_drop: false }`
[INFO] started tweaking crates.io crate automaat-server 0.1.0
[INFO] finished tweaking crates.io crate automaat-server 0.1.0
[INFO] tweaked toml for crates.io crate automaat-server 0.1.0 written to /workspace/builds/worker-1-tc2/source/Cargo.toml
[INFO] running `Command { std: CARGO_HOME="/workspace/cargo-home" RUSTUP_HOME="/workspace/rustup-home" "/workspace/cargo-home/bin/cargo" "+nightly-2024-02-05" "generate-lockfile" "--manifest-path" "Cargo.toml", kill_on_drop: false }`
[INFO] [stderr]     Updating crates.io index
[INFO] running `Command { std: CARGO_HOME="/workspace/cargo-home" RUSTUP_HOME="/workspace/rustup-home" "/workspace/cargo-home/bin/cargo" "+nightly-2024-02-05" "fetch" "--manifest-path" "Cargo.toml", kill_on_drop: false }`
[INFO] running `Command { std: "docker" "create" "-v" "/var/lib/crater-agent-workspace/builds/worker-1-tc2/target:/opt/rustwide/target:rw,Z" "-v" "/var/lib/crater-agent-workspace/builds/worker-1-tc2/source:/opt/rustwide/workdir:ro,Z" "-v" "/var/lib/crater-agent-workspace/cargo-home:/opt/rustwide/cargo-home:ro,Z" "-v" "/var/lib/crater-agent-workspace/rustup-home:/opt/rustwide/rustup-home:ro,Z" "-e" "SOURCE_DIR=/opt/rustwide/workdir" "-e" "CARGO_TARGET_DIR=/opt/rustwide/target" "-e" "CARGO_HOME=/opt/rustwide/cargo-home" "-e" "RUSTUP_HOME=/opt/rustwide/rustup-home" "-w" "/opt/rustwide/workdir" "-m" "1610612736" "--user" "0:0" "--network" "none" "ghcr.io/rust-lang/crates-build-env/linux@sha256:2788e3201cd34a07e3172128adcd8b3090168a8e3bcc40d7c032b9dda1df7d1c" "/opt/rustwide/cargo-home/bin/cargo" "+nightly-2024-02-05" "metadata" "--no-deps" "--format-version=1", kill_on_drop: false }`
[INFO] [stdout] fdd36aa2d2e2360dc27e1b7f7d29e1603254fc990b1b12141bd239cba1d1b228
[INFO] running `Command { std: "docker" "start" "-a" "fdd36aa2d2e2360dc27e1b7f7d29e1603254fc990b1b12141bd239cba1d1b228", kill_on_drop: false }`
[INFO] running `Command { std: "docker" "inspect" "fdd36aa2d2e2360dc27e1b7f7d29e1603254fc990b1b12141bd239cba1d1b228", kill_on_drop: false }`
[INFO] running `Command { std: "docker" "rm" "-f" "fdd36aa2d2e2360dc27e1b7f7d29e1603254fc990b1b12141bd239cba1d1b228", kill_on_drop: false }`
[INFO] [stdout] fdd36aa2d2e2360dc27e1b7f7d29e1603254fc990b1b12141bd239cba1d1b228
[INFO] running `Command { std: "docker" "create" "-v" "/var/lib/crater-agent-workspace/builds/worker-1-tc2/target:/opt/rustwide/target:rw,Z" "-v" "/var/lib/crater-agent-workspace/builds/worker-1-tc2/source:/opt/rustwide/workdir:ro,Z" "-v" "/var/lib/crater-agent-workspace/cargo-home:/opt/rustwide/cargo-home:ro,Z" "-v" "/var/lib/crater-agent-workspace/rustup-home:/opt/rustwide/rustup-home:ro,Z" "-e" "SOURCE_DIR=/opt/rustwide/workdir" "-e" "CARGO_TARGET_DIR=/opt/rustwide/target" "-e" "CARGO_INCREMENTAL=0" "-e" "RUST_BACKTRACE=full" "-e" "RUSTFLAGS=--cap-lints=forbid -Dunexpected_cfgs" "-e" "RUSTDOCFLAGS=--cap-lints=forbid" "-e" "CARGO_HOME=/opt/rustwide/cargo-home" "-e" "RUSTUP_HOME=/opt/rustwide/rustup-home" "-w" "/opt/rustwide/workdir" "-m" "1610612736" "--user" "0:0" "--network" "none" "ghcr.io/rust-lang/crates-build-env/linux@sha256:2788e3201cd34a07e3172128adcd8b3090168a8e3bcc40d7c032b9dda1df7d1c" "/opt/rustwide/cargo-home/bin/cargo" "+nightly-2024-02-05" "check" "--frozen" "--all" "--all-targets" "--message-format=json" "-Zcheck-cfg", kill_on_drop: false }`
[INFO] [stdout] cc4fa54108498fecb7a4f8af9dd5045f9b06681c4694884b7b94c81d5382250e
[INFO] running `Command { std: "docker" "start" "-a" "cc4fa54108498fecb7a4f8af9dd5045f9b06681c4694884b7b94c81d5382250e", kill_on_drop: false }`
[INFO] [stderr]    Compiling libc v0.2.153
[INFO] [stderr]    Compiling version_check v0.9.4
[INFO] [stderr]    Compiling typenum v1.17.0
[INFO] [stderr]    Compiling serde v1.0.196
[INFO] [stderr]    Compiling proc-macro2 v0.4.30
[INFO] [stderr]    Compiling syn v0.15.44
[INFO] [stderr]     Checking tinyvec_macros v0.1.1
[INFO] [stderr]     Checking log v0.4.20
[INFO] [stderr]     Checking unicode-bidi v0.3.15
[INFO] [stderr]     Checking matches v0.1.10
[INFO] [stderr]    Compiling num-traits v0.2.17
[INFO] [stderr]    Compiling yansi v0.5.1
[INFO] [stderr]     Checking percent-encoding v1.0.1
[INFO] [stderr]    Compiling indexmap v1.9.3
[INFO] [stderr]    Compiling pkg-config v0.3.29
[INFO] [stderr]    Compiling syn v2.0.48
[INFO] [stderr]     Checking tinyvec v1.6.0
[INFO] [stderr]    Compiling lock_api v0.4.11
[INFO] [stderr]    Compiling parking_lot_core v0.9.9
[INFO] [stderr]    Compiling vcpkg v0.2.15
[INFO] [stderr]    Compiling smallvec v1.13.1
[INFO] [stderr]    Compiling subtle v2.4.1
[INFO] [stderr]    Compiling generic-array v0.14.7
[INFO] [stderr]     Checking memchr v2.7.1
[INFO] [stderr]    Compiling bitflags v1.3.2
[INFO] [stderr]    Compiling opaque-debug v0.3.0
[INFO] [stderr]     Checking hashbrown v0.12.3
[INFO] [stderr]    Compiling version_check v0.1.5
[INFO] [stderr]     Checking iana-time-zone v0.1.60
[INFO] [stderr]    Compiling byteorder v1.5.0
[INFO] [stdout] error[E0422]: cannot find struct, variant or union type `LineColumn` in crate `proc_macro`
[INFO] [stdout]    --> /opt/rustwide/cargo-home/registry/src/index.crates.io-6f17d22bba15001f/proc-macro2-0.4.30/src/wrapper.rs:484:33
[INFO] [stdout]     |
[INFO] [stdout] 484 |                 let proc_macro::LineColumn { line, column } = s.start();
[INFO] [stdout]     |                                 ^^^^^^^^^^ not found in `proc_macro`
[INFO] [stdout]     |
[INFO] [stdout] help: consider importing one of these items
[INFO] [stdout]     |
[INFO] [stdout] 1   + use LineColumn;
[INFO] [stdout]     |
[INFO] [stdout] 1   + use fallback::LineColumn;
[INFO] [stdout]     |
[INFO] [stdout] help: if you import `LineColumn`, refer to it directly
[INFO] [stdout]     |
[INFO] [stdout] 484 -                 let proc_macro::LineColumn { line, column } = s.start();
[INFO] [stdout] 484 +                 let LineColumn { line, column } = s.start();
[INFO] [stdout]     |
[INFO] [stdout] 
[INFO] [stdout] 
[INFO] [stdout] error[E0422]: cannot find struct, variant or union type `LineColumn` in crate `proc_macro`
[INFO] [stdout]    --> /opt/rustwide/cargo-home/registry/src/index.crates.io-6f17d22bba15001f/proc-macro2-0.4.30/src/wrapper.rs:501:33
[INFO] [stdout]     |
[INFO] [stdout] 501 |                 let proc_macro::LineColumn { line, column } = s.end();
[INFO] [stdout]     |                                 ^^^^^^^^^^ not found in `proc_macro`
[INFO] [stdout]     |
[INFO] [stdout] help: consider importing one of these items
[INFO] [stdout]     |
[INFO] [stdout] 1   + use LineColumn;
[INFO] [stdout]     |
[INFO] [stdout] 1   + use fallback::LineColumn;
[INFO] [stdout]     |
[INFO] [stdout] help: if you import `LineColumn`, refer to it directly
[INFO] [stdout]     |
[INFO] [stdout] 501 -                 let proc_macro::LineColumn { line, column } = s.end();
[INFO] [stdout] 501 +                 let LineColumn { line, column } = s.end();
[INFO] [stdout]     |
[INFO] [stdout] 
[INFO] [stdout] 
[INFO] [stderr]    Compiling httparse v1.8.0
[INFO] [stdout] error: aborting due to 2 previous errors
[INFO] [stdout] 
[INFO] [stdout] 
[INFO] [stdout] For more information about this error, try `rustc --explain E0422`.
[INFO] [stdout] 
[INFO] [stderr] error: could not compile `proc-macro2` (lib) due to 3 previous errors
[INFO] [stderr] warning: build failed, waiting for other jobs to finish...
[INFO] running `Command { std: "docker" "inspect" "cc4fa54108498fecb7a4f8af9dd5045f9b06681c4694884b7b94c81d5382250e", kill_on_drop: false }`
[INFO] running `Command { std: "docker" "rm" "-f" "cc4fa54108498fecb7a4f8af9dd5045f9b06681c4694884b7b94c81d5382250e", kill_on_drop: false }`
[INFO] [stdout] cc4fa54108498fecb7a4f8af9dd5045f9b06681c4694884b7b94c81d5382250e
