[INFO] fetching crate automaat-processor-git-clone 0.1.0...
[INFO] checking automaat-processor-git-clone-0.1.0 against nightly-2024-02-05 for check-cfg
[INFO] extracting crate automaat-processor-git-clone 0.1.0 into /workspace/builds/worker-5-tc1/source
[INFO] validating manifest of crates.io crate automaat-processor-git-clone 0.1.0 on toolchain nightly-2024-02-05
[INFO] running `Command { std: CARGO_HOME="/workspace/cargo-home" RUSTUP_HOME="/workspace/rustup-home" "/workspace/cargo-home/bin/cargo" "+nightly-2024-02-05" "metadata" "--manifest-path" "Cargo.toml" "--no-deps", kill_on_drop: false }`
[INFO] started tweaking crates.io crate automaat-processor-git-clone 0.1.0
[INFO] finished tweaking crates.io crate automaat-processor-git-clone 0.1.0
[INFO] tweaked toml for crates.io crate automaat-processor-git-clone 0.1.0 written to /workspace/builds/worker-5-tc1/source/Cargo.toml
[INFO] running `Command { std: CARGO_HOME="/workspace/cargo-home" RUSTUP_HOME="/workspace/rustup-home" "/workspace/cargo-home/bin/cargo" "+nightly-2024-02-05" "generate-lockfile" "--manifest-path" "Cargo.toml", kill_on_drop: false }`
[INFO] [stderr]     Updating crates.io index
[INFO] running `Command { std: CARGO_HOME="/workspace/cargo-home" RUSTUP_HOME="/workspace/rustup-home" "/workspace/cargo-home/bin/cargo" "+nightly-2024-02-05" "fetch" "--manifest-path" "Cargo.toml", kill_on_drop: false }`
[INFO] [stderr]  Downloading crates ...
[INFO] [stderr]   Downloaded iana-time-zone-haiku v0.1.2
[INFO] [stderr]   Downloaded windows-core v0.52.0
[INFO] [stderr]   Downloaded android-tzdata v0.1.1
[INFO] [stderr]   Downloaded url_serde v0.2.0
[INFO] [stderr]   Downloaded matches v0.1.10
[INFO] [stderr]   Downloaded percent-encoding v1.0.1
[INFO] [stderr]   Downloaded automaat-core v0.1.0
[INFO] [stderr]   Downloaded uuid v0.7.4
[INFO] [stderr]   Downloaded version-sync v0.8.1
[INFO] [stderr]   Downloaded iana-time-zone v0.1.60
[INFO] [stderr]   Downloaded core-foundation-sys v0.8.6
[INFO] [stderr]   Downloaded git2 v0.8.0
[INFO] [stderr]   Downloaded itertools v0.8.2
[INFO] [stderr]   Downloaded chrono v0.4.33
[INFO] [stderr]   Downloaded pulldown-cmark v0.4.1
[INFO] [stderr]   Downloaded libgit2-sys v0.7.11
[INFO] [stderr]   Downloaded curl-sys v0.4.71+curl-8.6.0
[INFO] [stderr]   Downloaded juniper v0.12.0
[INFO] [stderr]   Downloaded libz-sys v1.1.15
[INFO] [stderr]   Downloaded juniper_codegen v0.12.0
[INFO] [stderr]   Downloaded idna v0.1.5
[INFO] [stderr]   Downloaded libssh2-sys v0.2.23
[INFO] [stderr]   Downloaded semver-parser v0.9.0
[INFO] [stderr]   Downloaded url v1.7.2
[INFO] running `Command { std: "docker" "create" "-v" "/var/lib/crater-agent-workspace/builds/worker-5-tc1/target:/opt/rustwide/target:rw,Z" "-v" "/var/lib/crater-agent-workspace/builds/worker-5-tc1/source:/opt/rustwide/workdir:ro,Z" "-v" "/var/lib/crater-agent-workspace/cargo-home:/opt/rustwide/cargo-home:ro,Z" "-v" "/var/lib/crater-agent-workspace/rustup-home:/opt/rustwide/rustup-home:ro,Z" "-e" "SOURCE_DIR=/opt/rustwide/workdir" "-e" "CARGO_TARGET_DIR=/opt/rustwide/target" "-e" "CARGO_HOME=/opt/rustwide/cargo-home" "-e" "RUSTUP_HOME=/opt/rustwide/rustup-home" "-w" "/opt/rustwide/workdir" "-m" "1610612736" "--user" "0:0" "--network" "none" "ghcr.io/rust-lang/crates-build-env/linux@sha256:2788e3201cd34a07e3172128adcd8b3090168a8e3bcc40d7c032b9dda1df7d1c" "/opt/rustwide/cargo-home/bin/cargo" "+nightly-2024-02-05" "metadata" "--no-deps" "--format-version=1", kill_on_drop: false }`
[INFO] [stdout] 70fa4c490364d1345f441919644d5e8e1e4dfe29ff88e5840faee5a73ec1c9b7
[INFO] running `Command { std: "docker" "start" "-a" "70fa4c490364d1345f441919644d5e8e1e4dfe29ff88e5840faee5a73ec1c9b7", kill_on_drop: false }`
[INFO] running `Command { std: "docker" "inspect" "70fa4c490364d1345f441919644d5e8e1e4dfe29ff88e5840faee5a73ec1c9b7", kill_on_drop: false }`
[INFO] running `Command { std: "docker" "rm" "-f" "70fa4c490364d1345f441919644d5e8e1e4dfe29ff88e5840faee5a73ec1c9b7", kill_on_drop: false }`
[INFO] [stdout] 70fa4c490364d1345f441919644d5e8e1e4dfe29ff88e5840faee5a73ec1c9b7
[INFO] running `Command { std: "docker" "create" "-v" "/var/lib/crater-agent-workspace/builds/worker-5-tc1/target:/opt/rustwide/target:rw,Z" "-v" "/var/lib/crater-agent-workspace/builds/worker-5-tc1/source:/opt/rustwide/workdir:ro,Z" "-v" "/var/lib/crater-agent-workspace/cargo-home:/opt/rustwide/cargo-home:ro,Z" "-v" "/var/lib/crater-agent-workspace/rustup-home:/opt/rustwide/rustup-home:ro,Z" "-e" "SOURCE_DIR=/opt/rustwide/workdir" "-e" "CARGO_TARGET_DIR=/opt/rustwide/target" "-e" "CARGO_INCREMENTAL=0" "-e" "RUST_BACKTRACE=full" "-e" "RUSTFLAGS=--cap-lints=forbid" "-e" "RUSTDOCFLAGS=--cap-lints=forbid" "-e" "CARGO_HOME=/opt/rustwide/cargo-home" "-e" "RUSTUP_HOME=/opt/rustwide/rustup-home" "-w" "/opt/rustwide/workdir" "-m" "1610612736" "--user" "0:0" "--network" "none" "ghcr.io/rust-lang/crates-build-env/linux@sha256:2788e3201cd34a07e3172128adcd8b3090168a8e3bcc40d7c032b9dda1df7d1c" "/opt/rustwide/cargo-home/bin/cargo" "+nightly-2024-02-05" "check" "--frozen" "--all" "--all-targets" "--message-format=json", kill_on_drop: false }`
[INFO] [stdout] 92d4ecb2a515303819d82b0f6f9eb3390d6721f45fa7e09e71191043cb38b4b0
[INFO] running `Command { std: "docker" "start" "-a" "92d4ecb2a515303819d82b0f6f9eb3390d6721f45fa7e09e71191043cb38b4b0", kill_on_drop: false }`
[INFO] [stderr]    Compiling libc v0.2.153
[INFO] [stderr]    Compiling vcpkg v0.2.15
[INFO] [stderr]    Compiling proc-macro2 v0.4.30
[INFO] [stderr]    Compiling serde v1.0.196
[INFO] [stderr]     Checking unicode-bidi v0.3.15
[INFO] [stderr]     Checking unicode-normalization v0.1.22
[INFO] [stderr]     Checking matches v0.1.10
[INFO] [stderr]    Compiling syn v2.0.48
[INFO] [stderr]    Compiling syn v0.15.44
[INFO] [stderr]     Checking percent-encoding v1.0.1
[INFO] [stderr]    Compiling memchr v2.7.1
[INFO] [stderr]    Compiling unicode-xid v0.1.0
[INFO] [stderr]     Checking idna v0.1.5
[INFO] [stderr]    Compiling rustix v0.38.31
[INFO] [stderr]    Compiling unicase v2.7.0
[INFO] [stderr]     Checking url v1.7.2
[INFO] [stdout] error[E0422]: cannot find struct, variant or union type `LineColumn` in crate `proc_macro`
[INFO] [stdout]    --> /opt/rustwide/cargo-home/registry/src/index.crates.io-6f17d22bba15001f/proc-macro2-0.4.30/src/wrapper.rs:484:33
[INFO] [stdout]     |
[INFO] [stdout] 484 |                 let proc_macro::LineColumn { line, column } = s.start();
[INFO] [stdout]     |                                 ^^^^^^^^^^ not found in `proc_macro`
[INFO] [stdout]     |
[INFO] [stdout] help: consider importing one of these items
[INFO] [stdout]     |
[INFO] [stdout] 1   + use LineColumn;
[INFO] [stdout]     |
[INFO] [stdout] 1   + use fallback::LineColumn;
[INFO] [stdout]     |
[INFO] [stdout] help: if you import `LineColumn`, refer to it directly
[INFO] [stdout]     |
[INFO] [stdout] 484 -                 let proc_macro::LineColumn { line, column } = s.start();
[INFO] [stdout] 484 +                 let LineColumn { line, column } = s.start();
[INFO] [stdout]     |
[INFO] [stdout] 
[INFO] [stdout] 
[INFO] [stdout] error[E0422]: cannot find struct, variant or union type `LineColumn` in crate `proc_macro`
[INFO] [stdout]    --> /opt/rustwide/cargo-home/registry/src/index.crates.io-6f17d22bba15001f/proc-macro2-0.4.30/src/wrapper.rs:501:33
[INFO] [stdout]     |
[INFO] [stdout] 501 |                 let proc_macro::LineColumn { line, column } = s.end();
[INFO] [stdout]     |                                 ^^^^^^^^^^ not found in `proc_macro`
[INFO] [stdout]     |
[INFO] [stdout] help: consider importing one of these items
[INFO] [stdout]     |
[INFO] [stdout] 1   + use LineColumn;
[INFO] [stdout]     |
[INFO] [stdout] 1   + use fallback::LineColumn;
[INFO] [stdout]     |
[INFO] [stdout] help: if you import `LineColumn`, refer to it directly
[INFO] [stdout]     |
[INFO] [stdout] 501 -                 let proc_macro::LineColumn { line, column } = s.end();
[INFO] [stdout] 501 +                 let LineColumn { line, column } = s.end();
[INFO] [stdout]     |
[INFO] [stdout] 
[INFO] [stdout] 
[INFO] [stderr]    Compiling aho-corasick v1.1.2
[INFO] [stderr]    Compiling num-traits v0.2.17
[INFO] [stdout] error: aborting due to 2 previous errors
[INFO] [stdout] 
[INFO] [stdout] 
[INFO] [stdout] For more information about this error, try `rustc --explain E0422`.
[INFO] [stdout] 
[INFO] [stderr] error: could not compile `proc-macro2` (lib) due to 3 previous errors
[INFO] [stderr] warning: build failed, waiting for other jobs to finish...
[INFO] running `Command { std: "docker" "inspect" "92d4ecb2a515303819d82b0f6f9eb3390d6721f45fa7e09e71191043cb38b4b0", kill_on_drop: false }`
[INFO] running `Command { std: "docker" "rm" "-f" "92d4ecb2a515303819d82b0f6f9eb3390d6721f45fa7e09e71191043cb38b4b0", kill_on_drop: false }`
[INFO] [stdout] 92d4ecb2a515303819d82b0f6f9eb3390d6721f45fa7e09e71191043cb38b4b0
[INFO] checking automaat-processor-git-clone-0.1.0 against nightly-2024-02-05+rustflags=-Dunexpected_cfgs+cargoflags=-Zcheck-cfg for check-cfg
[INFO] extracting crate automaat-processor-git-clone 0.1.0 into /workspace/builds/worker-5-tc2/source
[INFO] validating manifest of crates.io crate automaat-processor-git-clone 0.1.0 on toolchain nightly-2024-02-05
[INFO] running `Command { std: CARGO_HOME="/workspace/cargo-home" RUSTUP_HOME="/workspace/rustup-home" "/workspace/cargo-home/bin/cargo" "+nightly-2024-02-05" "metadata" "--manifest-path" "Cargo.toml" "--no-deps", kill_on_drop: false }`
[INFO] started tweaking crates.io crate automaat-processor-git-clone 0.1.0
[INFO] finished tweaking crates.io crate automaat-processor-git-clone 0.1.0
[INFO] tweaked toml for crates.io crate automaat-processor-git-clone 0.1.0 written to /workspace/builds/worker-5-tc2/source/Cargo.toml
[INFO] running `Command { std: CARGO_HOME="/workspace/cargo-home" RUSTUP_HOME="/workspace/rustup-home" "/workspace/cargo-home/bin/cargo" "+nightly-2024-02-05" "generate-lockfile" "--manifest-path" "Cargo.toml", kill_on_drop: false }`
[INFO] [stderr]     Updating crates.io index
[INFO] running `Command { std: CARGO_HOME="/workspace/cargo-home" RUSTUP_HOME="/workspace/rustup-home" "/workspace/cargo-home/bin/cargo" "+nightly-2024-02-05" "fetch" "--manifest-path" "Cargo.toml", kill_on_drop: false }`
[INFO] running `Command { std: "docker" "create" "-v" "/var/lib/crater-agent-workspace/builds/worker-5-tc2/target:/opt/rustwide/target:rw,Z" "-v" "/var/lib/crater-agent-workspace/builds/worker-5-tc2/source:/opt/rustwide/workdir:ro,Z" "-v" "/var/lib/crater-agent-workspace/cargo-home:/opt/rustwide/cargo-home:ro,Z" "-v" "/var/lib/crater-agent-workspace/rustup-home:/opt/rustwide/rustup-home:ro,Z" "-e" "SOURCE_DIR=/opt/rustwide/workdir" "-e" "CARGO_TARGET_DIR=/opt/rustwide/target" "-e" "CARGO_HOME=/opt/rustwide/cargo-home" "-e" "RUSTUP_HOME=/opt/rustwide/rustup-home" "-w" "/opt/rustwide/workdir" "-m" "1610612736" "--user" "0:0" "--network" "none" "ghcr.io/rust-lang/crates-build-env/linux@sha256:2788e3201cd34a07e3172128adcd8b3090168a8e3bcc40d7c032b9dda1df7d1c" "/opt/rustwide/cargo-home/bin/cargo" "+nightly-2024-02-05" "metadata" "--no-deps" "--format-version=1", kill_on_drop: false }`
[INFO] [stdout] 9b63a117b50cbadf674e1fd998332188a80ad05f1e04aa6cb54509b1e6ca80b4
[INFO] running `Command { std: "docker" "start" "-a" "9b63a117b50cbadf674e1fd998332188a80ad05f1e04aa6cb54509b1e6ca80b4", kill_on_drop: false }`
[INFO] running `Command { std: "docker" "inspect" "9b63a117b50cbadf674e1fd998332188a80ad05f1e04aa6cb54509b1e6ca80b4", kill_on_drop: false }`
[INFO] running `Command { std: "docker" "rm" "-f" "9b63a117b50cbadf674e1fd998332188a80ad05f1e04aa6cb54509b1e6ca80b4", kill_on_drop: false }`
[INFO] [stdout] 9b63a117b50cbadf674e1fd998332188a80ad05f1e04aa6cb54509b1e6ca80b4
[INFO] running `Command { std: "docker" "create" "-v" "/var/lib/crater-agent-workspace/builds/worker-5-tc2/target:/opt/rustwide/target:rw,Z" "-v" "/var/lib/crater-agent-workspace/builds/worker-5-tc2/source:/opt/rustwide/workdir:ro,Z" "-v" "/var/lib/crater-agent-workspace/cargo-home:/opt/rustwide/cargo-home:ro,Z" "-v" "/var/lib/crater-agent-workspace/rustup-home:/opt/rustwide/rustup-home:ro,Z" "-e" "SOURCE_DIR=/opt/rustwide/workdir" "-e" "CARGO_TARGET_DIR=/opt/rustwide/target" "-e" "CARGO_INCREMENTAL=0" "-e" "RUST_BACKTRACE=full" "-e" "RUSTFLAGS=--cap-lints=forbid -Dunexpected_cfgs" "-e" "RUSTDOCFLAGS=--cap-lints=forbid" "-e" "CARGO_HOME=/opt/rustwide/cargo-home" "-e" "RUSTUP_HOME=/opt/rustwide/rustup-home" "-w" "/opt/rustwide/workdir" "-m" "1610612736" "--user" "0:0" "--network" "none" "ghcr.io/rust-lang/crates-build-env/linux@sha256:2788e3201cd34a07e3172128adcd8b3090168a8e3bcc40d7c032b9dda1df7d1c" "/opt/rustwide/cargo-home/bin/cargo" "+nightly-2024-02-05" "check" "--frozen" "--all" "--all-targets" "--message-format=json" "-Zcheck-cfg", kill_on_drop: false }`
[INFO] [stdout] dc19c6d44b926e64bb99f4f1de69c96d674e14f4f37d05fbdfe273c2aeadc01d
[INFO] running `Command { std: "docker" "start" "-a" "dc19c6d44b926e64bb99f4f1de69c96d674e14f4f37d05fbdfe273c2aeadc01d", kill_on_drop: false }`
[INFO] [stderr]    Compiling libc v0.2.153
[INFO] [stderr]    Compiling vcpkg v0.2.15
[INFO] [stderr]    Compiling proc-macro2 v0.4.30
[INFO] [stderr]    Compiling serde v1.0.196
[INFO] [stderr]     Checking matches v0.1.10
[INFO] [stderr]     Checking unicode-bidi v0.3.15
[INFO] [stderr]     Checking unicode-normalization v0.1.22
[INFO] [stderr]    Compiling syn v2.0.48
[INFO] [stderr]    Compiling syn v0.15.44
[INFO] [stderr]     Checking percent-encoding v1.0.1
[INFO] [stderr]    Compiling rustix v0.38.31
[INFO] [stderr]    Compiling memchr v2.7.1
[INFO] [stderr]    Compiling unicode-xid v0.1.0
[INFO] [stderr]    Compiling unicase v2.7.0
[INFO] [stderr]     Checking idna v0.1.5
[INFO] [stdout] error[E0422]: cannot find struct, variant or union type `LineColumn` in crate `proc_macro`
[INFO] [stdout]    --> /opt/rustwide/cargo-home/registry/src/index.crates.io-6f17d22bba15001f/proc-macro2-0.4.30/src/wrapper.rs:484:33
[INFO] [stdout]     |
[INFO] [stdout] 484 |                 let proc_macro::LineColumn { line, column } = s.start();
[INFO] [stdout]     |                                 ^^^^^^^^^^ not found in `proc_macro`
[INFO] [stdout]     |
[INFO] [stdout] help: consider importing one of these items
[INFO] [stdout]     |
[INFO] [stdout] 1   + use LineColumn;
[INFO] [stdout]     |
[INFO] [stdout] 1   + use fallback::LineColumn;
[INFO] [stdout]     |
[INFO] [stdout] help: if you import `LineColumn`, refer to it directly
[INFO] [stdout]     |
[INFO] [stdout] 484 -                 let proc_macro::LineColumn { line, column } = s.start();
[INFO] [stdout] 484 +                 let LineColumn { line, column } = s.start();
[INFO] [stdout]     |
[INFO] [stdout] 
[INFO] [stdout] 
[INFO] [stdout] error[E0422]: cannot find struct, variant or union type `LineColumn` in crate `proc_macro`
[INFO] [stdout]    --> /opt/rustwide/cargo-home/registry/src/index.crates.io-6f17d22bba15001f/proc-macro2-0.4.30/src/wrapper.rs:501:33
[INFO] [stdout]     |
[INFO] [stdout] 501 |                 let proc_macro::LineColumn { line, column } = s.end();
[INFO] [stdout]     |                                 ^^^^^^^^^^ not found in `proc_macro`
[INFO] [stdout]     |
[INFO] [stdout] help: consider importing one of these items
[INFO] [stdout]     |
[INFO] [stdout] 1   + use LineColumn;
[INFO] [stdout]     |
[INFO] [stdout] 1   + use fallback::LineColumn;
[INFO] [stdout]     |
[INFO] [stdout] help: if you import `LineColumn`, refer to it directly
[INFO] [stdout]     |
[INFO] [stdout] 501 -                 let proc_macro::LineColumn { line, column } = s.end();
[INFO] [stdout] 501 +                 let LineColumn { line, column } = s.end();
[INFO] [stdout]     |
[INFO] [stdout] 
[INFO] [stdout] 
[INFO] [stdout] error: aborting due to 2 previous errors
[INFO] [stdout] 
[INFO] [stdout] 
[INFO] [stdout] For more information about this error, try `rustc --explain E0422`.
[INFO] [stdout] 
[INFO] [stderr] error: could not compile `proc-macro2` (lib) due to 3 previous errors
[INFO] [stderr] warning: build failed, waiting for other jobs to finish...
[INFO] running `Command { std: "docker" "inspect" "dc19c6d44b926e64bb99f4f1de69c96d674e14f4f37d05fbdfe273c2aeadc01d", kill_on_drop: false }`
[INFO] running `Command { std: "docker" "rm" "-f" "dc19c6d44b926e64bb99f4f1de69c96d674e14f4f37d05fbdfe273c2aeadc01d", kill_on_drop: false }`
[INFO] [stdout] dc19c6d44b926e64bb99f4f1de69c96d674e14f4f37d05fbdfe273c2aeadc01d
