[INFO] fetching crate autobahn-hash 0.1.0...
[INFO] checking autobahn-hash-0.1.0 against nightly-2024-02-05 for check-cfg
[INFO] extracting crate autobahn-hash 0.1.0 into /workspace/builds/worker-4-tc1/source
[INFO] validating manifest of crates.io crate autobahn-hash 0.1.0 on toolchain nightly-2024-02-05
[INFO] running `Command { std: CARGO_HOME="/workspace/cargo-home" RUSTUP_HOME="/workspace/rustup-home" "/workspace/cargo-home/bin/cargo" "+nightly-2024-02-05" "metadata" "--manifest-path" "Cargo.toml" "--no-deps", kill_on_drop: false }`
[INFO] started tweaking crates.io crate autobahn-hash 0.1.0
[INFO] finished tweaking crates.io crate autobahn-hash 0.1.0
[INFO] tweaked toml for crates.io crate autobahn-hash 0.1.0 written to /workspace/builds/worker-4-tc1/source/Cargo.toml
[INFO] running `Command { std: CARGO_HOME="/workspace/cargo-home" RUSTUP_HOME="/workspace/rustup-home" "/workspace/cargo-home/bin/cargo" "+nightly-2024-02-05" "generate-lockfile" "--manifest-path" "Cargo.toml", kill_on_drop: false }`
[INFO] [stderr]     Updating crates.io index
[INFO] running `Command { std: CARGO_HOME="/workspace/cargo-home" RUSTUP_HOME="/workspace/rustup-home" "/workspace/cargo-home/bin/cargo" "+nightly-2024-02-05" "fetch" "--manifest-path" "Cargo.toml", kill_on_drop: false }`
[INFO] [stderr]  Downloading crates ...
[INFO] [stderr]   Downloaded ciborium-io v0.2.2
[INFO] [stderr]   Downloaded os_str_bytes v6.6.1
[INFO] [stderr]   Downloaded multiversion-macros v0.7.3
[INFO] [stderr]   Downloaded ciborium-ll v0.2.2
[INFO] [stderr]   Downloaded multiversion v0.7.3
[INFO] [stderr]   Downloaded clap v3.2.25
[INFO] [stderr]   Downloaded highway v1.1.0
[INFO] [stderr]   Downloaded ciborium v0.2.2
[INFO] [stderr]   Downloaded target-features v0.1.5
[INFO] [stderr]   Downloaded criterion v0.4.0
[INFO] running `Command { std: "docker" "create" "-v" "/var/lib/crater-agent-workspace/builds/worker-4-tc1/target:/opt/rustwide/target:rw,Z" "-v" "/var/lib/crater-agent-workspace/builds/worker-4-tc1/source:/opt/rustwide/workdir:ro,Z" "-v" "/var/lib/crater-agent-workspace/cargo-home:/opt/rustwide/cargo-home:ro,Z" "-v" "/var/lib/crater-agent-workspace/rustup-home:/opt/rustwide/rustup-home:ro,Z" "-e" "SOURCE_DIR=/opt/rustwide/workdir" "-e" "CARGO_TARGET_DIR=/opt/rustwide/target" "-e" "CARGO_HOME=/opt/rustwide/cargo-home" "-e" "RUSTUP_HOME=/opt/rustwide/rustup-home" "-w" "/opt/rustwide/workdir" "-m" "1610612736" "--user" "0:0" "--network" "none" "ghcr.io/rust-lang/crates-build-env/linux@sha256:2788e3201cd34a07e3172128adcd8b3090168a8e3bcc40d7c032b9dda1df7d1c" "/opt/rustwide/cargo-home/bin/cargo" "+nightly-2024-02-05" "metadata" "--no-deps" "--format-version=1", kill_on_drop: false }`
[INFO] [stdout] 35ae6bc0f5739a57d99e8bb74471adfd038827e6819a4e5b70f71cc61440b551
[INFO] running `Command { std: "docker" "start" "-a" "35ae6bc0f5739a57d99e8bb74471adfd038827e6819a4e5b70f71cc61440b551", kill_on_drop: false }`
[INFO] running `Command { std: "docker" "inspect" "35ae6bc0f5739a57d99e8bb74471adfd038827e6819a4e5b70f71cc61440b551", kill_on_drop: false }`
[INFO] running `Command { std: "docker" "rm" "-f" "35ae6bc0f5739a57d99e8bb74471adfd038827e6819a4e5b70f71cc61440b551", kill_on_drop: false }`
[INFO] [stdout] 35ae6bc0f5739a57d99e8bb74471adfd038827e6819a4e5b70f71cc61440b551
[INFO] running `Command { std: "docker" "create" "-v" "/var/lib/crater-agent-workspace/builds/worker-4-tc1/target:/opt/rustwide/target:rw,Z" "-v" "/var/lib/crater-agent-workspace/builds/worker-4-tc1/source:/opt/rustwide/workdir:ro,Z" "-v" "/var/lib/crater-agent-workspace/cargo-home:/opt/rustwide/cargo-home:ro,Z" "-v" "/var/lib/crater-agent-workspace/rustup-home:/opt/rustwide/rustup-home:ro,Z" "-e" "SOURCE_DIR=/opt/rustwide/workdir" "-e" "CARGO_TARGET_DIR=/opt/rustwide/target" "-e" "CARGO_INCREMENTAL=0" "-e" "RUST_BACKTRACE=full" "-e" "RUSTFLAGS=--cap-lints=forbid" "-e" "RUSTDOCFLAGS=--cap-lints=forbid" "-e" "CARGO_HOME=/opt/rustwide/cargo-home" "-e" "RUSTUP_HOME=/opt/rustwide/rustup-home" "-w" "/opt/rustwide/workdir" "-m" "1610612736" "--user" "0:0" "--network" "none" "ghcr.io/rust-lang/crates-build-env/linux@sha256:2788e3201cd34a07e3172128adcd8b3090168a8e3bcc40d7c032b9dda1df7d1c" "/opt/rustwide/cargo-home/bin/cargo" "+nightly-2024-02-05" "check" "--frozen" "--all" "--all-targets" "--message-format=json", kill_on_drop: false }`
[INFO] [stdout] 9078aae566a56580292f445b8e622e3f8e62ece95f1111856639a4c306364242
[INFO] running `Command { std: "docker" "start" "-a" "9078aae566a56580292f445b8e622e3f8e62ece95f1111856639a4c306364242", kill_on_drop: false }`
[INFO] [stderr]    Compiling serde v1.0.196
[INFO] [stderr]    Compiling target-features v0.1.5
[INFO] [stderr]    Compiling syn v1.0.109
[INFO] [stderr]     Checking os_str_bytes v6.6.1
[INFO] [stderr]     Checking regex-syntax v0.8.2
[INFO] [stderr]     Checking ciborium-io v0.2.2
[INFO] [stderr]    Compiling libc v0.2.153
[INFO] [stderr]    Compiling num-traits v0.2.17
[INFO] [stderr]     Checking half v2.3.1
[INFO] [stderr]     Checking textwrap v0.16.0
[INFO] [stderr]     Checking cast v0.3.0
[INFO] [stderr]     Checking bytemuck v1.14.1
[INFO] [stderr]    Compiling syn v2.0.48
[INFO] [stderr]     Checking oorandom v11.1.3
[INFO] [stderr]     Checking anes v0.1.6
[INFO] [stderr]     Checking highway v1.1.0
[INFO] [stderr]     Checking criterion-plot v0.5.0
[INFO] [stderr]     Checking clap_lex v0.2.4
[INFO] [stderr]     Checking clap v3.2.25
[INFO] [stderr]     Checking ciborium-ll v0.2.2
[INFO] [stderr]     Checking atty v0.2.14
[INFO] [stderr]     Checking regex-automata v0.4.5
[INFO] [stderr]    Compiling serde_derive v1.0.196
[INFO] [stderr]     Checking regex v1.10.3
[INFO] [stderr]    Compiling multiversion-macros v0.7.3
[INFO] [stderr]     Checking multiversion v0.7.3
[INFO] [stderr]     Checking autobahn-hash v0.1.0 (/opt/rustwide/workdir)
[INFO] [stdout] error[E0599]: no method named `cast` found for struct `Simd` in the current scope
[INFO] [stdout]   --> src/lib.rs:87:12
[INFO] [stdout]    |
[INFO] [stdout] 87 |         lo.cast::<u64>() * hi.cast::<u64>()
[INFO] [stdout]    |            ^^^^ method not found in `Simd<u32, 4>`
[INFO] [stdout]   --> /rustc/268dbbbc4b3fd71c5f360a4d0728295252430b5b/library/core/src/../../portable-simd/crates/core_simd/src/simd/num/uint.rs:17:8
[INFO] [stdout]    |
[INFO] [stdout]    = note: the method is available for `Simd<u32, 4>` here
[INFO] [stdout]    |
[INFO] [stdout]    = help: items from traits can only be used if the trait is in scope
[INFO] [stdout] help: the following trait is implemented but not in scope; perhaps add a `use` for it:
[INFO] [stdout]    |
[INFO] [stdout] 22 + use std::simd::num::SimdUint;
[INFO] [stdout]    |
[INFO] [stdout] 
[INFO] [stdout] 
[INFO] [stdout] error[E0599]: no method named `cast` found for struct `Simd` in the current scope
[INFO] [stdout]   --> src/lib.rs:87:31
[INFO] [stdout]    |
[INFO] [stdout] 87 |         lo.cast::<u64>() * hi.cast::<u64>()
[INFO] [stdout]    |                               ^^^^ method not found in `Simd<u32, 4>`
[INFO] [stdout]   --> /rustc/268dbbbc4b3fd71c5f360a4d0728295252430b5b/library/core/src/../../portable-simd/crates/core_simd/src/simd/num/uint.rs:17:8
[INFO] [stdout]    |
[INFO] [stdout]    = note: the method is available for `Simd<u32, 4>` here
[INFO] [stdout]    |
[INFO] [stdout]    = help: items from traits can only be used if the trait is in scope
[INFO] [stdout] help: the following trait is implemented but not in scope; perhaps add a `use` for it:
[INFO] [stdout]    |
[INFO] [stdout] 22 + use std::simd::num::SimdUint;
[INFO] [stdout]    |
[INFO] [stdout] 
[INFO] [stdout] 
[INFO] [stdout] error: aborting due to 2 previous errors
[INFO] [stdout] 
[INFO] [stdout] 
[INFO] [stdout] For more information about this error, try `rustc --explain E0599`.
[INFO] [stdout] 
[INFO] [stderr] error: could not compile `autobahn-hash` (lib) due to 3 previous errors
[INFO] [stderr] warning: build failed, waiting for other jobs to finish...
[INFO] running `Command { std: "docker" "inspect" "9078aae566a56580292f445b8e622e3f8e62ece95f1111856639a4c306364242", kill_on_drop: false }`
[INFO] running `Command { std: "docker" "rm" "-f" "9078aae566a56580292f445b8e622e3f8e62ece95f1111856639a4c306364242", kill_on_drop: false }`
[INFO] [stdout] 9078aae566a56580292f445b8e622e3f8e62ece95f1111856639a4c306364242
[INFO] checking autobahn-hash-0.1.0 against nightly-2024-02-05+rustflags=-Dunexpected_cfgs+cargoflags=-Zcheck-cfg for check-cfg
[INFO] extracting crate autobahn-hash 0.1.0 into /workspace/builds/worker-4-tc2/source
[INFO] validating manifest of crates.io crate autobahn-hash 0.1.0 on toolchain nightly-2024-02-05
[INFO] running `Command { std: CARGO_HOME="/workspace/cargo-home" RUSTUP_HOME="/workspace/rustup-home" "/workspace/cargo-home/bin/cargo" "+nightly-2024-02-05" "metadata" "--manifest-path" "Cargo.toml" "--no-deps", kill_on_drop: false }`
[INFO] started tweaking crates.io crate autobahn-hash 0.1.0
[INFO] finished tweaking crates.io crate autobahn-hash 0.1.0
[INFO] tweaked toml for crates.io crate autobahn-hash 0.1.0 written to /workspace/builds/worker-4-tc2/source/Cargo.toml
[INFO] running `Command { std: CARGO_HOME="/workspace/cargo-home" RUSTUP_HOME="/workspace/rustup-home" "/workspace/cargo-home/bin/cargo" "+nightly-2024-02-05" "generate-lockfile" "--manifest-path" "Cargo.toml", kill_on_drop: false }`
[INFO] [stderr]     Updating crates.io index
[INFO] running `Command { std: CARGO_HOME="/workspace/cargo-home" RUSTUP_HOME="/workspace/rustup-home" "/workspace/cargo-home/bin/cargo" "+nightly-2024-02-05" "fetch" "--manifest-path" "Cargo.toml", kill_on_drop: false }`
[INFO] running `Command { std: "docker" "create" "-v" "/var/lib/crater-agent-workspace/builds/worker-4-tc2/target:/opt/rustwide/target:rw,Z" "-v" "/var/lib/crater-agent-workspace/builds/worker-4-tc2/source:/opt/rustwide/workdir:ro,Z" "-v" "/var/lib/crater-agent-workspace/cargo-home:/opt/rustwide/cargo-home:ro,Z" "-v" "/var/lib/crater-agent-workspace/rustup-home:/opt/rustwide/rustup-home:ro,Z" "-e" "SOURCE_DIR=/opt/rustwide/workdir" "-e" "CARGO_TARGET_DIR=/opt/rustwide/target" "-e" "CARGO_HOME=/opt/rustwide/cargo-home" "-e" "RUSTUP_HOME=/opt/rustwide/rustup-home" "-w" "/opt/rustwide/workdir" "-m" "1610612736" "--user" "0:0" "--network" "none" "ghcr.io/rust-lang/crates-build-env/linux@sha256:2788e3201cd34a07e3172128adcd8b3090168a8e3bcc40d7c032b9dda1df7d1c" "/opt/rustwide/cargo-home/bin/cargo" "+nightly-2024-02-05" "metadata" "--no-deps" "--format-version=1", kill_on_drop: false }`
[INFO] [stdout] 7a0c6fbb6f18340cd4660fcd690e664edd28f0a0a7e95cbc5e1bdf231ebc7c2a
[INFO] running `Command { std: "docker" "start" "-a" "7a0c6fbb6f18340cd4660fcd690e664edd28f0a0a7e95cbc5e1bdf231ebc7c2a", kill_on_drop: false }`
[INFO] running `Command { std: "docker" "inspect" "7a0c6fbb6f18340cd4660fcd690e664edd28f0a0a7e95cbc5e1bdf231ebc7c2a", kill_on_drop: false }`
[INFO] running `Command { std: "docker" "rm" "-f" "7a0c6fbb6f18340cd4660fcd690e664edd28f0a0a7e95cbc5e1bdf231ebc7c2a", kill_on_drop: false }`
[INFO] [stdout] 7a0c6fbb6f18340cd4660fcd690e664edd28f0a0a7e95cbc5e1bdf231ebc7c2a
[INFO] running `Command { std: "docker" "create" "-v" "/var/lib/crater-agent-workspace/builds/worker-4-tc2/target:/opt/rustwide/target:rw,Z" "-v" "/var/lib/crater-agent-workspace/builds/worker-4-tc2/source:/opt/rustwide/workdir:ro,Z" "-v" "/var/lib/crater-agent-workspace/cargo-home:/opt/rustwide/cargo-home:ro,Z" "-v" "/var/lib/crater-agent-workspace/rustup-home:/opt/rustwide/rustup-home:ro,Z" "-e" "SOURCE_DIR=/opt/rustwide/workdir" "-e" "CARGO_TARGET_DIR=/opt/rustwide/target" "-e" "CARGO_INCREMENTAL=0" "-e" "RUST_BACKTRACE=full" "-e" "RUSTFLAGS=--cap-lints=forbid -Dunexpected_cfgs" "-e" "RUSTDOCFLAGS=--cap-lints=forbid" "-e" "CARGO_HOME=/opt/rustwide/cargo-home" "-e" "RUSTUP_HOME=/opt/rustwide/rustup-home" "-w" "/opt/rustwide/workdir" "-m" "1610612736" "--user" "0:0" "--network" "none" "ghcr.io/rust-lang/crates-build-env/linux@sha256:2788e3201cd34a07e3172128adcd8b3090168a8e3bcc40d7c032b9dda1df7d1c" "/opt/rustwide/cargo-home/bin/cargo" "+nightly-2024-02-05" "check" "--frozen" "--all" "--all-targets" "--message-format=json" "-Zcheck-cfg", kill_on_drop: false }`
[INFO] [stdout] 68dd6e5e15727f0f1ef739e039b1814c98f258a7e5d15ba84c310c5c82f5cdef
[INFO] running `Command { std: "docker" "start" "-a" "68dd6e5e15727f0f1ef739e039b1814c98f258a7e5d15ba84c310c5c82f5cdef", kill_on_drop: false }`
[INFO] [stderr]    Compiling serde v1.0.196
[INFO] [stderr]    Compiling target-features v0.1.5
[INFO] [stderr]    Compiling syn v1.0.109
[INFO] [stderr]     Checking regex-syntax v0.8.2
[INFO] [stderr]     Checking ciborium-io v0.2.2
[INFO] [stderr]     Checking os_str_bytes v6.6.1
[INFO] [stderr]    Compiling num-traits v0.2.17
[INFO] [stderr]    Compiling libc v0.2.153
[INFO] [stderr]     Checking half v2.3.1
[INFO] [stderr]     Checking cast v0.3.0
[INFO] [stderr]     Checking textwrap v0.16.0
[INFO] [stderr]     Checking oorandom v11.1.3
[INFO] [stderr]     Checking anes v0.1.6
[INFO] [stderr]    Compiling syn v2.0.48
[INFO] [stderr]     Checking bytemuck v1.14.1
[INFO] [stderr]     Checking highway v1.1.0
[INFO] [stderr]     Checking criterion-plot v0.5.0
[INFO] [stderr]     Checking clap_lex v0.2.4
[INFO] [stderr]     Checking ciborium-ll v0.2.2
[INFO] [stderr]     Checking clap v3.2.25
[INFO] [stderr]     Checking atty v0.2.14
[INFO] [stderr]     Checking regex-automata v0.4.5
[INFO] [stderr]    Compiling serde_derive v1.0.196
[INFO] [stderr]     Checking regex v1.10.3
[INFO] [stderr]    Compiling multiversion-macros v0.7.3
[INFO] [stderr]     Checking multiversion v0.7.3
[INFO] [stderr]     Checking autobahn-hash v0.1.0 (/opt/rustwide/workdir)
[INFO] [stdout] error: unexpected `cfg` condition name: `docsrs`
[INFO] [stdout]  --> src/lib.rs:2:13
[INFO] [stdout]   |
[INFO] [stdout] 2 | #![cfg_attr(docsrs, feature(doc_cfg))]
[INFO] [stdout]   |             ^^^^^^
[INFO] [stdout]   |
[INFO] [stdout]   = help: expected names are: `debug_assertions`, `doc`, `doctest`, `feature`, `miri`, `overflow_checks`, `panic`, `proc_macro`, `relocation_model`, `sanitize`, `sanitizer_cfi_generalize_pointers`, `sanitizer_cfi_normalize_integers`, `target_abi`, `target_arch`, `target_endian`, `target_env`, `target_family`, `target_feature`, `target_has_atomic`, `target_has_atomic_equal_alignment`, `target_has_atomic_load_store`, `target_os`, `target_pointer_width`, `target_thread_local`, `target_vendor`, `test`, `unix`, `windows`
[INFO] [stdout]   = help: consider using a Cargo feature instead or adding `println!("cargo:rustc-check-cfg=cfg(docsrs)");` to the top of a `build.rs`
[INFO] [stdout]   = note: see <https://doc.rust-lang.org/nightly/cargo/reference/unstable.html#check-cfg> for more information about checking conditional configuration
[INFO] [stdout]   = note: requested on the command line with `-D unexpected-cfgs`
[INFO] [stdout] 
[INFO] [stdout] 
[INFO] [stdout] error: unexpected `cfg` condition name: `docsrs`
[INFO] [stdout]    --> src/lib.rs:302:12
[INFO] [stdout]     |
[INFO] [stdout] 302 | #[cfg_attr(docsrs, doc(cfg(feature = "multiversion")))]
[INFO] [stdout]     |            ^^^^^^
[INFO] [stdout]     |
[INFO] [stdout]     = help: consider using a Cargo feature instead or adding `println!("cargo:rustc-check-cfg=cfg(docsrs)");` to the top of a `build.rs`
[INFO] [stdout]     = note: see <https://doc.rust-lang.org/nightly/cargo/reference/unstable.html#check-cfg> for more information about checking conditional configuration
[INFO] [stdout] 
[INFO] [stdout] 
[INFO] [stdout] error: unexpected `cfg` condition name: `docsrs`
[INFO] [stdout]    --> src/lib.rs:317:12
[INFO] [stdout]     |
[INFO] [stdout] 317 | #[cfg_attr(docsrs, doc(cfg(feature = "multiversion")))]
[INFO] [stdout]     |            ^^^^^^
[INFO] [stdout]     |
[INFO] [stdout]     = help: consider using a Cargo feature instead or adding `println!("cargo:rustc-check-cfg=cfg(docsrs)");` to the top of a `build.rs`
[INFO] [stdout]     = note: see <https://doc.rust-lang.org/nightly/cargo/reference/unstable.html#check-cfg> for more information about checking conditional configuration
[INFO] [stdout] 
[INFO] [stdout] 
[INFO] [stdout] error: unexpected `cfg` condition name: `docsrs`
[INFO] [stdout]    --> src/lib.rs:332:12
[INFO] [stdout]     |
[INFO] [stdout] 332 | #[cfg_attr(docsrs, doc(cfg(feature = "multiversion")))]
[INFO] [stdout]     |            ^^^^^^
[INFO] [stdout]     |
[INFO] [stdout]     = help: consider using a Cargo feature instead or adding `println!("cargo:rustc-check-cfg=cfg(docsrs)");` to the top of a `build.rs`
[INFO] [stdout]     = note: see <https://doc.rust-lang.org/nightly/cargo/reference/unstable.html#check-cfg> for more information about checking conditional configuration
[INFO] [stdout] 
[INFO] [stdout] 
[INFO] [stdout] error: unexpected `cfg` condition name: `docsrs`
[INFO] [stdout]    --> src/lib.rs:347:12
[INFO] [stdout]     |
[INFO] [stdout] 347 | #[cfg_attr(docsrs, doc(cfg(feature = "std")))]
[INFO] [stdout]     |            ^^^^^^
[INFO] [stdout]     |
[INFO] [stdout]     = help: consider using a Cargo feature instead or adding `println!("cargo:rustc-check-cfg=cfg(docsrs)");` to the top of a `build.rs`
[INFO] [stdout]     = note: see <https://doc.rust-lang.org/nightly/cargo/reference/unstable.html#check-cfg> for more information about checking conditional configuration
[INFO] [stdout] 
[INFO] [stdout] 
[INFO] [stdout] error[E0599]: no method named `cast` found for struct `Simd` in the current scope
[INFO] [stdout]   --> src/lib.rs:87:12
[INFO] [stdout]    |
[INFO] [stdout] 87 |         lo.cast::<u64>() * hi.cast::<u64>()
[INFO] [stdout]    |            ^^^^ method not found in `Simd<u32, 4>`
[INFO] [stdout]   --> /rustc/268dbbbc4b3fd71c5f360a4d0728295252430b5b/library/core/src/../../portable-simd/crates/core_simd/src/simd/num/uint.rs:17:8
[INFO] [stdout]    |
[INFO] [stdout]    = note: the method is available for `Simd<u32, 4>` here
[INFO] [stdout]    |
[INFO] [stdout]    = help: items from traits can only be used if the trait is in scope
[INFO] [stdout] help: the following trait is implemented but not in scope; perhaps add a `use` for it:
[INFO] [stdout]    |
[INFO] [stdout] 22 + use std::simd::num::SimdUint;
[INFO] [stdout]    |
[INFO] [stdout] 
[INFO] [stdout] 
[INFO] [stdout] error[E0599]: no method named `cast` found for struct `Simd` in the current scope
[INFO] [stdout]   --> src/lib.rs:87:31
[INFO] [stdout]    |
[INFO] [stdout] 87 |         lo.cast::<u64>() * hi.cast::<u64>()
[INFO] [stdout]    |                               ^^^^ method not found in `Simd<u32, 4>`
[INFO] [stdout]   --> /rustc/268dbbbc4b3fd71c5f360a4d0728295252430b5b/library/core/src/../../portable-simd/crates/core_simd/src/simd/num/uint.rs:17:8
[INFO] [stdout]    |
[INFO] [stdout]    = note: the method is available for `Simd<u32, 4>` here
[INFO] [stdout]    |
[INFO] [stdout]    = help: items from traits can only be used if the trait is in scope
[INFO] [stdout] help: the following trait is implemented but not in scope; perhaps add a `use` for it:
[INFO] [stdout]    |
[INFO] [stdout] 22 + use std::simd::num::SimdUint;
[INFO] [stdout]    |
[INFO] [stdout] 
[INFO] [stdout] 
[INFO] [stdout] error: aborting due to 7 previous errors
[INFO] [stdout] 
[INFO] [stdout] 
[INFO] [stdout] For more information about this error, try `rustc --explain E0599`.
[INFO] [stdout] 
[INFO] [stderr] error: could not compile `autobahn-hash` (lib) due to 8 previous errors
[INFO] [stderr] warning: build failed, waiting for other jobs to finish...
[INFO] running `Command { std: "docker" "inspect" "68dd6e5e15727f0f1ef739e039b1814c98f258a7e5d15ba84c310c5c82f5cdef", kill_on_drop: false }`
[INFO] running `Command { std: "docker" "rm" "-f" "68dd6e5e15727f0f1ef739e039b1814c98f258a7e5d15ba84c310c5c82f5cdef", kill_on_drop: false }`
[INFO] [stdout] 68dd6e5e15727f0f1ef739e039b1814c98f258a7e5d15ba84c310c5c82f5cdef
