[INFO] fetching crate authzen-service-util 0.1.0-alpha.0...
[INFO] checking authzen-service-util-0.1.0-alpha.0 against nightly-2024-02-05 for check-cfg
[INFO] extracting crate authzen-service-util 0.1.0-alpha.0 into /workspace/builds/worker-6-tc1/source
[INFO] validating manifest of crates.io crate authzen-service-util 0.1.0-alpha.0 on toolchain nightly-2024-02-05
[INFO] running `Command { std: CARGO_HOME="/workspace/cargo-home" RUSTUP_HOME="/workspace/rustup-home" "/workspace/cargo-home/bin/cargo" "+nightly-2024-02-05" "metadata" "--manifest-path" "Cargo.toml" "--no-deps", kill_on_drop: false }`
[INFO] started tweaking crates.io crate authzen-service-util 0.1.0-alpha.0
[INFO] finished tweaking crates.io crate authzen-service-util 0.1.0-alpha.0
[INFO] tweaked toml for crates.io crate authzen-service-util 0.1.0-alpha.0 written to /workspace/builds/worker-6-tc1/source/Cargo.toml
[INFO] running `Command { std: CARGO_HOME="/workspace/cargo-home" RUSTUP_HOME="/workspace/rustup-home" "/workspace/cargo-home/bin/cargo" "+nightly-2024-02-05" "generate-lockfile" "--manifest-path" "Cargo.toml", kill_on_drop: false }`
[INFO] [stderr]     Updating crates.io index
[INFO] running `Command { std: CARGO_HOME="/workspace/cargo-home" RUSTUP_HOME="/workspace/rustup-home" "/workspace/cargo-home/bin/cargo" "+nightly-2024-02-05" "fetch" "--manifest-path" "Cargo.toml", kill_on_drop: false }`
[INFO] [stderr]  Downloading crates ...
[INFO] [stderr]   Downloaded take_mut v0.2.2
[INFO] [stderr]   Downloaded axum-core v0.4.3
[INFO] [stderr]   Downloaded concat-string v1.0.1
[INFO] [stderr]   Downloaded aead v0.5.2
[INFO] [stderr]   Downloaded ordered-float v4.2.0
[INFO] [stderr]   Downloaded tower-http v0.3.5
[INFO] [stderr]   Downloaded headers-core v0.3.0
[INFO] [stderr]   Downloaded ipconfig v0.3.2
[INFO] [stderr]   Downloaded web-time v0.2.4
[INFO] [stderr]   Downloaded async-graphql-derive v4.0.16
[INFO] [stderr]   Downloaded polyval v0.6.1
[INFO] [stderr]   Downloaded trust-dns-resolver v0.21.2
[INFO] [stderr]   Downloaded bson v2.9.0
[INFO] [stderr]   Downloaded tonic v0.10.2
[INFO] [stderr]   Downloaded tower-http v0.5.1
[INFO] [stderr]   Downloaded opentelemetry-jaeger v0.20.0
[INFO] [stderr]   Downloaded mongodb v2.8.0
[INFO] [stderr]   Downloaded opentelemetry_sdk v0.21.2
[INFO] [stderr]   Downloaded trust-dns-proto v0.21.2
[INFO] [stderr]   Downloaded tracing-opentelemetry v0.22.0
[INFO] [stderr]   Downloaded opentelemetry_sdk v0.20.0
[INFO] [stderr]   Downloaded async-graphql v4.0.16
[INFO] [stderr]   Downloaded loom v0.5.6
[INFO] [stderr]   Downloaded axum v0.5.17
[INFO] [stderr]   Downloaded diesel v2.0.4
[INFO] [stderr]   Downloaded headers v0.4.0
[INFO] [stderr]   Downloaded tracing-subscriber v0.3.18
[INFO] [stderr]   Downloaded opentelemetry v0.21.0
[INFO] [stderr]   Downloaded opentelemetry_api v0.20.0
[INFO] [stderr]   Downloaded prettyplease v0.2.16
[INFO] [stderr]   Downloaded aes-gcm v0.10.3
[INFO] [stderr]   Downloaded diesel-async v0.2.2
[INFO] [stderr]   Downloaded cookie v0.18.0
[INFO] [stderr]   Downloaded authzen-diesel v0.1.0-alpha.0
[INFO] [stderr]   Downloaded authzen-proc-macro-util v0.1.0-alpha.0
[INFO] [stderr]   Downloaded async-graphql-value v4.0.16
[INFO] [stderr]   Downloaded multer v2.1.0
[INFO] [stderr]   Downloaded ghash v0.5.0
[INFO] [stderr]   Downloaded authzen-session v0.1.0-alpha.0
[INFO] [stderr]   Downloaded generator v0.7.5
[INFO] [stderr]   Downloaded tracing-tree v0.3.0
[INFO] [stderr]   Downloaded typed-builder v0.10.0
[INFO] [stderr]   Downloaded typed-builder v0.12.0
[INFO] [stderr]   Downloaded nu-ansi-term v0.49.0
[INFO] [stderr]   Downloaded authzen-diesel-proc-macros v0.1.0-alpha.0
[INFO] [stderr]   Downloaded thrift v0.17.0
[INFO] [stderr]   Downloaded async-graphql-parser v4.0.16
[INFO] [stderr]   Downloaded async-backtrace v0.2.6
[INFO] [stderr]   Downloaded axum-core v0.2.9
[INFO] [stderr]   Downloaded universal-hash v0.5.1
[INFO] [stderr]   Downloaded diesel_derives v2.0.2
[INFO] [stderr]   Downloaded opentelemetry-semantic-conventions v0.13.0
[INFO] [stderr]   Downloaded prost v0.12.3
[INFO] [stderr]   Downloaded sha-1 v0.10.1
[INFO] [stderr]   Downloaded enum-as-inner v0.4.0
[INFO] [stderr]   Downloaded rustc_version_runtime v0.2.1
[INFO] [stderr]   Downloaded fast_chemail v0.9.6
[INFO] [stderr]   Downloaded integer-encoding v3.0.4
[INFO] [stderr]   Downloaded serde_plain v1.0.2
[INFO] [stderr]   Downloaded http-range-header v0.3.1
[INFO] [stderr]   Downloaded http-body-util v0.1.0
[INFO] [stderr]   Downloaded ordered-float v3.9.2
[INFO] [stderr]   Downloaded tracing-log v0.2.0
[INFO] [stderr]   Downloaded opentelemetry v0.20.0
[INFO] [stderr]   Downloaded ascii_utils v0.9.3
[INFO] [stderr]   Downloaded async-backtrace-attributes v0.2.6
[INFO] [stderr]   Downloaded scoped-futures v0.1.3
[INFO] [stderr]   Downloaded resolv-conf v0.7.0
[INFO] [stderr]   Downloaded authzen-diesel-core v0.1.0-alpha.0
[INFO] [stderr]   Downloaded authzen-diesel-proc-macros-core v0.1.0-alpha.0
[INFO] running `Command { std: "docker" "create" "-v" "/var/lib/crater-agent-workspace/builds/worker-6-tc1/target:/opt/rustwide/target:rw,Z" "-v" "/var/lib/crater-agent-workspace/builds/worker-6-tc1/source:/opt/rustwide/workdir:ro,Z" "-v" "/var/lib/crater-agent-workspace/cargo-home:/opt/rustwide/cargo-home:ro,Z" "-v" "/var/lib/crater-agent-workspace/rustup-home:/opt/rustwide/rustup-home:ro,Z" "-e" "SOURCE_DIR=/opt/rustwide/workdir" "-e" "CARGO_TARGET_DIR=/opt/rustwide/target" "-e" "CARGO_HOME=/opt/rustwide/cargo-home" "-e" "RUSTUP_HOME=/opt/rustwide/rustup-home" "-w" "/opt/rustwide/workdir" "-m" "1610612736" "--user" "0:0" "--network" "none" "ghcr.io/rust-lang/crates-build-env/linux@sha256:2788e3201cd34a07e3172128adcd8b3090168a8e3bcc40d7c032b9dda1df7d1c" "/opt/rustwide/cargo-home/bin/cargo" "+nightly-2024-02-05" "metadata" "--no-deps" "--format-version=1", kill_on_drop: false }`
[INFO] [stdout] 8c94ed3c13b7ec477e71cb317ab925de5dae57cb5d56170223b7622f1319fd79
[INFO] running `Command { std: "docker" "start" "-a" "8c94ed3c13b7ec477e71cb317ab925de5dae57cb5d56170223b7622f1319fd79", kill_on_drop: false }`
[INFO] running `Command { std: "docker" "inspect" "8c94ed3c13b7ec477e71cb317ab925de5dae57cb5d56170223b7622f1319fd79", kill_on_drop: false }`
[INFO] running `Command { std: "docker" "rm" "-f" "8c94ed3c13b7ec477e71cb317ab925de5dae57cb5d56170223b7622f1319fd79", kill_on_drop: false }`
[INFO] [stdout] 8c94ed3c13b7ec477e71cb317ab925de5dae57cb5d56170223b7622f1319fd79
[INFO] running `Command { std: "docker" "create" "-v" "/var/lib/crater-agent-workspace/builds/worker-6-tc1/target:/opt/rustwide/target:rw,Z" "-v" "/var/lib/crater-agent-workspace/builds/worker-6-tc1/source:/opt/rustwide/workdir:ro,Z" "-v" "/var/lib/crater-agent-workspace/cargo-home:/opt/rustwide/cargo-home:ro,Z" "-v" "/var/lib/crater-agent-workspace/rustup-home:/opt/rustwide/rustup-home:ro,Z" "-e" "SOURCE_DIR=/opt/rustwide/workdir" "-e" "CARGO_TARGET_DIR=/opt/rustwide/target" "-e" "CARGO_INCREMENTAL=0" "-e" "RUST_BACKTRACE=full" "-e" "RUSTFLAGS=--cap-lints=forbid" "-e" "RUSTDOCFLAGS=--cap-lints=forbid" "-e" "CARGO_HOME=/opt/rustwide/cargo-home" "-e" "RUSTUP_HOME=/opt/rustwide/rustup-home" "-w" "/opt/rustwide/workdir" "-m" "1610612736" "--user" "0:0" "--network" "none" "ghcr.io/rust-lang/crates-build-env/linux@sha256:2788e3201cd34a07e3172128adcd8b3090168a8e3bcc40d7c032b9dda1df7d1c" "/opt/rustwide/cargo-home/bin/cargo" "+nightly-2024-02-05" "check" "--frozen" "--all" "--all-targets" "--message-format=json", kill_on_drop: false }`
[INFO] [stdout] 5186085a5c715088e143dea7655a57d2d8b9696e8c4382b1fa00c0149d9c5199
[INFO] running `Command { std: "docker" "start" "-a" "5186085a5c715088e143dea7655a57d2d8b9696e8c4382b1fa00c0149d9c5199", kill_on_drop: false }`
[INFO] [stderr]     Checking futures-core v0.3.30
[INFO] [stderr]     Checking futures-sink v0.3.30
[INFO] [stderr]    Compiling semver v1.0.21
[INFO] [stderr]    Compiling syn v2.0.48
[INFO] [stderr]     Checking http v1.0.0
[INFO] [stderr]     Checking tracing-core v0.1.32
[INFO] [stderr]     Checking hashbrown v0.14.3
[INFO] [stderr]    Compiling paste v1.0.14
[INFO] [stderr]     Checking either v1.9.0
[INFO] [stderr]    Compiling syn v1.0.109
[INFO] [stderr]     Checking tokio v1.36.0
[INFO] [stderr]     Checking rustc-hash v1.1.0
[INFO] [stderr]     Checking tower-layer v0.3.2
[INFO] [stderr]     Checking futures-channel v0.3.30
[INFO] [stderr]     Checking itertools v0.10.5
[INFO] [stderr]    Compiling rustc_version v0.4.0
[INFO] [stderr]     Checking dashmap v5.5.3
[INFO] [stderr]     Checking http-body v1.0.0
[INFO] [stderr]    Compiling authzen-service-util v0.1.0-alpha.0 (/opt/rustwide/workdir)
[INFO] [stderr]    Compiling derivative v2.2.0
[INFO] [stderr]    Compiling futures-macro v0.3.30
[INFO] [stderr]    Compiling tracing-attributes v0.1.27
[INFO] [stderr]    Compiling async-backtrace-attributes v0.2.6
[INFO] [stderr]    Compiling thiserror-impl v1.0.56
[INFO] [stderr]     Checking futures-util v0.3.30
[INFO] [stderr]     Checking thiserror v1.0.56
[INFO] [stderr]     Checking tracing v0.1.40
[INFO] [stderr]     Checking futures-executor v0.3.30
[INFO] [stderr]     Checking http-body-util v0.1.0
[INFO] [stderr]     Checking hyper v0.14.28
[INFO] [stderr]     Checking futures v0.3.30
[INFO] [stderr]     Checking async-backtrace v0.2.6
[INFO] [stderr]     Checking tower-http v0.5.1
[INFO] [stdout] error[E0271]: type mismatch resolving `<Vec<HeaderValue> as IntoIterator>::Item == HeaderValue`
[INFO] [stdout]    --> src/env.rs:138:23
[INFO] [stdout]     |
[INFO] [stdout] 138 |     AllowOrigin::list(urls)
[INFO] [stdout]     |     ----------------- ^^^^ expected `http::header::value::HeaderValue`, found `HeaderValue`
[INFO] [stdout]     |     |
[INFO] [stdout]     |     required by a bound introduced by this call
[INFO] [stdout]     |
[INFO] [stdout]     = note: `HeaderValue` and `http::header::value::HeaderValue` have similar names, but are actually distinct types
[INFO] [stdout] note: `HeaderValue` is defined in crate `http`
[INFO] [stdout]    --> /opt/rustwide/cargo-home/registry/src/index.crates.io-6f17d22bba15001f/http-0.2.11/src/header/value.rs:21:1
[INFO] [stdout]     |
[INFO] [stdout] 21  | pub struct HeaderValue {
[INFO] [stdout]     | ^^^^^^^^^^^^^^^^^^^^^^
[INFO] [stdout] note: `http::header::value::HeaderValue` is defined in crate `http`
[INFO] [stdout]    --> /opt/rustwide/cargo-home/registry/src/index.crates.io-6f17d22bba15001f/http-1.0.0/src/header/value.rs:21:1
[INFO] [stdout]     |
[INFO] [stdout] 21  | pub struct HeaderValue {
[INFO] [stdout]     | ^^^^^^^^^^^^^^^^^^^^^^
[INFO] [stdout]     = note: perhaps two different versions of crate `http` are being used?
[INFO] [stdout] note: required by a bound in `AllowOrigin::list`
[INFO] [stdout]    --> /opt/rustwide/cargo-home/registry/src/index.crates.io-6f17d22bba15001f/tower-http-0.5.1/src/cors/allow_origin.rs:51:25
[INFO] [stdout]     |
[INFO] [stdout] 49  |     pub fn list<I>(origins: I) -> Self
[INFO] [stdout]     |            ---- required by a bound in this associated function
[INFO] [stdout] 50  |     where
[INFO] [stdout] 51  |         I: IntoIterator<Item = HeaderValue>,
[INFO] [stdout]     |                         ^^^^^^^^^^^^^^^^^^ required by this bound in `AllowOrigin::list`
[INFO] [stdout] 
[INFO] [stdout] 
[INFO] [stdout] error[E0271]: type mismatch resolving `<Vec<HeaderValue> as IntoIterator>::Item == HeaderValue`
[INFO] [stdout]    --> src/env.rs:138:23
[INFO] [stdout]     |
[INFO] [stdout] 138 |     AllowOrigin::list(urls)
[INFO] [stdout]     |     ----------------- ^^^^ expected `http::header::value::HeaderValue`, found `HeaderValue`
[INFO] [stdout]     |     |
[INFO] [stdout]     |     required by a bound introduced by this call
[INFO] [stdout]     |
[INFO] [stdout]     = note: `HeaderValue` and `http::header::value::HeaderValue` have similar names, but are actually distinct types
[INFO] [stdout] note: `HeaderValue` is defined in crate `http`
[INFO] [stdout]    --> /opt/rustwide/cargo-home/registry/src/index.crates.io-6f17d22bba15001f/http-0.2.11/src/header/value.rs:21:1
[INFO] [stdout]     |
[INFO] [stdout] 21  | pub struct HeaderValue {
[INFO] [stdout]     | ^^^^^^^^^^^^^^^^^^^^^^
[INFO] [stdout] note: `http::header::value::HeaderValue` is defined in crate `http`
[INFO] [stdout]    --> /opt/rustwide/cargo-home/registry/src/index.crates.io-6f17d22bba15001f/http-1.0.0/src/header/value.rs:21:1
[INFO] [stdout]     |
[INFO] [stdout] 21  | pub struct HeaderValue {
[INFO] [stdout]     | ^^^^^^^^^^^^^^^^^^^^^^
[INFO] [stdout]     = note: perhaps two different versions of crate `http` are being used?
[INFO] [stdout] note: required by a bound in `AllowOrigin::list`
[INFO] [stdout]    --> /opt/rustwide/cargo-home/registry/src/index.crates.io-6f17d22bba15001f/tower-http-0.5.1/src/cors/allow_origin.rs:51:25
[INFO] [stdout]     |
[INFO] [stdout] 49  |     pub fn list<I>(origins: I) -> Self
[INFO] [stdout]     |            ---- required by a bound in this associated function
[INFO] [stdout] 50  |     where
[INFO] [stdout] 51  |         I: IntoIterator<Item = HeaderValue>,
[INFO] [stdout]     |                         ^^^^^^^^^^^^^^^^^^ required by this bound in `AllowOrigin::list`
[INFO] [stdout] 
[INFO] [stdout] 
[INFO] [stdout] error: aborting due to 1 previous error
[INFO] [stdout] 
[INFO] [stdout] 
[INFO] [stdout] For more information about this error, try `rustc --explain E0271`.
[INFO] [stdout] 
[INFO] [stdout] error: aborting due to 1 previous error
[INFO] [stdout] 
[INFO] [stdout] 
[INFO] [stdout] For more information about this error, try `rustc --explain E0271`.
[INFO] [stdout] 
[INFO] [stderr] error: could not compile `authzen-service-util` (lib test) due to 2 previous errors
[INFO] [stderr] warning: build failed, waiting for other jobs to finish...
[INFO] [stderr] error: could not compile `authzen-service-util` (lib) due to 2 previous errors
[INFO] running `Command { std: "docker" "inspect" "5186085a5c715088e143dea7655a57d2d8b9696e8c4382b1fa00c0149d9c5199", kill_on_drop: false }`
[INFO] running `Command { std: "docker" "rm" "-f" "5186085a5c715088e143dea7655a57d2d8b9696e8c4382b1fa00c0149d9c5199", kill_on_drop: false }`
[INFO] [stdout] 5186085a5c715088e143dea7655a57d2d8b9696e8c4382b1fa00c0149d9c5199
[INFO] checking authzen-service-util-0.1.0-alpha.0 against nightly-2024-02-05+rustflags=-Dunexpected_cfgs+cargoflags=-Zcheck-cfg for check-cfg
[INFO] extracting crate authzen-service-util 0.1.0-alpha.0 into /workspace/builds/worker-6-tc2/source
[INFO] validating manifest of crates.io crate authzen-service-util 0.1.0-alpha.0 on toolchain nightly-2024-02-05
[INFO] running `Command { std: CARGO_HOME="/workspace/cargo-home" RUSTUP_HOME="/workspace/rustup-home" "/workspace/cargo-home/bin/cargo" "+nightly-2024-02-05" "metadata" "--manifest-path" "Cargo.toml" "--no-deps", kill_on_drop: false }`
[INFO] started tweaking crates.io crate authzen-service-util 0.1.0-alpha.0
[INFO] finished tweaking crates.io crate authzen-service-util 0.1.0-alpha.0
[INFO] tweaked toml for crates.io crate authzen-service-util 0.1.0-alpha.0 written to /workspace/builds/worker-6-tc2/source/Cargo.toml
[INFO] running `Command { std: CARGO_HOME="/workspace/cargo-home" RUSTUP_HOME="/workspace/rustup-home" "/workspace/cargo-home/bin/cargo" "+nightly-2024-02-05" "generate-lockfile" "--manifest-path" "Cargo.toml", kill_on_drop: false }`
[INFO] [stderr]     Updating crates.io index
[INFO] running `Command { std: CARGO_HOME="/workspace/cargo-home" RUSTUP_HOME="/workspace/rustup-home" "/workspace/cargo-home/bin/cargo" "+nightly-2024-02-05" "fetch" "--manifest-path" "Cargo.toml", kill_on_drop: false }`
[INFO] running `Command { std: "docker" "create" "-v" "/var/lib/crater-agent-workspace/builds/worker-6-tc2/target:/opt/rustwide/target:rw,Z" "-v" "/var/lib/crater-agent-workspace/builds/worker-6-tc2/source:/opt/rustwide/workdir:ro,Z" "-v" "/var/lib/crater-agent-workspace/cargo-home:/opt/rustwide/cargo-home:ro,Z" "-v" "/var/lib/crater-agent-workspace/rustup-home:/opt/rustwide/rustup-home:ro,Z" "-e" "SOURCE_DIR=/opt/rustwide/workdir" "-e" "CARGO_TARGET_DIR=/opt/rustwide/target" "-e" "CARGO_HOME=/opt/rustwide/cargo-home" "-e" "RUSTUP_HOME=/opt/rustwide/rustup-home" "-w" "/opt/rustwide/workdir" "-m" "1610612736" "--user" "0:0" "--network" "none" "ghcr.io/rust-lang/crates-build-env/linux@sha256:2788e3201cd34a07e3172128adcd8b3090168a8e3bcc40d7c032b9dda1df7d1c" "/opt/rustwide/cargo-home/bin/cargo" "+nightly-2024-02-05" "metadata" "--no-deps" "--format-version=1", kill_on_drop: false }`
[INFO] [stdout] 6bb97a3d25dd553ded61a4034c31038e854b24c3f1e031fa220e35c7ca1c1ec5
[INFO] running `Command { std: "docker" "start" "-a" "6bb97a3d25dd553ded61a4034c31038e854b24c3f1e031fa220e35c7ca1c1ec5", kill_on_drop: false }`
[INFO] running `Command { std: "docker" "inspect" "6bb97a3d25dd553ded61a4034c31038e854b24c3f1e031fa220e35c7ca1c1ec5", kill_on_drop: false }`
[INFO] running `Command { std: "docker" "rm" "-f" "6bb97a3d25dd553ded61a4034c31038e854b24c3f1e031fa220e35c7ca1c1ec5", kill_on_drop: false }`
[INFO] [stdout] 6bb97a3d25dd553ded61a4034c31038e854b24c3f1e031fa220e35c7ca1c1ec5
[INFO] running `Command { std: "docker" "create" "-v" "/var/lib/crater-agent-workspace/builds/worker-6-tc2/target:/opt/rustwide/target:rw,Z" "-v" "/var/lib/crater-agent-workspace/builds/worker-6-tc2/source:/opt/rustwide/workdir:ro,Z" "-v" "/var/lib/crater-agent-workspace/cargo-home:/opt/rustwide/cargo-home:ro,Z" "-v" "/var/lib/crater-agent-workspace/rustup-home:/opt/rustwide/rustup-home:ro,Z" "-e" "SOURCE_DIR=/opt/rustwide/workdir" "-e" "CARGO_TARGET_DIR=/opt/rustwide/target" "-e" "CARGO_INCREMENTAL=0" "-e" "RUST_BACKTRACE=full" "-e" "RUSTFLAGS=--cap-lints=forbid -Dunexpected_cfgs" "-e" "RUSTDOCFLAGS=--cap-lints=forbid" "-e" "CARGO_HOME=/opt/rustwide/cargo-home" "-e" "RUSTUP_HOME=/opt/rustwide/rustup-home" "-w" "/opt/rustwide/workdir" "-m" "1610612736" "--user" "0:0" "--network" "none" "ghcr.io/rust-lang/crates-build-env/linux@sha256:2788e3201cd34a07e3172128adcd8b3090168a8e3bcc40d7c032b9dda1df7d1c" "/opt/rustwide/cargo-home/bin/cargo" "+nightly-2024-02-05" "check" "--frozen" "--all" "--all-targets" "--message-format=json" "-Zcheck-cfg", kill_on_drop: false }`
[INFO] [stdout] fcf6d7a069f2075136d85ad745bc5083d43977a84553e0bd0e63cbc7ca0e7d85
[INFO] running `Command { std: "docker" "start" "-a" "fcf6d7a069f2075136d85ad745bc5083d43977a84553e0bd0e63cbc7ca0e7d85", kill_on_drop: false }`
[INFO] [stderr]     Checking futures-sink v0.3.30
[INFO] [stderr]     Checking futures-core v0.3.30
[INFO] [stderr]    Compiling semver v1.0.21
[INFO] [stderr]     Checking http v1.0.0
[INFO] [stderr]     Checking tracing-core v0.1.32
[INFO] [stderr]     Checking either v1.9.0
[INFO] [stderr]    Compiling syn v2.0.48
[INFO] [stderr]     Checking hashbrown v0.14.3
[INFO] [stderr]    Compiling paste v1.0.14
[INFO] [stderr]    Compiling syn v1.0.109
[INFO] [stderr]     Checking tokio v1.36.0
[INFO] [stderr]     Checking tower-layer v0.3.2
[INFO] [stderr]     Checking rustc-hash v1.1.0
[INFO] [stderr]     Checking futures-channel v0.3.30
[INFO] [stderr]     Checking itertools v0.10.5
[INFO] [stderr]    Compiling rustc_version v0.4.0
[INFO] [stderr]     Checking dashmap v5.5.3
[INFO] [stderr]    Compiling authzen-service-util v0.1.0-alpha.0 (/opt/rustwide/workdir)
[INFO] [stderr]     Checking http-body v1.0.0
[INFO] [stderr]    Compiling derivative v2.2.0
[INFO] [stderr]    Compiling futures-macro v0.3.30
[INFO] [stderr]    Compiling tracing-attributes v0.1.27
[INFO] [stderr]    Compiling async-backtrace-attributes v0.2.6
[INFO] [stderr]    Compiling thiserror-impl v1.0.56
[INFO] [stderr]     Checking futures-util v0.3.30
[INFO] [stderr]     Checking thiserror v1.0.56
[INFO] [stderr]     Checking tracing v0.1.40
[INFO] [stderr]     Checking futures-executor v0.3.30
[INFO] [stderr]     Checking http-body-util v0.1.0
[INFO] [stderr]     Checking hyper v0.14.28
[INFO] [stderr]     Checking futures v0.3.30
[INFO] [stderr]     Checking async-backtrace v0.2.6
[INFO] [stderr]     Checking tower-http v0.5.1
[INFO] [stdout] error: unexpected `cfg` condition name: `CHANNEL_NIGHTLY`
[INFO] [stdout]  --> src/lib.rs:1:22
[INFO] [stdout]   |
[INFO] [stdout] 1 | #![cfg_attr(all(doc, CHANNEL_NIGHTLY), feature(doc_auto_cfg))]
[INFO] [stdout]   |                      ^^^^^^^^^^^^^^^
[INFO] [stdout]   |
[INFO] [stdout]   = help: expected names are: `debug_assertions`, `doc`, `doctest`, `feature`, `miri`, `overflow_checks`, `panic`, `proc_macro`, `relocation_model`, `sanitize`, `sanitizer_cfi_generalize_pointers`, `sanitizer_cfi_normalize_integers`, `target_abi`, `target_arch`, `target_endian`, `target_env`, `target_family`, `target_feature`, `target_has_atomic`, `target_has_atomic_equal_alignment`, `target_has_atomic_load_store`, `target_os`, `target_pointer_width`, `target_thread_local`, `target_vendor`, `test`, `unix`, `windows`
[INFO] [stdout]   = help: consider using a Cargo feature instead or adding `println!("cargo:rustc-check-cfg=cfg(CHANNEL_NIGHTLY)");` to the top of a `build.rs`
[INFO] [stdout]   = note: see <https://doc.rust-lang.org/nightly/cargo/reference/unstable.html#check-cfg> for more information about checking conditional configuration
[INFO] [stdout]   = note: requested on the command line with `-D unexpected-cfgs`
[INFO] [stdout] 
[INFO] [stdout] 
[INFO] [stdout] error: unexpected `cfg` condition name: `CHANNEL_NIGHTLY`
[INFO] [stdout]  --> src/lib.rs:1:22
[INFO] [stdout]   |
[INFO] [stdout] 1 | #![cfg_attr(all(doc, CHANNEL_NIGHTLY), feature(doc_auto_cfg))]
[INFO] [stdout]   |                      ^^^^^^^^^^^^^^^
[INFO] [stdout]   |
[INFO] [stdout]   = help: expected names are: `debug_assertions`, `doc`, `doctest`, `feature`, `miri`, `overflow_checks`, `panic`, `proc_macro`, `relocation_model`, `sanitize`, `sanitizer_cfi_generalize_pointers`, `sanitizer_cfi_normalize_integers`, `target_abi`, `target_arch`, `target_endian`, `target_env`, `target_family`, `target_feature`, `target_has_atomic`, `target_has_atomic_equal_alignment`, `target_has_atomic_load_store`, `target_os`, `target_pointer_width`, `target_thread_local`, `target_vendor`, `test`, `unix`, `windows`
[INFO] [stdout]   = help: consider using a Cargo feature instead or adding `println!("cargo:rustc-check-cfg=cfg(CHANNEL_NIGHTLY)");` to the top of a `build.rs`
[INFO] [stdout]   = note: see <https://doc.rust-lang.org/nightly/cargo/reference/unstable.html#check-cfg> for more information about checking conditional configuration
[INFO] [stdout]   = note: requested on the command line with `-D unexpected-cfgs`
[INFO] [stdout] 
[INFO] [stdout] 
[INFO] [stdout] error[E0271]: type mismatch resolving `<Vec<HeaderValue> as IntoIterator>::Item == HeaderValue`
[INFO] [stdout]    --> src/env.rs:138:23
[INFO] [stdout]     |
[INFO] [stdout] 138 |     AllowOrigin::list(urls)
[INFO] [stdout]     |     ----------------- ^^^^ expected `http::header::value::HeaderValue`, found `HeaderValue`
[INFO] [stdout]     |     |
[INFO] [stdout]     |     required by a bound introduced by this call
[INFO] [stdout]     |
[INFO] [stdout]     = note: `HeaderValue` and `http::header::value::HeaderValue` have similar names, but are actually distinct types
[INFO] [stdout] note: `HeaderValue` is defined in crate `http`
[INFO] [stdout]    --> /opt/rustwide/cargo-home/registry/src/index.crates.io-6f17d22bba15001f/http-0.2.11/src/header/value.rs:21:1
[INFO] [stdout]     |
[INFO] [stdout] 21  | pub struct HeaderValue {
[INFO] [stdout]     | ^^^^^^^^^^^^^^^^^^^^^^
[INFO] [stdout] note: `http::header::value::HeaderValue` is defined in crate `http`
[INFO] [stdout]    --> /opt/rustwide/cargo-home/registry/src/index.crates.io-6f17d22bba15001f/http-1.0.0/src/header/value.rs:21:1
[INFO] [stdout]     |
[INFO] [stdout] 21  | pub struct HeaderValue {
[INFO] [stdout]     | ^^^^^^^^^^^^^^^^^^^^^^
[INFO] [stdout]     = note: perhaps two different versions of crate `http` are being used?
[INFO] [stdout] note: required by a bound in `AllowOrigin::list`
[INFO] [stdout]    --> /opt/rustwide/cargo-home/registry/src/index.crates.io-6f17d22bba15001f/tower-http-0.5.1/src/cors/allow_origin.rs:51:25
[INFO] [stdout]     |
[INFO] [stdout] 49  |     pub fn list<I>(origins: I) -> Self
[INFO] [stdout]     |            ---- required by a bound in this associated function
[INFO] [stdout] 50  |     where
[INFO] [stdout] 51  |         I: IntoIterator<Item = HeaderValue>,
[INFO] [stdout]     |                         ^^^^^^^^^^^^^^^^^^ required by this bound in `AllowOrigin::list`
[INFO] [stdout] 
[INFO] [stdout] 
[INFO] [stdout] error[E0271]: type mismatch resolving `<Vec<HeaderValue> as IntoIterator>::Item == HeaderValue`
[INFO] [stdout]    --> src/env.rs:138:23
[INFO] [stdout]     |
[INFO] [stdout] 138 |     AllowOrigin::list(urls)
[INFO] [stdout]     |     ----------------- ^^^^ expected `http::header::value::HeaderValue`, found `HeaderValue`
[INFO] [stdout]     |     |
[INFO] [stdout]     |     required by a bound introduced by this call
[INFO] [stdout]     |
[INFO] [stdout]     = note: `HeaderValue` and `http::header::value::HeaderValue` have similar names, but are actually distinct types
[INFO] [stdout] note: `HeaderValue` is defined in crate `http`
[INFO] [stdout]    --> /opt/rustwide/cargo-home/registry/src/index.crates.io-6f17d22bba15001f/http-0.2.11/src/header/value.rs:21:1
[INFO] [stdout]     |
[INFO] [stdout] 21  | pub struct HeaderValue {
[INFO] [stdout]     | ^^^^^^^^^^^^^^^^^^^^^^
[INFO] [stdout] note: `http::header::value::HeaderValue` is defined in crate `http`
[INFO] [stdout]    --> /opt/rustwide/cargo-home/registry/src/index.crates.io-6f17d22bba15001f/http-1.0.0/src/header/value.rs:21:1
[INFO] [stdout]     |
[INFO] [stdout] 21  | pub struct HeaderValue {
[INFO] [stdout]     | ^^^^^^^^^^^^^^^^^^^^^^
[INFO] [stdout]     = note: perhaps two different versions of crate `http` are being used?
[INFO] [stdout] note: required by a bound in `AllowOrigin::list`
[INFO] [stdout]    --> /opt/rustwide/cargo-home/registry/src/index.crates.io-6f17d22bba15001f/tower-http-0.5.1/src/cors/allow_origin.rs:51:25
[INFO] [stdout]     |
[INFO] [stdout] 49  |     pub fn list<I>(origins: I) -> Self
[INFO] [stdout]     |            ---- required by a bound in this associated function
[INFO] [stdout] 50  |     where
[INFO] [stdout] 51  |         I: IntoIterator<Item = HeaderValue>,
[INFO] [stdout]     |                         ^^^^^^^^^^^^^^^^^^ required by this bound in `AllowOrigin::list`
[INFO] [stdout] 
[INFO] [stdout] 
[INFO] [stdout] error: aborting due to 2 previous errors
[INFO] [stdout] 
[INFO] [stdout] 
[INFO] [stdout] For more information about this error, try `rustc --explain E0271`.
[INFO] [stdout] 
[INFO] [stdout] error: aborting due to 2 previous errors
[INFO] [stdout] 
[INFO] [stdout] 
[INFO] [stdout] For more information about this error, try `rustc --explain E0271`.
[INFO] [stdout] 
[INFO] [stderr] error: could not compile `authzen-service-util` (lib test) due to 3 previous errors
[INFO] [stderr] warning: build failed, waiting for other jobs to finish...
[INFO] [stderr] error: could not compile `authzen-service-util` (lib) due to 3 previous errors
[INFO] running `Command { std: "docker" "inspect" "fcf6d7a069f2075136d85ad745bc5083d43977a84553e0bd0e63cbc7ca0e7d85", kill_on_drop: false }`
[INFO] running `Command { std: "docker" "rm" "-f" "fcf6d7a069f2075136d85ad745bc5083d43977a84553e0bd0e63cbc7ca0e7d85", kill_on_drop: false }`
[INFO] [stdout] fcf6d7a069f2075136d85ad745bc5083d43977a84553e0bd0e63cbc7ca0e7d85
