[INFO] fetching crate authzen-proc-macro-util 0.1.0-alpha.0...
[INFO] checking authzen-proc-macro-util-0.1.0-alpha.0 against nightly-2024-02-05 for check-cfg
[INFO] extracting crate authzen-proc-macro-util 0.1.0-alpha.0 into /workspace/builds/worker-2-tc1/source
[INFO] validating manifest of crates.io crate authzen-proc-macro-util 0.1.0-alpha.0 on toolchain nightly-2024-02-05
[INFO] running `Command { std: CARGO_HOME="/workspace/cargo-home" RUSTUP_HOME="/workspace/rustup-home" "/workspace/cargo-home/bin/cargo" "+nightly-2024-02-05" "metadata" "--manifest-path" "Cargo.toml" "--no-deps", kill_on_drop: false }`
[INFO] started tweaking crates.io crate authzen-proc-macro-util 0.1.0-alpha.0
[INFO] finished tweaking crates.io crate authzen-proc-macro-util 0.1.0-alpha.0
[INFO] tweaked toml for crates.io crate authzen-proc-macro-util 0.1.0-alpha.0 written to /workspace/builds/worker-2-tc1/source/Cargo.toml
[INFO] running `Command { std: CARGO_HOME="/workspace/cargo-home" RUSTUP_HOME="/workspace/rustup-home" "/workspace/cargo-home/bin/cargo" "+nightly-2024-02-05" "generate-lockfile" "--manifest-path" "Cargo.toml", kill_on_drop: false }`
[INFO] [stderr]     Updating crates.io index
[INFO] running `Command { std: CARGO_HOME="/workspace/cargo-home" RUSTUP_HOME="/workspace/rustup-home" "/workspace/cargo-home/bin/cargo" "+nightly-2024-02-05" "fetch" "--manifest-path" "Cargo.toml", kill_on_drop: false }`
[INFO] [stderr]  Downloading crates ...
[INFO] [stderr]   Downloaded prettyplease v0.2.16
[INFO] running `Command { std: "docker" "create" "-v" "/var/lib/crater-agent-workspace/builds/worker-2-tc1/target:/opt/rustwide/target:rw,Z" "-v" "/var/lib/crater-agent-workspace/builds/worker-2-tc1/source:/opt/rustwide/workdir:ro,Z" "-v" "/var/lib/crater-agent-workspace/cargo-home:/opt/rustwide/cargo-home:ro,Z" "-v" "/var/lib/crater-agent-workspace/rustup-home:/opt/rustwide/rustup-home:ro,Z" "-e" "SOURCE_DIR=/opt/rustwide/workdir" "-e" "CARGO_TARGET_DIR=/opt/rustwide/target" "-e" "CARGO_HOME=/opt/rustwide/cargo-home" "-e" "RUSTUP_HOME=/opt/rustwide/rustup-home" "-w" "/opt/rustwide/workdir" "-m" "1610612736" "--user" "0:0" "--network" "none" "ghcr.io/rust-lang/crates-build-env/linux@sha256:2788e3201cd34a07e3172128adcd8b3090168a8e3bcc40d7c032b9dda1df7d1c" "/opt/rustwide/cargo-home/bin/cargo" "+nightly-2024-02-05" "metadata" "--no-deps" "--format-version=1", kill_on_drop: false }`
[INFO] [stdout] 78289ea22f3ac664b8644aa4d73da151af13a6a695534729c8deeea85859e2af
[INFO] running `Command { std: "docker" "start" "-a" "78289ea22f3ac664b8644aa4d73da151af13a6a695534729c8deeea85859e2af", kill_on_drop: false }`
[INFO] running `Command { std: "docker" "inspect" "78289ea22f3ac664b8644aa4d73da151af13a6a695534729c8deeea85859e2af", kill_on_drop: false }`
[INFO] running `Command { std: "docker" "rm" "-f" "78289ea22f3ac664b8644aa4d73da151af13a6a695534729c8deeea85859e2af", kill_on_drop: false }`
[INFO] [stdout] 78289ea22f3ac664b8644aa4d73da151af13a6a695534729c8deeea85859e2af
[INFO] running `Command { std: "docker" "create" "-v" "/var/lib/crater-agent-workspace/builds/worker-2-tc1/target:/opt/rustwide/target:rw,Z" "-v" "/var/lib/crater-agent-workspace/builds/worker-2-tc1/source:/opt/rustwide/workdir:ro,Z" "-v" "/var/lib/crater-agent-workspace/cargo-home:/opt/rustwide/cargo-home:ro,Z" "-v" "/var/lib/crater-agent-workspace/rustup-home:/opt/rustwide/rustup-home:ro,Z" "-e" "SOURCE_DIR=/opt/rustwide/workdir" "-e" "CARGO_TARGET_DIR=/opt/rustwide/target" "-e" "CARGO_INCREMENTAL=0" "-e" "RUST_BACKTRACE=full" "-e" "RUSTFLAGS=--cap-lints=forbid" "-e" "RUSTDOCFLAGS=--cap-lints=forbid" "-e" "CARGO_HOME=/opt/rustwide/cargo-home" "-e" "RUSTUP_HOME=/opt/rustwide/rustup-home" "-w" "/opt/rustwide/workdir" "-m" "1610612736" "--user" "0:0" "--network" "none" "ghcr.io/rust-lang/crates-build-env/linux@sha256:2788e3201cd34a07e3172128adcd8b3090168a8e3bcc40d7c032b9dda1df7d1c" "/opt/rustwide/cargo-home/bin/cargo" "+nightly-2024-02-05" "check" "--frozen" "--all" "--all-targets" "--message-format=json", kill_on_drop: false }`
[INFO] [stdout] 4e27ccf9584c23db2002edc516016dfef195897cba4d38c6cebea95324929d59
[INFO] running `Command { std: "docker" "start" "-a" "4e27ccf9584c23db2002edc516016dfef195897cba4d38c6cebea95324929d59", kill_on_drop: false }`
[INFO] [stderr]    Compiling proc-macro2 v1.0.78
[INFO] [stderr]    Compiling semver v1.0.21
[INFO] [stderr]     Checking unicode-ident v1.0.12
[INFO] [stderr]    Compiling prettyplease v0.2.16
[INFO] [stderr]    Compiling syn v1.0.109
[INFO] [stderr]     Checking syn v2.0.48
[INFO] [stderr]     Checking quote v1.0.35
[INFO] [stderr]    Compiling rustc_version v0.4.0
[INFO] [stderr]    Compiling authzen-proc-macro-util v0.1.0-alpha.0 (/opt/rustwide/workdir)
[INFO] [stderr]    Compiling derivative v2.2.0
[INFO] [stderr]    Compiling derive_more v0.99.17
[INFO] [stdout] error[E0425]: cannot find function `parse_file` in crate `syn`
[INFO] [stdout]    --> src/lib.rs:268:28
[INFO] [stdout]     |
[INFO] [stdout] 268 |     let syntax_tree = syn::parse_file(&format!("{tokens}"))?;
[INFO] [stdout]     |                            ^^^^^^^^^^ not found in `syn`
[INFO] [stdout]     |
[INFO] [stdout] note: found an item that was configured out
[INFO] [stdout]    --> /opt/rustwide/cargo-home/registry/src/index.crates.io-6f17d22bba15001f/syn-1.0.109/src/lib.rs:960:8
[INFO] [stdout]     |
[INFO] [stdout] 960 | pub fn parse_file(mut content: &str) -> Result<File> {
[INFO] [stdout]     |        ^^^^^^^^^^
[INFO] [stdout] 
[INFO] [stdout] 
[INFO] [stdout] error[E0425]: cannot find function `parse_file` in crate `syn`
[INFO] [stdout]    --> src/lib.rs:268:28
[INFO] [stdout]     |
[INFO] [stdout] 268 |     let syntax_tree = syn::parse_file(&format!("{tokens}"))?;
[INFO] [stdout]     |                            ^^^^^^^^^^ not found in `syn`
[INFO] [stdout]     |
[INFO] [stdout] note: found an item that was configured out
[INFO] [stdout]    --> /opt/rustwide/cargo-home/registry/src/index.crates.io-6f17d22bba15001f/syn-1.0.109/src/lib.rs:960:8
[INFO] [stdout]     |
[INFO] [stdout] 960 | pub fn parse_file(mut content: &str) -> Result<File> {
[INFO] [stdout]     |        ^^^^^^^^^^
[INFO] [stdout] 
[INFO] [stdout] 
[INFO] [stdout] error: aborting due to 1 previous error
[INFO] [stdout] 
[INFO] [stdout] 
[INFO] [stdout] error: aborting due to 1 previous error
[INFO] [stdout] 
[INFO] [stdout] 
[INFO] [stdout] For more information about this error, try `rustc --explain E0425`.
[INFO] [stdout] 
[INFO] [stdout] For more information about this error, try `rustc --explain E0425`.
[INFO] [stdout] 
[INFO] [stderr] error: could not compile `authzen-proc-macro-util` (lib) due to 2 previous errors
[INFO] [stderr] warning: build failed, waiting for other jobs to finish...
[INFO] [stderr] error: could not compile `authzen-proc-macro-util` (lib test) due to 2 previous errors
[INFO] running `Command { std: "docker" "inspect" "4e27ccf9584c23db2002edc516016dfef195897cba4d38c6cebea95324929d59", kill_on_drop: false }`
[INFO] running `Command { std: "docker" "rm" "-f" "4e27ccf9584c23db2002edc516016dfef195897cba4d38c6cebea95324929d59", kill_on_drop: false }`
[INFO] [stdout] 4e27ccf9584c23db2002edc516016dfef195897cba4d38c6cebea95324929d59
[INFO] checking authzen-proc-macro-util-0.1.0-alpha.0 against nightly-2024-02-05+rustflags=-Dunexpected_cfgs+cargoflags=-Zcheck-cfg for check-cfg
[INFO] extracting crate authzen-proc-macro-util 0.1.0-alpha.0 into /workspace/builds/worker-2-tc2/source
[INFO] validating manifest of crates.io crate authzen-proc-macro-util 0.1.0-alpha.0 on toolchain nightly-2024-02-05
[INFO] running `Command { std: CARGO_HOME="/workspace/cargo-home" RUSTUP_HOME="/workspace/rustup-home" "/workspace/cargo-home/bin/cargo" "+nightly-2024-02-05" "metadata" "--manifest-path" "Cargo.toml" "--no-deps", kill_on_drop: false }`
[INFO] started tweaking crates.io crate authzen-proc-macro-util 0.1.0-alpha.0
[INFO] finished tweaking crates.io crate authzen-proc-macro-util 0.1.0-alpha.0
[INFO] tweaked toml for crates.io crate authzen-proc-macro-util 0.1.0-alpha.0 written to /workspace/builds/worker-2-tc2/source/Cargo.toml
[INFO] running `Command { std: CARGO_HOME="/workspace/cargo-home" RUSTUP_HOME="/workspace/rustup-home" "/workspace/cargo-home/bin/cargo" "+nightly-2024-02-05" "generate-lockfile" "--manifest-path" "Cargo.toml", kill_on_drop: false }`
[INFO] [stderr]     Updating crates.io index
[INFO] running `Command { std: CARGO_HOME="/workspace/cargo-home" RUSTUP_HOME="/workspace/rustup-home" "/workspace/cargo-home/bin/cargo" "+nightly-2024-02-05" "fetch" "--manifest-path" "Cargo.toml", kill_on_drop: false }`
[INFO] running `Command { std: "docker" "create" "-v" "/var/lib/crater-agent-workspace/builds/worker-2-tc2/target:/opt/rustwide/target:rw,Z" "-v" "/var/lib/crater-agent-workspace/builds/worker-2-tc2/source:/opt/rustwide/workdir:ro,Z" "-v" "/var/lib/crater-agent-workspace/cargo-home:/opt/rustwide/cargo-home:ro,Z" "-v" "/var/lib/crater-agent-workspace/rustup-home:/opt/rustwide/rustup-home:ro,Z" "-e" "SOURCE_DIR=/opt/rustwide/workdir" "-e" "CARGO_TARGET_DIR=/opt/rustwide/target" "-e" "CARGO_HOME=/opt/rustwide/cargo-home" "-e" "RUSTUP_HOME=/opt/rustwide/rustup-home" "-w" "/opt/rustwide/workdir" "-m" "1610612736" "--user" "0:0" "--network" "none" "ghcr.io/rust-lang/crates-build-env/linux@sha256:2788e3201cd34a07e3172128adcd8b3090168a8e3bcc40d7c032b9dda1df7d1c" "/opt/rustwide/cargo-home/bin/cargo" "+nightly-2024-02-05" "metadata" "--no-deps" "--format-version=1", kill_on_drop: false }`
[INFO] [stdout] 66b4d88827ac9dd98caf4e4d692071c8af7cba652ff632d179bd74a87c8ec1ac
[INFO] running `Command { std: "docker" "start" "-a" "66b4d88827ac9dd98caf4e4d692071c8af7cba652ff632d179bd74a87c8ec1ac", kill_on_drop: false }`
[INFO] running `Command { std: "docker" "inspect" "66b4d88827ac9dd98caf4e4d692071c8af7cba652ff632d179bd74a87c8ec1ac", kill_on_drop: false }`
[INFO] running `Command { std: "docker" "rm" "-f" "66b4d88827ac9dd98caf4e4d692071c8af7cba652ff632d179bd74a87c8ec1ac", kill_on_drop: false }`
[INFO] [stdout] 66b4d88827ac9dd98caf4e4d692071c8af7cba652ff632d179bd74a87c8ec1ac
[INFO] running `Command { std: "docker" "create" "-v" "/var/lib/crater-agent-workspace/builds/worker-2-tc2/target:/opt/rustwide/target:rw,Z" "-v" "/var/lib/crater-agent-workspace/builds/worker-2-tc2/source:/opt/rustwide/workdir:ro,Z" "-v" "/var/lib/crater-agent-workspace/cargo-home:/opt/rustwide/cargo-home:ro,Z" "-v" "/var/lib/crater-agent-workspace/rustup-home:/opt/rustwide/rustup-home:ro,Z" "-e" "SOURCE_DIR=/opt/rustwide/workdir" "-e" "CARGO_TARGET_DIR=/opt/rustwide/target" "-e" "CARGO_INCREMENTAL=0" "-e" "RUST_BACKTRACE=full" "-e" "RUSTFLAGS=--cap-lints=forbid -Dunexpected_cfgs" "-e" "RUSTDOCFLAGS=--cap-lints=forbid" "-e" "CARGO_HOME=/opt/rustwide/cargo-home" "-e" "RUSTUP_HOME=/opt/rustwide/rustup-home" "-w" "/opt/rustwide/workdir" "-m" "1610612736" "--user" "0:0" "--network" "none" "ghcr.io/rust-lang/crates-build-env/linux@sha256:2788e3201cd34a07e3172128adcd8b3090168a8e3bcc40d7c032b9dda1df7d1c" "/opt/rustwide/cargo-home/bin/cargo" "+nightly-2024-02-05" "check" "--frozen" "--all" "--all-targets" "--message-format=json" "-Zcheck-cfg", kill_on_drop: false }`
[INFO] [stdout] 7b7ff0c539c0ddf23eb6fcd28e029809f685f86ed2bfebae90f07c2b17e88f32
[INFO] running `Command { std: "docker" "start" "-a" "7b7ff0c539c0ddf23eb6fcd28e029809f685f86ed2bfebae90f07c2b17e88f32", kill_on_drop: false }`
[INFO] [stderr]    Compiling proc-macro2 v1.0.78
[INFO] [stderr]    Compiling semver v1.0.21
[INFO] [stderr]     Checking unicode-ident v1.0.12
[INFO] [stderr]    Compiling prettyplease v0.2.16
[INFO] [stderr]    Compiling syn v1.0.109
[INFO] [stderr]     Checking quote v1.0.35
[INFO] [stderr]     Checking syn v2.0.48
[INFO] [stderr]    Compiling rustc_version v0.4.0
[INFO] [stderr]    Compiling authzen-proc-macro-util v0.1.0-alpha.0 (/opt/rustwide/workdir)
[INFO] [stderr]    Compiling derive_more v0.99.17
[INFO] [stderr]    Compiling derivative v2.2.0
[INFO] [stdout] error[E0425]: cannot find function `parse_file` in crate `syn`
[INFO] [stdout]    --> src/lib.rs:268:28
[INFO] [stdout]     |
[INFO] [stdout] 268 |     let syntax_tree = syn::parse_file(&format!("{tokens}"))?;
[INFO] [stdout]     |                            ^^^^^^^^^^ not found in `syn`
[INFO] [stdout]     |
[INFO] [stdout] note: found an item that was configured out
[INFO] [stdout]    --> /opt/rustwide/cargo-home/registry/src/index.crates.io-6f17d22bba15001f/syn-1.0.109/src/lib.rs:960:8
[INFO] [stdout]     |
[INFO] [stdout] 960 | pub fn parse_file(mut content: &str) -> Result<File> {
[INFO] [stdout]     |        ^^^^^^^^^^
[INFO] [stdout] 
[INFO] [stdout] 
[INFO] [stdout] error: unexpected `cfg` condition name: `CHANNEL_NIGHTLY`
[INFO] [stdout]  --> src/lib.rs:1:22
[INFO] [stdout]   |
[INFO] [stdout] 1 | #![cfg_attr(all(doc, CHANNEL_NIGHTLY), feature(doc_auto_cfg))]
[INFO] [stdout]   |                      ^^^^^^^^^^^^^^^
[INFO] [stdout]   |
[INFO] [stdout]   = help: expected names are: `debug_assertions`, `doc`, `doctest`, `feature`, `miri`, `overflow_checks`, `panic`, `proc_macro`, `relocation_model`, `sanitize`, `sanitizer_cfi_generalize_pointers`, `sanitizer_cfi_normalize_integers`, `target_abi`, `target_arch`, `target_endian`, `target_env`, `target_family`, `target_feature`, `target_has_atomic`, `target_has_atomic_equal_alignment`, `target_has_atomic_load_store`, `target_os`, `target_pointer_width`, `target_thread_local`, `target_vendor`, `test`, `unix`, `windows`
[INFO] [stdout]   = help: consider using a Cargo feature instead or adding `println!("cargo:rustc-check-cfg=cfg(CHANNEL_NIGHTLY)");` to the top of a `build.rs`
[INFO] [stdout]   = note: see <https://doc.rust-lang.org/nightly/cargo/reference/unstable.html#check-cfg> for more information about checking conditional configuration
[INFO] [stdout]   = note: requested on the command line with `-D unexpected-cfgs`
[INFO] [stdout] 
[INFO] [stdout] 
[INFO] [stdout] error[E0425]: cannot find function `parse_file` in crate `syn`
[INFO] [stdout]    --> src/lib.rs:268:28
[INFO] [stdout]     |
[INFO] [stdout] 268 |     let syntax_tree = syn::parse_file(&format!("{tokens}"))?;
[INFO] [stdout]     |                            ^^^^^^^^^^ not found in `syn`
[INFO] [stdout]     |
[INFO] [stdout] note: found an item that was configured out
[INFO] [stdout]    --> /opt/rustwide/cargo-home/registry/src/index.crates.io-6f17d22bba15001f/syn-1.0.109/src/lib.rs:960:8
[INFO] [stdout]     |
[INFO] [stdout] 960 | pub fn parse_file(mut content: &str) -> Result<File> {
[INFO] [stdout]     |        ^^^^^^^^^^
[INFO] [stdout] 
[INFO] [stdout] 
[INFO] [stdout] error: unexpected `cfg` condition name: `CHANNEL_NIGHTLY`
[INFO] [stdout]  --> src/lib.rs:1:22
[INFO] [stdout]   |
[INFO] [stdout] 1 | #![cfg_attr(all(doc, CHANNEL_NIGHTLY), feature(doc_auto_cfg))]
[INFO] [stdout]   |                      ^^^^^^^^^^^^^^^
[INFO] [stdout]   |
[INFO] [stdout]   = help: expected names are: `debug_assertions`, `doc`, `doctest`, `feature`, `miri`, `overflow_checks`, `panic`, `proc_macro`, `relocation_model`, `sanitize`, `sanitizer_cfi_generalize_pointers`, `sanitizer_cfi_normalize_integers`, `target_abi`, `target_arch`, `target_endian`, `target_env`, `target_family`, `target_feature`, `target_has_atomic`, `target_has_atomic_equal_alignment`, `target_has_atomic_load_store`, `target_os`, `target_pointer_width`, `target_thread_local`, `target_vendor`, `test`, `unix`, `windows`
[INFO] [stdout]   = help: consider using a Cargo feature instead or adding `println!("cargo:rustc-check-cfg=cfg(CHANNEL_NIGHTLY)");` to the top of a `build.rs`
[INFO] [stdout]   = note: see <https://doc.rust-lang.org/nightly/cargo/reference/unstable.html#check-cfg> for more information about checking conditional configuration
[INFO] [stdout]   = note: requested on the command line with `-D unexpected-cfgs`
[INFO] [stdout] 
[INFO] [stdout] 
[INFO] [stdout] error: aborting due to 2 previous errors
[INFO] [stdout] 
[INFO] [stdout] 
[INFO] [stdout] For more information about this error, try `rustc --explain E0425`.
[INFO] [stdout] 
[INFO] [stderr] error: could not compile `authzen-proc-macro-util` (lib) due to 3 previous errors
[INFO] [stderr] warning: build failed, waiting for other jobs to finish...
[INFO] [stdout] error: aborting due to 2 previous errors
[INFO] [stdout] 
[INFO] [stdout] 
[INFO] [stdout] For more information about this error, try `rustc --explain E0425`.
[INFO] [stdout] 
[INFO] [stderr] error: could not compile `authzen-proc-macro-util` (lib test) due to 3 previous errors
[INFO] running `Command { std: "docker" "inspect" "7b7ff0c539c0ddf23eb6fcd28e029809f685f86ed2bfebae90f07c2b17e88f32", kill_on_drop: false }`
[INFO] running `Command { std: "docker" "rm" "-f" "7b7ff0c539c0ddf23eb6fcd28e029809f685f86ed2bfebae90f07c2b17e88f32", kill_on_drop: false }`
[INFO] [stdout] 7b7ff0c539c0ddf23eb6fcd28e029809f685f86ed2bfebae90f07c2b17e88f32
