[INFO] fetching crate async-dropper-derive 0.3.1...
[INFO] checking async-dropper-derive-0.3.1 against nightly-2024-02-05 for check-cfg
[INFO] extracting crate async-dropper-derive 0.3.1 into /workspace/builds/worker-0-tc1/source
[INFO] validating manifest of crates.io crate async-dropper-derive 0.3.1 on toolchain nightly-2024-02-05
[INFO] running `Command { std: CARGO_HOME="/workspace/cargo-home" RUSTUP_HOME="/workspace/rustup-home" "/workspace/cargo-home/bin/cargo" "+nightly-2024-02-05" "metadata" "--manifest-path" "Cargo.toml" "--no-deps", kill_on_drop: false }`
[INFO] started tweaking crates.io crate async-dropper-derive 0.3.1
[INFO] finished tweaking crates.io crate async-dropper-derive 0.3.1
[INFO] tweaked toml for crates.io crate async-dropper-derive 0.3.1 written to /workspace/builds/worker-0-tc1/source/Cargo.toml
[INFO] running `Command { std: CARGO_HOME="/workspace/cargo-home" RUSTUP_HOME="/workspace/rustup-home" "/workspace/cargo-home/bin/cargo" "+nightly-2024-02-05" "generate-lockfile" "--manifest-path" "Cargo.toml", kill_on_drop: false }`
[INFO] [stderr]     Updating crates.io index
[INFO] running `Command { std: CARGO_HOME="/workspace/cargo-home" RUSTUP_HOME="/workspace/rustup-home" "/workspace/cargo-home/bin/cargo" "+nightly-2024-02-05" "fetch" "--manifest-path" "Cargo.toml", kill_on_drop: false }`
[INFO] running `Command { std: "docker" "create" "-v" "/var/lib/crater-agent-workspace/builds/worker-0-tc1/target:/opt/rustwide/target:rw,Z" "-v" "/var/lib/crater-agent-workspace/builds/worker-0-tc1/source:/opt/rustwide/workdir:ro,Z" "-v" "/var/lib/crater-agent-workspace/cargo-home:/opt/rustwide/cargo-home:ro,Z" "-v" "/var/lib/crater-agent-workspace/rustup-home:/opt/rustwide/rustup-home:ro,Z" "-e" "SOURCE_DIR=/opt/rustwide/workdir" "-e" "CARGO_TARGET_DIR=/opt/rustwide/target" "-e" "CARGO_HOME=/opt/rustwide/cargo-home" "-e" "RUSTUP_HOME=/opt/rustwide/rustup-home" "-w" "/opt/rustwide/workdir" "-m" "1610612736" "--user" "0:0" "--network" "none" "ghcr.io/rust-lang/crates-build-env/linux@sha256:2788e3201cd34a07e3172128adcd8b3090168a8e3bcc40d7c032b9dda1df7d1c" "/opt/rustwide/cargo-home/bin/cargo" "+nightly-2024-02-05" "metadata" "--no-deps" "--format-version=1", kill_on_drop: false }`
[INFO] [stdout] dbe08ce1d57c7db43d32a8a8dddcb8240d661f5ee5adf0af4a4e4c39c819627d
[INFO] running `Command { std: "docker" "start" "-a" "dbe08ce1d57c7db43d32a8a8dddcb8240d661f5ee5adf0af4a4e4c39c819627d", kill_on_drop: false }`
[INFO] running `Command { std: "docker" "inspect" "dbe08ce1d57c7db43d32a8a8dddcb8240d661f5ee5adf0af4a4e4c39c819627d", kill_on_drop: false }`
[INFO] running `Command { std: "docker" "rm" "-f" "dbe08ce1d57c7db43d32a8a8dddcb8240d661f5ee5adf0af4a4e4c39c819627d", kill_on_drop: false }`
[INFO] [stdout] dbe08ce1d57c7db43d32a8a8dddcb8240d661f5ee5adf0af4a4e4c39c819627d
[INFO] running `Command { std: "docker" "create" "-v" "/var/lib/crater-agent-workspace/builds/worker-0-tc1/target:/opt/rustwide/target:rw,Z" "-v" "/var/lib/crater-agent-workspace/builds/worker-0-tc1/source:/opt/rustwide/workdir:ro,Z" "-v" "/var/lib/crater-agent-workspace/cargo-home:/opt/rustwide/cargo-home:ro,Z" "-v" "/var/lib/crater-agent-workspace/rustup-home:/opt/rustwide/rustup-home:ro,Z" "-e" "SOURCE_DIR=/opt/rustwide/workdir" "-e" "CARGO_TARGET_DIR=/opt/rustwide/target" "-e" "CARGO_INCREMENTAL=0" "-e" "RUST_BACKTRACE=full" "-e" "RUSTFLAGS=--cap-lints=forbid" "-e" "RUSTDOCFLAGS=--cap-lints=forbid" "-e" "CARGO_HOME=/opt/rustwide/cargo-home" "-e" "RUSTUP_HOME=/opt/rustwide/rustup-home" "-w" "/opt/rustwide/workdir" "-m" "1610612736" "--user" "0:0" "--network" "none" "ghcr.io/rust-lang/crates-build-env/linux@sha256:2788e3201cd34a07e3172128adcd8b3090168a8e3bcc40d7c032b9dda1df7d1c" "/opt/rustwide/cargo-home/bin/cargo" "+nightly-2024-02-05" "check" "--frozen" "--all" "--all-targets" "--message-format=json", kill_on_drop: false }`
[INFO] [stdout] eb17ec75c36ae40e3a8ce8eb9b88a3ecee188c41d8582ef2f53e2e1d14ed6e0e
[INFO] running `Command { std: "docker" "start" "-a" "eb17ec75c36ae40e3a8ce8eb9b88a3ecee188c41d8582ef2f53e2e1d14ed6e0e", kill_on_drop: false }`
[INFO] [stderr]     Checking unicode-ident v1.0.12
[INFO] [stderr]    Compiling async-trait v0.1.77
[INFO] [stderr]    Compiling syn v2.0.48
[INFO] [stderr]     Checking proc-macro2 v1.0.78
[INFO] [stderr]     Checking quote v1.0.35
[INFO] [stderr]     Checking async-dropper-derive v0.3.1 (/opt/rustwide/workdir)
[INFO] [stdout] error: either 'async-std' or 'tokio' features must be enabled for the async-dropper crate
[INFO] [stdout]    --> src/lib.rs:113:5
[INFO] [stdout]     |
[INFO] [stdout] 113 | /     compile_error!(
[INFO] [stdout] 114 | |         "either 'async-std' or 'tokio' features must be enabled for the async-dropper crate"
[INFO] [stdout] 115 | |     );
[INFO] [stdout]     | |_____^
[INFO] [stdout] 
[INFO] [stdout] 
[INFO] [stdout] error: either 'async-std' or 'tokio' features must be enabled for the async-dropper crate
[INFO] [stdout]    --> src/lib.rs:113:5
[INFO] [stdout]     |
[INFO] [stdout] 113 | /     compile_error!(
[INFO] [stdout] 114 | |         "either 'async-std' or 'tokio' features must be enabled for the async-dropper crate"
[INFO] [stdout] 115 | |     );
[INFO] [stdout]     | |_____^
[INFO] [stdout] 
[INFO] [stdout] 
[INFO] [stdout] error[E0308]: mismatched types
[INFO] [stdout]    --> src/lib.rs:9:13
[INFO] [stdout]     |
[INFO] [stdout] 9   |             gen_impl(&derive_input),
[INFO] [stdout]     |             ^^^^^^^^^^^^^^^^^^^^^^^ expected `proc_macro2::TokenStream`, found `proc_macro::TokenStream`
[INFO] [stdout]     |
[INFO] [stdout]     = note: `proc_macro::TokenStream` and `proc_macro2::TokenStream` have similar names, but are actually distinct types
[INFO] [stdout] note: `proc_macro::TokenStream` is defined in crate `proc_macro`
[INFO] [stdout]    --> /rustc/268dbbbc4b3fd71c5f360a4d0728295252430b5b/library/proc_macro/src/lib.rs:82:1
[INFO] [stdout] note: `proc_macro2::TokenStream` is defined in crate `proc_macro2`
[INFO] [stdout]    --> /opt/rustwide/cargo-home/registry/src/index.crates.io-6f17d22bba15001f/proc-macro2-1.0.78/src/lib.rs:187:1
[INFO] [stdout]     |
[INFO] [stdout] 187 | pub struct TokenStream {
[INFO] [stdout]     | ^^^^^^^^^^^^^^^^^^^^^^
[INFO] [stdout] help: call `Into::into` on this expression to convert `proc_macro::TokenStream` into `proc_macro2::TokenStream`
[INFO] [stdout]     |
[INFO] [stdout] 9   |             gen_impl(&derive_input).into(),
[INFO] [stdout]     |                                    +++++++
[INFO] [stdout] 
[INFO] [stdout] 
[INFO] [stdout] error[E0308]: mismatched types
[INFO] [stdout]    --> src/lib.rs:9:13
[INFO] [stdout]     |
[INFO] [stdout] 9   |             gen_impl(&derive_input),
[INFO] [stdout]     |             ^^^^^^^^^^^^^^^^^^^^^^^ expected `proc_macro2::TokenStream`, found `proc_macro::TokenStream`
[INFO] [stdout]     |
[INFO] [stdout]     = note: `proc_macro::TokenStream` and `proc_macro2::TokenStream` have similar names, but are actually distinct types
[INFO] [stdout] note: `proc_macro::TokenStream` is defined in crate `proc_macro`
[INFO] [stdout]    --> /rustc/268dbbbc4b3fd71c5f360a4d0728295252430b5b/library/proc_macro/src/lib.rs:82:1
[INFO] [stdout] note: `proc_macro2::TokenStream` is defined in crate `proc_macro2`
[INFO] [stdout]    --> /opt/rustwide/cargo-home/registry/src/index.crates.io-6f17d22bba15001f/proc-macro2-1.0.78/src/lib.rs:187:1
[INFO] [stdout]     |
[INFO] [stdout] 187 | pub struct TokenStream {
[INFO] [stdout]     | ^^^^^^^^^^^^^^^^^^^^^^
[INFO] [stdout] help: call `Into::into` on this expression to convert `proc_macro::TokenStream` into `proc_macro2::TokenStream`
[INFO] [stdout]     |
[INFO] [stdout] 9   |             gen_impl(&derive_input).into(),
[INFO] [stdout]     |                                    +++++++
[INFO] [stdout] 
[INFO] [stdout] 
[INFO] [stdout] error[E0308]: mismatched types
[INFO] [stdout]    --> src/lib.rs:112:33
[INFO] [stdout]     |
[INFO] [stdout] 112 | fn gen_impl(_: &DeriveInput) -> proc_macro::TokenStream {
[INFO] [stdout]     |    --------                     ^^^^^^^^^^^^^^^^^^^^^^^ expected `TokenStream`, found `()`
[INFO] [stdout]     |    |
[INFO] [stdout]     |    implicitly returns `()` as its body has no tail or `return` expression
[INFO] [stdout] 
[INFO] [stdout] 
[INFO] [stdout] error[E0308]: mismatched types
[INFO] [stdout]    --> src/lib.rs:112:33
[INFO] [stdout]     |
[INFO] [stdout] 112 | fn gen_impl(_: &DeriveInput) -> proc_macro::TokenStream {
[INFO] [stdout]     |    --------                     ^^^^^^^^^^^^^^^^^^^^^^^ expected `TokenStream`, found `()`
[INFO] [stdout]     |    |
[INFO] [stdout]     |    implicitly returns `()` as its body has no tail or `return` expression
[INFO] [stdout] 
[INFO] [stdout] 
[INFO] [stdout] error: aborting due to 3 previous errors
[INFO] [stdout] 
[INFO] [stdout] 
[INFO] [stdout] For more information about this error, try `rustc --explain E0308`.
[INFO] [stdout] 
[INFO] [stdout] error: aborting due to 3 previous errors
[INFO] [stdout] 
[INFO] [stdout] 
[INFO] [stdout] For more information about this error, try `rustc --explain E0308`.
[INFO] [stdout] 
[INFO] [stderr] error: could not compile `async-dropper-derive` (lib) due to 4 previous errors
[INFO] [stderr] warning: build failed, waiting for other jobs to finish...
[INFO] [stderr] error: could not compile `async-dropper-derive` (lib test) due to 4 previous errors
[INFO] running `Command { std: "docker" "inspect" "eb17ec75c36ae40e3a8ce8eb9b88a3ecee188c41d8582ef2f53e2e1d14ed6e0e", kill_on_drop: false }`
[INFO] running `Command { std: "docker" "rm" "-f" "eb17ec75c36ae40e3a8ce8eb9b88a3ecee188c41d8582ef2f53e2e1d14ed6e0e", kill_on_drop: false }`
[INFO] [stdout] eb17ec75c36ae40e3a8ce8eb9b88a3ecee188c41d8582ef2f53e2e1d14ed6e0e
