[INFO] fetching crate asn1rs 0.3.1...
[INFO] checking asn1rs-0.3.1 against nightly-2024-02-05 for check-cfg
[INFO] extracting crate asn1rs 0.3.1 into /workspace/builds/worker-1-tc1/source
[INFO] validating manifest of crates.io crate asn1rs 0.3.1 on toolchain nightly-2024-02-05
[INFO] running `Command { std: CARGO_HOME="/workspace/cargo-home" RUSTUP_HOME="/workspace/rustup-home" "/workspace/cargo-home/bin/cargo" "+nightly-2024-02-05" "metadata" "--manifest-path" "Cargo.toml" "--no-deps", kill_on_drop: false }`
[INFO] started tweaking crates.io crate asn1rs 0.3.1
[INFO] finished tweaking crates.io crate asn1rs 0.3.1
[INFO] tweaked toml for crates.io crate asn1rs 0.3.1 written to /workspace/builds/worker-1-tc1/source/Cargo.toml
[INFO] crate crates.io crate asn1rs 0.3.1 already has a lockfile, it will not be regenerated
[INFO] running `Command { std: CARGO_HOME="/workspace/cargo-home" RUSTUP_HOME="/workspace/rustup-home" "/workspace/cargo-home/bin/cargo" "+nightly-2024-02-05" "fetch" "--manifest-path" "Cargo.toml", kill_on_drop: false }`
[INFO] [stderr]     Updating crates.io index
[INFO] [stderr]  Downloading crates ...
[INFO] [stderr]   Downloaded phf_shared v0.11.2
[INFO] [stderr]   Downloaded async-trait v0.1.72
[INFO] [stderr]   Downloaded postgres v0.19.5
[INFO] [stderr]   Downloaded postgres-protocol v0.6.5
[INFO] [stderr]   Downloaded phf v0.11.2
[INFO] [stderr]   Downloaded md-5 v0.10.5
[INFO] [stderr]   Downloaded postgres-types v0.2.5
[INFO] [stderr]   Downloaded serde v1.0.176
[INFO] [stderr]   Downloaded asn1rs-model v0.3.0
[INFO] [stderr]   Downloaded tokio v1.29.1
[INFO] [stderr]   Downloaded gimli v0.27.3
[INFO] [stderr]   Downloaded object v0.31.1
[INFO] [stderr]   Downloaded serde_derive v1.0.176
[INFO] [stderr]   Downloaded backtrace v0.3.68
[INFO] [stderr]   Downloaded tokio-postgres v0.7.8
[INFO] [stderr]   Downloaded addr2line v0.20.0
[INFO] [stderr]   Downloaded stringprep v0.1.3
[INFO] [stderr]   Downloaded asn1rs-macros v0.3.0
[INFO] [stderr]   Downloaded asn1rs-model v0.2.2
[INFO] running `Command { std: "docker" "create" "-v" "/var/lib/crater-agent-workspace/builds/worker-1-tc1/target:/opt/rustwide/target:rw,Z" "-v" "/var/lib/crater-agent-workspace/builds/worker-1-tc1/source:/opt/rustwide/workdir:ro,Z" "-v" "/var/lib/crater-agent-workspace/cargo-home:/opt/rustwide/cargo-home:ro,Z" "-v" "/var/lib/crater-agent-workspace/rustup-home:/opt/rustwide/rustup-home:ro,Z" "-e" "SOURCE_DIR=/opt/rustwide/workdir" "-e" "CARGO_TARGET_DIR=/opt/rustwide/target" "-e" "CARGO_HOME=/opt/rustwide/cargo-home" "-e" "RUSTUP_HOME=/opt/rustwide/rustup-home" "-w" "/opt/rustwide/workdir" "-m" "1610612736" "--user" "0:0" "--network" "none" "ghcr.io/rust-lang/crates-build-env/linux@sha256:2788e3201cd34a07e3172128adcd8b3090168a8e3bcc40d7c032b9dda1df7d1c" "/opt/rustwide/cargo-home/bin/cargo" "+nightly-2024-02-05" "metadata" "--no-deps" "--format-version=1", kill_on_drop: false }`
[INFO] [stdout] 0a8b968026644dbf0011b167a4ea1219926450039956224868d9895f2a130c4d
[INFO] running `Command { std: "docker" "start" "-a" "0a8b968026644dbf0011b167a4ea1219926450039956224868d9895f2a130c4d", kill_on_drop: false }`
[INFO] running `Command { std: "docker" "inspect" "0a8b968026644dbf0011b167a4ea1219926450039956224868d9895f2a130c4d", kill_on_drop: false }`
[INFO] running `Command { std: "docker" "rm" "-f" "0a8b968026644dbf0011b167a4ea1219926450039956224868d9895f2a130c4d", kill_on_drop: false }`
[INFO] [stdout] 0a8b968026644dbf0011b167a4ea1219926450039956224868d9895f2a130c4d
[INFO] running `Command { std: "docker" "create" "-v" "/var/lib/crater-agent-workspace/builds/worker-1-tc1/target:/opt/rustwide/target:rw,Z" "-v" "/var/lib/crater-agent-workspace/builds/worker-1-tc1/source:/opt/rustwide/workdir:ro,Z" "-v" "/var/lib/crater-agent-workspace/cargo-home:/opt/rustwide/cargo-home:ro,Z" "-v" "/var/lib/crater-agent-workspace/rustup-home:/opt/rustwide/rustup-home:ro,Z" "-e" "SOURCE_DIR=/opt/rustwide/workdir" "-e" "CARGO_TARGET_DIR=/opt/rustwide/target" "-e" "CARGO_INCREMENTAL=0" "-e" "RUST_BACKTRACE=full" "-e" "RUSTFLAGS=--cap-lints=forbid" "-e" "RUSTDOCFLAGS=--cap-lints=forbid" "-e" "CARGO_HOME=/opt/rustwide/cargo-home" "-e" "RUSTUP_HOME=/opt/rustwide/rustup-home" "-w" "/opt/rustwide/workdir" "-m" "1610612736" "--user" "0:0" "--network" "none" "ghcr.io/rust-lang/crates-build-env/linux@sha256:2788e3201cd34a07e3172128adcd8b3090168a8e3bcc40d7c032b9dda1df7d1c" "/opt/rustwide/cargo-home/bin/cargo" "+nightly-2024-02-05" "check" "--frozen" "--all" "--all-targets" "--message-format=json", kill_on_drop: false }`
[INFO] [stdout] 3ee4e4183d00d8bf516b49ba5cc53bca6911dd84fe3b7da8751b1e2d015f243f
[INFO] running `Command { std: "docker" "start" "-a" "3ee4e4183d00d8bf516b49ba5cc53bca6911dd84fe3b7da8751b1e2d015f243f", kill_on_drop: false }`
[INFO] [stderr]    Compiling proc-macro2 v1.0.66
[INFO] [stderr]    Compiling libc v0.2.147
[INFO] [stderr]    Compiling unicode-segmentation v1.10.1
[INFO] [stderr]    Compiling indexmap v1.9.3
[INFO] [stderr]    Compiling backtrace v0.3.68
[INFO] [stderr]    Compiling memchr v2.5.0
[INFO] [stderr]    Compiling gimli v0.27.3
[INFO] [stderr]     Checking unicode-ident v1.0.11
[INFO] [stderr]    Compiling heck v0.3.3
[INFO] [stderr]    Compiling miniz_oxide v0.7.1
[INFO] [stderr]    Compiling object v0.31.1
[INFO] [stderr]    Compiling quote v1.0.32
[INFO] [stderr]    Compiling syn v1.0.109
[INFO] [stderr]    Compiling codegen v0.1.3
[INFO] [stderr]    Compiling strum v0.19.5
[INFO] [stderr]    Compiling serde v1.0.176
[INFO] [stderr]     Checking unicode-width v0.1.10
[INFO] [stderr]     Checking textwrap v0.11.0
[INFO] [stderr]     Checking atty v0.2.14
[INFO] [stderr]     Checking clap v2.34.0
[INFO] [stderr]    Compiling addr2line v0.20.0
[INFO] [stderr]    Compiling serde_derive v1.0.176
[INFO] [stderr]     Checking byteorder v1.4.3
[INFO] [stderr]    Compiling strum_macros v0.19.4
[INFO] [stderr]    Compiling asn1rs-model v0.2.2
[INFO] [stderr]     Checking asn1rs-model v0.3.0
[INFO] [stderr]    Compiling asn1rs-macros v0.3.0
[INFO] [stderr]     Checking asn1rs v0.3.1 (/opt/rustwide/workdir)
[INFO] [stdout] error[E0308]: mismatched types
[INFO] [stdout]   --> tests/basic_set.rs:62:18
[INFO] [stdout]    |
[INFO] [stdout] 62 |             jkl: Some("jkl".to_string()),
[INFO] [stdout]    |                  ^^^^^^^^^^^^^^^^^^^^^^^ expected `String`, found `Option<String>`
[INFO] [stdout]    |
[INFO] [stdout]    = note: expected struct `std::string::String`
[INFO] [stdout]                 found enum `std::option::Option<std::string::String>`
[INFO] [stdout] 
[INFO] [stdout] 
[INFO] [stdout] error[E0308]: mismatched types
[INFO] [stdout]   --> tests/basic_set.rs:63:18
[INFO] [stdout]    |
[INFO] [stdout] 63 |             ghi: Some("ghi".to_string()),
[INFO] [stdout]    |                  ^^^^^^^^^^^^^^^^^^^^^^^ expected `String`, found `Option<String>`
[INFO] [stdout]    |
[INFO] [stdout]    = note: expected struct `std::string::String`
[INFO] [stdout]                 found enum `std::option::Option<std::string::String>`
[INFO] [stdout] 
[INFO] [stdout] 
[INFO] [stdout] error[E0308]: mismatched types
[INFO] [stdout]   --> tests/basic_set.rs:80:18
[INFO] [stdout]    |
[INFO] [stdout] 80 |             jkl: None,
[INFO] [stdout]    |                  ^^^^ expected `String`, found `Option<_>`
[INFO] [stdout]    |
[INFO] [stdout]    = note: expected struct `std::string::String`
[INFO] [stdout]                 found enum `std::option::Option<_>`
[INFO] [stdout] 
[INFO] [stdout] 
[INFO] [stdout] error[E0308]: mismatched types
[INFO] [stdout]   --> tests/basic_set.rs:81:18
[INFO] [stdout]    |
[INFO] [stdout] 81 |             ghi: None,
[INFO] [stdout]    |                  ^^^^ expected `String`, found `Option<_>`
[INFO] [stdout]    |
[INFO] [stdout]    = note: expected struct `std::string::String`
[INFO] [stdout]                 found enum `std::option::Option<_>`
[INFO] [stdout] 
[INFO] [stdout] 
[INFO] [stdout] error[E0308]: mismatched types
[INFO] [stdout]    --> tests/basic_set.rs:105:18
[INFO] [stdout]     |
[INFO] [stdout] 105 |             jkl: Some("jkl".to_string()),
[INFO] [stdout]     |                  ^^^^^^^^^^^^^^^^^^^^^^^ expected `String`, found `Option<String>`
[INFO] [stdout]     |
[INFO] [stdout]     = note: expected struct `std::string::String`
[INFO] [stdout]                  found enum `std::option::Option<std::string::String>`
[INFO] [stdout] 
[INFO] [stdout] 
[INFO] [stdout] error[E0308]: mismatched types
[INFO] [stdout]    --> tests/basic_set.rs:106:18
[INFO] [stdout]     |
[INFO] [stdout] 106 |             ghi: None,
[INFO] [stdout]     |                  ^^^^ expected `String`, found `Option<_>`
[INFO] [stdout]     |
[INFO] [stdout]     = note: expected struct `std::string::String`
[INFO] [stdout]                  found enum `std::option::Option<_>`
[INFO] [stdout] 
[INFO] [stdout] 
[INFO] [stdout] error: aborting due to 6 previous errors
[INFO] [stdout] 
[INFO] [stdout] 
[INFO] [stdout] For more information about this error, try `rustc --explain E0308`.
[INFO] [stdout] 
[INFO] [stderr] error: could not compile `asn1rs` (test "basic_set") due to 7 previous errors
[INFO] [stderr] warning: build failed, waiting for other jobs to finish...
[INFO] running `Command { std: "docker" "inspect" "3ee4e4183d00d8bf516b49ba5cc53bca6911dd84fe3b7da8751b1e2d015f243f", kill_on_drop: false }`
[INFO] running `Command { std: "docker" "rm" "-f" "3ee4e4183d00d8bf516b49ba5cc53bca6911dd84fe3b7da8751b1e2d015f243f", kill_on_drop: false }`
[INFO] [stdout] 3ee4e4183d00d8bf516b49ba5cc53bca6911dd84fe3b7da8751b1e2d015f243f
[INFO] checking asn1rs-0.3.1 against nightly-2024-02-05+rustflags=-Dunexpected_cfgs+cargoflags=-Zcheck-cfg for check-cfg
[INFO] extracting crate asn1rs 0.3.1 into /workspace/builds/worker-1-tc2/source
[INFO] validating manifest of crates.io crate asn1rs 0.3.1 on toolchain nightly-2024-02-05
[INFO] running `Command { std: CARGO_HOME="/workspace/cargo-home" RUSTUP_HOME="/workspace/rustup-home" "/workspace/cargo-home/bin/cargo" "+nightly-2024-02-05" "metadata" "--manifest-path" "Cargo.toml" "--no-deps", kill_on_drop: false }`
[INFO] started tweaking crates.io crate asn1rs 0.3.1
[INFO] finished tweaking crates.io crate asn1rs 0.3.1
[INFO] tweaked toml for crates.io crate asn1rs 0.3.1 written to /workspace/builds/worker-1-tc2/source/Cargo.toml
[INFO] crate crates.io crate asn1rs 0.3.1 already has a lockfile, it will not be regenerated
[INFO] running `Command { std: CARGO_HOME="/workspace/cargo-home" RUSTUP_HOME="/workspace/rustup-home" "/workspace/cargo-home/bin/cargo" "+nightly-2024-02-05" "fetch" "--manifest-path" "Cargo.toml", kill_on_drop: false }`
[INFO] running `Command { std: "docker" "create" "-v" "/var/lib/crater-agent-workspace/builds/worker-1-tc2/target:/opt/rustwide/target:rw,Z" "-v" "/var/lib/crater-agent-workspace/builds/worker-1-tc2/source:/opt/rustwide/workdir:ro,Z" "-v" "/var/lib/crater-agent-workspace/cargo-home:/opt/rustwide/cargo-home:ro,Z" "-v" "/var/lib/crater-agent-workspace/rustup-home:/opt/rustwide/rustup-home:ro,Z" "-e" "SOURCE_DIR=/opt/rustwide/workdir" "-e" "CARGO_TARGET_DIR=/opt/rustwide/target" "-e" "CARGO_HOME=/opt/rustwide/cargo-home" "-e" "RUSTUP_HOME=/opt/rustwide/rustup-home" "-w" "/opt/rustwide/workdir" "-m" "1610612736" "--user" "0:0" "--network" "none" "ghcr.io/rust-lang/crates-build-env/linux@sha256:2788e3201cd34a07e3172128adcd8b3090168a8e3bcc40d7c032b9dda1df7d1c" "/opt/rustwide/cargo-home/bin/cargo" "+nightly-2024-02-05" "metadata" "--no-deps" "--format-version=1", kill_on_drop: false }`
[INFO] [stdout] 59b10f38141ac055cea524be8501c385a3c7ab894c784be16ddd1016d372190c
[INFO] running `Command { std: "docker" "start" "-a" "59b10f38141ac055cea524be8501c385a3c7ab894c784be16ddd1016d372190c", kill_on_drop: false }`
[INFO] running `Command { std: "docker" "inspect" "59b10f38141ac055cea524be8501c385a3c7ab894c784be16ddd1016d372190c", kill_on_drop: false }`
[INFO] running `Command { std: "docker" "rm" "-f" "59b10f38141ac055cea524be8501c385a3c7ab894c784be16ddd1016d372190c", kill_on_drop: false }`
[INFO] [stdout] 59b10f38141ac055cea524be8501c385a3c7ab894c784be16ddd1016d372190c
[INFO] running `Command { std: "docker" "create" "-v" "/var/lib/crater-agent-workspace/builds/worker-1-tc2/target:/opt/rustwide/target:rw,Z" "-v" "/var/lib/crater-agent-workspace/builds/worker-1-tc2/source:/opt/rustwide/workdir:ro,Z" "-v" "/var/lib/crater-agent-workspace/cargo-home:/opt/rustwide/cargo-home:ro,Z" "-v" "/var/lib/crater-agent-workspace/rustup-home:/opt/rustwide/rustup-home:ro,Z" "-e" "SOURCE_DIR=/opt/rustwide/workdir" "-e" "CARGO_TARGET_DIR=/opt/rustwide/target" "-e" "CARGO_INCREMENTAL=0" "-e" "RUST_BACKTRACE=full" "-e" "RUSTFLAGS=--cap-lints=forbid -Dunexpected_cfgs" "-e" "RUSTDOCFLAGS=--cap-lints=forbid" "-e" "CARGO_HOME=/opt/rustwide/cargo-home" "-e" "RUSTUP_HOME=/opt/rustwide/rustup-home" "-w" "/opt/rustwide/workdir" "-m" "1610612736" "--user" "0:0" "--network" "none" "ghcr.io/rust-lang/crates-build-env/linux@sha256:2788e3201cd34a07e3172128adcd8b3090168a8e3bcc40d7c032b9dda1df7d1c" "/opt/rustwide/cargo-home/bin/cargo" "+nightly-2024-02-05" "check" "--frozen" "--all" "--all-targets" "--message-format=json" "-Zcheck-cfg", kill_on_drop: false }`
[INFO] [stdout] dafef94448af22cc347c7899136ea31595f2d35ce9459c1d4d82c83caced0498
[INFO] running `Command { std: "docker" "start" "-a" "dafef94448af22cc347c7899136ea31595f2d35ce9459c1d4d82c83caced0498", kill_on_drop: false }`
[INFO] [stderr]    Compiling proc-macro2 v1.0.66
[INFO] [stderr]    Compiling libc v0.2.147
[INFO] [stderr]    Compiling unicode-segmentation v1.10.1
[INFO] [stderr]    Compiling indexmap v1.9.3
[INFO] [stderr]    Compiling backtrace v0.3.68
[INFO] [stderr]    Compiling memchr v2.5.0
[INFO] [stderr]    Compiling gimli v0.27.3
[INFO] [stderr]     Checking unicode-ident v1.0.11
[INFO] [stderr]    Compiling miniz_oxide v0.7.1
[INFO] [stderr]    Compiling heck v0.3.3
[INFO] [stderr]    Compiling object v0.31.1
[INFO] [stderr]    Compiling quote v1.0.32
[INFO] [stderr]    Compiling syn v1.0.109
[INFO] [stderr]    Compiling codegen v0.1.3
[INFO] [stderr]    Compiling serde v1.0.176
[INFO] [stderr]     Checking unicode-width v0.1.10
[INFO] [stderr]    Compiling strum v0.19.5
[INFO] [stderr]     Checking textwrap v0.11.0
[INFO] [stderr]     Checking atty v0.2.14
[INFO] [stderr]     Checking clap v2.34.0
[INFO] [stderr]    Compiling addr2line v0.20.0
[INFO] [stderr]     Checking byteorder v1.4.3
[INFO] [stderr]    Compiling serde_derive v1.0.176
[INFO] [stderr]    Compiling strum_macros v0.19.4
[INFO] [stderr]    Compiling asn1rs-model v0.2.2
[INFO] [stderr]     Checking asn1rs-model v0.3.0
[INFO] [stderr]    Compiling asn1rs-macros v0.3.0
[INFO] [stderr]     Checking asn1rs v0.3.1 (/opt/rustwide/workdir)
[INFO] [stdout] error[E0308]: mismatched types
[INFO] [stdout]   --> tests/basic_sequence.rs:62:18
[INFO] [stdout]    |
[INFO] [stdout] 62 |             ghi: Some("great extension".to_string()),
[INFO] [stdout]    |                  ^^^^^^^^^^^^^^^^^^^^^^^^^^^^^^^^^^^ expected `String`, found `Option<String>`
[INFO] [stdout]    |
[INFO] [stdout]    = note: expected struct `std::string::String`
[INFO] [stdout]                 found enum `std::option::Option<std::string::String>`
[INFO] [stdout] 
[INFO] [stdout] 
[INFO] [stdout] error: aborting due to 1 previous error
[INFO] [stdout] 
[INFO] [stdout] 
[INFO] [stdout] For more information about this error, try `rustc --explain E0308`.
[INFO] [stdout] 
[INFO] [stderr] error: could not compile `asn1rs` (test "basic_sequence") due to 2 previous errors
[INFO] [stderr] warning: build failed, waiting for other jobs to finish...
[INFO] running `Command { std: "docker" "inspect" "dafef94448af22cc347c7899136ea31595f2d35ce9459c1d4d82c83caced0498", kill_on_drop: false }`
[INFO] running `Command { std: "docker" "rm" "-f" "dafef94448af22cc347c7899136ea31595f2d35ce9459c1d4d82c83caced0498", kill_on_drop: false }`
[INFO] [stdout] dafef94448af22cc347c7899136ea31595f2d35ce9459c1d4d82c83caced0498
