[INFO] fetching crate art_benchmarks 0.3.0...
[INFO] checking art_benchmarks-0.3.0 against nightly-2024-02-05 for check-cfg
[INFO] extracting crate art_benchmarks 0.3.0 into /workspace/builds/worker-7-tc1/source
[INFO] validating manifest of crates.io crate art_benchmarks 0.3.0 on toolchain nightly-2024-02-05
[INFO] running `Command { std: CARGO_HOME="/workspace/cargo-home" RUSTUP_HOME="/workspace/rustup-home" "/workspace/cargo-home/bin/cargo" "+nightly-2024-02-05" "metadata" "--manifest-path" "Cargo.toml" "--no-deps", kill_on_drop: false }`
[INFO] started tweaking crates.io crate art_benchmarks 0.3.0
[INFO] finished tweaking crates.io crate art_benchmarks 0.3.0
[INFO] tweaked toml for crates.io crate art_benchmarks 0.3.0 written to /workspace/builds/worker-7-tc1/source/Cargo.toml
[INFO] crate crates.io crate art_benchmarks 0.3.0 already has a lockfile, it will not be regenerated
[INFO] running `Command { std: CARGO_HOME="/workspace/cargo-home" RUSTUP_HOME="/workspace/rustup-home" "/workspace/cargo-home/bin/cargo" "+nightly-2024-02-05" "fetch" "--manifest-path" "Cargo.toml", kill_on_drop: false }`
[INFO] running `Command { std: "docker" "create" "-v" "/var/lib/crater-agent-workspace/builds/worker-7-tc1/target:/opt/rustwide/target:rw,Z" "-v" "/var/lib/crater-agent-workspace/builds/worker-7-tc1/source:/opt/rustwide/workdir:ro,Z" "-v" "/var/lib/crater-agent-workspace/cargo-home:/opt/rustwide/cargo-home:ro,Z" "-v" "/var/lib/crater-agent-workspace/rustup-home:/opt/rustwide/rustup-home:ro,Z" "-e" "SOURCE_DIR=/opt/rustwide/workdir" "-e" "CARGO_TARGET_DIR=/opt/rustwide/target" "-e" "CARGO_HOME=/opt/rustwide/cargo-home" "-e" "RUSTUP_HOME=/opt/rustwide/rustup-home" "-w" "/opt/rustwide/workdir" "-m" "1610612736" "--user" "0:0" "--network" "none" "ghcr.io/rust-lang/crates-build-env/linux@sha256:2788e3201cd34a07e3172128adcd8b3090168a8e3bcc40d7c032b9dda1df7d1c" "/opt/rustwide/cargo-home/bin/cargo" "+nightly-2024-02-05" "metadata" "--no-deps" "--format-version=1", kill_on_drop: false }`
[INFO] [stdout] 4dcc0fad33791247d79d7bfa8af31a1aaa12d350b30629c7b6fd03904182f231
[INFO] running `Command { std: "docker" "start" "-a" "4dcc0fad33791247d79d7bfa8af31a1aaa12d350b30629c7b6fd03904182f231", kill_on_drop: false }`
[INFO] running `Command { std: "docker" "inspect" "4dcc0fad33791247d79d7bfa8af31a1aaa12d350b30629c7b6fd03904182f231", kill_on_drop: false }`
[INFO] running `Command { std: "docker" "rm" "-f" "4dcc0fad33791247d79d7bfa8af31a1aaa12d350b30629c7b6fd03904182f231", kill_on_drop: false }`
[INFO] [stdout] 4dcc0fad33791247d79d7bfa8af31a1aaa12d350b30629c7b6fd03904182f231
[INFO] running `Command { std: "docker" "create" "-v" "/var/lib/crater-agent-workspace/builds/worker-7-tc1/target:/opt/rustwide/target:rw,Z" "-v" "/var/lib/crater-agent-workspace/builds/worker-7-tc1/source:/opt/rustwide/workdir:ro,Z" "-v" "/var/lib/crater-agent-workspace/cargo-home:/opt/rustwide/cargo-home:ro,Z" "-v" "/var/lib/crater-agent-workspace/rustup-home:/opt/rustwide/rustup-home:ro,Z" "-e" "SOURCE_DIR=/opt/rustwide/workdir" "-e" "CARGO_TARGET_DIR=/opt/rustwide/target" "-e" "CARGO_INCREMENTAL=0" "-e" "RUST_BACKTRACE=full" "-e" "RUSTFLAGS=--cap-lints=forbid" "-e" "RUSTDOCFLAGS=--cap-lints=forbid" "-e" "CARGO_HOME=/opt/rustwide/cargo-home" "-e" "RUSTUP_HOME=/opt/rustwide/rustup-home" "-w" "/opt/rustwide/workdir" "-m" "1610612736" "--user" "0:0" "--network" "none" "ghcr.io/rust-lang/crates-build-env/linux@sha256:2788e3201cd34a07e3172128adcd8b3090168a8e3bcc40d7c032b9dda1df7d1c" "/opt/rustwide/cargo-home/bin/cargo" "+nightly-2024-02-05" "check" "--frozen" "--all" "--all-targets" "--message-format=json", kill_on_drop: false }`
[INFO] [stdout] f7eb27959393ca742edfb534a8ec662492e8a4ee918d2f0bbad243f13493ef50
[INFO] running `Command { std: "docker" "start" "-a" "f7eb27959393ca742edfb534a8ec662492e8a4ee918d2f0bbad243f13493ef50", kill_on_drop: false }`
[INFO] [stderr]     Checking art_benchmarks v0.3.0 (/opt/rustwide/workdir)
[INFO] [stdout] error[E0635]: unknown feature `array_zip`
[INFO] [stdout]  --> src/lib.rs:2:12
[INFO] [stdout]   |
[INFO] [stdout] 2 | #![feature(array_zip)]
[INFO] [stdout]   |            ^^^^^^^^^
[INFO] [stdout] 
[INFO] [stdout] 
[INFO] [stdout] error[E0635]: unknown feature `array_zip`
[INFO] [stdout]  --> src/lib.rs:2:12
[INFO] [stdout]   |
[INFO] [stdout] 2 | #![feature(array_zip)]
[INFO] [stdout]   |            ^^^^^^^^^
[INFO] [stdout] 
[INFO] [stdout] 
[INFO] [stdout] error: aborting due to 1 previous error
[INFO] [stdout] 
[INFO] [stdout] 
[INFO] [stdout] For more information about this error, try `rustc --explain E0635`.
[INFO] [stdout] 
[INFO] [stdout] error: aborting due to 1 previous error
[INFO] [stdout] 
[INFO] [stdout] 
[INFO] [stderr] error: could not compile `art_benchmarks` (lib) due to 2 previous errors
[INFO] [stdout] For more information about this error, try `rustc --explain E0635`.
[INFO] [stdout] 
[INFO] [stderr] warning: build failed, waiting for other jobs to finish...
[INFO] [stderr] error: could not compile `art_benchmarks` (lib test) due to 2 previous errors
[INFO] running `Command { std: "docker" "inspect" "f7eb27959393ca742edfb534a8ec662492e8a4ee918d2f0bbad243f13493ef50", kill_on_drop: false }`
[INFO] running `Command { std: "docker" "rm" "-f" "f7eb27959393ca742edfb534a8ec662492e8a4ee918d2f0bbad243f13493ef50", kill_on_drop: false }`
[INFO] [stdout] f7eb27959393ca742edfb534a8ec662492e8a4ee918d2f0bbad243f13493ef50
[INFO] checking art_benchmarks-0.3.0 against nightly-2024-02-05+rustflags=-Dunexpected_cfgs+cargoflags=-Zcheck-cfg for check-cfg
[INFO] extracting crate art_benchmarks 0.3.0 into /workspace/builds/worker-7-tc2/source
[INFO] validating manifest of crates.io crate art_benchmarks 0.3.0 on toolchain nightly-2024-02-05
[INFO] running `Command { std: CARGO_HOME="/workspace/cargo-home" RUSTUP_HOME="/workspace/rustup-home" "/workspace/cargo-home/bin/cargo" "+nightly-2024-02-05" "metadata" "--manifest-path" "Cargo.toml" "--no-deps", kill_on_drop: false }`
[INFO] started tweaking crates.io crate art_benchmarks 0.3.0
[INFO] finished tweaking crates.io crate art_benchmarks 0.3.0
[INFO] tweaked toml for crates.io crate art_benchmarks 0.3.0 written to /workspace/builds/worker-7-tc2/source/Cargo.toml
[INFO] crate crates.io crate art_benchmarks 0.3.0 already has a lockfile, it will not be regenerated
[INFO] running `Command { std: CARGO_HOME="/workspace/cargo-home" RUSTUP_HOME="/workspace/rustup-home" "/workspace/cargo-home/bin/cargo" "+nightly-2024-02-05" "fetch" "--manifest-path" "Cargo.toml", kill_on_drop: false }`
[INFO] running `Command { std: "docker" "create" "-v" "/var/lib/crater-agent-workspace/builds/worker-7-tc2/target:/opt/rustwide/target:rw,Z" "-v" "/var/lib/crater-agent-workspace/builds/worker-7-tc2/source:/opt/rustwide/workdir:ro,Z" "-v" "/var/lib/crater-agent-workspace/cargo-home:/opt/rustwide/cargo-home:ro,Z" "-v" "/var/lib/crater-agent-workspace/rustup-home:/opt/rustwide/rustup-home:ro,Z" "-e" "SOURCE_DIR=/opt/rustwide/workdir" "-e" "CARGO_TARGET_DIR=/opt/rustwide/target" "-e" "CARGO_HOME=/opt/rustwide/cargo-home" "-e" "RUSTUP_HOME=/opt/rustwide/rustup-home" "-w" "/opt/rustwide/workdir" "-m" "1610612736" "--user" "0:0" "--network" "none" "ghcr.io/rust-lang/crates-build-env/linux@sha256:2788e3201cd34a07e3172128adcd8b3090168a8e3bcc40d7c032b9dda1df7d1c" "/opt/rustwide/cargo-home/bin/cargo" "+nightly-2024-02-05" "metadata" "--no-deps" "--format-version=1", kill_on_drop: false }`
[INFO] [stdout] 347785da4a6c23a7d27ea6a062c4b7f363f7376aa6a685d9995e1567126dfed4
[INFO] running `Command { std: "docker" "start" "-a" "347785da4a6c23a7d27ea6a062c4b7f363f7376aa6a685d9995e1567126dfed4", kill_on_drop: false }`
[INFO] running `Command { std: "docker" "inspect" "347785da4a6c23a7d27ea6a062c4b7f363f7376aa6a685d9995e1567126dfed4", kill_on_drop: false }`
[INFO] running `Command { std: "docker" "rm" "-f" "347785da4a6c23a7d27ea6a062c4b7f363f7376aa6a685d9995e1567126dfed4", kill_on_drop: false }`
[INFO] [stdout] 347785da4a6c23a7d27ea6a062c4b7f363f7376aa6a685d9995e1567126dfed4
[INFO] running `Command { std: "docker" "create" "-v" "/var/lib/crater-agent-workspace/builds/worker-7-tc2/target:/opt/rustwide/target:rw,Z" "-v" "/var/lib/crater-agent-workspace/builds/worker-7-tc2/source:/opt/rustwide/workdir:ro,Z" "-v" "/var/lib/crater-agent-workspace/cargo-home:/opt/rustwide/cargo-home:ro,Z" "-v" "/var/lib/crater-agent-workspace/rustup-home:/opt/rustwide/rustup-home:ro,Z" "-e" "SOURCE_DIR=/opt/rustwide/workdir" "-e" "CARGO_TARGET_DIR=/opt/rustwide/target" "-e" "CARGO_INCREMENTAL=0" "-e" "RUST_BACKTRACE=full" "-e" "RUSTFLAGS=--cap-lints=forbid -Dunexpected_cfgs" "-e" "RUSTDOCFLAGS=--cap-lints=forbid" "-e" "CARGO_HOME=/opt/rustwide/cargo-home" "-e" "RUSTUP_HOME=/opt/rustwide/rustup-home" "-w" "/opt/rustwide/workdir" "-m" "1610612736" "--user" "0:0" "--network" "none" "ghcr.io/rust-lang/crates-build-env/linux@sha256:2788e3201cd34a07e3172128adcd8b3090168a8e3bcc40d7c032b9dda1df7d1c" "/opt/rustwide/cargo-home/bin/cargo" "+nightly-2024-02-05" "check" "--frozen" "--all" "--all-targets" "--message-format=json" "-Zcheck-cfg", kill_on_drop: false }`
[INFO] [stdout] 5c2b25679a35903f637d74c827c5d5dbd016e9465631a0e9d9ef3373096f9618
[INFO] running `Command { std: "docker" "start" "-a" "5c2b25679a35903f637d74c827c5d5dbd016e9465631a0e9d9ef3373096f9618", kill_on_drop: false }`
[INFO] [stderr]     Checking art_benchmarks v0.3.0 (/opt/rustwide/workdir)
[INFO] [stdout] error[E0635]: unknown feature `array_zip`
[INFO] [stdout]  --> src/lib.rs:2:12
[INFO] [stdout]   |
[INFO] [stdout] 2 | #![feature(array_zip)]
[INFO] [stdout]   |            ^^^^^^^^^
[INFO] [stdout] 
[INFO] [stdout] 
[INFO] [stdout] error[E0635]: unknown feature `array_zip`
[INFO] [stdout]  --> src/lib.rs:2:12
[INFO] [stdout]   |
[INFO] [stdout] 2 | #![feature(array_zip)]
[INFO] [stdout]   |            ^^^^^^^^^
[INFO] [stdout] 
[INFO] [stdout] 
[INFO] [stdout] error: aborting due to 1 previous error
[INFO] [stdout] 
[INFO] [stdout] 
[INFO] [stdout] For more information about this error, try `rustc --explain E0635`.
[INFO] [stdout] 
[INFO] [stderr] error: could not compile `art_benchmarks` (lib) due to 2 previous errors
[INFO] [stdout] error: aborting due to 1 previous error
[INFO] [stdout] 
[INFO] [stdout] 
[INFO] [stderr] warning: build failed, waiting for other jobs to finish...
[INFO] [stdout] For more information about this error, try `rustc --explain E0635`.
[INFO] [stdout] 
[INFO] [stderr] error: could not compile `art_benchmarks` (lib test) due to 2 previous errors
[INFO] running `Command { std: "docker" "inspect" "5c2b25679a35903f637d74c827c5d5dbd016e9465631a0e9d9ef3373096f9618", kill_on_drop: false }`
[INFO] running `Command { std: "docker" "rm" "-f" "5c2b25679a35903f637d74c827c5d5dbd016e9465631a0e9d9ef3373096f9618", kill_on_drop: false }`
[INFO] [stdout] 5c2b25679a35903f637d74c827c5d5dbd016e9465631a0e9d9ef3373096f9618
