[INFO] fetching crate arkworks-native-gadgets 1.2.0...
[INFO] checking arkworks-native-gadgets-1.2.0 against nightly-2024-02-05 for check-cfg
[INFO] extracting crate arkworks-native-gadgets 1.2.0 into /workspace/builds/worker-1-tc1/source
[INFO] validating manifest of crates.io crate arkworks-native-gadgets 1.2.0 on toolchain nightly-2024-02-05
[INFO] running `Command { std: CARGO_HOME="/workspace/cargo-home" RUSTUP_HOME="/workspace/rustup-home" "/workspace/cargo-home/bin/cargo" "+nightly-2024-02-05" "metadata" "--manifest-path" "Cargo.toml" "--no-deps", kill_on_drop: false }`
[INFO] started tweaking crates.io crate arkworks-native-gadgets 1.2.0
[INFO] finished tweaking crates.io crate arkworks-native-gadgets 1.2.0
[INFO] tweaked toml for crates.io crate arkworks-native-gadgets 1.2.0 written to /workspace/builds/worker-1-tc1/source/Cargo.toml
[INFO] running `Command { std: CARGO_HOME="/workspace/cargo-home" RUSTUP_HOME="/workspace/rustup-home" "/workspace/cargo-home/bin/cargo" "+nightly-2024-02-05" "generate-lockfile" "--manifest-path" "Cargo.toml", kill_on_drop: false }`
[INFO] [stderr]     Updating crates.io index
[INFO] running `Command { std: CARGO_HOME="/workspace/cargo-home" RUSTUP_HOME="/workspace/rustup-home" "/workspace/cargo-home/bin/cargo" "+nightly-2024-02-05" "fetch" "--manifest-path" "Cargo.toml", kill_on_drop: false }`
[INFO] [stderr]  Downloading crates ...
[INFO] [stderr]   Downloaded semver v0.11.0
[INFO] [stderr]   Downloaded ark-std v0.3.0
[INFO] [stderr]   Downloaded ark-ed-on-bls12-381 v0.3.0
[INFO] [stderr]   Downloaded ark-ec v0.3.0
[INFO] [stderr]   Downloaded ark-serialize-derive v0.3.0
[INFO] [stderr]   Downloaded ark-ff-macros v0.3.0
[INFO] [stderr]   Downloaded ark-snark v0.3.0
[INFO] [stderr]   Downloaded ark-r1cs-std v0.3.1
[INFO] [stderr]   Downloaded ark-crypto-primitives v0.3.0
[INFO] [stderr]   Downloaded ark-ed-on-bn254 v0.3.0
[INFO] [stderr]   Downloaded rustc_version v0.3.3
[INFO] [stderr]   Downloaded ark-ff-asm v0.3.0
[INFO] [stderr]   Downloaded ark-ff v0.3.0
[INFO] [stderr]   Downloaded ark-serialize v0.3.0
[INFO] [stderr]   Downloaded semver-parser v0.10.2
[INFO] [stderr]   Downloaded ark-nonnative-field v0.3.0
[INFO] [stderr]   Downloaded blake2 v0.9.2
[INFO] [stderr]   Downloaded ark-bls12-381 v0.3.0
[INFO] [stderr]   Downloaded ark-bn254 v0.3.0
[INFO] [stderr]   Downloaded ark-relations v0.3.0
[INFO] running `Command { std: "docker" "create" "-v" "/var/lib/crater-agent-workspace/builds/worker-1-tc1/target:/opt/rustwide/target:rw,Z" "-v" "/var/lib/crater-agent-workspace/builds/worker-1-tc1/source:/opt/rustwide/workdir:ro,Z" "-v" "/var/lib/crater-agent-workspace/cargo-home:/opt/rustwide/cargo-home:ro,Z" "-v" "/var/lib/crater-agent-workspace/rustup-home:/opt/rustwide/rustup-home:ro,Z" "-e" "SOURCE_DIR=/opt/rustwide/workdir" "-e" "CARGO_TARGET_DIR=/opt/rustwide/target" "-e" "CARGO_HOME=/opt/rustwide/cargo-home" "-e" "RUSTUP_HOME=/opt/rustwide/rustup-home" "-w" "/opt/rustwide/workdir" "-m" "1610612736" "--user" "0:0" "--network" "none" "ghcr.io/rust-lang/crates-build-env/linux@sha256:2788e3201cd34a07e3172128adcd8b3090168a8e3bcc40d7c032b9dda1df7d1c" "/opt/rustwide/cargo-home/bin/cargo" "+nightly-2024-02-05" "metadata" "--no-deps" "--format-version=1", kill_on_drop: false }`
[INFO] [stdout] 4c0319ab80ddbd815eda2af40235e5c2b6a502bafae69cafabed0bd2499f0f6d
[INFO] running `Command { std: "docker" "start" "-a" "4c0319ab80ddbd815eda2af40235e5c2b6a502bafae69cafabed0bd2499f0f6d", kill_on_drop: false }`
[INFO] running `Command { std: "docker" "inspect" "4c0319ab80ddbd815eda2af40235e5c2b6a502bafae69cafabed0bd2499f0f6d", kill_on_drop: false }`
[INFO] running `Command { std: "docker" "rm" "-f" "4c0319ab80ddbd815eda2af40235e5c2b6a502bafae69cafabed0bd2499f0f6d", kill_on_drop: false }`
[INFO] [stdout] 4c0319ab80ddbd815eda2af40235e5c2b6a502bafae69cafabed0bd2499f0f6d
[INFO] running `Command { std: "docker" "create" "-v" "/var/lib/crater-agent-workspace/builds/worker-1-tc1/target:/opt/rustwide/target:rw,Z" "-v" "/var/lib/crater-agent-workspace/builds/worker-1-tc1/source:/opt/rustwide/workdir:ro,Z" "-v" "/var/lib/crater-agent-workspace/cargo-home:/opt/rustwide/cargo-home:ro,Z" "-v" "/var/lib/crater-agent-workspace/rustup-home:/opt/rustwide/rustup-home:ro,Z" "-e" "SOURCE_DIR=/opt/rustwide/workdir" "-e" "CARGO_TARGET_DIR=/opt/rustwide/target" "-e" "CARGO_INCREMENTAL=0" "-e" "RUST_BACKTRACE=full" "-e" "RUSTFLAGS=--cap-lints=forbid" "-e" "RUSTDOCFLAGS=--cap-lints=forbid" "-e" "CARGO_HOME=/opt/rustwide/cargo-home" "-e" "RUSTUP_HOME=/opt/rustwide/rustup-home" "-w" "/opt/rustwide/workdir" "-m" "1610612736" "--user" "0:0" "--network" "none" "ghcr.io/rust-lang/crates-build-env/linux@sha256:2788e3201cd34a07e3172128adcd8b3090168a8e3bcc40d7c032b9dda1df7d1c" "/opt/rustwide/cargo-home/bin/cargo" "+nightly-2024-02-05" "check" "--frozen" "--all" "--all-targets" "--message-format=json", kill_on_drop: false }`
[INFO] [stdout] 7913577a092667925390167b2ab0bb86ba7b20c1fcea69e3e4a14555a4b1ab80
[INFO] running `Command { std: "docker" "start" "-a" "7913577a092667925390167b2ab0bb86ba7b20c1fcea69e3e4a14555a4b1ab80", kill_on_drop: false }`
[INFO] [stderr]    Compiling memchr v2.7.1
[INFO] [stderr]    Compiling ucd-trie v0.1.6
[INFO] [stderr]     Checking ppv-lite86 v0.2.17
[INFO] [stderr]     Checking rand_core v0.6.4
[INFO] [stderr]    Compiling paste v1.0.14
[INFO] [stderr]     Checking pin-project-lite v0.2.13
[INFO] [stderr]    Compiling num-traits v0.2.17
[INFO] [stderr]    Compiling num-integer v0.1.45
[INFO] [stderr]    Compiling generic-array v0.14.7
[INFO] [stderr]    Compiling num-bigint v0.4.4
[INFO] [stderr]     Checking tracing-core v0.1.32
[INFO] [stderr]    Compiling syn v2.0.48
[INFO] [stderr]    Compiling ark-serialize-derive v0.3.0
[INFO] [stderr]    Compiling ark-ff-asm v0.3.0
[INFO] [stderr]    Compiling derivative v2.2.0
[INFO] [stderr]     Checking tracing-subscriber v0.2.25
[INFO] [stderr]     Checking rand_chacha v0.3.1
[INFO] [stderr]     Checking rand v0.8.5
[INFO] [stderr]     Checking digest v0.9.0
[INFO] [stderr]     Checking crypto-mac v0.8.0
[INFO] [stderr]     Checking blake2 v0.9.2
[INFO] [stderr]     Checking ark-std v0.3.0
[INFO] [stderr]     Checking ark-serialize v0.3.0
[INFO] [stderr]    Compiling ark-ff-macros v0.3.0
[INFO] [stderr]    Compiling thiserror-impl v1.0.56
[INFO] [stderr]    Compiling zeroize_derive v1.4.2
[INFO] [stderr]    Compiling tracing-attributes v0.1.27
[INFO] [stderr]     Checking zeroize v1.7.0
[INFO] [stderr]    Compiling thiserror v1.0.56
[INFO] [stderr]    Compiling pest v2.7.7
[INFO] [stderr]     Checking tracing v0.1.40
[INFO] [stderr]    Compiling semver-parser v0.10.2
[INFO] [stderr]    Compiling semver v0.11.0
[INFO] [stderr]    Compiling rustc_version v0.3.3
[INFO] [stderr]    Compiling ark-ff v0.3.0
[INFO] [stderr]     Checking ark-ec v0.3.0
[INFO] [stderr]     Checking ark-relations v0.3.0
[INFO] [stderr]     Checking ark-snark v0.3.0
[INFO] [stderr]     Checking ark-r1cs-std v0.3.1
[INFO] [stderr]     Checking ark-bn254 v0.3.0
[INFO] [stderr]     Checking ark-bls12-381 v0.3.0
[INFO] [stderr]     Checking ark-nonnative-field v0.3.0
[INFO] [stderr]     Checking ark-ed-on-bls12-381 v0.3.0
[INFO] [stderr]     Checking ark-ed-on-bn254 v0.3.0
[INFO] [stderr]     Checking ark-crypto-primitives v0.3.0
[INFO] [stderr]     Checking arkworks-native-gadgets v1.2.0 (/opt/rustwide/workdir)
[INFO] [stdout] error[E0432]: unresolved import `arkworks_utils`
[INFO] [stdout]    --> src/merkle_tree.rs:421:6
[INFO] [stdout]     |
[INFO] [stdout] 421 |     use arkworks_utils::{bytes_vec_to_f, parse_vec, Curve};
[INFO] [stdout]     |         ^^^^^^^^^^^^^^ use of undeclared crate or module `arkworks_utils`
[INFO] [stdout] 
[INFO] [stdout] 
[INFO] [stdout] error[E0433]: failed to resolve: use of undeclared crate or module `arkworks_utils`
[INFO] [stdout]    --> src/mimc.rs:222:6
[INFO] [stdout]     |
[INFO] [stdout] 222 |     use arkworks_utils::{bytes_vec_to_f, mimc_params::setup_mimc_params, Curve};
[INFO] [stdout]     |         ^^^^^^^^^^^^^^ use of undeclared crate or module `arkworks_utils`
[INFO] [stdout] 
[INFO] [stdout] 
[INFO] [stdout] error[E0432]: unresolved import `arkworks_utils`
[INFO] [stdout]    --> src/mimc.rs:222:6
[INFO] [stdout]     |
[INFO] [stdout] 222 |     use arkworks_utils::{bytes_vec_to_f, mimc_params::setup_mimc_params, Curve};
[INFO] [stdout]     |         ^^^^^^^^^^^^^^ use of undeclared crate or module `arkworks_utils`
[INFO] [stdout] 
[INFO] [stdout] 
[INFO] [stdout] error[E0433]: failed to resolve: use of undeclared crate or module `arkworks_utils`
[INFO] [stdout]    --> src/poseidon/mod.rs:355:6
[INFO] [stdout]     |
[INFO] [stdout] 355 |     use arkworks_utils::{
[INFO] [stdout]     |         ^^^^^^^^^^^^^^ use of undeclared crate or module `arkworks_utils`
[INFO] [stdout] 
[INFO] [stdout] 
[INFO] [stdout] error[E0432]: unresolved import `arkworks_utils`
[INFO] [stdout]    --> src/poseidon/mod.rs:355:6
[INFO] [stdout]     |
[INFO] [stdout] 355 |     use arkworks_utils::{
[INFO] [stdout]     |         ^^^^^^^^^^^^^^ use of undeclared crate or module `arkworks_utils`
[INFO] [stdout] 
[INFO] [stdout] 
[INFO] [stdout] warning: lint `mutable_borrow_reservation_conflict` has been removed: now allowed, see issue #59159 <https://github.com/rust-lang/rust/issues/59159> for more information
[INFO] [stdout]    --> src/merkle_tree.rs:228:13
[INFO] [stdout]     |
[INFO] [stdout] 228 |                 #[allow(mutable_borrow_reservation_conflict)]
[INFO] [stdout]     |                         ^^^^^^^^^^^^^^^^^^^^^^^^^^^^^^^^^^^
[INFO] [stdout]     |
[INFO] [stdout]     = note: `#[warn(renamed_and_removed_lints)]` on by default
[INFO] [stdout] 
[INFO] [stdout] 
[INFO] [stdout] warning: unnecessary parentheses around index expression
[INFO] [stdout]    --> src/poseidon/mod.rs:309:36
[INFO] [stdout]     |
[INFO] [stdout] 309 |                 let c = self.params.round_keys[(r * width + i)];
[INFO] [stdout]     |                                                ^             ^
[INFO] [stdout]     |
[INFO] [stdout]     = note: `#[warn(unused_parens)]` on by default
[INFO] [stdout] help: remove these parentheses
[INFO] [stdout]     |
[INFO] [stdout] 309 -                 let c = self.params.round_keys[(r * width + i)];
[INFO] [stdout] 309 +                 let c = self.params.round_keys[r * width + i];
[INFO] [stdout]     |
[INFO] [stdout] 
[INFO] [stdout] 
[INFO] [stdout] warning: lint `mutable_borrow_reservation_conflict` has been removed: now allowed, see issue #59159 <https://github.com/rust-lang/rust/issues/59159> for more information
[INFO] [stdout]    --> src/merkle_tree.rs:228:13
[INFO] [stdout]     |
[INFO] [stdout] 228 |                 #[allow(mutable_borrow_reservation_conflict)]
[INFO] [stdout]     |                         ^^^^^^^^^^^^^^^^^^^^^^^^^^^^^^^^^^^
[INFO] [stdout]     |
[INFO] [stdout]     = note: `#[warn(renamed_and_removed_lints)]` on by default
[INFO] [stdout] 
[INFO] [stdout] 
[INFO] [stdout] warning: unnecessary parentheses around index expression
[INFO] [stdout]    --> src/poseidon/mod.rs:309:36
[INFO] [stdout]     |
[INFO] [stdout] 309 |                 let c = self.params.round_keys[(r * width + i)];
[INFO] [stdout]     |                                                ^             ^
[INFO] [stdout]     |
[INFO] [stdout]     = note: `#[warn(unused_parens)]` on by default
[INFO] [stdout] help: remove these parentheses
[INFO] [stdout]     |
[INFO] [stdout] 309 -                 let c = self.params.round_keys[(r * width + i)];
[INFO] [stdout] 309 +                 let c = self.params.round_keys[r * width + i];
[INFO] [stdout]     |
[INFO] [stdout] 
[INFO] [stdout] 
[INFO] [stdout] warning: unused import: `BigInteger`
[INFO] [stdout]    --> src/merkle_tree.rs:419:15
[INFO] [stdout]     |
[INFO] [stdout] 419 |     use ark_ff::{BigInteger, PrimeField, UniformRand};
[INFO] [stdout]     |                  ^^^^^^^^^^
[INFO] [stdout]     |
[INFO] [stdout]     = note: `#[warn(unused_imports)]` on by default
[INFO] [stdout] 
[INFO] [stdout] 
[INFO] [stdout] error: aborting due to 5 previous errors; 3 warnings emitted
[INFO] [stdout] 
[INFO] [stdout] 
[INFO] [stdout] Some errors have detailed explanations: E0432, E0433.
[INFO] [stdout] 
[INFO] [stdout] For more information about an error, try `rustc --explain E0432`.
[INFO] [stdout] 
[INFO] [stdout] warning: 2 warnings emitted
[INFO] [stdout] 
[INFO] [stdout] 
[INFO] [stderr] error: could not compile `arkworks-native-gadgets` (lib test) due to 6 previous errors; 3 warnings emitted
[INFO] [stderr] warning: build failed, waiting for other jobs to finish...
[INFO] running `Command { std: "docker" "inspect" "7913577a092667925390167b2ab0bb86ba7b20c1fcea69e3e4a14555a4b1ab80", kill_on_drop: false }`
[INFO] running `Command { std: "docker" "rm" "-f" "7913577a092667925390167b2ab0bb86ba7b20c1fcea69e3e4a14555a4b1ab80", kill_on_drop: false }`
[INFO] [stdout] 7913577a092667925390167b2ab0bb86ba7b20c1fcea69e3e4a14555a4b1ab80
[INFO] checking arkworks-native-gadgets-1.2.0 against nightly-2024-02-05+rustflags=-Dunexpected_cfgs+cargoflags=-Zcheck-cfg for check-cfg
[INFO] extracting crate arkworks-native-gadgets 1.2.0 into /workspace/builds/worker-1-tc2/source
[INFO] validating manifest of crates.io crate arkworks-native-gadgets 1.2.0 on toolchain nightly-2024-02-05
[INFO] running `Command { std: CARGO_HOME="/workspace/cargo-home" RUSTUP_HOME="/workspace/rustup-home" "/workspace/cargo-home/bin/cargo" "+nightly-2024-02-05" "metadata" "--manifest-path" "Cargo.toml" "--no-deps", kill_on_drop: false }`
[INFO] started tweaking crates.io crate arkworks-native-gadgets 1.2.0
[INFO] finished tweaking crates.io crate arkworks-native-gadgets 1.2.0
[INFO] tweaked toml for crates.io crate arkworks-native-gadgets 1.2.0 written to /workspace/builds/worker-1-tc2/source/Cargo.toml
[INFO] running `Command { std: CARGO_HOME="/workspace/cargo-home" RUSTUP_HOME="/workspace/rustup-home" "/workspace/cargo-home/bin/cargo" "+nightly-2024-02-05" "generate-lockfile" "--manifest-path" "Cargo.toml", kill_on_drop: false }`
[INFO] [stderr]     Blocking waiting for file lock on package cache
[INFO] [stderr]     Updating crates.io index
[INFO] running `Command { std: CARGO_HOME="/workspace/cargo-home" RUSTUP_HOME="/workspace/rustup-home" "/workspace/cargo-home/bin/cargo" "+nightly-2024-02-05" "fetch" "--manifest-path" "Cargo.toml", kill_on_drop: false }`
[INFO] [stderr]     Blocking waiting for file lock on package cache
[INFO] running `Command { std: "docker" "create" "-v" "/var/lib/crater-agent-workspace/builds/worker-1-tc2/target:/opt/rustwide/target:rw,Z" "-v" "/var/lib/crater-agent-workspace/builds/worker-1-tc2/source:/opt/rustwide/workdir:ro,Z" "-v" "/var/lib/crater-agent-workspace/cargo-home:/opt/rustwide/cargo-home:ro,Z" "-v" "/var/lib/crater-agent-workspace/rustup-home:/opt/rustwide/rustup-home:ro,Z" "-e" "SOURCE_DIR=/opt/rustwide/workdir" "-e" "CARGO_TARGET_DIR=/opt/rustwide/target" "-e" "CARGO_HOME=/opt/rustwide/cargo-home" "-e" "RUSTUP_HOME=/opt/rustwide/rustup-home" "-w" "/opt/rustwide/workdir" "-m" "1610612736" "--user" "0:0" "--network" "none" "ghcr.io/rust-lang/crates-build-env/linux@sha256:2788e3201cd34a07e3172128adcd8b3090168a8e3bcc40d7c032b9dda1df7d1c" "/opt/rustwide/cargo-home/bin/cargo" "+nightly-2024-02-05" "metadata" "--no-deps" "--format-version=1", kill_on_drop: false }`
[INFO] [stdout] 2bae56623ac51bf543804f6925771b2d39bcc41aaadd58768f5a4009c9436841
[INFO] running `Command { std: "docker" "start" "-a" "2bae56623ac51bf543804f6925771b2d39bcc41aaadd58768f5a4009c9436841", kill_on_drop: false }`
[INFO] running `Command { std: "docker" "inspect" "2bae56623ac51bf543804f6925771b2d39bcc41aaadd58768f5a4009c9436841", kill_on_drop: false }`
[INFO] running `Command { std: "docker" "rm" "-f" "2bae56623ac51bf543804f6925771b2d39bcc41aaadd58768f5a4009c9436841", kill_on_drop: false }`
[INFO] [stdout] 2bae56623ac51bf543804f6925771b2d39bcc41aaadd58768f5a4009c9436841
[INFO] running `Command { std: "docker" "create" "-v" "/var/lib/crater-agent-workspace/builds/worker-1-tc2/target:/opt/rustwide/target:rw,Z" "-v" "/var/lib/crater-agent-workspace/builds/worker-1-tc2/source:/opt/rustwide/workdir:ro,Z" "-v" "/var/lib/crater-agent-workspace/cargo-home:/opt/rustwide/cargo-home:ro,Z" "-v" "/var/lib/crater-agent-workspace/rustup-home:/opt/rustwide/rustup-home:ro,Z" "-e" "SOURCE_DIR=/opt/rustwide/workdir" "-e" "CARGO_TARGET_DIR=/opt/rustwide/target" "-e" "CARGO_INCREMENTAL=0" "-e" "RUST_BACKTRACE=full" "-e" "RUSTFLAGS=--cap-lints=forbid -Dunexpected_cfgs" "-e" "RUSTDOCFLAGS=--cap-lints=forbid" "-e" "CARGO_HOME=/opt/rustwide/cargo-home" "-e" "RUSTUP_HOME=/opt/rustwide/rustup-home" "-w" "/opt/rustwide/workdir" "-m" "1610612736" "--user" "0:0" "--network" "none" "ghcr.io/rust-lang/crates-build-env/linux@sha256:2788e3201cd34a07e3172128adcd8b3090168a8e3bcc40d7c032b9dda1df7d1c" "/opt/rustwide/cargo-home/bin/cargo" "+nightly-2024-02-05" "check" "--frozen" "--all" "--all-targets" "--message-format=json" "-Zcheck-cfg", kill_on_drop: false }`
[INFO] [stdout] d6f7b50f0010911415cd3390a87c04c39f1f91e97f535cff61931574ed6fed06
[INFO] running `Command { std: "docker" "start" "-a" "d6f7b50f0010911415cd3390a87c04c39f1f91e97f535cff61931574ed6fed06", kill_on_drop: false }`
[INFO] [stderr]    Compiling memchr v2.7.1
[INFO] [stderr]    Compiling ucd-trie v0.1.6
[INFO] [stderr]     Checking rand_core v0.6.4
[INFO] [stderr]     Checking ppv-lite86 v0.2.17
[INFO] [stderr]    Compiling paste v1.0.14
[INFO] [stderr]     Checking pin-project-lite v0.2.13
[INFO] [stderr]    Compiling num-traits v0.2.17
[INFO] [stderr]    Compiling generic-array v0.14.7
[INFO] [stderr]    Compiling num-integer v0.1.45
[INFO] [stderr]    Compiling num-bigint v0.4.4
[INFO] [stderr]     Checking tracing-core v0.1.32
[INFO] [stderr]    Compiling syn v2.0.48
[INFO] [stderr]    Compiling ark-serialize-derive v0.3.0
[INFO] [stderr]    Compiling ark-ff-asm v0.3.0
[INFO] [stderr]    Compiling derivative v2.2.0
[INFO] [stderr]     Checking tracing-subscriber v0.2.25
[INFO] [stderr]     Checking rand_chacha v0.3.1
[INFO] [stderr]     Checking rand v0.8.5
[INFO] [stderr]     Checking digest v0.9.0
[INFO] [stderr]     Checking crypto-mac v0.8.0
[INFO] [stderr]     Checking blake2 v0.9.2
[INFO] [stderr]     Checking ark-std v0.3.0
[INFO] [stderr]     Checking ark-serialize v0.3.0
[INFO] [stderr]    Compiling ark-ff-macros v0.3.0
[INFO] [stderr]    Compiling thiserror-impl v1.0.56
[INFO] [stderr]    Compiling zeroize_derive v1.4.2
[INFO] [stderr]    Compiling tracing-attributes v0.1.27
[INFO] [stderr]     Checking zeroize v1.7.0
[INFO] [stderr]    Compiling thiserror v1.0.56
[INFO] [stderr]    Compiling pest v2.7.7
[INFO] [stderr]     Checking tracing v0.1.40
[INFO] [stderr]    Compiling semver-parser v0.10.2
[INFO] [stderr]    Compiling semver v0.11.0
[INFO] [stderr]    Compiling rustc_version v0.3.3
[INFO] [stderr]    Compiling ark-ff v0.3.0
[INFO] [stderr]     Checking ark-ec v0.3.0
[INFO] [stderr]     Checking ark-relations v0.3.0
[INFO] [stderr]     Checking ark-snark v0.3.0
[INFO] [stderr]     Checking ark-r1cs-std v0.3.1
[INFO] [stderr]     Checking ark-bn254 v0.3.0
[INFO] [stderr]     Checking ark-bls12-381 v0.3.0
[INFO] [stderr]     Checking ark-nonnative-field v0.3.0
[INFO] [stderr]     Checking ark-ed-on-bn254 v0.3.0
[INFO] [stderr]     Checking ark-ed-on-bls12-381 v0.3.0
[INFO] [stderr]     Checking ark-crypto-primitives v0.3.0
[INFO] [stderr]     Checking arkworks-native-gadgets v1.2.0 (/opt/rustwide/workdir)
[INFO] [stdout] error[E0432]: unresolved import `arkworks_utils`
[INFO] [stdout]    --> src/merkle_tree.rs:421:6
[INFO] [stdout]     |
[INFO] [stdout] 421 |     use arkworks_utils::{bytes_vec_to_f, parse_vec, Curve};
[INFO] [stdout]     |         ^^^^^^^^^^^^^^ use of undeclared crate or module `arkworks_utils`
[INFO] [stdout] 
[INFO] [stdout] 
[INFO] [stdout] error[E0433]: failed to resolve: use of undeclared crate or module `arkworks_utils`
[INFO] [stdout]    --> src/mimc.rs:222:6
[INFO] [stdout]     |
[INFO] [stdout] 222 |     use arkworks_utils::{bytes_vec_to_f, mimc_params::setup_mimc_params, Curve};
[INFO] [stdout]     |         ^^^^^^^^^^^^^^ use of undeclared crate or module `arkworks_utils`
[INFO] [stdout] 
[INFO] [stdout] 
[INFO] [stdout] error[E0432]: unresolved import `arkworks_utils`
[INFO] [stdout]    --> src/mimc.rs:222:6
[INFO] [stdout]     |
[INFO] [stdout] 222 |     use arkworks_utils::{bytes_vec_to_f, mimc_params::setup_mimc_params, Curve};
[INFO] [stdout]     |         ^^^^^^^^^^^^^^ use of undeclared crate or module `arkworks_utils`
[INFO] [stdout] 
[INFO] [stdout] 
[INFO] [stdout] error[E0433]: failed to resolve: use of undeclared crate or module `arkworks_utils`
[INFO] [stdout]    --> src/poseidon/mod.rs:355:6
[INFO] [stdout]     |
[INFO] [stdout] 355 |     use arkworks_utils::{
[INFO] [stdout]     |         ^^^^^^^^^^^^^^ use of undeclared crate or module `arkworks_utils`
[INFO] [stdout] 
[INFO] [stdout] 
[INFO] [stdout] error[E0432]: unresolved import `arkworks_utils`
[INFO] [stdout]    --> src/poseidon/mod.rs:355:6
[INFO] [stdout]     |
[INFO] [stdout] 355 |     use arkworks_utils::{
[INFO] [stdout]     |         ^^^^^^^^^^^^^^ use of undeclared crate or module `arkworks_utils`
[INFO] [stdout] 
[INFO] [stdout] 
[INFO] [stdout] warning: lint `mutable_borrow_reservation_conflict` has been removed: now allowed, see issue #59159 <https://github.com/rust-lang/rust/issues/59159> for more information
[INFO] [stdout]    --> src/merkle_tree.rs:228:13
[INFO] [stdout]     |
[INFO] [stdout] 228 |                 #[allow(mutable_borrow_reservation_conflict)]
[INFO] [stdout]     |                         ^^^^^^^^^^^^^^^^^^^^^^^^^^^^^^^^^^^
[INFO] [stdout]     |
[INFO] [stdout]     = note: `#[warn(renamed_and_removed_lints)]` on by default
[INFO] [stdout] 
[INFO] [stdout] 
[INFO] [stdout] warning: unnecessary parentheses around index expression
[INFO] [stdout]    --> src/poseidon/mod.rs:309:36
[INFO] [stdout]     |
[INFO] [stdout] 309 |                 let c = self.params.round_keys[(r * width + i)];
[INFO] [stdout]     |                                                ^             ^
[INFO] [stdout]     |
[INFO] [stdout]     = note: `#[warn(unused_parens)]` on by default
[INFO] [stdout] help: remove these parentheses
[INFO] [stdout]     |
[INFO] [stdout] 309 -                 let c = self.params.round_keys[(r * width + i)];
[INFO] [stdout] 309 +                 let c = self.params.round_keys[r * width + i];
[INFO] [stdout]     |
[INFO] [stdout] 
[INFO] [stdout] 
[INFO] [stdout] warning: lint `mutable_borrow_reservation_conflict` has been removed: now allowed, see issue #59159 <https://github.com/rust-lang/rust/issues/59159> for more information
[INFO] [stdout]    --> src/merkle_tree.rs:228:13
[INFO] [stdout]     |
[INFO] [stdout] 228 |                 #[allow(mutable_borrow_reservation_conflict)]
[INFO] [stdout]     |                         ^^^^^^^^^^^^^^^^^^^^^^^^^^^^^^^^^^^
[INFO] [stdout]     |
[INFO] [stdout]     = note: `#[warn(renamed_and_removed_lints)]` on by default
[INFO] [stdout] 
[INFO] [stdout] 
[INFO] [stdout] warning: unnecessary parentheses around index expression
[INFO] [stdout]    --> src/poseidon/mod.rs:309:36
[INFO] [stdout]     |
[INFO] [stdout] 309 |                 let c = self.params.round_keys[(r * width + i)];
[INFO] [stdout]     |                                                ^             ^
[INFO] [stdout]     |
[INFO] [stdout]     = note: `#[warn(unused_parens)]` on by default
[INFO] [stdout] help: remove these parentheses
[INFO] [stdout]     |
[INFO] [stdout] 309 -                 let c = self.params.round_keys[(r * width + i)];
[INFO] [stdout] 309 +                 let c = self.params.round_keys[r * width + i];
[INFO] [stdout]     |
[INFO] [stdout] 
[INFO] [stdout] 
[INFO] [stdout] warning: unused import: `BigInteger`
[INFO] [stdout]    --> src/merkle_tree.rs:419:15
[INFO] [stdout]     |
[INFO] [stdout] 419 |     use ark_ff::{BigInteger, PrimeField, UniformRand};
[INFO] [stdout]     |                  ^^^^^^^^^^
[INFO] [stdout]     |
[INFO] [stdout]     = note: `#[warn(unused_imports)]` on by default
[INFO] [stdout] 
[INFO] [stdout] 
[INFO] [stdout] error: aborting due to 5 previous errors; 3 warnings emitted
[INFO] [stdout] 
[INFO] [stdout] 
[INFO] [stdout] Some errors have detailed explanations: E0432, E0433.
[INFO] [stdout] 
[INFO] [stdout] For more information about an error, try `rustc --explain E0432`.
[INFO] [stdout] 
[INFO] [stderr] error: could not compile `arkworks-native-gadgets` (lib test) due to 6 previous errors; 3 warnings emitted
[INFO] [stderr] warning: build failed, waiting for other jobs to finish...
[INFO] [stdout] warning: 2 warnings emitted
[INFO] [stdout] 
[INFO] [stdout] 
[INFO] running `Command { std: "docker" "inspect" "d6f7b50f0010911415cd3390a87c04c39f1f91e97f535cff61931574ed6fed06", kill_on_drop: false }`
[INFO] running `Command { std: "docker" "rm" "-f" "d6f7b50f0010911415cd3390a87c04c39f1f91e97f535cff61931574ed6fed06", kill_on_drop: false }`
[INFO] [stdout] d6f7b50f0010911415cd3390a87c04c39f1f91e97f535cff61931574ed6fed06
