[INFO] fetching crate ark-mpc 0.1.2...
[INFO] checking ark-mpc-0.1.2 against nightly-2024-02-05 for check-cfg
[INFO] extracting crate ark-mpc 0.1.2 into /workspace/builds/worker-4-tc1/source
[INFO] validating manifest of crates.io crate ark-mpc 0.1.2 on toolchain nightly-2024-02-05
[INFO] running `Command { std: CARGO_HOME="/workspace/cargo-home" RUSTUP_HOME="/workspace/rustup-home" "/workspace/cargo-home/bin/cargo" "+nightly-2024-02-05" "metadata" "--manifest-path" "Cargo.toml" "--no-deps", kill_on_drop: false }`
[INFO] removed /workspace/builds/worker-4-tc1/source/rust-toolchain
[INFO] started tweaking crates.io crate ark-mpc 0.1.2
[INFO] removed 0 missing tests
[INFO] finished tweaking crates.io crate ark-mpc 0.1.2
[INFO] tweaked toml for crates.io crate ark-mpc 0.1.2 written to /workspace/builds/worker-4-tc1/source/Cargo.toml
[INFO] running `Command { std: CARGO_HOME="/workspace/cargo-home" RUSTUP_HOME="/workspace/rustup-home" "/workspace/cargo-home/bin/cargo" "+nightly-2024-02-05" "generate-lockfile" "--manifest-path" "Cargo.toml", kill_on_drop: false }`
[INFO] [stderr]     Updating crates.io index
[INFO] running `Command { std: CARGO_HOME="/workspace/cargo-home" RUSTUP_HOME="/workspace/rustup-home" "/workspace/cargo-home/bin/cargo" "+nightly-2024-02-05" "fetch" "--manifest-path" "Cargo.toml", kill_on_drop: false }`
[INFO] [stderr]  Downloading crates ...
[INFO] [stderr]   Downloaded crossbeam-queue v0.3.11
[INFO] [stderr]   Downloaded ark-bn254 v0.4.0
[INFO] [stderr]   Downloaded clap_derive v3.2.25
[INFO] [stderr]   Downloaded crossbeam v0.8.4
[INFO] [stderr]   Downloaded rcgen v0.9.3
[INFO] [stderr]   Downloaded quinn-proto v0.9.6
[INFO] [stderr]   Downloaded sha3 v0.10.8
[INFO] [stderr]   Downloaded quinn v0.9.4
[INFO] [stderr]   Downloaded criterion v0.5.1
[INFO] [stderr]   Downloaded rustls v0.20.9
[INFO] [stderr]   Downloaded webpki v0.22.4
[INFO] [stderr]   Downloaded kanal v0.1.0-pre8
[INFO] [stderr]   Downloaded inventory v0.3.15
[INFO] [stderr]   Downloaded pem v1.1.1
[INFO] [stderr]   Downloaded quinn-udp v0.3.2
[INFO] [stderr]   Downloaded error-chain v0.12.4
[INFO] [stderr]   Downloaded dns-lookup v1.0.8
[INFO] [stderr]   Downloaded cpuprofiler v0.0.4
[INFO] [stderr]   Downloaded gperftools v0.2.0
[INFO] running `Command { std: "docker" "create" "-v" "/var/lib/crater-agent-workspace/builds/worker-4-tc1/target:/opt/rustwide/target:rw,Z" "-v" "/var/lib/crater-agent-workspace/builds/worker-4-tc1/source:/opt/rustwide/workdir:ro,Z" "-v" "/var/lib/crater-agent-workspace/cargo-home:/opt/rustwide/cargo-home:ro,Z" "-v" "/var/lib/crater-agent-workspace/rustup-home:/opt/rustwide/rustup-home:ro,Z" "-e" "SOURCE_DIR=/opt/rustwide/workdir" "-e" "CARGO_TARGET_DIR=/opt/rustwide/target" "-e" "CARGO_HOME=/opt/rustwide/cargo-home" "-e" "RUSTUP_HOME=/opt/rustwide/rustup-home" "-w" "/opt/rustwide/workdir" "-m" "1610612736" "--user" "0:0" "--network" "none" "ghcr.io/rust-lang/crates-build-env/linux@sha256:2788e3201cd34a07e3172128adcd8b3090168a8e3bcc40d7c032b9dda1df7d1c" "/opt/rustwide/cargo-home/bin/cargo" "+nightly-2024-02-05" "metadata" "--no-deps" "--format-version=1", kill_on_drop: false }`
[INFO] [stdout] e2b18d9d945de63dfe11e2e361d6d95d4f5c15ae5b989716e1e51ed3526ba8c8
[INFO] running `Command { std: "docker" "start" "-a" "e2b18d9d945de63dfe11e2e361d6d95d4f5c15ae5b989716e1e51ed3526ba8c8", kill_on_drop: false }`
[INFO] running `Command { std: "docker" "inspect" "e2b18d9d945de63dfe11e2e361d6d95d4f5c15ae5b989716e1e51ed3526ba8c8", kill_on_drop: false }`
[INFO] running `Command { std: "docker" "rm" "-f" "e2b18d9d945de63dfe11e2e361d6d95d4f5c15ae5b989716e1e51ed3526ba8c8", kill_on_drop: false }`
[INFO] [stdout] e2b18d9d945de63dfe11e2e361d6d95d4f5c15ae5b989716e1e51ed3526ba8c8
[INFO] running `Command { std: "docker" "create" "-v" "/var/lib/crater-agent-workspace/builds/worker-4-tc1/target:/opt/rustwide/target:rw,Z" "-v" "/var/lib/crater-agent-workspace/builds/worker-4-tc1/source:/opt/rustwide/workdir:ro,Z" "-v" "/var/lib/crater-agent-workspace/cargo-home:/opt/rustwide/cargo-home:ro,Z" "-v" "/var/lib/crater-agent-workspace/rustup-home:/opt/rustwide/rustup-home:ro,Z" "-e" "SOURCE_DIR=/opt/rustwide/workdir" "-e" "CARGO_TARGET_DIR=/opt/rustwide/target" "-e" "CARGO_INCREMENTAL=0" "-e" "RUST_BACKTRACE=full" "-e" "RUSTFLAGS=--cap-lints=forbid" "-e" "RUSTDOCFLAGS=--cap-lints=forbid" "-e" "CARGO_HOME=/opt/rustwide/cargo-home" "-e" "RUSTUP_HOME=/opt/rustwide/rustup-home" "-w" "/opt/rustwide/workdir" "-m" "1610612736" "--user" "0:0" "--network" "none" "ghcr.io/rust-lang/crates-build-env/linux@sha256:2788e3201cd34a07e3172128adcd8b3090168a8e3bcc40d7c032b9dda1df7d1c" "/opt/rustwide/cargo-home/bin/cargo" "+nightly-2024-02-05" "check" "--frozen" "--all" "--all-targets" "--message-format=json", kill_on_drop: false }`
[INFO] [stdout] d5c27390f68d2b262f865dabaf0f7cef2226d9ff627d6c56e3742eef9d843964
[INFO] running `Command { std: "docker" "start" "-a" "d5c27390f68d2b262f865dabaf0f7cef2226d9ff627d6c56e3742eef9d843964", kill_on_drop: false }`
[INFO] [stderr]    Compiling libc v0.2.153
[INFO] [stderr]    Compiling crossbeam-utils v0.8.19
[INFO] [stderr]     Checking once_cell v1.19.0
[INFO] [stderr]    Compiling syn v1.0.109
[INFO] [stderr]    Compiling num-traits v0.2.17
[INFO] [stderr]    Compiling typenum v1.17.0
[INFO] [stderr]     Checking ppv-lite86 v0.2.17
[INFO] [stderr]    Compiling slab v0.4.9
[INFO] [stderr]    Compiling rayon-core v1.12.1
[INFO] [stderr]     Checking either v1.9.0
[INFO] [stderr]    Compiling generic-array v0.14.7
[INFO] [stderr]     Checking pin-project-lite v0.2.13
[INFO] [stderr]    Compiling num-integer v0.1.45
[INFO] [stderr]     Checking getrandom v0.2.12
[INFO] [stderr]    Compiling syn v2.0.48
[INFO] [stderr]     Checking untrusted v0.9.0
[INFO] [stderr]     Checking spin v0.9.8
[INFO] [stderr]    Compiling num-bigint v0.4.4
[INFO] [stderr]     Checking rand_core v0.6.4
[INFO] [stderr]     Checking futures-core v0.3.30
[INFO] [stderr]    Compiling serde v1.0.196
[INFO] [stderr]     Checking itertools v0.10.5
[INFO] [stderr]    Compiling ahash v0.8.7
[INFO] [stderr]     Checking base64 v0.21.7
[INFO] [stderr]    Compiling rustls v0.20.9
[INFO] [stderr]     Checking rand_chacha v0.3.1
[INFO] [stderr]     Checking rand v0.8.5
[INFO] [stderr]    Compiling paste v1.0.14
[INFO] [stderr]     Checking futures-sink v0.3.30
[INFO] [stderr]    Compiling pkg-config v0.3.29
[INFO] [stderr]     Checking tracing-core v0.1.32
[INFO] [stderr]     Checking rustls-pemfile v1.0.4
[INFO] [stderr]     Checking openssl-probe v0.1.5
[INFO] [stderr]     Checking futures-channel v0.3.30
[INFO] [stderr]    Compiling rustix v0.38.31
[INFO] [stderr]     Checking futures-io v0.3.30
[INFO] [stderr]     Checking powerfmt v0.2.0
[INFO] [stderr]     Checking crossbeam-epoch v0.9.18
[INFO] [stderr]     Checking tinyvec_macros v0.1.1
[INFO] [stderr]     Checking futures-task v0.3.30
[INFO] [stderr]     Checking zerocopy v0.7.32
[INFO] [stderr]     Checking deranged v0.3.11
[INFO] [stderr]     Checking tinyvec v1.6.0
[INFO] [stderr]     Checking crossbeam-deque v0.8.5
[INFO] [stderr]    Compiling cc v1.0.83
[INFO] [stderr]     Checking rustls-native-certs v0.6.3
[INFO] [stderr]     Checking socket2 v0.5.5
[INFO] [stderr]     Checking mio v0.8.10
[INFO] [stderr]     Checking socket2 v0.4.10
[INFO] [stderr]     Checking num_cpus v1.16.0
[INFO] [stderr]    Compiling error-chain v0.12.4
[INFO] [stderr]     Checking aho-corasick v1.1.2
[INFO] [stderr]    Compiling lock_api v0.4.11
[INFO] [stderr]     Checking linux-raw-sys v0.4.13
[INFO] [stderr]     Checking bitflags v2.4.2
[INFO] [stderr]     Checking num-conv v0.1.0
[INFO] [stderr]     Checking rustc-hash v1.1.0
[INFO] [stderr]     Checking time-core v0.1.2
[INFO] [stderr]     Checking bytes v1.5.0
[INFO] [stderr]     Checking regex-syntax v0.8.2
[INFO] [stderr]     Checking rayon v1.8.1
[INFO] [stderr]     Checking hashbrown v0.13.2
[INFO] [stderr]    Compiling proc-macro-error-attr v1.0.4
[INFO] [stderr]     Checking half v2.3.1
[INFO] [stderr]     Checking anstyle v1.0.6
[INFO] [stderr]     Checking block-buffer v0.10.4
[INFO] [stderr]     Checking crypto-common v0.1.6
[INFO] [stderr]     Checking base64 v0.13.1
[INFO] [stderr]     Checking digest v0.10.7
[INFO] [stderr]     Checking plotters-backend v0.3.5
[INFO] [stderr]    Compiling async-trait v0.1.77
[INFO] [stderr]     Checking clap_lex v0.6.0
[INFO] [stderr]     Checking time v0.3.34
[INFO] [stderr]     Checking ciborium-io v0.2.2
[INFO] [stderr]     Checking pem v1.1.1
[INFO] [stderr]     Checking ciborium-ll v0.2.2
[INFO] [stderr]     Checking plotters-svg v0.3.5
[INFO] [stderr]     Checking clap_builder v4.4.18
[INFO] [stderr]    Compiling cpuprofiler v0.0.4
[INFO] [stderr]     Checking is-terminal v0.4.10
[INFO] [stderr]    Compiling gperftools v0.2.0
[INFO] [stderr]     Checking regex-automata v0.4.5
[INFO] [stderr]     Checking crossbeam-channel v0.5.11
[INFO] [stderr]     Checking crossbeam-queue v0.3.11
[INFO] [stderr]     Checking keccak v0.1.5
[INFO] [stderr]    Compiling ring v0.17.7
[INFO] [stderr]    Compiling ring v0.16.20
[INFO] [stderr]    Compiling backtrace v0.3.69
[INFO] [stderr]     Checking termcolor v1.4.1
[INFO] [stderr]     Checking os_str_bytes v6.6.1
[INFO] [stderr]     Checking yasna v0.5.2
[INFO] [stderr]    Compiling heck v0.4.1
[INFO] [stderr]     Checking cast v0.3.0
[INFO] [stderr]     Checking clap_lex v0.2.4
[INFO] [stderr]     Checking kanal v0.1.0-pre8
[INFO] [stderr]     Checking sha3 v0.10.8
[INFO] [stderr]     Checking criterion-plot v0.5.0
[INFO] [stderr]     Checking plotters v0.3.5
[INFO] [stderr]     Checking crossbeam v0.8.4
[INFO] [stderr]     Checking textwrap v0.16.0
[INFO] [stderr]     Checking humantime v2.1.0
[INFO] [stderr]     Checking oorandom v11.1.3
[INFO] [stderr]     Checking anes v0.1.6
[INFO] [stderr]     Checking colored v2.1.0
[INFO] [stderr]     Checking dns-lookup v1.0.8
[INFO] [stderr]     Checking inventory v0.3.15
[INFO] [stderr]     Checking ark-std v0.4.0
[INFO] [stderr]    Compiling proc-macro-error v1.0.4
[INFO] [stderr]     Checking clap v4.4.18
[INFO] [stderr]     Checking regex v1.10.3
[INFO] [stderr]     Checking env_logger v0.10.2
[INFO] [stderr]    Compiling ark-serialize-derive v0.4.2
[INFO] [stderr]    Compiling ark-ff-asm v0.4.2
[INFO] [stderr]    Compiling ark-ff-macros v0.4.2
[INFO] [stderr]    Compiling derivative v2.2.0
[INFO] [stderr]    Compiling clap_derive v3.2.25
[INFO] [stderr]    Compiling serde_derive v1.0.196
[INFO] [stderr]    Compiling thiserror-impl v1.0.56
[INFO] [stderr]    Compiling futures-macro v0.3.30
[INFO] [stderr]    Compiling zeroize_derive v1.4.2
[INFO] [stderr]    Compiling tracing-attributes v0.1.27
[INFO] [stderr]    Compiling tokio-macros v2.2.0
[INFO] [stderr]     Checking ark-serialize v0.4.2
[INFO] [stderr]     Checking zeroize v1.7.0
[INFO] [stderr]     Checking tokio v1.36.0
[INFO] [stderr]     Checking futures-util v0.3.30
[INFO] [stderr]     Checking rcgen v0.9.3
[INFO] [stderr]     Checking thiserror v1.0.56
[INFO] [stderr]     Checking tracing v0.1.40
[INFO] [stderr]     Checking ark-ff v0.4.2
[INFO] [stderr]     Checking clap v3.2.25
[INFO] [stderr]     Checking sct v0.7.1
[INFO] [stderr]     Checking webpki v0.22.4
[INFO] [stderr]     Checking futures-executor v0.3.30
[INFO] [stderr]     Checking futures v0.3.30
[INFO] [stderr]     Checking quinn-proto v0.9.6
[INFO] [stderr]     Checking serde_json v1.0.113
[INFO] [stderr]     Checking ciborium v0.2.2
[INFO] [stderr]     Checking tinytemplate v1.2.1
[INFO] [stderr]     Checking criterion v0.5.1
[INFO] [stderr]     Checking quinn-udp v0.3.2
[INFO] [stderr]     Checking quinn v0.9.4
[INFO] [stderr]     Checking ark-poly v0.4.2
[INFO] [stderr]     Checking ark-ec v0.4.2
[INFO] [stderr]     Checking ark-mpc v0.1.2 (/opt/rustwide/workdir)
[INFO] [stdout] warning: unused import: `network::PartyId`
[INFO] [stdout]  --> src/beaver.rs:7:30
[INFO] [stdout]   |
[INFO] [stdout] 7 | use crate::{algebra::Scalar, network::PartyId};
[INFO] [stdout]   |                              ^^^^^^^^^^^^^^^^
[INFO] [stdout]   |
[INFO] [stdout]   = note: `#[warn(unused_imports)]` on by default
[INFO] [stdout] 
[INFO] [stdout] 
[INFO] [stdout] error[E0432]: unresolved import `ark_bn254`
[INFO] [stdout]   --> src/lib.rs:69:9
[INFO] [stdout]    |
[INFO] [stdout] 69 |     use ark_bn254::G1Projective as Bn254Projective;
[INFO] [stdout]    |         ^^^^^^^^^ use of undeclared crate or module `ark_bn254`
[INFO] [stdout] 
[INFO] [stdout] 
[INFO] [stdout] error[E0277]: the trait bound `B: SharedValueSource<_>` is not satisfied
[INFO] [stdout]    --> src/lib.rs:115:85
[INFO] [stdout]     |
[INFO] [stdout] 115 |         let party0_fabric = MpcFabric::new(MockNetwork::new(PARTY0, party0_stream), party0_beaver);
[INFO] [stdout]     |                             --------------                                          ^^^^^^^^^^^^^ the trait `SharedValueSource<_>` is not implemented for `B`
[INFO] [stdout]     |                             |
[INFO] [stdout]     |                             required by a bound introduced by this call
[INFO] [stdout]     |
[INFO] [stdout]     = help: the following other types implement trait `SharedValueSource<C>`:
[INFO] [stdout]               ZeroBeaverSource
[INFO] [stdout]               PartyIDBeaverSource
[INFO] [stdout] note: required by a bound in `MpcFabric::<C>::new`
[INFO] [stdout]    --> src/fabric.rs:380:57
[INFO] [stdout]     |
[INFO] [stdout] 380 |     pub fn new<N: 'static + MpcNetwork<C>, S: 'static + SharedValueSource<C>>(
[INFO] [stdout]     |                                                         ^^^^^^^^^^^^^^^^^^^^ required by this bound in `MpcFabric::<C>::new`
[INFO] [stdout] 
[INFO] [stdout] 
[INFO] [stdout] error[E0277]: the trait bound `B: SharedValueSource<_>` is not satisfied
[INFO] [stdout]    --> src/lib.rs:116:85
[INFO] [stdout]     |
[INFO] [stdout] 116 |         let party1_fabric = MpcFabric::new(MockNetwork::new(PARTY1, party1_stream), party1_beaver);
[INFO] [stdout]     |                             --------------                                          ^^^^^^^^^^^^^ the trait `SharedValueSource<_>` is not implemented for `B`
[INFO] [stdout]     |                             |
[INFO] [stdout]     |                             required by a bound introduced by this call
[INFO] [stdout]     |
[INFO] [stdout]     = help: the following other types implement trait `SharedValueSource<C>`:
[INFO] [stdout]               ZeroBeaverSource
[INFO] [stdout]               PartyIDBeaverSource
[INFO] [stdout] note: required by a bound in `MpcFabric::<C>::new`
[INFO] [stdout]    --> src/fabric.rs:380:57
[INFO] [stdout]     |
[INFO] [stdout] 380 |     pub fn new<N: 'static + MpcNetwork<C>, S: 'static + SharedValueSource<C>>(
[INFO] [stdout]     |                                                         ^^^^^^^^^^^^^^^^^^^^ required by this bound in `MpcFabric::<C>::new`
[INFO] [stdout] 
[INFO] [stdout] 
[INFO] [stdout] error: aborting due to 3 previous errors
[INFO] [stdout] 
[INFO] [stdout] 
[INFO] [stdout] Some errors have detailed explanations: E0277, E0432.
[INFO] [stdout] 
[INFO] [stdout] For more information about an error, try `rustc --explain E0277`.
[INFO] [stdout] 
[INFO] [stderr] error: could not compile `ark-mpc` (lib test) due to 4 previous errors
[INFO] [stderr] warning: build failed, waiting for other jobs to finish...
[INFO] [stdout] warning: associated function `new_duplex_pair` is never used
[INFO] [stdout]   --> src/network/mock.rs:72:12
[INFO] [stdout]    |
[INFO] [stdout] 70 | impl<C: CurveGroup> UnboundedDuplexStream<C> {
[INFO] [stdout]    | -------------------------------------------- associated function in this implementation
[INFO] [stdout] 71 |     /// Create a new pair of duplex streams
[INFO] [stdout] 72 |     pub fn new_duplex_pair() -> (Self, Self) {
[INFO] [stdout]    |            ^^^^^^^^^^^^^^^
[INFO] [stdout]    |
[INFO] [stdout]    = note: `#[warn(dead_code)]` on by default
[INFO] [stdout] 
[INFO] [stdout] 
[INFO] [stdout] warning: associated function `new` is never used
[INFO] [stdout]    --> src/network/mock.rs:109:12
[INFO] [stdout]     |
[INFO] [stdout] 107 | impl<C: CurveGroup> MockNetwork<C> {
[INFO] [stdout]     | ---------------------------------- associated function in this implementation
[INFO] [stdout] 108 |     /// Create a new mock network from one half of a duplex stream
[INFO] [stdout] 109 |     pub fn new(party_id: PartyId, stream: UnboundedDuplexStream<C>) -> Self {
[INFO] [stdout]     |            ^^^
[INFO] [stdout] 
[INFO] [stdout] 
[INFO] [stdout] warning: 3 warnings emitted
[INFO] [stdout] 
[INFO] [stdout] 
[INFO] running `Command { std: "docker" "inspect" "d5c27390f68d2b262f865dabaf0f7cef2226d9ff627d6c56e3742eef9d843964", kill_on_drop: false }`
[INFO] running `Command { std: "docker" "rm" "-f" "d5c27390f68d2b262f865dabaf0f7cef2226d9ff627d6c56e3742eef9d843964", kill_on_drop: false }`
[INFO] [stdout] d5c27390f68d2b262f865dabaf0f7cef2226d9ff627d6c56e3742eef9d843964
