[INFO] fetching crate aries 0.1.0...
[INFO] checking aries-0.1.0 against nightly-2024-02-05 for check-cfg
[INFO] extracting crate aries 0.1.0 into /workspace/builds/worker-7-tc1/source
[INFO] validating manifest of crates.io crate aries 0.1.0 on toolchain nightly-2024-02-05
[INFO] running `Command { std: CARGO_HOME="/workspace/cargo-home" RUSTUP_HOME="/workspace/rustup-home" "/workspace/cargo-home/bin/cargo" "+nightly-2024-02-05" "metadata" "--manifest-path" "Cargo.toml" "--no-deps", kill_on_drop: false }`
[INFO] started tweaking crates.io crate aries 0.1.0
[INFO] finished tweaking crates.io crate aries 0.1.0
[INFO] tweaked toml for crates.io crate aries 0.1.0 written to /workspace/builds/worker-7-tc1/source/Cargo.toml
[INFO] running `Command { std: CARGO_HOME="/workspace/cargo-home" RUSTUP_HOME="/workspace/rustup-home" "/workspace/cargo-home/bin/cargo" "+nightly-2024-02-05" "generate-lockfile" "--manifest-path" "Cargo.toml", kill_on_drop: false }`
[INFO] [stderr]     Updating crates.io index
[INFO] running `Command { std: CARGO_HOME="/workspace/cargo-home" RUSTUP_HOME="/workspace/rustup-home" "/workspace/cargo-home/bin/cargo" "+nightly-2024-02-05" "fetch" "--manifest-path" "Cargo.toml", kill_on_drop: false }`
[INFO] [stderr]  Downloading crates ...
[INFO] [stderr]   Downloaded antidote v1.0.0
[INFO] [stderr]   Downloaded openssl-verify v0.1.0
[INFO] [stderr]   Downloaded uuid v0.2.3
[INFO] [stderr]   Downloaded gdi32-sys v0.2.0
[INFO] [stderr]   Downloaded openssl v0.7.14
[INFO] [stderr]   Downloaded hex v0.2.0
[INFO] [stderr]   Downloaded version_check v0.1.5
[INFO] [stderr]   Downloaded toml v0.2.1
[INFO] [stderr]   Downloaded language-tags v0.2.2
[INFO] [stderr]   Downloaded mime v0.2.6
[INFO] [stderr]   Downloaded openssl-sys-extras v0.7.14
[INFO] [stderr]   Downloaded unicase v1.4.2
[INFO] [stderr]   Downloaded getopts v0.2.21
[INFO] [stderr]   Downloaded cookie v0.2.5
[INFO] [stderr]   Downloaded openssl-sys v0.7.17
[INFO] [stderr]   Downloaded user32-sys v0.2.0
[INFO] [stderr]   Downloaded env_logger v0.3.5
[INFO] [stderr]   Downloaded hpack v0.2.0
[INFO] [stderr]   Downloaded solicit v0.4.4
[INFO] [stderr]   Downloaded hyper v0.9.18
[INFO] [stderr]   Downloaded rust-crypto v0.2.36
[INFO] [stderr]   Downloaded nom v1.2.4
[INFO] [stderr]   Downloaded semver v0.2.3
[INFO] [stderr]   Downloaded unix_socket v0.5.0
[INFO] [stderr]   Downloaded bufstream v0.1.4
[INFO] [stderr]   Downloaded jwt v0.4.0
[INFO] [stderr]   Downloaded byteorder v0.4.2
[INFO] [stderr]   Downloaded sha1 v0.1.1
[INFO] [stderr]   Downloaded twox-hash v1.0.1
[INFO] [stderr]   Downloaded conhash v0.3.3
[INFO] [stderr]   Downloaded phf_shared v0.7.15
[INFO] [stderr]   Downloaded redis v0.5.4
[INFO] [stderr]   Downloaded scheduled-thread-pool v0.1.0
[INFO] [stderr]   Downloaded r2d2 v0.7.4
[INFO] [stderr]   Downloaded phf v0.7.15
[INFO] [stderr]   Downloaded memcached-rs v0.1.4
[INFO] [stderr]   Downloaded postgres v0.11.12
[INFO] [stderr]   Downloaded mysql v6.0.1
[INFO] running `Command { std: "docker" "create" "-v" "/var/lib/crater-agent-workspace/builds/worker-7-tc1/target:/opt/rustwide/target:rw,Z" "-v" "/var/lib/crater-agent-workspace/builds/worker-7-tc1/source:/opt/rustwide/workdir:ro,Z" "-v" "/var/lib/crater-agent-workspace/cargo-home:/opt/rustwide/cargo-home:ro,Z" "-v" "/var/lib/crater-agent-workspace/rustup-home:/opt/rustwide/rustup-home:ro,Z" "-e" "SOURCE_DIR=/opt/rustwide/workdir" "-e" "CARGO_TARGET_DIR=/opt/rustwide/target" "-e" "CARGO_HOME=/opt/rustwide/cargo-home" "-e" "RUSTUP_HOME=/opt/rustwide/rustup-home" "-w" "/opt/rustwide/workdir" "-m" "1610612736" "--user" "0:0" "--network" "none" "ghcr.io/rust-lang/crates-build-env/linux@sha256:2788e3201cd34a07e3172128adcd8b3090168a8e3bcc40d7c032b9dda1df7d1c" "/opt/rustwide/cargo-home/bin/cargo" "+nightly-2024-02-05" "metadata" "--no-deps" "--format-version=1", kill_on_drop: false }`
[INFO] [stdout] 96274846eb0897c09075caad26fc46622afd03a878c31ceaaadca4c5cb5b60a0
[INFO] running `Command { std: "docker" "start" "-a" "96274846eb0897c09075caad26fc46622afd03a878c31ceaaadca4c5cb5b60a0", kill_on_drop: false }`
[INFO] running `Command { std: "docker" "inspect" "96274846eb0897c09075caad26fc46622afd03a878c31ceaaadca4c5cb5b60a0", kill_on_drop: false }`
[INFO] running `Command { std: "docker" "rm" "-f" "96274846eb0897c09075caad26fc46622afd03a878c31ceaaadca4c5cb5b60a0", kill_on_drop: false }`
[INFO] [stdout] 96274846eb0897c09075caad26fc46622afd03a878c31ceaaadca4c5cb5b60a0
[INFO] running `Command { std: "docker" "create" "-v" "/var/lib/crater-agent-workspace/builds/worker-7-tc1/target:/opt/rustwide/target:rw,Z" "-v" "/var/lib/crater-agent-workspace/builds/worker-7-tc1/source:/opt/rustwide/workdir:ro,Z" "-v" "/var/lib/crater-agent-workspace/cargo-home:/opt/rustwide/cargo-home:ro,Z" "-v" "/var/lib/crater-agent-workspace/rustup-home:/opt/rustwide/rustup-home:ro,Z" "-e" "SOURCE_DIR=/opt/rustwide/workdir" "-e" "CARGO_TARGET_DIR=/opt/rustwide/target" "-e" "CARGO_INCREMENTAL=0" "-e" "RUST_BACKTRACE=full" "-e" "RUSTFLAGS=--cap-lints=forbid" "-e" "RUSTDOCFLAGS=--cap-lints=forbid" "-e" "CARGO_HOME=/opt/rustwide/cargo-home" "-e" "RUSTUP_HOME=/opt/rustwide/rustup-home" "-w" "/opt/rustwide/workdir" "-m" "1610612736" "--user" "0:0" "--network" "none" "ghcr.io/rust-lang/crates-build-env/linux@sha256:2788e3201cd34a07e3172128adcd8b3090168a8e3bcc40d7c032b9dda1df7d1c" "/opt/rustwide/cargo-home/bin/cargo" "+nightly-2024-02-05" "check" "--frozen" "--all" "--all-targets" "--message-format=json", kill_on_drop: false }`
[INFO] [stdout] b0cb45d4c1966020d573c5bc50c21f7bc7c0a704438e7ff436d5d0ec1b16e403
[INFO] running `Command { std: "docker" "start" "-a" "b0cb45d4c1966020d573c5bc50c21f7bc7c0a704438e7ff436d5d0ec1b16e403", kill_on_drop: false }`
[INFO] [stderr]    Compiling gcc v0.3.55
[INFO] [stderr]    Compiling pkg-config v0.3.29
[INFO] [stderr]     Checking log v0.4.20
[INFO] [stderr]     Checking tinyvec_macros v0.1.1
[INFO] [stderr]     Checking rustc-serialize v0.3.25
[INFO] [stderr]    Compiling winapi-build v0.1.1
[INFO] [stderr]     Checking unicode-bidi v0.3.15
[INFO] [stderr]     Checking matches v0.1.10
[INFO] [stderr]     Checking winapi v0.2.8
[INFO] [stderr]     Checking bitflags v0.7.0
[INFO] [stderr]     Checking lazy_static v0.2.11
[INFO] [stderr]    Compiling version_check v0.1.5
[INFO] [stderr]     Checking utf8-ranges v0.1.3
[INFO] [stderr]    Compiling num-integer v0.1.45
[INFO] [stderr]     Checking rand v0.4.6
[INFO] [stderr]     Checking time v0.1.45
[INFO] [stderr]    Compiling num-iter v0.1.43
[INFO] [stderr]     Checking tinyvec v1.6.0
[INFO] [stderr]     Checking memchr v0.1.11
[INFO] [stderr]    Compiling httparse v1.8.0
[INFO] [stderr]     Checking regex-syntax v0.3.9
[INFO] [stderr]    Compiling kernel32-sys v0.2.2
[INFO] [stderr]     Checking aho-corasick v0.5.3
[INFO] [stderr]     Checking bufstream v0.1.4
[INFO] [stderr]     Checking log v0.3.9
[INFO] [stderr]     Checking nom v1.2.4
[INFO] [stderr]     Checking hpack v0.2.0
[INFO] [stderr]     Checking antidote v1.0.0
[INFO] [stderr]    Compiling unicase v1.4.2
[INFO] [stderr]     Checking phf_shared v0.7.15
[INFO] [stderr]     Checking byteorder v0.5.3
[INFO] [stderr]     Checking byteorder v1.5.0
[INFO] [stderr]     Checking scheduled-thread-pool v0.1.0
[INFO] [stderr]     Checking phf v0.7.15
[INFO] [stderr]     Checking thread-id v2.0.0
[INFO] [stderr]     Checking unix_socket v0.5.0
[INFO] [stderr]     Checking thread_local v0.2.7
[INFO] [stderr]     Checking solicit v0.4.4
[INFO] [stderr]     Checking mime v0.2.6
[INFO] [stderr]     Checking unicode-width v0.1.11
[INFO] [stderr]     Checking traitobject v0.0.1
[INFO] [stderr]     Checking typeable v0.1.2
[INFO] [stderr]     Checking semver v0.2.3
[INFO] [stderr]     Checking rand v0.3.23
[INFO] [stderr]     Checking sha1 v0.1.1
[INFO] [stderr]     Checking byteorder v0.4.2
[INFO] [stderr]     Checking hex v0.2.0
[INFO] [stderr]     Checking language-tags v0.2.2
[INFO] [stderr]     Checking twox-hash v1.0.1
[INFO] [stderr]     Checking uuid v0.2.3
[INFO] [stderr]     Checking getopts v0.2.21
[INFO] [stderr]     Checking postgres v0.11.12
[INFO] [stdout] error[E0214]: parenthesized type parameters may only be used with a `Fn` trait
[INFO] [stdout]   --> /opt/rustwide/cargo-home/registry/src/index.crates.io-6f17d22bba15001f/twox-hash-1.0.1/src/number_streams.rs:67:23
[INFO] [stdout]    |
[INFO] [stdout] 67 |     fn count(self) -> usize() {
[INFO] [stdout]    |                       ^^^^^^^ only `Fn` traits may use parentheses
[INFO] [stdout] ...
[INFO] [stdout] 74 | number_stream!(U32FromBytes, u32, U32_BYTES);
[INFO] [stdout]    | -------------------------------------------- in this macro invocation
[INFO] [stdout]    |
[INFO] [stdout]    = note: this error originates in the macro `number_stream` (in Nightly builds, run with -Z macro-backtrace for more info)
[INFO] [stdout] 
[INFO] [stdout] 
[INFO] [stdout] error[E0214]: parenthesized type parameters may only be used with a `Fn` trait
[INFO] [stdout]   --> /opt/rustwide/cargo-home/registry/src/index.crates.io-6f17d22bba15001f/twox-hash-1.0.1/src/number_streams.rs:67:23
[INFO] [stdout]    |
[INFO] [stdout] 67 |     fn count(self) -> usize() {
[INFO] [stdout]    |                       ^^^^^^^ only `Fn` traits may use parentheses
[INFO] [stdout] ...
[INFO] [stdout] 75 | number_stream!(U64FromBytes, u64, U64_BYTES);
[INFO] [stdout]    | -------------------------------------------- in this macro invocation
[INFO] [stdout]    |
[INFO] [stdout]    = note: this error originates in the macro `number_stream` (in Nightly builds, run with -Z macro-backtrace for more info)
[INFO] [stdout] 
[INFO] [stdout] 
[INFO] [stderr]     Checking r2d2 v0.7.4
[INFO] [stdout] error: aborting due to 2 previous errors
[INFO] [stdout] 
[INFO] [stdout] 
[INFO] [stdout] For more information about this error, try `rustc --explain E0214`.
[INFO] [stdout] 
[INFO] [stderr]     Checking regex v0.1.80
[INFO] [stderr] error: could not compile `twox-hash` (lib) due to 3 previous errors
[INFO] [stderr] warning: build failed, waiting for other jobs to finish...
[INFO] running `Command { std: "docker" "inspect" "b0cb45d4c1966020d573c5bc50c21f7bc7c0a704438e7ff436d5d0ec1b16e403", kill_on_drop: false }`
[INFO] running `Command { std: "docker" "rm" "-f" "b0cb45d4c1966020d573c5bc50c21f7bc7c0a704438e7ff436d5d0ec1b16e403", kill_on_drop: false }`
[INFO] [stdout] b0cb45d4c1966020d573c5bc50c21f7bc7c0a704438e7ff436d5d0ec1b16e403
[INFO] checking aries-0.1.0 against nightly-2024-02-05+rustflags=-Dunexpected_cfgs+cargoflags=-Zcheck-cfg for check-cfg
[INFO] extracting crate aries 0.1.0 into /workspace/builds/worker-7-tc2/source
[INFO] validating manifest of crates.io crate aries 0.1.0 on toolchain nightly-2024-02-05
[INFO] running `Command { std: CARGO_HOME="/workspace/cargo-home" RUSTUP_HOME="/workspace/rustup-home" "/workspace/cargo-home/bin/cargo" "+nightly-2024-02-05" "metadata" "--manifest-path" "Cargo.toml" "--no-deps", kill_on_drop: false }`
[INFO] started tweaking crates.io crate aries 0.1.0
[INFO] finished tweaking crates.io crate aries 0.1.0
[INFO] tweaked toml for crates.io crate aries 0.1.0 written to /workspace/builds/worker-7-tc2/source/Cargo.toml
[INFO] running `Command { std: CARGO_HOME="/workspace/cargo-home" RUSTUP_HOME="/workspace/rustup-home" "/workspace/cargo-home/bin/cargo" "+nightly-2024-02-05" "generate-lockfile" "--manifest-path" "Cargo.toml", kill_on_drop: false }`
[INFO] [stderr]     Updating crates.io index
[INFO] running `Command { std: CARGO_HOME="/workspace/cargo-home" RUSTUP_HOME="/workspace/rustup-home" "/workspace/cargo-home/bin/cargo" "+nightly-2024-02-05" "fetch" "--manifest-path" "Cargo.toml", kill_on_drop: false }`
[INFO] running `Command { std: "docker" "create" "-v" "/var/lib/crater-agent-workspace/builds/worker-7-tc2/target:/opt/rustwide/target:rw,Z" "-v" "/var/lib/crater-agent-workspace/builds/worker-7-tc2/source:/opt/rustwide/workdir:ro,Z" "-v" "/var/lib/crater-agent-workspace/cargo-home:/opt/rustwide/cargo-home:ro,Z" "-v" "/var/lib/crater-agent-workspace/rustup-home:/opt/rustwide/rustup-home:ro,Z" "-e" "SOURCE_DIR=/opt/rustwide/workdir" "-e" "CARGO_TARGET_DIR=/opt/rustwide/target" "-e" "CARGO_HOME=/opt/rustwide/cargo-home" "-e" "RUSTUP_HOME=/opt/rustwide/rustup-home" "-w" "/opt/rustwide/workdir" "-m" "1610612736" "--user" "0:0" "--network" "none" "ghcr.io/rust-lang/crates-build-env/linux@sha256:2788e3201cd34a07e3172128adcd8b3090168a8e3bcc40d7c032b9dda1df7d1c" "/opt/rustwide/cargo-home/bin/cargo" "+nightly-2024-02-05" "metadata" "--no-deps" "--format-version=1", kill_on_drop: false }`
[INFO] [stdout] f8595e7999c5415564488fcc76b3d166f9d75daef069a3dfc9fb82387d57302a
[INFO] running `Command { std: "docker" "start" "-a" "f8595e7999c5415564488fcc76b3d166f9d75daef069a3dfc9fb82387d57302a", kill_on_drop: false }`
[INFO] running `Command { std: "docker" "inspect" "f8595e7999c5415564488fcc76b3d166f9d75daef069a3dfc9fb82387d57302a", kill_on_drop: false }`
[INFO] running `Command { std: "docker" "rm" "-f" "f8595e7999c5415564488fcc76b3d166f9d75daef069a3dfc9fb82387d57302a", kill_on_drop: false }`
[INFO] [stdout] f8595e7999c5415564488fcc76b3d166f9d75daef069a3dfc9fb82387d57302a
[INFO] running `Command { std: "docker" "create" "-v" "/var/lib/crater-agent-workspace/builds/worker-7-tc2/target:/opt/rustwide/target:rw,Z" "-v" "/var/lib/crater-agent-workspace/builds/worker-7-tc2/source:/opt/rustwide/workdir:ro,Z" "-v" "/var/lib/crater-agent-workspace/cargo-home:/opt/rustwide/cargo-home:ro,Z" "-v" "/var/lib/crater-agent-workspace/rustup-home:/opt/rustwide/rustup-home:ro,Z" "-e" "SOURCE_DIR=/opt/rustwide/workdir" "-e" "CARGO_TARGET_DIR=/opt/rustwide/target" "-e" "CARGO_INCREMENTAL=0" "-e" "RUST_BACKTRACE=full" "-e" "RUSTFLAGS=--cap-lints=forbid -Dunexpected_cfgs" "-e" "RUSTDOCFLAGS=--cap-lints=forbid" "-e" "CARGO_HOME=/opt/rustwide/cargo-home" "-e" "RUSTUP_HOME=/opt/rustwide/rustup-home" "-w" "/opt/rustwide/workdir" "-m" "1610612736" "--user" "0:0" "--network" "none" "ghcr.io/rust-lang/crates-build-env/linux@sha256:2788e3201cd34a07e3172128adcd8b3090168a8e3bcc40d7c032b9dda1df7d1c" "/opt/rustwide/cargo-home/bin/cargo" "+nightly-2024-02-05" "check" "--frozen" "--all" "--all-targets" "--message-format=json" "-Zcheck-cfg", kill_on_drop: false }`
[INFO] [stdout] eebfd0b8c16959beba03a15fcaf20d18073a5b5913b34ced34def4a772c689d6
[INFO] running `Command { std: "docker" "start" "-a" "eebfd0b8c16959beba03a15fcaf20d18073a5b5913b34ced34def4a772c689d6", kill_on_drop: false }`
[INFO] [stderr]    Compiling gcc v0.3.55
[INFO] [stderr]    Compiling pkg-config v0.3.29
[INFO] [stderr]     Checking log v0.4.20
[INFO] [stderr]     Checking rustc-serialize v0.3.25
[INFO] [stderr]    Compiling winapi-build v0.1.1
[INFO] [stderr]     Checking tinyvec_macros v0.1.1
[INFO] [stderr]     Checking winapi v0.2.8
[INFO] [stderr]    Compiling num-integer v0.1.45
[INFO] [stderr]     Checking unicode-bidi v0.3.15
[INFO] [stderr]     Checking matches v0.1.10
[INFO] [stderr]    Compiling num-iter v0.1.43
[INFO] [stderr]     Checking bitflags v0.7.0
[INFO] [stderr]     Checking lazy_static v0.2.11
[INFO] [stderr]     Checking time v0.1.45
[INFO] [stderr]     Checking rand v0.4.6
[INFO] [stderr]     Checking memchr v0.1.11
[INFO] [stderr]     Checking tinyvec v1.6.0
[INFO] [stderr]    Compiling version_check v0.1.5
[INFO] [stderr]     Checking regex-syntax v0.3.9
[INFO] [stderr]     Checking nom v1.2.4
[INFO] [stderr]    Compiling httparse v1.8.0
[INFO] [stderr]     Checking aho-corasick v0.5.3
[INFO] [stderr]    Compiling kernel32-sys v0.2.2
[INFO] [stderr]     Checking log v0.3.9
[INFO] [stderr]     Checking bufstream v0.1.4
[INFO] [stderr]     Checking utf8-ranges v0.1.3
[INFO] [stderr]     Checking hpack v0.2.0
[INFO] [stderr]    Compiling unicase v1.4.2
[INFO] [stderr]     Checking phf_shared v0.7.15
[INFO] [stderr]     Checking byteorder v1.5.0
[INFO] [stderr]     Checking byteorder v0.5.3
[INFO] [stderr]     Checking antidote v1.0.0
[INFO] [stderr]     Checking unix_socket v0.5.0
[INFO] [stderr]     Checking phf v0.7.15
[INFO] [stderr]     Checking thread-id v2.0.0
[INFO] [stderr]     Checking semver v0.2.3
[INFO] [stderr]     Checking thread_local v0.2.7
[INFO] [stderr]     Checking solicit v0.4.4
[INFO] [stderr]     Checking scheduled-thread-pool v0.1.0
[INFO] [stderr]     Checking mime v0.2.6
[INFO] [stderr]     Checking byteorder v0.4.2
[INFO] [stderr]     Checking language-tags v0.2.2
[INFO] [stderr]     Checking unicode-width v0.1.11
[INFO] [stderr]     Checking sha1 v0.1.1
[INFO] [stderr]     Checking rand v0.3.23
[INFO] [stderr]     Checking traitobject v0.0.1
[INFO] [stderr]     Checking hex v0.2.0
[INFO] [stderr]     Checking twox-hash v1.0.1
[INFO] [stderr]     Checking typeable v0.1.2
[INFO] [stderr]     Checking uuid v0.2.3
[INFO] [stderr]     Checking getopts v0.2.21
[INFO] [stderr]     Checking r2d2 v0.7.4
[INFO] [stdout] error[E0214]: parenthesized type parameters may only be used with a `Fn` trait
[INFO] [stdout]   --> /opt/rustwide/cargo-home/registry/src/index.crates.io-6f17d22bba15001f/twox-hash-1.0.1/src/number_streams.rs:67:23
[INFO] [stdout]    |
[INFO] [stdout] 67 |     fn count(self) -> usize() {
[INFO] [stdout]    |                       ^^^^^^^ only `Fn` traits may use parentheses
[INFO] [stdout] ...
[INFO] [stdout] 74 | number_stream!(U32FromBytes, u32, U32_BYTES);
[INFO] [stdout]    | -------------------------------------------- in this macro invocation
[INFO] [stdout]    |
[INFO] [stdout]    = note: this error originates in the macro `number_stream` (in Nightly builds, run with -Z macro-backtrace for more info)
[INFO] [stdout] 
[INFO] [stdout] 
[INFO] [stdout] error[E0214]: parenthesized type parameters may only be used with a `Fn` trait
[INFO] [stdout]   --> /opt/rustwide/cargo-home/registry/src/index.crates.io-6f17d22bba15001f/twox-hash-1.0.1/src/number_streams.rs:67:23
[INFO] [stdout]    |
[INFO] [stdout] 67 |     fn count(self) -> usize() {
[INFO] [stdout]    |                       ^^^^^^^ only `Fn` traits may use parentheses
[INFO] [stdout] ...
[INFO] [stdout] 75 | number_stream!(U64FromBytes, u64, U64_BYTES);
[INFO] [stdout]    | -------------------------------------------- in this macro invocation
[INFO] [stdout]    |
[INFO] [stdout]    = note: this error originates in the macro `number_stream` (in Nightly builds, run with -Z macro-backtrace for more info)
[INFO] [stdout] 
[INFO] [stdout] 
[INFO] [stderr]     Checking postgres v0.11.12
[INFO] [stdout] error: aborting due to 2 previous errors
[INFO] [stdout] 
[INFO] [stdout] 
[INFO] [stdout] For more information about this error, try `rustc --explain E0214`.
[INFO] [stdout] 
[INFO] [stderr]    Compiling openssl-sys v0.7.17
[INFO] [stderr] error: could not compile `twox-hash` (lib) due to 3 previous errors
[INFO] [stderr] warning: build failed, waiting for other jobs to finish...
[INFO] running `Command { std: "docker" "inspect" "eebfd0b8c16959beba03a15fcaf20d18073a5b5913b34ced34def4a772c689d6", kill_on_drop: false }`
[INFO] running `Command { std: "docker" "rm" "-f" "eebfd0b8c16959beba03a15fcaf20d18073a5b5913b34ced34def4a772c689d6", kill_on_drop: false }`
[INFO] [stdout] eebfd0b8c16959beba03a15fcaf20d18073a5b5913b34ced34def4a772c689d6
