[INFO] fetching crate aqueue 1.3.5...
[INFO] checking aqueue-1.3.5 against nightly-2024-02-05 for check-cfg
[INFO] extracting crate aqueue 1.3.5 into /workspace/builds/worker-7-tc1/source
[INFO] validating manifest of crates.io crate aqueue 1.3.5 on toolchain nightly-2024-02-05
[INFO] running `Command { std: CARGO_HOME="/workspace/cargo-home" RUSTUP_HOME="/workspace/rustup-home" "/workspace/cargo-home/bin/cargo" "+nightly-2024-02-05" "metadata" "--manifest-path" "Cargo.toml" "--no-deps", kill_on_drop: false }`
[INFO] started tweaking crates.io crate aqueue 1.3.5
[INFO] finished tweaking crates.io crate aqueue 1.3.5
[INFO] tweaked toml for crates.io crate aqueue 1.3.5 written to /workspace/builds/worker-7-tc1/source/Cargo.toml
[INFO] crate crates.io crate aqueue 1.3.5 already has a lockfile, it will not be regenerated
[INFO] running `Command { std: CARGO_HOME="/workspace/cargo-home" RUSTUP_HOME="/workspace/rustup-home" "/workspace/cargo-home/bin/cargo" "+nightly-2024-02-05" "fetch" "--manifest-path" "Cargo.toml", kill_on_drop: false }`
[INFO] [stderr]     Updating crates.io index
[INFO] [stderr]  Downloading crates ...
[INFO] [stderr]   Downloaded percent-encoding v2.3.0
[INFO] [stderr]   Downloaded openssl-sys v0.9.91
[INFO] [stderr]   Downloaded tokio-macros v2.1.0
[INFO] [stderr]   Downloaded value-bag v1.4.1
[INFO] [stderr]   Downloaded tempfile v3.8.0
[INFO] [stderr]   Downloaded sqlx-macros v0.6.3
[INFO] [stderr]   Downloaded sqlx-rt v0.6.3
[INFO] [stderr]   Downloaded futures-executor v0.3.28
[INFO] [stderr]   Downloaded crc v3.0.1
[INFO] [stderr]   Downloaded form_urlencoded v1.2.0
[INFO] [stderr]   Downloaded async-process v1.7.0
[INFO] [stderr]   Downloaded gloo-timers v0.2.6
[INFO] [stderr]   Downloaded is-terminal v0.4.9
[INFO] [stderr]   Downloaded sqlformat v0.2.1
[INFO] [stderr]   Downloaded fastrand v2.0.0
[INFO] [stderr]   Downloaded pin-project v1.1.3
[INFO] [stderr]   Downloaded schannel v0.1.22
[INFO] [stderr]   Downloaded ryu v1.0.15
[INFO] [stderr]   Downloaded idna v0.4.0
[INFO] [stderr]   Downloaded regex-automata v0.3.6
[INFO] [stderr]   Downloaded linux-raw-sys v0.4.5
[INFO] [stderr]   Downloaded sqlx-core v0.6.3
[INFO] [stderr]   Downloaded libsqlite3-sys v0.24.2
[INFO] [stderr]   Downloaded rustix v0.38.8
[INFO] [stderr]   Downloaded tokio v1.32.0
[INFO] [stderr]   Downloaded rustix v0.37.23
[INFO] [stderr]   Downloaded sqlx v0.6.3
[INFO] [stderr]   Downloaded plotters v0.3.5
[INFO] [stderr]   Downloaded regex v1.9.3
[INFO] [stderr]   Downloaded aho-corasick v1.0.4
[INFO] [stderr]   Downloaded serde_json v1.0.105
[INFO] [stderr]   Downloaded async-std v1.12.0
[INFO] [stderr]   Downloaded clap_builder v4.3.23
[INFO] [stderr]   Downloaded regex-syntax v0.7.4
[INFO] [stderr]   Downloaded openssl v0.10.56
[INFO] [stderr]   Downloaded errno v0.3.2
[INFO] [stderr]   Downloaded serde_derive v1.0.185
[INFO] [stderr]   Downloaded hashlink v0.8.3
[INFO] [stderr]   Downloaded allocator-api2 v0.2.16
[INFO] [stderr]   Downloaded ciborium v0.2.1
[INFO] [stderr]   Downloaded sha2 v0.10.7
[INFO] [stderr]   Downloaded unicode_categories v0.1.1
[INFO] [stderr]   Downloaded crossbeam-epoch v0.9.15
[INFO] [stderr]   Downloaded url v2.4.0
[INFO] [stderr]   Downloaded flume v0.10.14
[INFO] [stderr]   Downloaded serde v1.0.185
[INFO] [stderr]   Downloaded futures-intrusive v0.4.2
[INFO] [stderr]   Downloaded pin-project-internal v1.1.3
[INFO] [stderr]   Downloaded async-executor v1.5.1
[INFO] [stderr]   Downloaded polling v2.8.0
[INFO] [stderr]   Downloaded concurrent-queue v2.2.0
[INFO] [stderr]   Downloaded async-lock v2.6.0
[INFO] [stderr]   Downloaded async-task v4.4.0
[INFO] [stderr]   Downloaded atomic-waker v1.1.1
[INFO] [stderr]   Downloaded anstyle v1.0.1
[INFO] [stderr]   Downloaded clap v4.3.23
[INFO] [stderr]   Downloaded plotters-backend v0.3.5
[INFO] [stderr]   Downloaded criterion v0.5.1
[INFO] [stderr]   Downloaded anyhow v1.0.75
[INFO] [stderr]   Downloaded async-global-executor v2.3.1
[INFO] [stderr]   Downloaded parking v2.1.0
[INFO] [stderr]   Downloaded kv-log-macro v1.0.7
[INFO] [stderr]   Downloaded stringprep v0.1.3
[INFO] [stderr]   Downloaded thiserror v1.0.47
[INFO] [stderr]   Downloaded crossbeam-queue v0.3.8
[INFO] [stderr]   Downloaded clap_lex v0.5.0
[INFO] [stderr]   Downloaded itoa v1.0.9
[INFO] [stderr]   Downloaded ciborium-io v0.2.1
[INFO] [stderr]   Downloaded cpufeatures v0.2.9
[INFO] [stderr]   Downloaded hermit-abi v0.3.2
[INFO] [stderr]   Downloaded dotenv v0.15.0
[INFO] [stderr]   Downloaded crc-catalog v2.2.0
[INFO] [stderr]   Downloaded async-io v1.13.0
[INFO] [stderr]   Downloaded blocking v1.3.1
[INFO] [stderr]   Downloaded waker-fn v1.1.0
[INFO] [stderr]   Downloaded async-trait v0.1.73
[INFO] [stderr]   Downloaded futures-macro v0.3.28
[INFO] [stderr]   Downloaded ciborium-ll v0.2.1
[INFO] [stderr]   Downloaded thiserror-impl v1.0.47
[INFO] [stderr]   Downloaded futures v0.3.28
[INFO] [stderr]   Downloaded atoi v1.0.0
[INFO] [stderr]   Downloaded futures-lite v1.13.0
[INFO] [stderr]   Downloaded plotters-svg v0.3.5
[INFO] running `Command { std: "docker" "create" "-v" "/var/lib/crater-agent-workspace/builds/worker-7-tc1/target:/opt/rustwide/target:rw,Z" "-v" "/var/lib/crater-agent-workspace/builds/worker-7-tc1/source:/opt/rustwide/workdir:ro,Z" "-v" "/var/lib/crater-agent-workspace/cargo-home:/opt/rustwide/cargo-home:ro,Z" "-v" "/var/lib/crater-agent-workspace/rustup-home:/opt/rustwide/rustup-home:ro,Z" "-e" "SOURCE_DIR=/opt/rustwide/workdir" "-e" "CARGO_TARGET_DIR=/opt/rustwide/target" "-e" "CARGO_HOME=/opt/rustwide/cargo-home" "-e" "RUSTUP_HOME=/opt/rustwide/rustup-home" "-w" "/opt/rustwide/workdir" "-m" "1610612736" "--user" "0:0" "--network" "none" "ghcr.io/rust-lang/crates-build-env/linux@sha256:2788e3201cd34a07e3172128adcd8b3090168a8e3bcc40d7c032b9dda1df7d1c" "/opt/rustwide/cargo-home/bin/cargo" "+nightly-2024-02-05" "metadata" "--no-deps" "--format-version=1", kill_on_drop: false }`
[INFO] [stdout] 337ccc2753a83decca656105817d234468404d7db67912ca13f97e37bd1fc178
[INFO] running `Command { std: "docker" "start" "-a" "337ccc2753a83decca656105817d234468404d7db67912ca13f97e37bd1fc178", kill_on_drop: false }`
[INFO] running `Command { std: "docker" "inspect" "337ccc2753a83decca656105817d234468404d7db67912ca13f97e37bd1fc178", kill_on_drop: false }`
[INFO] running `Command { std: "docker" "rm" "-f" "337ccc2753a83decca656105817d234468404d7db67912ca13f97e37bd1fc178", kill_on_drop: false }`
[INFO] [stdout] 337ccc2753a83decca656105817d234468404d7db67912ca13f97e37bd1fc178
[INFO] running `Command { std: "docker" "create" "-v" "/var/lib/crater-agent-workspace/builds/worker-7-tc1/target:/opt/rustwide/target:rw,Z" "-v" "/var/lib/crater-agent-workspace/builds/worker-7-tc1/source:/opt/rustwide/workdir:ro,Z" "-v" "/var/lib/crater-agent-workspace/cargo-home:/opt/rustwide/cargo-home:ro,Z" "-v" "/var/lib/crater-agent-workspace/rustup-home:/opt/rustwide/rustup-home:ro,Z" "-e" "SOURCE_DIR=/opt/rustwide/workdir" "-e" "CARGO_TARGET_DIR=/opt/rustwide/target" "-e" "CARGO_INCREMENTAL=0" "-e" "RUST_BACKTRACE=full" "-e" "RUSTFLAGS=--cap-lints=forbid" "-e" "RUSTDOCFLAGS=--cap-lints=forbid" "-e" "CARGO_HOME=/opt/rustwide/cargo-home" "-e" "RUSTUP_HOME=/opt/rustwide/rustup-home" "-w" "/opt/rustwide/workdir" "-m" "1610612736" "--user" "0:0" "--network" "none" "ghcr.io/rust-lang/crates-build-env/linux@sha256:2788e3201cd34a07e3172128adcd8b3090168a8e3bcc40d7c032b9dda1df7d1c" "/opt/rustwide/cargo-home/bin/cargo" "+nightly-2024-02-05" "check" "--frozen" "--all" "--all-targets" "--message-format=json", kill_on_drop: false }`
[INFO] [stdout] cae3245368d6ec93c652bad9c72aab6b367510ff7122cf8e02c950c9f23987cb
[INFO] running `Command { std: "docker" "start" "-a" "cae3245368d6ec93c652bad9c72aab6b367510ff7122cf8e02c950c9f23987cb", kill_on_drop: false }`
[INFO] [stderr]    Compiling libc v0.2.147
[INFO] [stderr]    Compiling proc-macro2 v1.0.66
[INFO] [stderr]    Compiling unicode-ident v1.0.11
[INFO] [stderr]    Compiling lock_api v0.4.10
[INFO] [stderr]    Compiling futures-core v0.3.28
[INFO] [stderr]    Compiling cfg-if v1.0.0
[INFO] [stderr]    Compiling pkg-config v0.3.27
[INFO] [stderr]    Compiling vcpkg v0.2.15
[INFO] [stderr]    Compiling parking_lot_core v0.9.8
[INFO] [stderr]    Compiling typenum v1.16.0
[INFO] [stderr]    Compiling crossbeam-utils v0.8.16
[INFO] [stderr]    Compiling memchr v2.5.0
[INFO] [stderr]    Compiling slab v0.4.8
[INFO] [stderr]     Checking pin-project-lite v0.2.12
[INFO] [stderr]    Compiling scopeguard v1.2.0
[INFO] [stderr]    Compiling futures-task v0.3.28
[INFO] [stderr]    Compiling openssl v0.10.56
[INFO] [stderr]    Compiling smallvec v1.11.0
[INFO] [stderr]    Compiling ahash v0.8.3
[INFO] [stderr]    Compiling num-traits v0.2.16
[INFO] [stderr]    Compiling futures-util v0.3.28
[INFO] [stderr]    Compiling parking_lot_core v0.8.6
[INFO] [stderr]    Compiling native-tls v0.2.11
[INFO] [stderr]    Compiling once_cell v1.18.0
[INFO] [stderr]    Compiling futures-channel v0.3.28
[INFO] [stderr]    Compiling foreign-types-shared v0.1.1
[INFO] [stderr]     Checking futures-sink v0.3.28
[INFO] [stderr]    Compiling tinyvec_macros v0.1.1
[INFO] [stderr]    Compiling ahash v0.7.6
[INFO] [stderr]    Compiling tinyvec v1.6.0
[INFO] [stderr]    Compiling foreign-types v0.3.2
[INFO] [stderr]    Compiling memoffset v0.9.0
[INFO] [stderr]    Compiling indexmap v1.9.3
[INFO] [stderr]    Compiling bytes v1.4.0
[INFO] [stderr]    Compiling bitflags v1.3.2
[INFO] [stderr]    Compiling crossbeam-queue v0.3.8
[INFO] [stderr]     Checking either v1.9.0
[INFO] [stderr]    Compiling thiserror v1.0.47
[INFO] [stderr]    Compiling quote v1.0.33
[INFO] [stderr]    Compiling instant v0.1.12
[INFO] [stderr]    Compiling crossbeam-epoch v0.9.15
[INFO] [stderr]    Compiling unicode-bidi v0.3.13
[INFO] [stderr]    Compiling serde v1.0.185
[INFO] [stderr]    Compiling openssl-probe v0.1.5
[INFO] [stderr]    Compiling syn v2.0.29
[INFO] [stderr]     Checking unicode-normalization v0.1.22
[INFO] [stderr]     Checking itertools v0.10.5
[INFO] [stderr]    Compiling minimal-lexical v0.2.1
[INFO] [stderr]     Checking futures-io v0.3.28
[INFO] [stderr]    Compiling pin-utils v0.1.0
[INFO] [stderr]    Compiling percent-encoding v2.3.0
[INFO] [stderr]    Compiling allocator-api2 v0.2.16
[INFO] [stderr]    Compiling generic-array v0.14.7
[INFO] [stderr]     Checking itoa v1.0.9
[INFO] [stderr]    Compiling form_urlencoded v1.2.0
[INFO] [stderr]    Compiling nom v7.1.3
[INFO] [stderr]    Compiling cc v1.0.83
[INFO] [stderr]     Checking num_cpus v1.16.0
[INFO] [stderr]     Checking socket2 v0.5.3
[INFO] [stderr]     Checking signal-hook-registry v1.4.1
[INFO] [stderr]     Checking mio v0.8.8
[INFO] [stderr]     Checking parking_lot v0.12.1
[INFO] [stderr]    Compiling crypto-common v0.1.6
[INFO] [stderr]    Compiling block-buffer v0.10.4
[INFO] [stderr]    Compiling idna v0.4.0
[INFO] [stderr]    Compiling digest v0.10.7
[INFO] [stderr]    Compiling hashbrown v0.14.0
[INFO] [stderr]    Compiling getrandom v0.2.10
[INFO] [stderr]    Compiling spin v0.9.8
[INFO] [stderr]    Compiling parking_lot v0.11.2
[INFO] [stderr]    Compiling serde_json v1.0.105
[INFO] [stderr]    Compiling rayon-core v1.11.0
[INFO] [stderr]    Compiling cpufeatures v0.2.9
[INFO] [stderr]     Checking event-listener v2.5.3
[INFO] [stderr]    Compiling hashbrown v0.12.3
[INFO] [stderr]    Compiling crc-catalog v2.2.0
[INFO] [stderr]    Compiling syn v1.0.109
[INFO] [stderr]    Compiling rustix v0.38.8
[INFO] [stderr]    Compiling unicode_categories v0.1.1
[INFO] [stderr]    Compiling futures-intrusive v0.4.2
[INFO] [stderr]    Compiling url v2.4.0
[INFO] [stderr]    Compiling crc v3.0.1
[INFO] [stderr]    Compiling hashlink v0.8.3
[INFO] [stderr]    Compiling sha2 v0.10.7
[INFO] [stderr]    Compiling atoi v1.0.0
[INFO] [stderr]    Compiling stringprep v0.1.3
[INFO] [stderr]     Checking crossbeam-deque v0.8.3
[INFO] [stderr]    Compiling openssl-sys v0.9.91
[INFO] [stderr]    Compiling libsqlite3-sys v0.24.2
[INFO] [stderr]     Checking crossbeam-channel v0.5.8
[INFO] [stderr]     Checking ryu v1.0.15
[INFO] [stderr]     Checking ciborium-io v0.2.1
[INFO] [stderr]    Compiling byteorder v1.4.3
[INFO] [stderr]     Checking anstyle v1.0.1
[INFO] [stderr]     Checking fastrand v1.9.0
[INFO] [stderr]    Compiling sqlformat v0.2.1
[INFO] [stderr]     Checking parking v2.1.0
[INFO] [stderr]    Compiling dotenvy v0.15.7
[INFO] [stderr]     Checking regex-syntax v0.7.4
[INFO] [stderr]     Checking waker-fn v1.1.0
[INFO] [stderr]     Checking clap_lex v0.5.0
[INFO] [stderr]    Compiling hex v0.4.3
[INFO] [stderr]    Compiling async-trait v0.1.73
[INFO] [stderr]     Checking bitflags v2.4.0
[INFO] [stderr]     Checking linux-raw-sys v0.4.5
[INFO] [stderr]     Checking plotters-backend v0.3.5
[INFO] [stderr]    Compiling unicode-segmentation v1.10.1
[INFO] [stderr]     Checking clap_builder v4.3.23
[INFO] [stderr]     Checking ciborium-ll v0.2.1
[INFO] [stderr]     Checking plotters-svg v0.3.5
[INFO] [stderr]     Checking futures-lite v1.13.0
[INFO] [stderr]    Compiling heck v0.4.1
[INFO] [stderr]    Compiling anyhow v1.0.75
[INFO] [stderr]     Checking criterion-plot v0.5.0
[INFO] [stderr]     Checking walkdir v2.3.3
[INFO] [stderr]     Checking regex-automata v0.3.6
[INFO] [stderr]     Checking rayon v1.7.0
[INFO] [stderr]     Checking plotters v0.3.5
[INFO] [stderr]     Checking async-lock v2.6.0
[INFO] [stderr]     Checking anes v0.1.6
[INFO] [stderr]     Checking dotenv v0.15.0
[INFO] [stderr]     Checking clap v4.3.23
[INFO] [stderr]    Compiling tokio-macros v2.1.0
[INFO] [stderr]    Compiling openssl-macros v0.1.1
[INFO] [stderr]    Compiling futures-macro v0.3.28
[INFO] [stderr]    Compiling pin-project-internal v1.1.3
[INFO] [stderr]    Compiling thiserror-impl v1.0.47
[INFO] [stderr]    Compiling serde_derive v1.0.185
[INFO] [stderr]     Checking is-terminal v0.4.9
[INFO] [stderr]     Checking regex v1.9.3
[INFO] [stderr]     Checking tokio v1.32.0
[INFO] [stderr]     Checking aqueue v1.3.5 (/opt/rustwide/workdir)
[INFO] [stderr]    Compiling pin-project v1.1.3
[INFO] [stderr]    Compiling flume v0.10.14
[INFO] [stderr]     Checking futures-executor v0.3.28
[INFO] [stderr]     Checking futures v0.3.28
[INFO] [stderr]     Checking tokio-native-tls v0.3.1
[INFO] [stderr]     Checking tokio-stream v0.1.14
[INFO] [stderr]     Checking sqlx-rt v0.6.3
[INFO] [stderr]     Checking ciborium v0.2.1
[INFO] [stderr]    Compiling sqlx-core v0.6.3
[INFO] [stderr]     Checking tinytemplate v1.2.1
[INFO] [stderr]     Checking criterion v0.5.1
[INFO] [stderr]    Compiling sqlx-macros v0.6.3
[INFO] [stderr]     Checking sqlx v0.6.3
[INFO] [stdout] error[E0432]: unresolved import `aqueue::call_wait`
[INFO] [stdout]    --> examples/test_sqlx_rw_model.rs:2:14
[INFO] [stdout]     |
[INFO] [stdout] 2   | use aqueue::{call_wait, RwModel};
[INFO] [stdout]     |              ^^^^^^^^^ no `call_wait` in the root
[INFO] [stdout]     |
[INFO] [stdout] note: found an item that was configured out
[INFO] [stdout]    --> /opt/rustwide/workdir/src/lib.rs:106:14
[INFO] [stdout]     |
[INFO] [stdout] 106 | macro_rules! call_wait {
[INFO] [stdout]     |              ^^^^^^^^^
[INFO] [stdout] note: found an item that was configured out
[INFO] [stdout]    --> /opt/rustwide/workdir/src/lib.rs:126:14
[INFO] [stdout]     |
[INFO] [stdout] 126 | macro_rules! call_wait {
[INFO] [stdout]     |              ^^^^^^^^^
[INFO] [stdout] 
[INFO] [stdout] 
[INFO] [stdout] error[E0432]: unresolved import `aqueue::inner_wait`
[INFO] [stdout]   --> examples/test_sqlx.rs:2:14
[INFO] [stdout]    |
[INFO] [stdout] 2  | use aqueue::{inner_wait, Actor};
[INFO] [stdout]    |              ^^^^^^^^^^ no `inner_wait` in the root
[INFO] [stdout]    |
[INFO] [stdout] note: found an item that was configured out
[INFO] [stdout]   --> /opt/rustwide/workdir/src/lib.rs:26:14
[INFO] [stdout]    |
[INFO] [stdout] 26 | macro_rules! inner_wait {
[INFO] [stdout]    |              ^^^^^^^^^^
[INFO] [stdout] note: found an item that was configured out
[INFO] [stdout]   --> /opt/rustwide/workdir/src/lib.rs:46:14
[INFO] [stdout]    |
[INFO] [stdout] 46 | macro_rules! inner_wait {
[INFO] [stdout]    |              ^^^^^^^^^^
[INFO] [stdout] 
[INFO] [stdout] 
[INFO] [stdout] error: aborting due to 1 previous error
[INFO] [stdout] 
[INFO] [stdout] 
[INFO] [stdout] For more information about this error, try `rustc --explain E0432`.
[INFO] [stdout] 
[INFO] [stderr] error: could not compile `aqueue` (example "test_sqlx_rw_model") due to 2 previous errors
[INFO] [stderr] warning: build failed, waiting for other jobs to finish...
[INFO] [stdout] error: aborting due to 1 previous error
[INFO] [stdout] 
[INFO] [stdout] 
[INFO] [stdout] For more information about this error, try `rustc --explain E0432`.
[INFO] [stdout] 
[INFO] [stderr] error: could not compile `aqueue` (example "test_sqlx") due to 2 previous errors
[INFO] running `Command { std: "docker" "inspect" "cae3245368d6ec93c652bad9c72aab6b367510ff7122cf8e02c950c9f23987cb", kill_on_drop: false }`
[INFO] running `Command { std: "docker" "rm" "-f" "cae3245368d6ec93c652bad9c72aab6b367510ff7122cf8e02c950c9f23987cb", kill_on_drop: false }`
[INFO] [stdout] cae3245368d6ec93c652bad9c72aab6b367510ff7122cf8e02c950c9f23987cb
[INFO] checking aqueue-1.3.5 against nightly-2024-02-05+rustflags=-Dunexpected_cfgs+cargoflags=-Zcheck-cfg for check-cfg
[INFO] extracting crate aqueue 1.3.5 into /workspace/builds/worker-7-tc2/source
[INFO] validating manifest of crates.io crate aqueue 1.3.5 on toolchain nightly-2024-02-05
[INFO] running `Command { std: CARGO_HOME="/workspace/cargo-home" RUSTUP_HOME="/workspace/rustup-home" "/workspace/cargo-home/bin/cargo" "+nightly-2024-02-05" "metadata" "--manifest-path" "Cargo.toml" "--no-deps", kill_on_drop: false }`
[INFO] started tweaking crates.io crate aqueue 1.3.5
[INFO] finished tweaking crates.io crate aqueue 1.3.5
[INFO] tweaked toml for crates.io crate aqueue 1.3.5 written to /workspace/builds/worker-7-tc2/source/Cargo.toml
[INFO] crate crates.io crate aqueue 1.3.5 already has a lockfile, it will not be regenerated
[INFO] running `Command { std: CARGO_HOME="/workspace/cargo-home" RUSTUP_HOME="/workspace/rustup-home" "/workspace/cargo-home/bin/cargo" "+nightly-2024-02-05" "fetch" "--manifest-path" "Cargo.toml", kill_on_drop: false }`
[INFO] running `Command { std: "docker" "create" "-v" "/var/lib/crater-agent-workspace/builds/worker-7-tc2/target:/opt/rustwide/target:rw,Z" "-v" "/var/lib/crater-agent-workspace/builds/worker-7-tc2/source:/opt/rustwide/workdir:ro,Z" "-v" "/var/lib/crater-agent-workspace/cargo-home:/opt/rustwide/cargo-home:ro,Z" "-v" "/var/lib/crater-agent-workspace/rustup-home:/opt/rustwide/rustup-home:ro,Z" "-e" "SOURCE_DIR=/opt/rustwide/workdir" "-e" "CARGO_TARGET_DIR=/opt/rustwide/target" "-e" "CARGO_HOME=/opt/rustwide/cargo-home" "-e" "RUSTUP_HOME=/opt/rustwide/rustup-home" "-w" "/opt/rustwide/workdir" "-m" "1610612736" "--user" "0:0" "--network" "none" "ghcr.io/rust-lang/crates-build-env/linux@sha256:2788e3201cd34a07e3172128adcd8b3090168a8e3bcc40d7c032b9dda1df7d1c" "/opt/rustwide/cargo-home/bin/cargo" "+nightly-2024-02-05" "metadata" "--no-deps" "--format-version=1", kill_on_drop: false }`
[INFO] [stdout] 5776b2f5daaeedb05ed005755442f18fa3c630631e5415807e1499726f6c20f5
[INFO] running `Command { std: "docker" "start" "-a" "5776b2f5daaeedb05ed005755442f18fa3c630631e5415807e1499726f6c20f5", kill_on_drop: false }`
[INFO] running `Command { std: "docker" "inspect" "5776b2f5daaeedb05ed005755442f18fa3c630631e5415807e1499726f6c20f5", kill_on_drop: false }`
[INFO] running `Command { std: "docker" "rm" "-f" "5776b2f5daaeedb05ed005755442f18fa3c630631e5415807e1499726f6c20f5", kill_on_drop: false }`
[INFO] [stdout] 5776b2f5daaeedb05ed005755442f18fa3c630631e5415807e1499726f6c20f5
[INFO] running `Command { std: "docker" "create" "-v" "/var/lib/crater-agent-workspace/builds/worker-7-tc2/target:/opt/rustwide/target:rw,Z" "-v" "/var/lib/crater-agent-workspace/builds/worker-7-tc2/source:/opt/rustwide/workdir:ro,Z" "-v" "/var/lib/crater-agent-workspace/cargo-home:/opt/rustwide/cargo-home:ro,Z" "-v" "/var/lib/crater-agent-workspace/rustup-home:/opt/rustwide/rustup-home:ro,Z" "-e" "SOURCE_DIR=/opt/rustwide/workdir" "-e" "CARGO_TARGET_DIR=/opt/rustwide/target" "-e" "CARGO_INCREMENTAL=0" "-e" "RUST_BACKTRACE=full" "-e" "RUSTFLAGS=--cap-lints=forbid -Dunexpected_cfgs" "-e" "RUSTDOCFLAGS=--cap-lints=forbid" "-e" "CARGO_HOME=/opt/rustwide/cargo-home" "-e" "RUSTUP_HOME=/opt/rustwide/rustup-home" "-w" "/opt/rustwide/workdir" "-m" "1610612736" "--user" "0:0" "--network" "none" "ghcr.io/rust-lang/crates-build-env/linux@sha256:2788e3201cd34a07e3172128adcd8b3090168a8e3bcc40d7c032b9dda1df7d1c" "/opt/rustwide/cargo-home/bin/cargo" "+nightly-2024-02-05" "check" "--frozen" "--all" "--all-targets" "--message-format=json" "-Zcheck-cfg", kill_on_drop: false }`
[INFO] [stdout] 21af35d5a48d1558bb6ced0cfbf2c4d3dfe9618fb0660ffbab91d02456dcd3c5
[INFO] running `Command { std: "docker" "start" "-a" "21af35d5a48d1558bb6ced0cfbf2c4d3dfe9618fb0660ffbab91d02456dcd3c5", kill_on_drop: false }`
[INFO] [stderr]    Compiling libc v0.2.147
[INFO] [stderr]    Compiling proc-macro2 v1.0.66
[INFO] [stderr]    Compiling unicode-ident v1.0.11
[INFO] [stderr]    Compiling lock_api v0.4.10
[INFO] [stderr]    Compiling futures-core v0.3.28
[INFO] [stderr]    Compiling cfg-if v1.0.0
[INFO] [stderr]    Compiling pkg-config v0.3.27
[INFO] [stderr]    Compiling vcpkg v0.2.15
[INFO] [stderr]    Compiling parking_lot_core v0.9.8
[INFO] [stderr]    Compiling typenum v1.16.0
[INFO] [stderr]    Compiling crossbeam-utils v0.8.16
[INFO] [stderr]    Compiling memchr v2.5.0
[INFO] [stderr]    Compiling slab v0.4.8
[INFO] [stderr]    Compiling openssl v0.10.56
[INFO] [stderr]    Compiling scopeguard v1.2.0
[INFO] [stderr]    Compiling futures-task v0.3.28
[INFO] [stderr]     Checking pin-project-lite v0.2.12
[INFO] [stderr]     Checking smallvec v1.11.0
[INFO] [stderr]    Compiling ahash v0.8.3
[INFO] [stderr]    Compiling num-traits v0.2.16
[INFO] [stderr]     Checking once_cell v1.18.0
[INFO] [stderr]    Compiling parking_lot_core v0.8.6
[INFO] [stderr]    Compiling futures-util v0.3.28
[INFO] [stderr]    Compiling native-tls v0.2.11
[INFO] [stderr]    Compiling futures-channel v0.3.28
[INFO] [stderr]    Compiling tinyvec_macros v0.1.1
[INFO] [stderr]     Checking futures-sink v0.3.28
[INFO] [stderr]    Compiling foreign-types-shared v0.1.1
[INFO] [stderr]    Compiling tinyvec v1.6.0
[INFO] [stderr]    Compiling ahash v0.7.6
[INFO] [stderr]    Compiling memoffset v0.9.0
[INFO] [stderr]    Compiling indexmap v1.9.3
[INFO] [stderr]    Compiling foreign-types v0.3.2
[INFO] [stderr]    Compiling crossbeam-queue v0.3.8
[INFO] [stderr]    Compiling bytes v1.4.0
[INFO] [stderr]     Checking either v1.9.0
[INFO] [stderr]    Compiling thiserror v1.0.47
[INFO] [stderr]    Compiling bitflags v1.3.2
[INFO] [stderr]    Compiling quote v1.0.33
[INFO] [stderr]    Compiling instant v0.1.12
[INFO] [stderr]    Compiling crossbeam-epoch v0.9.15
[INFO] [stderr]    Compiling serde v1.0.185
[INFO] [stderr]    Compiling unicode-bidi v0.3.13
[INFO] [stderr]    Compiling openssl-probe v0.1.5
[INFO] [stderr]    Compiling syn v2.0.29
[INFO] [stderr]     Checking unicode-normalization v0.1.22
[INFO] [stderr]     Checking itertools v0.10.5
[INFO] [stderr]     Checking itoa v1.0.9
[INFO] [stderr]    Compiling allocator-api2 v0.2.16
[INFO] [stderr]    Compiling percent-encoding v2.3.0
[INFO] [stderr]     Checking futures-io v0.3.28
[INFO] [stderr]    Compiling minimal-lexical v0.2.1
[INFO] [stderr]     Checking generic-array v0.14.7
[INFO] [stderr]    Compiling pin-utils v0.1.0
[INFO] [stderr]    Compiling form_urlencoded v1.2.0
[INFO] [stderr]     Checking num_cpus v1.16.0
[INFO] [stderr]     Checking signal-hook-registry v1.4.1
[INFO] [stderr]     Checking mio v0.8.8
[INFO] [stderr]    Compiling cc v1.0.83
[INFO] [stderr]     Checking parking_lot v0.12.1
[INFO] [stderr]    Compiling socket2 v0.5.3
[INFO] [stderr]    Compiling idna v0.4.0
[INFO] [stderr]    Compiling getrandom v0.2.10
[INFO] [stderr]    Compiling parking_lot v0.11.2
[INFO] [stderr]     Checking crypto-common v0.1.6
[INFO] [stderr]     Checking block-buffer v0.10.4
[INFO] [stderr]    Compiling hashbrown v0.14.0
[INFO] [stderr]    Compiling nom v7.1.3
[INFO] [stderr]    Compiling spin v0.9.8
[INFO] [stderr]    Compiling digest v0.10.7
[INFO] [stderr]    Compiling hashbrown v0.12.3
[INFO] [stderr]    Compiling crc-catalog v2.2.0
[INFO] [stderr]    Compiling rayon-core v1.11.0
[INFO] [stderr]     Checking event-listener v2.5.3
[INFO] [stderr]    Compiling cpufeatures v0.2.9
[INFO] [stderr]    Compiling unicode_categories v0.1.1
[INFO] [stderr]    Compiling syn v1.0.109
[INFO] [stderr]    Compiling serde_json v1.0.105
[INFO] [stderr]    Compiling rustix v0.38.8
[INFO] [stderr]    Compiling sha2 v0.10.7
[INFO] [stderr]    Compiling url v2.4.0
[INFO] [stderr]    Compiling atoi v1.0.0
[INFO] [stderr]    Compiling crc v3.0.1
[INFO] [stderr]    Compiling hashlink v0.8.3
[INFO] [stderr]    Compiling futures-intrusive v0.4.2
[INFO] [stderr]    Compiling stringprep v0.1.3
[INFO] [stderr]     Checking crossbeam-deque v0.8.3
[INFO] [stderr]    Compiling openssl-sys v0.9.91
[INFO] [stderr]    Compiling libsqlite3-sys v0.24.2
[INFO] [stderr]     Checking crossbeam-channel v0.5.8
[INFO] [stderr]     Checking bitflags v2.4.0
[INFO] [stderr]     Checking fastrand v1.9.0
[INFO] [stderr]     Checking ryu v1.0.15
[INFO] [stderr]    Compiling async-trait v0.1.73
[INFO] [stderr]     Checking clap_lex v0.5.0
[INFO] [stderr]     Checking parking v2.1.0
[INFO] [stderr]    Compiling unicode-segmentation v1.10.1
[INFO] [stderr]    Compiling hex v0.4.3
[INFO] [stderr]     Checking linux-raw-sys v0.4.5
[INFO] [stderr]    Compiling dotenvy v0.15.7
[INFO] [stderr]     Checking ciborium-io v0.2.1
[INFO] [stderr]    Compiling byteorder v1.4.3
[INFO] [stderr]     Checking waker-fn v1.1.0
[INFO] [stderr]     Checking anstyle v1.0.1
[INFO] [stderr]     Checking plotters-backend v0.3.5
[INFO] [stderr]     Checking regex-syntax v0.7.4
[INFO] [stderr]     Checking futures-lite v1.13.0
[INFO] [stderr]     Checking clap_builder v4.3.23
[INFO] [stderr]     Checking ciborium-ll v0.2.1
[INFO] [stderr]     Checking plotters-svg v0.3.5
[INFO] [stderr]    Compiling heck v0.4.1
[INFO] [stderr]    Compiling sqlformat v0.2.1
[INFO] [stderr]    Compiling anyhow v1.0.75
[INFO] [stderr]     Checking walkdir v2.3.3
[INFO] [stderr]     Checking criterion-plot v0.5.0
[INFO] [stderr]     Checking async-lock v2.6.0
[INFO] [stderr]     Checking rayon v1.7.0
[INFO] [stderr]     Checking plotters v0.3.5
[INFO] [stderr]     Checking dotenv v0.15.0
[INFO] [stderr]     Checking regex-automata v0.3.6
[INFO] [stderr]     Checking clap v4.3.23
[INFO] [stderr]    Compiling tokio-macros v2.1.0
[INFO] [stderr]    Compiling openssl-macros v0.1.1
[INFO] [stderr]    Compiling futures-macro v0.3.28
[INFO] [stderr]    Compiling pin-project-internal v1.1.3
[INFO] [stderr]    Compiling thiserror-impl v1.0.47
[INFO] [stderr]    Compiling serde_derive v1.0.185
[INFO] [stderr]     Checking is-terminal v0.4.9
[INFO] [stderr]     Checking regex v1.9.3
[INFO] [stderr]    Compiling tokio v1.32.0
[INFO] [stderr]     Checking aqueue v1.3.5 (/opt/rustwide/workdir)
[INFO] [stderr]    Compiling pin-project v1.1.3
[INFO] [stderr]    Compiling flume v0.10.14
[INFO] [stderr]     Checking futures-executor v0.3.28
[INFO] [stderr]     Checking futures v0.3.28
[INFO] [stderr]     Checking tokio-native-tls v0.3.1
[INFO] [stderr]     Checking tokio-stream v0.1.14
[INFO] [stderr]     Checking sqlx-rt v0.6.3
[INFO] [stderr]     Checking ciborium v0.2.1
[INFO] [stderr]     Checking tinytemplate v1.2.1
[INFO] [stderr]     Checking criterion v0.5.1
[INFO] [stderr]     Checking sqlx-core v0.6.3
[INFO] [stderr]    Compiling sqlx-macros v0.6.3
[INFO] [stderr]     Checking sqlx v0.6.3
[INFO] [stdout] error[E0432]: unresolved import `aqueue::inner_wait`
[INFO] [stdout]   --> examples/test_sqlx.rs:2:14
[INFO] [stdout]    |
[INFO] [stdout] 2  | use aqueue::{inner_wait, Actor};
[INFO] [stdout]    |              ^^^^^^^^^^ no `inner_wait` in the root
[INFO] [stdout]    |
[INFO] [stdout] note: found an item that was configured out
[INFO] [stdout]   --> /opt/rustwide/workdir/src/lib.rs:26:14
[INFO] [stdout]    |
[INFO] [stdout] 26 | macro_rules! inner_wait {
[INFO] [stdout]    |              ^^^^^^^^^^
[INFO] [stdout] note: found an item that was configured out
[INFO] [stdout]   --> /opt/rustwide/workdir/src/lib.rs:46:14
[INFO] [stdout]    |
[INFO] [stdout] 46 | macro_rules! inner_wait {
[INFO] [stdout]    |              ^^^^^^^^^^
[INFO] [stdout] 
[INFO] [stdout] 
[INFO] [stdout] error[E0432]: unresolved import `aqueue::call_wait`
[INFO] [stdout]    --> examples/test_sqlx_rw_model.rs:2:14
[INFO] [stdout]     |
[INFO] [stdout] 2   | use aqueue::{call_wait, RwModel};
[INFO] [stdout]     |              ^^^^^^^^^ no `call_wait` in the root
[INFO] [stdout]     |
[INFO] [stdout] note: found an item that was configured out
[INFO] [stdout]    --> /opt/rustwide/workdir/src/lib.rs:106:14
[INFO] [stdout]     |
[INFO] [stdout] 106 | macro_rules! call_wait {
[INFO] [stdout]     |              ^^^^^^^^^
[INFO] [stdout] note: found an item that was configured out
[INFO] [stdout]    --> /opt/rustwide/workdir/src/lib.rs:126:14
[INFO] [stdout]     |
[INFO] [stdout] 126 | macro_rules! call_wait {
[INFO] [stdout]     |              ^^^^^^^^^
[INFO] [stdout] 
[INFO] [stdout] 
[INFO] [stdout] error: aborting due to 1 previous error
[INFO] [stdout] 
[INFO] [stdout] 
[INFO] [stdout] For more information about this error, try `rustc --explain E0432`.
[INFO] [stdout] 
[INFO] [stderr] error: could not compile `aqueue` (example "test_sqlx") due to 2 previous errors
[INFO] [stderr] warning: build failed, waiting for other jobs to finish...
[INFO] [stdout] error: aborting due to 1 previous error
[INFO] [stdout] 
[INFO] [stdout] 
[INFO] [stdout] For more information about this error, try `rustc --explain E0432`.
[INFO] [stdout] 
[INFO] [stderr] error: could not compile `aqueue` (example "test_sqlx_rw_model") due to 2 previous errors
[INFO] running `Command { std: "docker" "inspect" "21af35d5a48d1558bb6ced0cfbf2c4d3dfe9618fb0660ffbab91d02456dcd3c5", kill_on_drop: false }`
[INFO] running `Command { std: "docker" "rm" "-f" "21af35d5a48d1558bb6ced0cfbf2c4d3dfe9618fb0660ffbab91d02456dcd3c5", kill_on_drop: false }`
[INFO] [stdout] 21af35d5a48d1558bb6ced0cfbf2c4d3dfe9618fb0660ffbab91d02456dcd3c5
