[INFO] fetching crate apub-awc 0.2.0...
[INFO] checking apub-awc-0.2.0 against nightly-2024-02-05 for check-cfg
[INFO] extracting crate apub-awc 0.2.0 into /workspace/builds/worker-6-tc1/source
[INFO] validating manifest of crates.io crate apub-awc 0.2.0 on toolchain nightly-2024-02-05
[INFO] running `Command { std: CARGO_HOME="/workspace/cargo-home" RUSTUP_HOME="/workspace/rustup-home" "/workspace/cargo-home/bin/cargo" "+nightly-2024-02-05" "metadata" "--manifest-path" "Cargo.toml" "--no-deps", kill_on_drop: false }`
[INFO] started tweaking crates.io crate apub-awc 0.2.0
[INFO] finished tweaking crates.io crate apub-awc 0.2.0
[INFO] tweaked toml for crates.io crate apub-awc 0.2.0 written to /workspace/builds/worker-6-tc1/source/Cargo.toml
[INFO] running `Command { std: CARGO_HOME="/workspace/cargo-home" RUSTUP_HOME="/workspace/rustup-home" "/workspace/cargo-home/bin/cargo" "+nightly-2024-02-05" "generate-lockfile" "--manifest-path" "Cargo.toml", kill_on_drop: false }`
[INFO] [stderr]     Updating crates.io index
[INFO] running `Command { std: CARGO_HOME="/workspace/cargo-home" RUSTUP_HOME="/workspace/rustup-home" "/workspace/cargo-home/bin/cargo" "+nightly-2024-02-05" "fetch" "--manifest-path" "Cargo.toml", kill_on_drop: false }`
[INFO] [stderr]  Downloading crates ...
[INFO] [stderr]   Downloaded tracing-error v0.2.0
[INFO] [stderr]   Downloaded http v1.0.0
[INFO] [stderr]   Downloaded apub-core v0.2.0
[INFO] [stderr]   Downloaded actix-tls v3.3.0
[INFO] [stderr]   Downloaded tracing-subscriber v0.3.18
[INFO] [stderr]   Downloaded awc v3.4.0
[INFO] [stderr]   Downloaded impl-more v0.1.6
[INFO] [stderr]   Downloaded http-signature-normalization v0.5.4
[INFO] [stderr]   Downloaded apub-openssl v0.2.0
[INFO] [stderr]   Downloaded http-signature-normalization-actix v0.5.0-beta.14
[INFO] running `Command { std: "docker" "create" "-v" "/var/lib/crater-agent-workspace/builds/worker-6-tc1/target:/opt/rustwide/target:rw,Z" "-v" "/var/lib/crater-agent-workspace/builds/worker-6-tc1/source:/opt/rustwide/workdir:ro,Z" "-v" "/var/lib/crater-agent-workspace/cargo-home:/opt/rustwide/cargo-home:ro,Z" "-v" "/var/lib/crater-agent-workspace/rustup-home:/opt/rustwide/rustup-home:ro,Z" "-e" "SOURCE_DIR=/opt/rustwide/workdir" "-e" "CARGO_TARGET_DIR=/opt/rustwide/target" "-e" "CARGO_HOME=/opt/rustwide/cargo-home" "-e" "RUSTUP_HOME=/opt/rustwide/rustup-home" "-w" "/opt/rustwide/workdir" "-m" "1610612736" "--user" "0:0" "--network" "none" "ghcr.io/rust-lang/crates-build-env/linux@sha256:2788e3201cd34a07e3172128adcd8b3090168a8e3bcc40d7c032b9dda1df7d1c" "/opt/rustwide/cargo-home/bin/cargo" "+nightly-2024-02-05" "metadata" "--no-deps" "--format-version=1", kill_on_drop: false }`
[INFO] [stdout] 8a5e3f354b8990af079f1840dfb097ea005fe00fd87c5fd71ab7e7ab2606cf4d
[INFO] running `Command { std: "docker" "start" "-a" "8a5e3f354b8990af079f1840dfb097ea005fe00fd87c5fd71ab7e7ab2606cf4d", kill_on_drop: false }`
[INFO] running `Command { std: "docker" "inspect" "8a5e3f354b8990af079f1840dfb097ea005fe00fd87c5fd71ab7e7ab2606cf4d", kill_on_drop: false }`
[INFO] running `Command { std: "docker" "rm" "-f" "8a5e3f354b8990af079f1840dfb097ea005fe00fd87c5fd71ab7e7ab2606cf4d", kill_on_drop: false }`
[INFO] [stdout] 8a5e3f354b8990af079f1840dfb097ea005fe00fd87c5fd71ab7e7ab2606cf4d
[INFO] running `Command { std: "docker" "create" "-v" "/var/lib/crater-agent-workspace/builds/worker-6-tc1/target:/opt/rustwide/target:rw,Z" "-v" "/var/lib/crater-agent-workspace/builds/worker-6-tc1/source:/opt/rustwide/workdir:ro,Z" "-v" "/var/lib/crater-agent-workspace/cargo-home:/opt/rustwide/cargo-home:ro,Z" "-v" "/var/lib/crater-agent-workspace/rustup-home:/opt/rustwide/rustup-home:ro,Z" "-e" "SOURCE_DIR=/opt/rustwide/workdir" "-e" "CARGO_TARGET_DIR=/opt/rustwide/target" "-e" "CARGO_INCREMENTAL=0" "-e" "RUST_BACKTRACE=full" "-e" "RUSTFLAGS=--cap-lints=forbid" "-e" "RUSTDOCFLAGS=--cap-lints=forbid" "-e" "CARGO_HOME=/opt/rustwide/cargo-home" "-e" "RUSTUP_HOME=/opt/rustwide/rustup-home" "-w" "/opt/rustwide/workdir" "-m" "1610612736" "--user" "0:0" "--network" "none" "ghcr.io/rust-lang/crates-build-env/linux@sha256:2788e3201cd34a07e3172128adcd8b3090168a8e3bcc40d7c032b9dda1df7d1c" "/opt/rustwide/cargo-home/bin/cargo" "+nightly-2024-02-05" "check" "--frozen" "--all" "--all-targets" "--message-format=json", kill_on_drop: false }`
[INFO] [stdout] 2f1a2d0dd55199d0ad1c4f45594e5fd64ea2ad05ddda55b19f58318b3fa6b2ff
[INFO] running `Command { std: "docker" "start" "-a" "2f1a2d0dd55199d0ad1c4f45594e5fd64ea2ad05ddda55b19f58318b3fa6b2ff", kill_on_drop: false }`
[INFO] [stderr]    Compiling proc-macro2 v1.0.78
[INFO] [stderr]    Compiling unicode-ident v1.0.12
[INFO] [stderr]    Compiling libc v0.2.153
[INFO] [stderr]     Checking once_cell v1.19.0
[INFO] [stderr]     Checking pin-project-lite v0.2.13
[INFO] [stderr]    Compiling parking_lot_core v0.9.9
[INFO] [stderr]     Checking bytes v1.5.0
[INFO] [stderr]     Checking scopeguard v1.2.0
[INFO] [stderr]     Checking smallvec v1.13.1
[INFO] [stderr]     Checking futures-core v0.3.30
[INFO] [stderr]    Compiling typenum v1.17.0
[INFO] [stderr]     Checking log v0.4.20
[INFO] [stderr]     Checking itoa v1.0.10
[INFO] [stderr]    Compiling lock_api v0.4.11
[INFO] [stderr]    Compiling generic-array v0.14.7
[INFO] [stderr]     Checking futures-sink v0.3.30
[INFO] [stderr]    Compiling serde v1.0.196
[INFO] [stderr]     Checking percent-encoding v2.3.1
[INFO] [stderr]    Compiling slab v0.4.9
[INFO] [stderr]     Checking bitflags v2.4.2
[INFO] [stderr]    Compiling syn v1.0.109
[INFO] [stderr]     Checking local-waker v0.1.4
[INFO] [stderr]     Checking tracing-core v0.1.32
[INFO] [stderr]     Checking form_urlencoded v1.2.1
[INFO] [stderr]     Checking tinyvec_macros v0.1.1
[INFO] [stderr]    Compiling ahash v0.8.7
[INFO] [stderr]     Checking tinyvec v1.6.0
[INFO] [stderr]    Compiling num-traits v0.2.17
[INFO] [stderr]    Compiling pkg-config v0.3.29
[INFO] [stderr]    Compiling vcpkg v0.2.15
[INFO] [stderr]     Checking equivalent v1.0.1
[INFO] [stderr]     Checking futures-task v0.3.30
[INFO] [stderr]     Checking ppv-lite86 v0.2.17
[INFO] [stderr]     Checking http v0.2.11
[INFO] [stderr]     Checking hashbrown v0.14.3
[INFO] [stderr]     Checking futures-util v0.3.30
[INFO] [stderr]     Checking actix-service v2.0.2
[INFO] [stderr]     Checking actix-utils v3.0.1
[INFO] [stderr]     Checking memchr v2.7.1
[INFO] [stderr]    Compiling thiserror v1.0.56
[INFO] [stderr]     Checking zerocopy v0.7.32
[INFO] [stderr]     Checking unicode-bidi v0.3.15
[INFO] [stderr]    Compiling async-trait v0.1.77
[INFO] [stderr]    Compiling quote v1.0.35
[INFO] [stderr]     Checking ryu v1.0.16
[INFO] [stderr]     Checking cpufeatures v0.2.12
[INFO] [stderr]    Compiling serde_json v1.0.113
[INFO] [stderr]     Checking unicode-normalization v0.1.22
[INFO] [stderr]     Checking sharded-slab v0.1.7
[INFO] [stderr]     Checking indexmap v2.2.2
[INFO] [stderr]    Compiling syn v2.0.48
[INFO] [stderr]     Checking bytestring v1.3.1
[INFO] [stderr]     Checking socket2 v0.5.5
[INFO] [stderr]     Checking signal-hook-registry v1.4.1
[INFO] [stderr]     Checking mio v0.8.10
[INFO] [stderr]     Checking getrandom v0.2.12
[INFO] [stderr]    Compiling cc v1.0.83
[INFO] [stderr]     Checking http v1.0.0
[INFO] [stderr]     Checking local-channel v0.1.5
[INFO] [stderr]     Checking thread_local v1.1.7
[INFO] [stderr]     Checking rand_core v0.6.4
[INFO] [stderr]     Checking parking_lot v0.12.1
[INFO] [stderr]     Checking idna v0.5.0
[INFO] [stderr]     Checking encoding_rs v0.8.33
[INFO] [stderr]     Checking iana-time-zone v0.1.60
[INFO] [stderr]     Checking rand_chacha v0.3.1
[INFO] [stderr]     Checking impl-more v0.1.6
[INFO] [stderr]     Checking tokio v1.36.0
[INFO] [stderr]     Checking base64 v0.21.7
[INFO] [stderr]     Checking httpdate v1.0.3
[INFO] [stderr]     Checking mime v0.3.17
[INFO] [stderr]     Checking tracing-subscriber v0.3.18
[INFO] [stderr]     Checking rand v0.8.5
[INFO] [stderr]    Compiling openssl v0.10.63
[INFO] [stderr]     Checking foreign-types-shared v0.1.1
[INFO] [stderr]     Checking foreign-types v0.3.2
[INFO] [stderr]     Checking chrono v0.4.33
[INFO] [stderr]     Checking base64 v0.13.1
[INFO] [stderr]    Compiling openssl-sys v0.9.99
[INFO] [stderr]     Checking block-buffer v0.10.4
[INFO] [stderr]     Checking crypto-common v0.1.6
[INFO] [stderr]     Checking digest v0.10.7
[INFO] [stderr]     Checking sha1 v0.10.6
[INFO] [stderr]    Compiling derive_more v0.99.17
[INFO] [stderr]    Compiling tracing-attributes v0.1.27
[INFO] [stderr]    Compiling serde_derive v1.0.196
[INFO] [stderr]    Compiling actix-macros v0.2.4
[INFO] [stderr]    Compiling thiserror-impl v1.0.56
[INFO] [stderr]    Compiling pin-project-internal v1.1.4
[INFO] [stderr]    Compiling openssl-macros v0.1.1
[INFO] [stderr]     Checking actix-rt v2.9.0
[INFO] [stderr]     Checking http-signature-normalization v0.5.4
[INFO] [stderr]     Checking pin-project v1.1.4
[INFO] [stderr]     Checking tracing v0.1.40
[INFO] [stderr]     Checking tokio-util v0.7.10
[INFO] [stderr]     Checking tracing-error v0.2.0
[INFO] [stderr]     Checking tracing-futures v0.2.5
[INFO] [stderr]     Checking actix-codec v0.5.2
[INFO] [stderr]     Checking h2 v0.3.24
[INFO] [stderr]     Checking actix-tls v3.3.0
[INFO] [stderr]     Checking url v2.5.0
[INFO] [stderr]     Checking serde_urlencoded v0.7.1
[INFO] [stderr]     Checking actix-http v3.6.0
[INFO] [stderr]     Checking apub-core v0.2.0
[INFO] [stderr]     Checking apub-openssl v0.2.0
[INFO] [stderr]     Checking awc v3.4.0
[INFO] [stderr]     Checking http-signature-normalization-actix v0.5.0-beta.14
[INFO] [stdout] error[E0432]: unresolved import `actix_http::error::BlockingError`
[INFO] [stdout]  --> /opt/rustwide/cargo-home/registry/src/index.crates.io-6f17d22bba15001f/http-signature-normalization-actix-0.5.0-beta.14/src/sign.rs:1:18
[INFO] [stdout]   |
[INFO] [stdout] 1 | use actix_http::{error::BlockingError, header::InvalidHeaderValue};
[INFO] [stdout]   |                  ^^^^^^^^^^^^^^^^^^^^ no `BlockingError` in `error`
[INFO] [stdout] 
[INFO] [stdout] 
[INFO] [stdout] error[E0432]: unresolved import `actix_http::error::BlockingError`
[INFO] [stdout]  --> /opt/rustwide/cargo-home/registry/src/index.crates.io-6f17d22bba15001f/http-signature-normalization-actix-0.5.0-beta.14/src/digest/sign.rs:1:18
[INFO] [stdout]   |
[INFO] [stdout] 1 | use actix_http::{error::BlockingError, header::InvalidHeaderValue};
[INFO] [stdout]   |                  ^^^^^^^^^^^^^^^^^^^^ no `BlockingError` in `error`
[INFO] [stdout] 
[INFO] [stdout] 
[INFO] [stdout] error[E0432]: unresolved import `actix_http::error::BlockingError`
[INFO] [stdout]   --> /opt/rustwide/cargo-home/registry/src/index.crates.io-6f17d22bba15001f/http-signature-normalization-actix-0.5.0-beta.14/src/digest/mod.rs:30:22
[INFO] [stdout]    |
[INFO] [stdout] 30 |     use actix_http::{error::BlockingError, header::InvalidHeaderValue};
[INFO] [stdout]    |                      ^^^^^^^^^^^^^^^^^^^^ no `BlockingError` in `error`
[INFO] [stdout] 
[INFO] [stdout] 
[INFO] [stdout] error[E0432]: unresolved import `actix_http::error::BlockingError`
[INFO] [stdout]    --> /opt/rustwide/cargo-home/registry/src/index.crates.io-6f17d22bba15001f/http-signature-normalization-actix-0.5.0-beta.14/src/lib.rs:244:9
[INFO] [stdout]     |
[INFO] [stdout] 244 |         error::BlockingError,
[INFO] [stdout]     |         ^^^^^^^^^^^^^^^^^^^^ no `BlockingError` in `error`
[INFO] [stdout] 
[INFO] [stdout] 
[INFO] [stdout] error: aborting due to 4 previous errors
[INFO] [stdout] 
[INFO] [stdout] 
[INFO] [stdout] For more information about this error, try `rustc --explain E0432`.
[INFO] [stdout] 
[INFO] [stderr] error: could not compile `http-signature-normalization-actix` (lib) due to 5 previous errors
[INFO] running `Command { std: "docker" "inspect" "2f1a2d0dd55199d0ad1c4f45594e5fd64ea2ad05ddda55b19f58318b3fa6b2ff", kill_on_drop: false }`
[INFO] running `Command { std: "docker" "rm" "-f" "2f1a2d0dd55199d0ad1c4f45594e5fd64ea2ad05ddda55b19f58318b3fa6b2ff", kill_on_drop: false }`
[INFO] [stdout] 2f1a2d0dd55199d0ad1c4f45594e5fd64ea2ad05ddda55b19f58318b3fa6b2ff
