[INFO] fetching crate apalis-redis 0.4.7...
[INFO] checking apalis-redis-0.4.7 against nightly-2024-02-05 for check-cfg
[INFO] extracting crate apalis-redis 0.4.7 into /workspace/builds/worker-2-tc1/source
[INFO] validating manifest of crates.io crate apalis-redis 0.4.7 on toolchain nightly-2024-02-05
[INFO] running `Command { std: CARGO_HOME="/workspace/cargo-home" RUSTUP_HOME="/workspace/rustup-home" "/workspace/cargo-home/bin/cargo" "+nightly-2024-02-05" "metadata" "--manifest-path" "Cargo.toml" "--no-deps", kill_on_drop: false }`
[INFO] started tweaking crates.io crate apalis-redis 0.4.7
[INFO] finished tweaking crates.io crate apalis-redis 0.4.7
[INFO] tweaked toml for crates.io crate apalis-redis 0.4.7 written to /workspace/builds/worker-2-tc1/source/Cargo.toml
[INFO] running `Command { std: CARGO_HOME="/workspace/cargo-home" RUSTUP_HOME="/workspace/rustup-home" "/workspace/cargo-home/bin/cargo" "+nightly-2024-02-05" "generate-lockfile" "--manifest-path" "Cargo.toml", kill_on_drop: false }`
[INFO] [stderr]     Updating crates.io index
[INFO] running `Command { std: CARGO_HOME="/workspace/cargo-home" RUSTUP_HOME="/workspace/rustup-home" "/workspace/cargo-home/bin/cargo" "+nightly-2024-02-05" "fetch" "--manifest-path" "Cargo.toml", kill_on_drop: false }`
[INFO] [stderr]  Downloading crates ...
[INFO] [stderr]   Downloaded blocking v1.5.1
[INFO] [stderr]   Downloaded sha1_smol v1.0.0
[INFO] [stderr]   Downloaded async-task v4.7.0
[INFO] [stderr]   Downloaded async-global-executor v2.4.1
[INFO] [stderr]   Downloaded ulid v1.1.2
[INFO] [stderr]   Downloaded apalis-core v0.4.9
[INFO] [stderr]   Downloaded tokio-retry v0.3.0
[INFO] [stderr]   Downloaded gloo-timers v0.2.6
[INFO] [stderr]   Downloaded async-stream-impl v0.3.5
[INFO] [stderr]   Downloaded tower-layer v0.3.2
[INFO] [stderr]   Downloaded polling v2.8.0
[INFO] [stderr]   Downloaded piper v0.2.1
[INFO] [stderr]   Downloaded value-bag v1.7.0
[INFO] [stderr]   Downloaded async-io v1.13.0
[INFO] [stderr]   Downloaded async-io v2.3.1
[INFO] [stderr]   Downloaded tower v0.4.13
[INFO] [stderr]   Downloaded async-std v1.12.0
[INFO] [stderr]   Downloaded smol v2.0.0
[INFO] [stderr]   Downloaded rustix v0.37.27
[INFO] [stderr]   Downloaded http v1.0.0
[INFO] [stderr]   Downloaded polling v3.4.0
[INFO] [stderr]   Downloaded redis v0.23.3
[INFO] [stderr]   Downloaded arc-swap v1.6.0
[INFO] [stderr]   Downloaded async-process v2.0.1
[INFO] [stderr]   Downloaded futures-lite v2.2.0
[INFO] [stderr]   Downloaded async-fs v2.1.1
[INFO] [stderr]   Downloaded async-stream v0.3.5
[INFO] [stderr]   Downloaded async-net v2.0.0
[INFO] [stderr]   Downloaded atomic-waker v1.1.2
[INFO] [stderr]   Downloaded web-time v1.0.0
[INFO] [stderr]   Downloaded async-lock v3.3.0
[INFO] [stderr]   Downloaded event-listener v4.0.3
[INFO] [stderr]   Downloaded smol-timeout v0.6.0
[INFO] [stderr]   Downloaded graceful-shutdown v0.2.0
[INFO] [stderr]   Downloaded async-signal v0.2.5
[INFO] [stderr]   Downloaded async-executor v1.8.0
[INFO] [stderr]   Downloaded async-channel v2.1.1
[INFO] [stderr]   Downloaded event-listener-strategy v0.4.0
[INFO] running `Command { std: "docker" "create" "-v" "/var/lib/crater-agent-workspace/builds/worker-2-tc1/target:/opt/rustwide/target:rw,Z" "-v" "/var/lib/crater-agent-workspace/builds/worker-2-tc1/source:/opt/rustwide/workdir:ro,Z" "-v" "/var/lib/crater-agent-workspace/cargo-home:/opt/rustwide/cargo-home:ro,Z" "-v" "/var/lib/crater-agent-workspace/rustup-home:/opt/rustwide/rustup-home:ro,Z" "-e" "SOURCE_DIR=/opt/rustwide/workdir" "-e" "CARGO_TARGET_DIR=/opt/rustwide/target" "-e" "CARGO_HOME=/opt/rustwide/cargo-home" "-e" "RUSTUP_HOME=/opt/rustwide/rustup-home" "-w" "/opt/rustwide/workdir" "-m" "1610612736" "--user" "0:0" "--network" "none" "ghcr.io/rust-lang/crates-build-env/linux@sha256:2788e3201cd34a07e3172128adcd8b3090168a8e3bcc40d7c032b9dda1df7d1c" "/opt/rustwide/cargo-home/bin/cargo" "+nightly-2024-02-05" "metadata" "--no-deps" "--format-version=1", kill_on_drop: false }`
[INFO] [stdout] b4e0294bfc9391ab181ca86900283ce25150df041febfe0c3a70d721423be1bf
[INFO] running `Command { std: "docker" "start" "-a" "b4e0294bfc9391ab181ca86900283ce25150df041febfe0c3a70d721423be1bf", kill_on_drop: false }`
[INFO] running `Command { std: "docker" "inspect" "b4e0294bfc9391ab181ca86900283ce25150df041febfe0c3a70d721423be1bf", kill_on_drop: false }`
[INFO] running `Command { std: "docker" "rm" "-f" "b4e0294bfc9391ab181ca86900283ce25150df041febfe0c3a70d721423be1bf", kill_on_drop: false }`
[INFO] [stdout] b4e0294bfc9391ab181ca86900283ce25150df041febfe0c3a70d721423be1bf
[INFO] running `Command { std: "docker" "create" "-v" "/var/lib/crater-agent-workspace/builds/worker-2-tc1/target:/opt/rustwide/target:rw,Z" "-v" "/var/lib/crater-agent-workspace/builds/worker-2-tc1/source:/opt/rustwide/workdir:ro,Z" "-v" "/var/lib/crater-agent-workspace/cargo-home:/opt/rustwide/cargo-home:ro,Z" "-v" "/var/lib/crater-agent-workspace/rustup-home:/opt/rustwide/rustup-home:ro,Z" "-e" "SOURCE_DIR=/opt/rustwide/workdir" "-e" "CARGO_TARGET_DIR=/opt/rustwide/target" "-e" "CARGO_INCREMENTAL=0" "-e" "RUST_BACKTRACE=full" "-e" "RUSTFLAGS=--cap-lints=forbid" "-e" "RUSTDOCFLAGS=--cap-lints=forbid" "-e" "CARGO_HOME=/opt/rustwide/cargo-home" "-e" "RUSTUP_HOME=/opt/rustwide/rustup-home" "-w" "/opt/rustwide/workdir" "-m" "1610612736" "--user" "0:0" "--network" "none" "ghcr.io/rust-lang/crates-build-env/linux@sha256:2788e3201cd34a07e3172128adcd8b3090168a8e3bcc40d7c032b9dda1df7d1c" "/opt/rustwide/cargo-home/bin/cargo" "+nightly-2024-02-05" "check" "--frozen" "--all" "--all-targets" "--message-format=json", kill_on_drop: false }`
[INFO] [stdout] 290b44d8ce53eb29c7645cc25152f7bebb56dbfad6478666f4ccd3ee2c4e9204
[INFO] running `Command { std: "docker" "start" "-a" "290b44d8ce53eb29c7645cc25152f7bebb56dbfad6478666f4ccd3ee2c4e9204", kill_on_drop: false }`
[INFO] [stderr]    Compiling unicode-ident v1.0.12
[INFO] [stderr]    Compiling libc v0.2.153
[INFO] [stderr]    Compiling autocfg v1.1.0
[INFO] [stderr]     Checking pin-project-lite v0.2.13
[INFO] [stderr]     Checking futures-core v0.3.30
[INFO] [stderr]     Checking futures-sink v0.3.30
[INFO] [stderr]     Checking cfg-if v1.0.0
[INFO] [stderr]     Checking bytes v1.5.0
[INFO] [stderr]     Checking once_cell v1.19.0
[INFO] [stderr]     Checking memchr v2.7.1
[INFO] [stderr]    Compiling proc-macro2 v1.0.78
[INFO] [stderr]     Checking futures-channel v0.3.30
[INFO] [stderr]     Checking log v0.4.20
[INFO] [stderr]     Checking tracing-core v0.1.32
[INFO] [stderr]     Checking futures-task v0.3.30
[INFO] [stderr]     Checking pin-utils v0.1.0
[INFO] [stderr]     Checking ppv-lite86 v0.2.17
[INFO] [stderr]     Checking futures-io v0.3.30
[INFO] [stderr]    Compiling slab v0.4.9
[INFO] [stderr]    Compiling serde v1.0.196
[INFO] [stderr]    Compiling rustversion v1.0.14
[INFO] [stderr]    Compiling quote v1.0.35
[INFO] [stderr]     Checking tracing v0.1.40
[INFO] [stderr]     Checking tinyvec_macros v0.1.1
[INFO] [stderr]     Checking tinyvec v1.6.0
[INFO] [stderr]    Compiling num-traits v0.2.17
[INFO] [stderr]    Compiling syn v2.0.48
[INFO] [stderr]    Compiling async-trait v0.1.77
[INFO] [stderr]     Checking itoa v1.0.10
[INFO] [stderr]    Compiling heck v0.4.1
[INFO] [stderr]    Compiling thiserror v1.0.56
[INFO] [stderr]     Checking percent-encoding v2.3.1
[INFO] [stderr]     Checking unicode-bidi v0.3.15
[INFO] [stderr]     Checking getrandom v0.2.12
[INFO] [stderr]     Checking mio v0.8.10
[INFO] [stderr]     Checking socket2 v0.5.5
[INFO] [stderr]     Checking rand_core v0.6.4
[INFO] [stderr]     Checking rand_chacha v0.3.1
[INFO] [stderr]     Checking form_urlencoded v1.2.1
[INFO] [stderr]     Checking tower-layer v0.3.2
[INFO] [stderr]     Checking unicode-normalization v0.1.22
[INFO] [stderr]    Compiling serde_json v1.0.113
[INFO] [stderr]     Checking ryu v1.0.16
[INFO] [stderr]     Checking rand v0.8.5
[INFO] [stderr]     Checking tower-service v0.3.2
[INFO] [stderr]     Checking fnv v1.0.7
[INFO] [stderr]     Checking iana-time-zone v0.1.60
[INFO] [stderr]     Checking sha1_smol v1.0.0
[INFO] [stderr]     Checking http v1.0.0
[INFO] [stderr]     Checking arc-swap v1.6.0
[INFO] [stderr]     Checking idna v0.5.0
[INFO] [stderr]     Checking ulid v1.1.2
[INFO] [stderr]     Checking url v2.5.0
[INFO] [stderr]    Compiling tokio-macros v2.2.0
[INFO] [stderr]    Compiling futures-macro v0.3.30
[INFO] [stderr]    Compiling pin-project-internal v1.1.4
[INFO] [stderr]    Compiling serde_derive v1.0.196
[INFO] [stderr]    Compiling strum_macros v0.25.3
[INFO] [stderr]    Compiling thiserror-impl v1.0.56
[INFO] [stderr]    Compiling async-stream-impl v0.3.5
[INFO] [stderr]     Checking async-stream v0.3.5
[INFO] [stderr]     Checking tokio v1.36.0
[INFO] [stderr]     Checking futures-util v0.3.30
[INFO] [stderr]     Checking pin-project v1.1.4
[INFO] [stderr]     Checking strum v0.25.0
[INFO] [stderr]     Checking futures-executor v0.3.30
[INFO] [stderr]     Checking tower v0.4.13
[INFO] [stderr]     Checking futures v0.3.30
[INFO] [stderr]     Checking tokio-util v0.7.10
[INFO] [stderr]     Checking tokio-retry v0.3.0
[INFO] [stderr]     Checking graceful-shutdown v0.2.0
[INFO] [stderr]     Checking combine v4.6.6
[INFO] [stderr]     Checking chrono v0.4.33
[INFO] [stderr]     Checking apalis-core v0.4.9
[INFO] [stderr]     Checking redis v0.23.3
[INFO] [stderr]     Checking apalis-redis v0.4.7 (/opt/rustwide/workdir)
[INFO] [stdout] error[E0432]: unresolved import `email_service`
[INFO] [stdout]    --> src/storage.rs:816:9
[INFO] [stdout]     |
[INFO] [stdout] 816 |     use email_service::Email;
[INFO] [stdout]     |         ^^^^^^^^^^^^^ use of undeclared crate or module `email_service`
[INFO] [stdout] 
[INFO] [stdout] 
[INFO] [stdout] error[E0027]: pattern does not mention field `timeout_worker`
[INFO] [stdout]    --> src/storage.rs:503:13
[INFO] [stdout]     |
[INFO] [stdout] 503 |             StorageWorkerPulse::ReenqueueOrphaned { count } => {
[INFO] [stdout]     |             ^^^^^^^^^^^^^^^^^^^^^^^^^^^^^^^^^^^^^^^^^^^^^^^ missing field `timeout_worker`
[INFO] [stdout]     |
[INFO] [stdout] help: include the missing field in the pattern
[INFO] [stdout]     |
[INFO] [stdout] 503 |             StorageWorkerPulse::ReenqueueOrphaned { count, timeout_worker } => {
[INFO] [stdout]     |                                                          ~~~~~~~~~~~~~~~~~~
[INFO] [stdout] help: if you don't care about this missing field, you can explicitly ignore it
[INFO] [stdout]     |
[INFO] [stdout] 503 |             StorageWorkerPulse::ReenqueueOrphaned { count, .. } => {
[INFO] [stdout]     |                                                          ~~~~~~
[INFO] [stdout] 
[INFO] [stdout] 
[INFO] [stdout] error[E0027]: pattern does not mention field `timeout_worker`
[INFO] [stdout]    --> src/storage.rs:503:13
[INFO] [stdout]     |
[INFO] [stdout] 503 |             StorageWorkerPulse::ReenqueueOrphaned { count } => {
[INFO] [stdout]     |             ^^^^^^^^^^^^^^^^^^^^^^^^^^^^^^^^^^^^^^^^^^^^^^^ missing field `timeout_worker`
[INFO] [stdout]     |
[INFO] [stdout] help: include the missing field in the pattern
[INFO] [stdout]     |
[INFO] [stdout] 503 |             StorageWorkerPulse::ReenqueueOrphaned { count, timeout_worker } => {
[INFO] [stdout]     |                                                          ~~~~~~~~~~~~~~~~~~
[INFO] [stdout] help: if you don't care about this missing field, you can explicitly ignore it
[INFO] [stdout]     |
[INFO] [stdout] 503 |             StorageWorkerPulse::ReenqueueOrphaned { count, .. } => {
[INFO] [stdout]     |                                                          ~~~~~~
[INFO] [stdout] 
[INFO] [stdout] 
[INFO] [stdout] error: aborting due to 1 previous error
[INFO] [stdout] 
[INFO] [stdout] 
[INFO] [stdout] For more information about this error, try `rustc --explain E0027`.
[INFO] [stdout] 
[INFO] [stderr] error: could not compile `apalis-redis` (lib) due to 2 previous errors
[INFO] [stderr] warning: build failed, waiting for other jobs to finish...
[INFO] [stdout] error[E0063]: missing field `timeout_worker` in initializer of `apalis_core::storage::StorageWorkerPulse`
[INFO] [stdout]    --> src/storage.rs:981:24
[INFO] [stdout]     |
[INFO] [stdout] 981 |             .heartbeat(StorageWorkerPulse::ReenqueueOrphaned { count: 5 })
[INFO] [stdout]     |                        ^^^^^^^^^^^^^^^^^^^^^^^^^^^^^^^^^^^^^ missing `timeout_worker`
[INFO] [stdout] 
[INFO] [stdout] 
[INFO] [stdout] error[E0063]: missing field `timeout_worker` in initializer of `apalis_core::storage::StorageWorkerPulse`
[INFO] [stdout]     --> src/storage.rs:1013:24
[INFO] [stdout]      |
[INFO] [stdout] 1013 |             .heartbeat(StorageWorkerPulse::ReenqueueOrphaned { count: 5 })
[INFO] [stdout]      |                        ^^^^^^^^^^^^^^^^^^^^^^^^^^^^^^^^^^^^^ missing `timeout_worker`
[INFO] [stdout] 
[INFO] [stdout] 
[INFO] [stdout] error: aborting due to 4 previous errors
[INFO] [stdout] 
[INFO] [stdout] 
[INFO] [stdout] Some errors have detailed explanations: E0027, E0063, E0432.
[INFO] [stdout] 
[INFO] [stdout] For more information about an error, try `rustc --explain E0027`.
[INFO] [stdout] 
[INFO] [stderr] error: could not compile `apalis-redis` (lib test) due to 5 previous errors
[INFO] running `Command { std: "docker" "inspect" "290b44d8ce53eb29c7645cc25152f7bebb56dbfad6478666f4ccd3ee2c4e9204", kill_on_drop: false }`
[INFO] running `Command { std: "docker" "rm" "-f" "290b44d8ce53eb29c7645cc25152f7bebb56dbfad6478666f4ccd3ee2c4e9204", kill_on_drop: false }`
[INFO] [stdout] 290b44d8ce53eb29c7645cc25152f7bebb56dbfad6478666f4ccd3ee2c4e9204
[INFO] checking apalis-redis-0.4.7 against nightly-2024-02-05+rustflags=-Dunexpected_cfgs+cargoflags=-Zcheck-cfg for check-cfg
[INFO] extracting crate apalis-redis 0.4.7 into /workspace/builds/worker-2-tc2/source
[INFO] validating manifest of crates.io crate apalis-redis 0.4.7 on toolchain nightly-2024-02-05
[INFO] running `Command { std: CARGO_HOME="/workspace/cargo-home" RUSTUP_HOME="/workspace/rustup-home" "/workspace/cargo-home/bin/cargo" "+nightly-2024-02-05" "metadata" "--manifest-path" "Cargo.toml" "--no-deps", kill_on_drop: false }`
[INFO] started tweaking crates.io crate apalis-redis 0.4.7
[INFO] finished tweaking crates.io crate apalis-redis 0.4.7
[INFO] tweaked toml for crates.io crate apalis-redis 0.4.7 written to /workspace/builds/worker-2-tc2/source/Cargo.toml
[INFO] running `Command { std: CARGO_HOME="/workspace/cargo-home" RUSTUP_HOME="/workspace/rustup-home" "/workspace/cargo-home/bin/cargo" "+nightly-2024-02-05" "generate-lockfile" "--manifest-path" "Cargo.toml", kill_on_drop: false }`
[INFO] [stderr]     Updating crates.io index
[INFO] running `Command { std: CARGO_HOME="/workspace/cargo-home" RUSTUP_HOME="/workspace/rustup-home" "/workspace/cargo-home/bin/cargo" "+nightly-2024-02-05" "fetch" "--manifest-path" "Cargo.toml", kill_on_drop: false }`
[INFO] running `Command { std: "docker" "create" "-v" "/var/lib/crater-agent-workspace/builds/worker-2-tc2/target:/opt/rustwide/target:rw,Z" "-v" "/var/lib/crater-agent-workspace/builds/worker-2-tc2/source:/opt/rustwide/workdir:ro,Z" "-v" "/var/lib/crater-agent-workspace/cargo-home:/opt/rustwide/cargo-home:ro,Z" "-v" "/var/lib/crater-agent-workspace/rustup-home:/opt/rustwide/rustup-home:ro,Z" "-e" "SOURCE_DIR=/opt/rustwide/workdir" "-e" "CARGO_TARGET_DIR=/opt/rustwide/target" "-e" "CARGO_HOME=/opt/rustwide/cargo-home" "-e" "RUSTUP_HOME=/opt/rustwide/rustup-home" "-w" "/opt/rustwide/workdir" "-m" "1610612736" "--user" "0:0" "--network" "none" "ghcr.io/rust-lang/crates-build-env/linux@sha256:2788e3201cd34a07e3172128adcd8b3090168a8e3bcc40d7c032b9dda1df7d1c" "/opt/rustwide/cargo-home/bin/cargo" "+nightly-2024-02-05" "metadata" "--no-deps" "--format-version=1", kill_on_drop: false }`
[INFO] [stdout] 8a5eedc5a691a78139e058dcc7f91281ae897a8e22df80d90d4a120deefae385
[INFO] running `Command { std: "docker" "start" "-a" "8a5eedc5a691a78139e058dcc7f91281ae897a8e22df80d90d4a120deefae385", kill_on_drop: false }`
[INFO] running `Command { std: "docker" "inspect" "8a5eedc5a691a78139e058dcc7f91281ae897a8e22df80d90d4a120deefae385", kill_on_drop: false }`
[INFO] running `Command { std: "docker" "rm" "-f" "8a5eedc5a691a78139e058dcc7f91281ae897a8e22df80d90d4a120deefae385", kill_on_drop: false }`
[INFO] [stdout] 8a5eedc5a691a78139e058dcc7f91281ae897a8e22df80d90d4a120deefae385
[INFO] running `Command { std: "docker" "create" "-v" "/var/lib/crater-agent-workspace/builds/worker-2-tc2/target:/opt/rustwide/target:rw,Z" "-v" "/var/lib/crater-agent-workspace/builds/worker-2-tc2/source:/opt/rustwide/workdir:ro,Z" "-v" "/var/lib/crater-agent-workspace/cargo-home:/opt/rustwide/cargo-home:ro,Z" "-v" "/var/lib/crater-agent-workspace/rustup-home:/opt/rustwide/rustup-home:ro,Z" "-e" "SOURCE_DIR=/opt/rustwide/workdir" "-e" "CARGO_TARGET_DIR=/opt/rustwide/target" "-e" "CARGO_INCREMENTAL=0" "-e" "RUST_BACKTRACE=full" "-e" "RUSTFLAGS=--cap-lints=forbid -Dunexpected_cfgs" "-e" "RUSTDOCFLAGS=--cap-lints=forbid" "-e" "CARGO_HOME=/opt/rustwide/cargo-home" "-e" "RUSTUP_HOME=/opt/rustwide/rustup-home" "-w" "/opt/rustwide/workdir" "-m" "1610612736" "--user" "0:0" "--network" "none" "ghcr.io/rust-lang/crates-build-env/linux@sha256:2788e3201cd34a07e3172128adcd8b3090168a8e3bcc40d7c032b9dda1df7d1c" "/opt/rustwide/cargo-home/bin/cargo" "+nightly-2024-02-05" "check" "--frozen" "--all" "--all-targets" "--message-format=json" "-Zcheck-cfg", kill_on_drop: false }`
[INFO] [stdout] efb87d36e4aaa289511fd1e9deb0874306fa0cb7d38e6a1cce3409ea1bd36b3f
[INFO] running `Command { std: "docker" "start" "-a" "efb87d36e4aaa289511fd1e9deb0874306fa0cb7d38e6a1cce3409ea1bd36b3f", kill_on_drop: false }`
[INFO] [stderr]    Compiling unicode-ident v1.0.12
[INFO] [stderr]    Compiling libc v0.2.153
[INFO] [stderr]    Compiling autocfg v1.1.0
[INFO] [stderr]     Checking pin-project-lite v0.2.13
[INFO] [stderr]     Checking futures-core v0.3.30
[INFO] [stderr]     Checking futures-sink v0.3.30
[INFO] [stderr]     Checking cfg-if v1.0.0
[INFO] [stderr]     Checking bytes v1.5.0
[INFO] [stderr]     Checking once_cell v1.19.0
[INFO] [stderr]     Checking memchr v2.7.1
[INFO] [stderr]     Checking ppv-lite86 v0.2.17
[INFO] [stderr]    Compiling proc-macro2 v1.0.78
[INFO] [stderr]     Checking futures-channel v0.3.30
[INFO] [stderr]     Checking tracing-core v0.1.32
[INFO] [stderr]     Checking log v0.4.20
[INFO] [stderr]    Compiling slab v0.4.9
[INFO] [stderr]     Checking pin-utils v0.1.0
[INFO] [stderr]     Checking futures-io v0.3.30
[INFO] [stderr]     Checking futures-task v0.3.30
[INFO] [stderr]    Compiling serde v1.0.196
[INFO] [stderr]    Compiling rustversion v1.0.14
[INFO] [stderr]     Checking tinyvec_macros v0.1.1
[INFO] [stderr]    Compiling quote v1.0.35
[INFO] [stderr]     Checking tracing v0.1.40
[INFO] [stderr]     Checking tinyvec v1.6.0
[INFO] [stderr]    Compiling syn v2.0.48
[INFO] [stderr]    Compiling num-traits v0.2.17
[INFO] [stderr]    Compiling async-trait v0.1.77
[INFO] [stderr]     Checking itoa v1.0.10
[INFO] [stderr]     Checking unicode-bidi v0.3.15
[INFO] [stderr]     Checking percent-encoding v2.3.1
[INFO] [stderr]    Compiling heck v0.4.1
[INFO] [stderr]     Checking getrandom v0.2.12
[INFO] [stderr]     Checking socket2 v0.5.5
[INFO] [stderr]     Checking mio v0.8.10
[INFO] [stderr]     Checking rand_core v0.6.4
[INFO] [stderr]    Compiling thiserror v1.0.56
[INFO] [stderr]     Checking rand_chacha v0.3.1
[INFO] [stderr]     Checking unicode-normalization v0.1.22
[INFO] [stderr]     Checking form_urlencoded v1.2.1
[INFO] [stderr]     Checking iana-time-zone v0.1.60
[INFO] [stderr]     Checking rand v0.8.5
[INFO] [stderr]    Compiling serde_json v1.0.113
[INFO] [stderr]     Checking ryu v1.0.16
[INFO] [stderr]     Checking tower-layer v0.3.2
[INFO] [stderr]     Checking fnv v1.0.7
[INFO] [stderr]     Checking tower-service v0.3.2
[INFO] [stderr]     Checking http v1.0.0
[INFO] [stderr]     Checking arc-swap v1.6.0
[INFO] [stderr]     Checking sha1_smol v1.0.0
[INFO] [stderr]     Checking idna v0.5.0
[INFO] [stderr]     Checking ulid v1.1.2
[INFO] [stderr]     Checking url v2.5.0
[INFO] [stderr]    Compiling tokio-macros v2.2.0
[INFO] [stderr]    Compiling futures-macro v0.3.30
[INFO] [stderr]    Compiling pin-project-internal v1.1.4
[INFO] [stderr]    Compiling serde_derive v1.0.196
[INFO] [stderr]    Compiling thiserror-impl v1.0.56
[INFO] [stderr]    Compiling strum_macros v0.25.3
[INFO] [stderr]    Compiling async-stream-impl v0.3.5
[INFO] [stderr]     Checking async-stream v0.3.5
[INFO] [stderr]     Checking tokio v1.36.0
[INFO] [stderr]     Checking futures-util v0.3.30
[INFO] [stderr]     Checking pin-project v1.1.4
[INFO] [stderr]     Checking strum v0.25.0
[INFO] [stderr]     Checking futures-executor v0.3.30
[INFO] [stderr]     Checking tower v0.4.13
[INFO] [stderr]     Checking futures v0.3.30
[INFO] [stderr]     Checking tokio-util v0.7.10
[INFO] [stderr]     Checking tokio-retry v0.3.0
[INFO] [stderr]     Checking graceful-shutdown v0.2.0
[INFO] [stderr]     Checking combine v4.6.6
[INFO] [stderr]     Checking chrono v0.4.33
[INFO] [stderr]     Checking apalis-core v0.4.9
[INFO] [stderr]     Checking redis v0.23.3
[INFO] [stderr]     Checking apalis-redis v0.4.7 (/opt/rustwide/workdir)
[INFO] [stdout] error: unexpected `cfg` condition name: `docsrs`
[INFO] [stdout]  --> src/lib.rs:7:13
[INFO] [stdout]   |
[INFO] [stdout] 7 | #![cfg_attr(docsrs, feature(doc_cfg))]
[INFO] [stdout]   |             ^^^^^^
[INFO] [stdout]   |
[INFO] [stdout]   = help: expected names are: `debug_assertions`, `doc`, `doctest`, `feature`, `miri`, `overflow_checks`, `panic`, `proc_macro`, `relocation_model`, `sanitize`, `sanitizer_cfi_generalize_pointers`, `sanitizer_cfi_normalize_integers`, `target_abi`, `target_arch`, `target_endian`, `target_env`, `target_family`, `target_feature`, `target_has_atomic`, `target_has_atomic_equal_alignment`, `target_has_atomic_load_store`, `target_os`, `target_pointer_width`, `target_thread_local`, `target_vendor`, `test`, `unix`, `windows`
[INFO] [stdout]   = help: consider using a Cargo feature instead or adding `println!("cargo:rustc-check-cfg=cfg(docsrs)");` to the top of a `build.rs`
[INFO] [stdout]   = note: see <https://doc.rust-lang.org/nightly/cargo/reference/unstable.html#check-cfg> for more information about checking conditional configuration
[INFO] [stdout]   = note: requested on the command line with `-D unexpected-cfgs`
[INFO] [stdout] 
[INFO] [stdout] 
[INFO] [stdout] error[E0432]: unresolved import `email_service`
[INFO] [stdout]    --> src/storage.rs:816:9
[INFO] [stdout]     |
[INFO] [stdout] 816 |     use email_service::Email;
[INFO] [stdout]     |         ^^^^^^^^^^^^^ use of undeclared crate or module `email_service`
[INFO] [stdout] 
[INFO] [stdout] 
[INFO] [stdout] error: unexpected `cfg` condition name: `docsrs`
[INFO] [stdout]  --> src/lib.rs:7:13
[INFO] [stdout]   |
[INFO] [stdout] 7 | #![cfg_attr(docsrs, feature(doc_cfg))]
[INFO] [stdout]   |             ^^^^^^
[INFO] [stdout]   |
[INFO] [stdout]   = help: expected names are: `debug_assertions`, `doc`, `doctest`, `feature`, `miri`, `overflow_checks`, `panic`, `proc_macro`, `relocation_model`, `sanitize`, `sanitizer_cfi_generalize_pointers`, `sanitizer_cfi_normalize_integers`, `target_abi`, `target_arch`, `target_endian`, `target_env`, `target_family`, `target_feature`, `target_has_atomic`, `target_has_atomic_equal_alignment`, `target_has_atomic_load_store`, `target_os`, `target_pointer_width`, `target_thread_local`, `target_vendor`, `test`, `unix`, `windows`
[INFO] [stdout]   = help: consider using a Cargo feature instead or adding `println!("cargo:rustc-check-cfg=cfg(docsrs)");` to the top of a `build.rs`
[INFO] [stdout]   = note: see <https://doc.rust-lang.org/nightly/cargo/reference/unstable.html#check-cfg> for more information about checking conditional configuration
[INFO] [stdout]   = note: requested on the command line with `-D unexpected-cfgs`
[INFO] [stdout] 
[INFO] [stdout] 
[INFO] [stdout] error[E0027]: pattern does not mention field `timeout_worker`
[INFO] [stdout]    --> src/storage.rs:503:13
[INFO] [stdout]     |
[INFO] [stdout] 503 |             StorageWorkerPulse::ReenqueueOrphaned { count } => {
[INFO] [stdout]     |             ^^^^^^^^^^^^^^^^^^^^^^^^^^^^^^^^^^^^^^^^^^^^^^^ missing field `timeout_worker`
[INFO] [stdout]     |
[INFO] [stdout] help: include the missing field in the pattern
[INFO] [stdout]     |
[INFO] [stdout] 503 |             StorageWorkerPulse::ReenqueueOrphaned { count, timeout_worker } => {
[INFO] [stdout]     |                                                          ~~~~~~~~~~~~~~~~~~
[INFO] [stdout] help: if you don't care about this missing field, you can explicitly ignore it
[INFO] [stdout]     |
[INFO] [stdout] 503 |             StorageWorkerPulse::ReenqueueOrphaned { count, .. } => {
[INFO] [stdout]     |                                                          ~~~~~~
[INFO] [stdout] 
[INFO] [stdout] 
[INFO] [stdout] error[E0027]: pattern does not mention field `timeout_worker`
[INFO] [stdout]    --> src/storage.rs:503:13
[INFO] [stdout]     |
[INFO] [stdout] 503 |             StorageWorkerPulse::ReenqueueOrphaned { count } => {
[INFO] [stdout]     |             ^^^^^^^^^^^^^^^^^^^^^^^^^^^^^^^^^^^^^^^^^^^^^^^ missing field `timeout_worker`
[INFO] [stdout]     |
[INFO] [stdout] help: include the missing field in the pattern
[INFO] [stdout]     |
[INFO] [stdout] 503 |             StorageWorkerPulse::ReenqueueOrphaned { count, timeout_worker } => {
[INFO] [stdout]     |                                                          ~~~~~~~~~~~~~~~~~~
[INFO] [stdout] help: if you don't care about this missing field, you can explicitly ignore it
[INFO] [stdout]     |
[INFO] [stdout] 503 |             StorageWorkerPulse::ReenqueueOrphaned { count, .. } => {
[INFO] [stdout]     |                                                          ~~~~~~
[INFO] [stdout] 
[INFO] [stdout] 
[INFO] [stdout] error: aborting due to 2 previous errors
[INFO] [stdout] 
[INFO] [stdout] 
[INFO] [stdout] For more information about this error, try `rustc --explain E0027`.
[INFO] [stdout] 
[INFO] [stderr] error: could not compile `apalis-redis` (lib) due to 3 previous errors
[INFO] [stderr] warning: build failed, waiting for other jobs to finish...
[INFO] [stdout] error[E0063]: missing field `timeout_worker` in initializer of `apalis_core::storage::StorageWorkerPulse`
[INFO] [stdout]    --> src/storage.rs:981:24
[INFO] [stdout]     |
[INFO] [stdout] 981 |             .heartbeat(StorageWorkerPulse::ReenqueueOrphaned { count: 5 })
[INFO] [stdout]     |                        ^^^^^^^^^^^^^^^^^^^^^^^^^^^^^^^^^^^^^ missing `timeout_worker`
[INFO] [stdout] 
[INFO] [stdout] 
[INFO] [stdout] error[E0063]: missing field `timeout_worker` in initializer of `apalis_core::storage::StorageWorkerPulse`
[INFO] [stdout]     --> src/storage.rs:1013:24
[INFO] [stdout]      |
[INFO] [stdout] 1013 |             .heartbeat(StorageWorkerPulse::ReenqueueOrphaned { count: 5 })
[INFO] [stdout]      |                        ^^^^^^^^^^^^^^^^^^^^^^^^^^^^^^^^^^^^^ missing `timeout_worker`
[INFO] [stdout] 
[INFO] [stdout] 
[INFO] [stdout] error: aborting due to 5 previous errors
[INFO] [stdout] 
[INFO] [stdout] 
[INFO] [stdout] Some errors have detailed explanations: E0027, E0063, E0432.
[INFO] [stdout] 
[INFO] [stdout] For more information about an error, try `rustc --explain E0027`.
[INFO] [stdout] 
[INFO] [stderr] error: could not compile `apalis-redis` (lib test) due to 6 previous errors
[INFO] running `Command { std: "docker" "inspect" "efb87d36e4aaa289511fd1e9deb0874306fa0cb7d38e6a1cce3409ea1bd36b3f", kill_on_drop: false }`
[INFO] running `Command { std: "docker" "rm" "-f" "efb87d36e4aaa289511fd1e9deb0874306fa0cb7d38e6a1cce3409ea1bd36b3f", kill_on_drop: false }`
[INFO] [stdout] efb87d36e4aaa289511fd1e9deb0874306fa0cb7d38e6a1cce3409ea1bd36b3f
