[INFO] fetching crate anyint 0.1.0...
[INFO] checking anyint-0.1.0 against nightly-2024-02-05 for check-cfg
[INFO] extracting crate anyint 0.1.0 into /workspace/builds/worker-1-tc1/source
[INFO] validating manifest of crates.io crate anyint 0.1.0 on toolchain nightly-2024-02-05
[INFO] running `Command { std: CARGO_HOME="/workspace/cargo-home" RUSTUP_HOME="/workspace/rustup-home" "/workspace/cargo-home/bin/cargo" "+nightly-2024-02-05" "metadata" "--manifest-path" "Cargo.toml" "--no-deps", kill_on_drop: false }`
[INFO] started tweaking crates.io crate anyint 0.1.0
[INFO] finished tweaking crates.io crate anyint 0.1.0
[INFO] tweaked toml for crates.io crate anyint 0.1.0 written to /workspace/builds/worker-1-tc1/source/Cargo.toml
[INFO] running `Command { std: CARGO_HOME="/workspace/cargo-home" RUSTUP_HOME="/workspace/rustup-home" "/workspace/cargo-home/bin/cargo" "+nightly-2024-02-05" "generate-lockfile" "--manifest-path" "Cargo.toml", kill_on_drop: false }`
[INFO] [stderr]     Updating crates.io index
[INFO] running `Command { std: CARGO_HOME="/workspace/cargo-home" RUSTUP_HOME="/workspace/rustup-home" "/workspace/cargo-home/bin/cargo" "+nightly-2024-02-05" "fetch" "--manifest-path" "Cargo.toml", kill_on_drop: false }`
[INFO] [stderr]  Downloading crates ...
[INFO] [stderr]   Downloaded anyint_macros v0.1.0
[INFO] running `Command { std: "docker" "create" "-v" "/var/lib/crater-agent-workspace/builds/worker-1-tc1/target:/opt/rustwide/target:rw,Z" "-v" "/var/lib/crater-agent-workspace/builds/worker-1-tc1/source:/opt/rustwide/workdir:ro,Z" "-v" "/var/lib/crater-agent-workspace/cargo-home:/opt/rustwide/cargo-home:ro,Z" "-v" "/var/lib/crater-agent-workspace/rustup-home:/opt/rustwide/rustup-home:ro,Z" "-e" "SOURCE_DIR=/opt/rustwide/workdir" "-e" "CARGO_TARGET_DIR=/opt/rustwide/target" "-e" "CARGO_HOME=/opt/rustwide/cargo-home" "-e" "RUSTUP_HOME=/opt/rustwide/rustup-home" "-w" "/opt/rustwide/workdir" "-m" "1610612736" "--user" "0:0" "--network" "none" "ghcr.io/rust-lang/crates-build-env/linux@sha256:2788e3201cd34a07e3172128adcd8b3090168a8e3bcc40d7c032b9dda1df7d1c" "/opt/rustwide/cargo-home/bin/cargo" "+nightly-2024-02-05" "metadata" "--no-deps" "--format-version=1", kill_on_drop: false }`
[INFO] [stdout] b5ad035bb63c3681e81ead09ef68204b25254123a7b319529473401ad10ad1f1
[INFO] running `Command { std: "docker" "start" "-a" "b5ad035bb63c3681e81ead09ef68204b25254123a7b319529473401ad10ad1f1", kill_on_drop: false }`
[INFO] running `Command { std: "docker" "inspect" "b5ad035bb63c3681e81ead09ef68204b25254123a7b319529473401ad10ad1f1", kill_on_drop: false }`
[INFO] running `Command { std: "docker" "rm" "-f" "b5ad035bb63c3681e81ead09ef68204b25254123a7b319529473401ad10ad1f1", kill_on_drop: false }`
[INFO] [stdout] b5ad035bb63c3681e81ead09ef68204b25254123a7b319529473401ad10ad1f1
[INFO] running `Command { std: "docker" "create" "-v" "/var/lib/crater-agent-workspace/builds/worker-1-tc1/target:/opt/rustwide/target:rw,Z" "-v" "/var/lib/crater-agent-workspace/builds/worker-1-tc1/source:/opt/rustwide/workdir:ro,Z" "-v" "/var/lib/crater-agent-workspace/cargo-home:/opt/rustwide/cargo-home:ro,Z" "-v" "/var/lib/crater-agent-workspace/rustup-home:/opt/rustwide/rustup-home:ro,Z" "-e" "SOURCE_DIR=/opt/rustwide/workdir" "-e" "CARGO_TARGET_DIR=/opt/rustwide/target" "-e" "CARGO_INCREMENTAL=0" "-e" "RUST_BACKTRACE=full" "-e" "RUSTFLAGS=--cap-lints=forbid" "-e" "RUSTDOCFLAGS=--cap-lints=forbid" "-e" "CARGO_HOME=/opt/rustwide/cargo-home" "-e" "RUSTUP_HOME=/opt/rustwide/rustup-home" "-w" "/opt/rustwide/workdir" "-m" "1610612736" "--user" "0:0" "--network" "none" "ghcr.io/rust-lang/crates-build-env/linux@sha256:2788e3201cd34a07e3172128adcd8b3090168a8e3bcc40d7c032b9dda1df7d1c" "/opt/rustwide/cargo-home/bin/cargo" "+nightly-2024-02-05" "check" "--frozen" "--all" "--all-targets" "--message-format=json", kill_on_drop: false }`
[INFO] [stdout] 3175bb68d260504f0293e76ca3eba6fb10c12bff6e94ae21657a45180d74b696
[INFO] running `Command { std: "docker" "start" "-a" "3175bb68d260504f0293e76ca3eba6fb10c12bff6e94ae21657a45180d74b696", kill_on_drop: false }`
[INFO] [stderr]    Compiling hashbrown v0.14.3
[INFO] [stderr]    Compiling equivalent v1.0.1
[INFO] [stderr]    Compiling thiserror v1.0.56
[INFO] [stderr]    Compiling toml_datetime v0.6.5
[INFO] [stderr]    Compiling winnow v0.5.37
[INFO] [stderr]    Compiling once_cell v1.19.0
[INFO] [stderr]    Compiling syn v2.0.48
[INFO] [stderr]    Compiling syn v1.0.109
[INFO] [stderr]    Compiling indexmap v2.2.2
[INFO] [stderr]    Compiling toml_edit v0.19.15
[INFO] [stderr]    Compiling thiserror-impl v1.0.56
[INFO] [stderr]    Compiling displaydoc v0.2.4
[INFO] [stderr]    Compiling proc-macro-crate v1.3.1
[INFO] [stderr]    Compiling anyint_macros v0.1.0
[INFO] [stderr]     Checking anyint v0.1.0 (/opt/rustwide/workdir)
[INFO] [stdout] error[E0201]: duplicate definitions with name `wrapping_rem`:
[INFO] [stdout]    --> src/integer.rs:345:13
[INFO] [stdout]     |
[INFO] [stdout] 203 | /         fn wrapping_rem(self, rhs: Self) -> Self {
[INFO] [stdout] 204 | |             Self(self.0.wrapping_rem(rhs.0))
[INFO] [stdout] 205 | |         }
[INFO] [stdout]     | |_________- previous definition here
[INFO] [stdout] ...
[INFO] [stdout] 345 | /             fn wrapping_rem(self, rhs: Self) -> Self {
[INFO] [stdout] 346 | |                 self.overflowing_rem(rhs).0
[INFO] [stdout] 347 | |             }
[INFO] [stdout]     | |_____________^ duplicate definition
[INFO] [stdout] ...
[INFO] [stdout] 528 |   impl_nonstandard_int!(unsigned: u8);
[INFO] [stdout]     |   ----------------------------------- in this macro invocation
[INFO] [stdout]     |
[INFO] [stdout]    ::: src/non_standard_integer.rs:112:5
[INFO] [stdout]     |
[INFO] [stdout] 112 |       fn wrapping_rem(self, rhs: Self) -> Self;
[INFO] [stdout]     |       ----------------------------------------- item in trait
[INFO] [stdout]     |
[INFO] [stdout]     = note: this error originates in the macro `impl_nonstandard_int` (in Nightly builds, run with -Z macro-backtrace for more info)
[INFO] [stdout] 
[INFO] [stdout] 
[INFO] [stdout] error[E0201]: duplicate definitions with name `wrapping_rem`:
[INFO] [stdout]    --> src/integer.rs:345:13
[INFO] [stdout]     |
[INFO] [stdout] 203 | /         fn wrapping_rem(self, rhs: Self) -> Self {
[INFO] [stdout] 204 | |             Self(self.0.wrapping_rem(rhs.0))
[INFO] [stdout] 205 | |         }
[INFO] [stdout]     | |_________- previous definition here
[INFO] [stdout] ...
[INFO] [stdout] 345 | /             fn wrapping_rem(self, rhs: Self) -> Self {
[INFO] [stdout] 346 | |                 self.overflowing_rem(rhs).0
[INFO] [stdout] 347 | |             }
[INFO] [stdout]     | |_____________^ duplicate definition
[INFO] [stdout] ...
[INFO] [stdout] 529 |   impl_nonstandard_int!(unsigned: u16);
[INFO] [stdout]     |   ------------------------------------ in this macro invocation
[INFO] [stdout]     |
[INFO] [stdout]    ::: src/non_standard_integer.rs:112:5
[INFO] [stdout]     |
[INFO] [stdout] 112 |       fn wrapping_rem(self, rhs: Self) -> Self;
[INFO] [stdout]     |       ----------------------------------------- item in trait
[INFO] [stdout]     |
[INFO] [stdout]     = note: this error originates in the macro `impl_nonstandard_int` (in Nightly builds, run with -Z macro-backtrace for more info)
[INFO] [stdout] 
[INFO] [stdout] 
[INFO] [stdout] error[E0201]: duplicate definitions with name `wrapping_rem`:
[INFO] [stdout]    --> src/integer.rs:345:13
[INFO] [stdout]     |
[INFO] [stdout] 203 | /         fn wrapping_rem(self, rhs: Self) -> Self {
[INFO] [stdout] 204 | |             Self(self.0.wrapping_rem(rhs.0))
[INFO] [stdout] 205 | |         }
[INFO] [stdout]     | |_________- previous definition here
[INFO] [stdout] ...
[INFO] [stdout] 345 | /             fn wrapping_rem(self, rhs: Self) -> Self {
[INFO] [stdout] 346 | |                 self.overflowing_rem(rhs).0
[INFO] [stdout] 347 | |             }
[INFO] [stdout]     | |_____________^ duplicate definition
[INFO] [stdout] ...
[INFO] [stdout] 530 |   impl_nonstandard_int!(unsigned: u32);
[INFO] [stdout]     |   ------------------------------------ in this macro invocation
[INFO] [stdout]     |
[INFO] [stdout]    ::: src/non_standard_integer.rs:112:5
[INFO] [stdout]     |
[INFO] [stdout] 112 |       fn wrapping_rem(self, rhs: Self) -> Self;
[INFO] [stdout]     |       ----------------------------------------- item in trait
[INFO] [stdout]     |
[INFO] [stdout]     = note: this error originates in the macro `impl_nonstandard_int` (in Nightly builds, run with -Z macro-backtrace for more info)
[INFO] [stdout] 
[INFO] [stdout] 
[INFO] [stdout] error[E0201]: duplicate definitions with name `wrapping_rem`:
[INFO] [stdout]    --> src/integer.rs:345:13
[INFO] [stdout]     |
[INFO] [stdout] 203 | /         fn wrapping_rem(self, rhs: Self) -> Self {
[INFO] [stdout] 204 | |             Self(self.0.wrapping_rem(rhs.0))
[INFO] [stdout] 205 | |         }
[INFO] [stdout]     | |_________- previous definition here
[INFO] [stdout] ...
[INFO] [stdout] 345 | /             fn wrapping_rem(self, rhs: Self) -> Self {
[INFO] [stdout] 346 | |                 self.overflowing_rem(rhs).0
[INFO] [stdout] 347 | |             }
[INFO] [stdout]     | |_____________^ duplicate definition
[INFO] [stdout] ...
[INFO] [stdout] 531 |   impl_nonstandard_int!(unsigned: u64);
[INFO] [stdout]     |   ------------------------------------ in this macro invocation
[INFO] [stdout]     |
[INFO] [stdout]    ::: src/non_standard_integer.rs:112:5
[INFO] [stdout]     |
[INFO] [stdout] 112 |       fn wrapping_rem(self, rhs: Self) -> Self;
[INFO] [stdout]     |       ----------------------------------------- item in trait
[INFO] [stdout]     |
[INFO] [stdout]     = note: this error originates in the macro `impl_nonstandard_int` (in Nightly builds, run with -Z macro-backtrace for more info)
[INFO] [stdout] 
[INFO] [stdout] 
[INFO] [stdout] error[E0201]: duplicate definitions with name `wrapping_rem`:
[INFO] [stdout]    --> src/integer.rs:345:13
[INFO] [stdout]     |
[INFO] [stdout] 203 | /         fn wrapping_rem(self, rhs: Self) -> Self {
[INFO] [stdout] 204 | |             Self(self.0.wrapping_rem(rhs.0))
[INFO] [stdout] 205 | |         }
[INFO] [stdout]     | |_________- previous definition here
[INFO] [stdout] ...
[INFO] [stdout] 345 | /             fn wrapping_rem(self, rhs: Self) -> Self {
[INFO] [stdout] 346 | |                 self.overflowing_rem(rhs).0
[INFO] [stdout] 347 | |             }
[INFO] [stdout]     | |_____________^ duplicate definition
[INFO] [stdout] ...
[INFO] [stdout] 532 |   impl_nonstandard_int!(unsigned: u128);
[INFO] [stdout]     |   ------------------------------------- in this macro invocation
[INFO] [stdout]     |
[INFO] [stdout]    ::: src/non_standard_integer.rs:112:5
[INFO] [stdout]     |
[INFO] [stdout] 112 |       fn wrapping_rem(self, rhs: Self) -> Self;
[INFO] [stdout]     |       ----------------------------------------- item in trait
[INFO] [stdout]     |
[INFO] [stdout]     = note: this error originates in the macro `impl_nonstandard_int` (in Nightly builds, run with -Z macro-backtrace for more info)
[INFO] [stdout] 
[INFO] [stdout] 
[INFO] [stdout] error[E0201]: duplicate definitions with name `wrapping_rem`:
[INFO] [stdout]    --> src/integer.rs:345:13
[INFO] [stdout]     |
[INFO] [stdout] 203 | /         fn wrapping_rem(self, rhs: Self) -> Self {
[INFO] [stdout] 204 | |             Self(self.0.wrapping_rem(rhs.0))
[INFO] [stdout] 205 | |         }
[INFO] [stdout]     | |_________- previous definition here
[INFO] [stdout] ...
[INFO] [stdout] 345 | /             fn wrapping_rem(self, rhs: Self) -> Self {
[INFO] [stdout] 346 | |                 self.overflowing_rem(rhs).0
[INFO] [stdout] 347 | |             }
[INFO] [stdout]     | |_____________^ duplicate definition
[INFO] [stdout] ...
[INFO] [stdout] 533 |   impl_nonstandard_int!(unsigned: usize);
[INFO] [stdout]     |   -------------------------------------- in this macro invocation
[INFO] [stdout]     |
[INFO] [stdout]    ::: src/non_standard_integer.rs:112:5
[INFO] [stdout]     |
[INFO] [stdout] 112 |       fn wrapping_rem(self, rhs: Self) -> Self;
[INFO] [stdout]     |       ----------------------------------------- item in trait
[INFO] [stdout]     |
[INFO] [stdout]     = note: this error originates in the macro `impl_nonstandard_int` (in Nightly builds, run with -Z macro-backtrace for more info)
[INFO] [stdout] 
[INFO] [stdout] 
[INFO] [stdout] error[E0201]: duplicate definitions with name `wrapping_rem`:
[INFO] [stdout]    --> src/integer.rs:521:13
[INFO] [stdout]     |
[INFO] [stdout] 203 | /         fn wrapping_rem(self, rhs: Self) -> Self {
[INFO] [stdout] 204 | |             Self(self.0.wrapping_rem(rhs.0))
[INFO] [stdout] 205 | |         }
[INFO] [stdout]     | |_________- previous definition here
[INFO] [stdout] ...
[INFO] [stdout] 521 | /             fn wrapping_rem(self, rhs: Self) -> Self {
[INFO] [stdout] 522 | |                 self.overflowing_rem(rhs).0
[INFO] [stdout] 523 | |             }
[INFO] [stdout]     | |_____________^ duplicate definition
[INFO] [stdout] ...
[INFO] [stdout] 535 |   impl_nonstandard_int!(signed: i8);
[INFO] [stdout]     |   --------------------------------- in this macro invocation
[INFO] [stdout]     |
[INFO] [stdout]    ::: src/non_standard_integer.rs:112:5
[INFO] [stdout]     |
[INFO] [stdout] 112 |       fn wrapping_rem(self, rhs: Self) -> Self;
[INFO] [stdout]     |       ----------------------------------------- item in trait
[INFO] [stdout]     |
[INFO] [stdout]     = note: this error originates in the macro `impl_nonstandard_int` (in Nightly builds, run with -Z macro-backtrace for more info)
[INFO] [stdout] 
[INFO] [stdout] 
[INFO] [stdout] error[E0201]: duplicate definitions with name `wrapping_rem`:
[INFO] [stdout]    --> src/integer.rs:521:13
[INFO] [stdout]     |
[INFO] [stdout] 203 | /         fn wrapping_rem(self, rhs: Self) -> Self {
[INFO] [stdout] 204 | |             Self(self.0.wrapping_rem(rhs.0))
[INFO] [stdout] 205 | |         }
[INFO] [stdout]     | |_________- previous definition here
[INFO] [stdout] ...
[INFO] [stdout] 521 | /             fn wrapping_rem(self, rhs: Self) -> Self {
[INFO] [stdout] 522 | |                 self.overflowing_rem(rhs).0
[INFO] [stdout] 523 | |             }
[INFO] [stdout]     | |_____________^ duplicate definition
[INFO] [stdout] ...
[INFO] [stdout] 536 |   impl_nonstandard_int!(signed: i16);
[INFO] [stdout]     |   ---------------------------------- in this macro invocation
[INFO] [stdout]     |
[INFO] [stdout]    ::: src/non_standard_integer.rs:112:5
[INFO] [stdout]     |
[INFO] [stdout] 112 |       fn wrapping_rem(self, rhs: Self) -> Self;
[INFO] [stdout]     |       ----------------------------------------- item in trait
[INFO] [stdout]     |
[INFO] [stdout]     = note: this error originates in the macro `impl_nonstandard_int` (in Nightly builds, run with -Z macro-backtrace for more info)
[INFO] [stdout] 
[INFO] [stdout] 
[INFO] [stdout] error[E0201]: duplicate definitions with name `wrapping_rem`:
[INFO] [stdout]    --> src/integer.rs:521:13
[INFO] [stdout]     |
[INFO] [stdout] 203 | /         fn wrapping_rem(self, rhs: Self) -> Self {
[INFO] [stdout] 204 | |             Self(self.0.wrapping_rem(rhs.0))
[INFO] [stdout] 205 | |         }
[INFO] [stdout]     | |_________- previous definition here
[INFO] [stdout] ...
[INFO] [stdout] 521 | /             fn wrapping_rem(self, rhs: Self) -> Self {
[INFO] [stdout] 522 | |                 self.overflowing_rem(rhs).0
[INFO] [stdout] 523 | |             }
[INFO] [stdout]     | |_____________^ duplicate definition
[INFO] [stdout] ...
[INFO] [stdout] 537 |   impl_nonstandard_int!(signed: i32);
[INFO] [stdout]     |   ---------------------------------- in this macro invocation
[INFO] [stdout]     |
[INFO] [stdout]    ::: src/non_standard_integer.rs:112:5
[INFO] [stdout]     |
[INFO] [stdout] 112 |       fn wrapping_rem(self, rhs: Self) -> Self;
[INFO] [stdout]     |       ----------------------------------------- item in trait
[INFO] [stdout]     |
[INFO] [stdout]     = note: this error originates in the macro `impl_nonstandard_int` (in Nightly builds, run with -Z macro-backtrace for more info)
[INFO] [stdout] 
[INFO] [stdout] 
[INFO] [stdout] error[E0201]: duplicate definitions with name `wrapping_rem`:
[INFO] [stdout]    --> src/integer.rs:521:13
[INFO] [stdout]     |
[INFO] [stdout] 203 | /         fn wrapping_rem(self, rhs: Self) -> Self {
[INFO] [stdout] 204 | |             Self(self.0.wrapping_rem(rhs.0))
[INFO] [stdout] 205 | |         }
[INFO] [stdout]     | |_________- previous definition here
[INFO] [stdout] ...
[INFO] [stdout] 521 | /             fn wrapping_rem(self, rhs: Self) -> Self {
[INFO] [stdout] 522 | |                 self.overflowing_rem(rhs).0
[INFO] [stdout] 523 | |             }
[INFO] [stdout]     | |_____________^ duplicate definition
[INFO] [stdout] ...
[INFO] [stdout] 538 |   impl_nonstandard_int!(signed: i64);
[INFO] [stdout]     |   ---------------------------------- in this macro invocation
[INFO] [stdout]     |
[INFO] [stdout]    ::: src/non_standard_integer.rs:112:5
[INFO] [stdout]     |
[INFO] [stdout] 112 |       fn wrapping_rem(self, rhs: Self) -> Self;
[INFO] [stdout]     |       ----------------------------------------- item in trait
[INFO] [stdout]     |
[INFO] [stdout]     = note: this error originates in the macro `impl_nonstandard_int` (in Nightly builds, run with -Z macro-backtrace for more info)
[INFO] [stdout] 
[INFO] [stdout] 
[INFO] [stdout] error[E0201]: duplicate definitions with name `wrapping_rem`:
[INFO] [stdout]    --> src/integer.rs:521:13
[INFO] [stdout]     |
[INFO] [stdout] 203 | /         fn wrapping_rem(self, rhs: Self) -> Self {
[INFO] [stdout] 204 | |             Self(self.0.wrapping_rem(rhs.0))
[INFO] [stdout] 205 | |         }
[INFO] [stdout]     | |_________- previous definition here
[INFO] [stdout] ...
[INFO] [stdout] 521 | /             fn wrapping_rem(self, rhs: Self) -> Self {
[INFO] [stdout] 522 | |                 self.overflowing_rem(rhs).0
[INFO] [stdout] 523 | |             }
[INFO] [stdout]     | |_____________^ duplicate definition
[INFO] [stdout] ...
[INFO] [stdout] 539 |   impl_nonstandard_int!(signed: i128);
[INFO] [stdout]     |   ----------------------------------- in this macro invocation
[INFO] [stdout]     |
[INFO] [stdout]    ::: src/non_standard_integer.rs:112:5
[INFO] [stdout]     |
[INFO] [stdout] 112 |       fn wrapping_rem(self, rhs: Self) -> Self;
[INFO] [stdout]     |       ----------------------------------------- item in trait
[INFO] [stdout]     |
[INFO] [stdout]     = note: this error originates in the macro `impl_nonstandard_int` (in Nightly builds, run with -Z macro-backtrace for more info)
[INFO] [stdout] 
[INFO] [stdout] 
[INFO] [stdout] error[E0201]: duplicate definitions with name `wrapping_rem`:
[INFO] [stdout]    --> src/integer.rs:521:13
[INFO] [stdout]     |
[INFO] [stdout] 203 | /         fn wrapping_rem(self, rhs: Self) -> Self {
[INFO] [stdout] 204 | |             Self(self.0.wrapping_rem(rhs.0))
[INFO] [stdout] 205 | |         }
[INFO] [stdout]     | |_________- previous definition here
[INFO] [stdout] ...
[INFO] [stdout] 521 | /             fn wrapping_rem(self, rhs: Self) -> Self {
[INFO] [stdout] 522 | |                 self.overflowing_rem(rhs).0
[INFO] [stdout] 523 | |             }
[INFO] [stdout]     | |_____________^ duplicate definition
[INFO] [stdout] ...
[INFO] [stdout] 540 |   impl_nonstandard_int!(signed: isize);
[INFO] [stdout]     |   ------------------------------------ in this macro invocation
[INFO] [stdout]     |
[INFO] [stdout]    ::: src/non_standard_integer.rs:112:5
[INFO] [stdout]     |
[INFO] [stdout] 112 |       fn wrapping_rem(self, rhs: Self) -> Self;
[INFO] [stdout]     |       ----------------------------------------- item in trait
[INFO] [stdout]     |
[INFO] [stdout]     = note: this error originates in the macro `impl_nonstandard_int` (in Nightly builds, run with -Z macro-backtrace for more info)
[INFO] [stdout] 
[INFO] [stdout] 
[INFO] [stdout] error[E0201]: duplicate definitions with name `wrapping_rem`:
[INFO] [stdout]    --> src/integer.rs:345:13
[INFO] [stdout]     |
[INFO] [stdout] 203 | /         fn wrapping_rem(self, rhs: Self) -> Self {
[INFO] [stdout] 204 | |             Self(self.0.wrapping_rem(rhs.0))
[INFO] [stdout] 205 | |         }
[INFO] [stdout]     | |_________- previous definition here
[INFO] [stdout] ...
[INFO] [stdout] 345 | /             fn wrapping_rem(self, rhs: Self) -> Self {
[INFO] [stdout] 346 | |                 self.overflowing_rem(rhs).0
[INFO] [stdout] 347 | |             }
[INFO] [stdout]     | |_____________^ duplicate definition
[INFO] [stdout] ...
[INFO] [stdout] 528 |   impl_nonstandard_int!(unsigned: u8);
[INFO] [stdout]     |   ----------------------------------- in this macro invocation
[INFO] [stdout]     |
[INFO] [stdout]    ::: src/non_standard_integer.rs:112:5
[INFO] [stdout]     |
[INFO] [stdout] 112 |       fn wrapping_rem(self, rhs: Self) -> Self;
[INFO] [stdout]     |       ----------------------------------------- item in trait
[INFO] [stdout]     |
[INFO] [stdout]     = note: this error originates in the macro `impl_nonstandard_int` (in Nightly builds, run with -Z macro-backtrace for more info)
[INFO] [stdout] 
[INFO] [stdout] 
[INFO] [stdout] error[E0201]: duplicate definitions with name `wrapping_rem`:
[INFO] [stdout]    --> src/integer.rs:345:13
[INFO] [stdout]     |
[INFO] [stdout] 203 | /         fn wrapping_rem(self, rhs: Self) -> Self {
[INFO] [stdout] 204 | |             Self(self.0.wrapping_rem(rhs.0))
[INFO] [stdout] 205 | |         }
[INFO] [stdout]     | |_________- previous definition here
[INFO] [stdout] ...
[INFO] [stdout] 345 | /             fn wrapping_rem(self, rhs: Self) -> Self {
[INFO] [stdout] 346 | |                 self.overflowing_rem(rhs).0
[INFO] [stdout] 347 | |             }
[INFO] [stdout]     | |_____________^ duplicate definition
[INFO] [stdout] ...
[INFO] [stdout] 529 |   impl_nonstandard_int!(unsigned: u16);
[INFO] [stdout]     |   ------------------------------------ in this macro invocation
[INFO] [stdout]     |
[INFO] [stdout]    ::: src/non_standard_integer.rs:112:5
[INFO] [stdout]     |
[INFO] [stdout] 112 |       fn wrapping_rem(self, rhs: Self) -> Self;
[INFO] [stdout]     |       ----------------------------------------- item in trait
[INFO] [stdout]     |
[INFO] [stdout]     = note: this error originates in the macro `impl_nonstandard_int` (in Nightly builds, run with -Z macro-backtrace for more info)
[INFO] [stdout] 
[INFO] [stdout] 
[INFO] [stdout] error[E0201]: duplicate definitions with name `wrapping_rem`:
[INFO] [stdout]    --> src/integer.rs:345:13
[INFO] [stdout]     |
[INFO] [stdout] 203 | /         fn wrapping_rem(self, rhs: Self) -> Self {
[INFO] [stdout] 204 | |             Self(self.0.wrapping_rem(rhs.0))
[INFO] [stdout] 205 | |         }
[INFO] [stdout]     | |_________- previous definition here
[INFO] [stdout] ...
[INFO] [stdout] 345 | /             fn wrapping_rem(self, rhs: Self) -> Self {
[INFO] [stdout] 346 | |                 self.overflowing_rem(rhs).0
[INFO] [stdout] 347 | |             }
[INFO] [stdout]     | |_____________^ duplicate definition
[INFO] [stdout] ...
[INFO] [stdout] 530 |   impl_nonstandard_int!(unsigned: u32);
[INFO] [stdout]     |   ------------------------------------ in this macro invocation
[INFO] [stdout]     |
[INFO] [stdout]    ::: src/non_standard_integer.rs:112:5
[INFO] [stdout]     |
[INFO] [stdout] 112 |       fn wrapping_rem(self, rhs: Self) -> Self;
[INFO] [stdout]     |       ----------------------------------------- item in trait
[INFO] [stdout]     |
[INFO] [stdout]     = note: this error originates in the macro `impl_nonstandard_int` (in Nightly builds, run with -Z macro-backtrace for more info)
[INFO] [stdout] 
[INFO] [stdout] 
[INFO] [stdout] error[E0201]: duplicate definitions with name `wrapping_rem`:
[INFO] [stdout]    --> src/integer.rs:345:13
[INFO] [stdout]     |
[INFO] [stdout] 203 | /         fn wrapping_rem(self, rhs: Self) -> Self {
[INFO] [stdout] 204 | |             Self(self.0.wrapping_rem(rhs.0))
[INFO] [stdout] 205 | |         }
[INFO] [stdout]     | |_________- previous definition here
[INFO] [stdout] ...
[INFO] [stdout] 345 | /             fn wrapping_rem(self, rhs: Self) -> Self {
[INFO] [stdout] 346 | |                 self.overflowing_rem(rhs).0
[INFO] [stdout] 347 | |             }
[INFO] [stdout]     | |_____________^ duplicate definition
[INFO] [stdout] ...
[INFO] [stdout] 531 |   impl_nonstandard_int!(unsigned: u64);
[INFO] [stdout]     |   ------------------------------------ in this macro invocation
[INFO] [stdout]     |
[INFO] [stdout]    ::: src/non_standard_integer.rs:112:5
[INFO] [stdout]     |
[INFO] [stdout] 112 |       fn wrapping_rem(self, rhs: Self) -> Self;
[INFO] [stdout]     |       ----------------------------------------- item in trait
[INFO] [stdout]     |
[INFO] [stdout]     = note: this error originates in the macro `impl_nonstandard_int` (in Nightly builds, run with -Z macro-backtrace for more info)
[INFO] [stdout] 
[INFO] [stdout] 
[INFO] [stdout] error[E0201]: duplicate definitions with name `wrapping_rem`:
[INFO] [stdout]    --> src/integer.rs:345:13
[INFO] [stdout]     |
[INFO] [stdout] 203 | /         fn wrapping_rem(self, rhs: Self) -> Self {
[INFO] [stdout] 204 | |             Self(self.0.wrapping_rem(rhs.0))
[INFO] [stdout] 205 | |         }
[INFO] [stdout]     | |_________- previous definition here
[INFO] [stdout] ...
[INFO] [stdout] 345 | /             fn wrapping_rem(self, rhs: Self) -> Self {
[INFO] [stdout] 346 | |                 self.overflowing_rem(rhs).0
[INFO] [stdout] 347 | |             }
[INFO] [stdout]     | |_____________^ duplicate definition
[INFO] [stdout] ...
[INFO] [stdout] 532 |   impl_nonstandard_int!(unsigned: u128);
[INFO] [stdout]     |   ------------------------------------- in this macro invocation
[INFO] [stdout]     |
[INFO] [stdout]    ::: src/non_standard_integer.rs:112:5
[INFO] [stdout]     |
[INFO] [stdout] 112 |       fn wrapping_rem(self, rhs: Self) -> Self;
[INFO] [stdout]     |       ----------------------------------------- item in trait
[INFO] [stdout]     |
[INFO] [stdout]     = note: this error originates in the macro `impl_nonstandard_int` (in Nightly builds, run with -Z macro-backtrace for more info)
[INFO] [stdout] 
[INFO] [stdout] 
[INFO] [stdout] error[E0201]: duplicate definitions with name `wrapping_rem`:
[INFO] [stdout]    --> src/integer.rs:345:13
[INFO] [stdout]     |
[INFO] [stdout] 203 | /         fn wrapping_rem(self, rhs: Self) -> Self {
[INFO] [stdout] 204 | |             Self(self.0.wrapping_rem(rhs.0))
[INFO] [stdout] 205 | |         }
[INFO] [stdout]     | |_________- previous definition here
[INFO] [stdout] ...
[INFO] [stdout] 345 | /             fn wrapping_rem(self, rhs: Self) -> Self {
[INFO] [stdout] 346 | |                 self.overflowing_rem(rhs).0
[INFO] [stdout] 347 | |             }
[INFO] [stdout]     | |_____________^ duplicate definition
[INFO] [stdout] ...
[INFO] [stdout] 533 |   impl_nonstandard_int!(unsigned: usize);
[INFO] [stdout]     |   -------------------------------------- in this macro invocation
[INFO] [stdout]     |
[INFO] [stdout]    ::: src/non_standard_integer.rs:112:5
[INFO] [stdout]     |
[INFO] [stdout] 112 |       fn wrapping_rem(self, rhs: Self) -> Self;
[INFO] [stdout]     |       ----------------------------------------- item in trait
[INFO] [stdout]     |
[INFO] [stdout]     = note: this error originates in the macro `impl_nonstandard_int` (in Nightly builds, run with -Z macro-backtrace for more info)
[INFO] [stdout] 
[INFO] [stdout] 
[INFO] [stdout] error[E0201]: duplicate definitions with name `wrapping_rem`:
[INFO] [stdout]    --> src/integer.rs:521:13
[INFO] [stdout]     |
[INFO] [stdout] 203 | /         fn wrapping_rem(self, rhs: Self) -> Self {
[INFO] [stdout] 204 | |             Self(self.0.wrapping_rem(rhs.0))
[INFO] [stdout] 205 | |         }
[INFO] [stdout]     | |_________- previous definition here
[INFO] [stdout] ...
[INFO] [stdout] 521 | /             fn wrapping_rem(self, rhs: Self) -> Self {
[INFO] [stdout] 522 | |                 self.overflowing_rem(rhs).0
[INFO] [stdout] 523 | |             }
[INFO] [stdout]     | |_____________^ duplicate definition
[INFO] [stdout] ...
[INFO] [stdout] 535 |   impl_nonstandard_int!(signed: i8);
[INFO] [stdout]     |   --------------------------------- in this macro invocation
[INFO] [stdout]     |
[INFO] [stdout]    ::: src/non_standard_integer.rs:112:5
[INFO] [stdout]     |
[INFO] [stdout] 112 |       fn wrapping_rem(self, rhs: Self) -> Self;
[INFO] [stdout]     |       ----------------------------------------- item in trait
[INFO] [stdout]     |
[INFO] [stdout]     = note: this error originates in the macro `impl_nonstandard_int` (in Nightly builds, run with -Z macro-backtrace for more info)
[INFO] [stdout] 
[INFO] [stdout] 
[INFO] [stdout] error[E0201]: duplicate definitions with name `wrapping_rem`:
[INFO] [stdout]    --> src/integer.rs:521:13
[INFO] [stdout]     |
[INFO] [stdout] 203 | /         fn wrapping_rem(self, rhs: Self) -> Self {
[INFO] [stdout] 204 | |             Self(self.0.wrapping_rem(rhs.0))
[INFO] [stdout] 205 | |         }
[INFO] [stdout]     | |_________- previous definition here
[INFO] [stdout] ...
[INFO] [stdout] 521 | /             fn wrapping_rem(self, rhs: Self) -> Self {
[INFO] [stdout] 522 | |                 self.overflowing_rem(rhs).0
[INFO] [stdout] 523 | |             }
[INFO] [stdout]     | |_____________^ duplicate definition
[INFO] [stdout] ...
[INFO] [stdout] 536 |   impl_nonstandard_int!(signed: i16);
[INFO] [stdout]     |   ---------------------------------- in this macro invocation
[INFO] [stdout]     |
[INFO] [stdout]    ::: src/non_standard_integer.rs:112:5
[INFO] [stdout]     |
[INFO] [stdout] 112 |       fn wrapping_rem(self, rhs: Self) -> Self;
[INFO] [stdout]     |       ----------------------------------------- item in trait
[INFO] [stdout]     |
[INFO] [stdout]     = note: this error originates in the macro `impl_nonstandard_int` (in Nightly builds, run with -Z macro-backtrace for more info)
[INFO] [stdout] 
[INFO] [stdout] 
[INFO] [stdout] error[E0201]: duplicate definitions with name `wrapping_rem`:
[INFO] [stdout]    --> src/integer.rs:521:13
[INFO] [stdout]     |
[INFO] [stdout] 203 | /         fn wrapping_rem(self, rhs: Self) -> Self {
[INFO] [stdout] 204 | |             Self(self.0.wrapping_rem(rhs.0))
[INFO] [stdout] 205 | |         }
[INFO] [stdout]     | |_________- previous definition here
[INFO] [stdout] ...
[INFO] [stdout] 521 | /             fn wrapping_rem(self, rhs: Self) -> Self {
[INFO] [stdout] 522 | |                 self.overflowing_rem(rhs).0
[INFO] [stdout] 523 | |             }
[INFO] [stdout]     | |_____________^ duplicate definition
[INFO] [stdout] ...
[INFO] [stdout] 537 |   impl_nonstandard_int!(signed: i32);
[INFO] [stdout]     |   ---------------------------------- in this macro invocation
[INFO] [stdout]     |
[INFO] [stdout]    ::: src/non_standard_integer.rs:112:5
[INFO] [stdout]     |
[INFO] [stdout] 112 |       fn wrapping_rem(self, rhs: Self) -> Self;
[INFO] [stdout]     |       ----------------------------------------- item in trait
[INFO] [stdout]     |
[INFO] [stdout]     = note: this error originates in the macro `impl_nonstandard_int` (in Nightly builds, run with -Z macro-backtrace for more info)
[INFO] [stdout] 
[INFO] [stdout] 
[INFO] [stdout] error[E0201]: duplicate definitions with name `wrapping_rem`:
[INFO] [stdout]    --> src/integer.rs:521:13
[INFO] [stdout]     |
[INFO] [stdout] 203 | /         fn wrapping_rem(self, rhs: Self) -> Self {
[INFO] [stdout] 204 | |             Self(self.0.wrapping_rem(rhs.0))
[INFO] [stdout] 205 | |         }
[INFO] [stdout]     | |_________- previous definition here
[INFO] [stdout] ...
[INFO] [stdout] 521 | /             fn wrapping_rem(self, rhs: Self) -> Self {
[INFO] [stdout] 522 | |                 self.overflowing_rem(rhs).0
[INFO] [stdout] 523 | |             }
[INFO] [stdout]     | |_____________^ duplicate definition
[INFO] [stdout] ...
[INFO] [stdout] 538 |   impl_nonstandard_int!(signed: i64);
[INFO] [stdout]     |   ---------------------------------- in this macro invocation
[INFO] [stdout]     |
[INFO] [stdout]    ::: src/non_standard_integer.rs:112:5
[INFO] [stdout]     |
[INFO] [stdout] 112 |       fn wrapping_rem(self, rhs: Self) -> Self;
[INFO] [stdout]     |       ----------------------------------------- item in trait
[INFO] [stdout]     |
[INFO] [stdout]     = note: this error originates in the macro `impl_nonstandard_int` (in Nightly builds, run with -Z macro-backtrace for more info)
[INFO] [stdout] 
[INFO] [stdout] 
[INFO] [stdout] error[E0201]: duplicate definitions with name `wrapping_rem`:
[INFO] [stdout]    --> src/integer.rs:521:13
[INFO] [stdout]     |
[INFO] [stdout] 203 | /         fn wrapping_rem(self, rhs: Self) -> Self {
[INFO] [stdout] 204 | |             Self(self.0.wrapping_rem(rhs.0))
[INFO] [stdout] 205 | |         }
[INFO] [stdout]     | |_________- previous definition here
[INFO] [stdout] ...
[INFO] [stdout] 521 | /             fn wrapping_rem(self, rhs: Self) -> Self {
[INFO] [stdout] 522 | |                 self.overflowing_rem(rhs).0
[INFO] [stdout] 523 | |             }
[INFO] [stdout]     | |_____________^ duplicate definition
[INFO] [stdout] ...
[INFO] [stdout] 539 |   impl_nonstandard_int!(signed: i128);
[INFO] [stdout]     |   ----------------------------------- in this macro invocation
[INFO] [stdout]     |
[INFO] [stdout]    ::: src/non_standard_integer.rs:112:5
[INFO] [stdout]     |
[INFO] [stdout] 112 |       fn wrapping_rem(self, rhs: Self) -> Self;
[INFO] [stdout]     |       ----------------------------------------- item in trait
[INFO] [stdout]     |
[INFO] [stdout]     = note: this error originates in the macro `impl_nonstandard_int` (in Nightly builds, run with -Z macro-backtrace for more info)
[INFO] [stdout] 
[INFO] [stdout] 
[INFO] [stdout] error[E0201]: duplicate definitions with name `wrapping_rem`:
[INFO] [stdout]    --> src/integer.rs:521:13
[INFO] [stdout]     |
[INFO] [stdout] 203 | /         fn wrapping_rem(self, rhs: Self) -> Self {
[INFO] [stdout] 204 | |             Self(self.0.wrapping_rem(rhs.0))
[INFO] [stdout] 205 | |         }
[INFO] [stdout]     | |_________- previous definition here
[INFO] [stdout] ...
[INFO] [stdout] 521 | /             fn wrapping_rem(self, rhs: Self) -> Self {
[INFO] [stdout] 522 | |                 self.overflowing_rem(rhs).0
[INFO] [stdout] 523 | |             }
[INFO] [stdout]     | |_____________^ duplicate definition
[INFO] [stdout] ...
[INFO] [stdout] 540 |   impl_nonstandard_int!(signed: isize);
[INFO] [stdout]     |   ------------------------------------ in this macro invocation
[INFO] [stdout]     |
[INFO] [stdout]    ::: src/non_standard_integer.rs:112:5
[INFO] [stdout]     |
[INFO] [stdout] 112 |       fn wrapping_rem(self, rhs: Self) -> Self;
[INFO] [stdout]     |       ----------------------------------------- item in trait
[INFO] [stdout]     |
[INFO] [stdout]     = note: this error originates in the macro `impl_nonstandard_int` (in Nightly builds, run with -Z macro-backtrace for more info)
[INFO] [stdout] 
[INFO] [stdout] 
[INFO] [stdout] error: aborting due to 12 previous errors
[INFO] [stdout] 
[INFO] [stdout] 
[INFO] [stdout] For more information about this error, try `rustc --explain E0201`.
[INFO] [stdout] 
[INFO] [stderr] error: could not compile `anyint` (lib) due to 13 previous errors
[INFO] [stderr] warning: build failed, waiting for other jobs to finish...
[INFO] [stdout] error: aborting due to 12 previous errors
[INFO] [stdout] 
[INFO] [stdout] 
[INFO] [stdout] For more information about this error, try `rustc --explain E0201`.
[INFO] [stdout] 
[INFO] [stderr] error: could not compile `anyint` (lib test) due to 13 previous errors
[INFO] running `Command { std: "docker" "inspect" "3175bb68d260504f0293e76ca3eba6fb10c12bff6e94ae21657a45180d74b696", kill_on_drop: false }`
[INFO] running `Command { std: "docker" "rm" "-f" "3175bb68d260504f0293e76ca3eba6fb10c12bff6e94ae21657a45180d74b696", kill_on_drop: false }`
[INFO] [stdout] 3175bb68d260504f0293e76ca3eba6fb10c12bff6e94ae21657a45180d74b696
[INFO] checking anyint-0.1.0 against nightly-2024-02-05+rustflags=-Dunexpected_cfgs+cargoflags=-Zcheck-cfg for check-cfg
[INFO] extracting crate anyint 0.1.0 into /workspace/builds/worker-1-tc2/source
[INFO] validating manifest of crates.io crate anyint 0.1.0 on toolchain nightly-2024-02-05
[INFO] running `Command { std: CARGO_HOME="/workspace/cargo-home" RUSTUP_HOME="/workspace/rustup-home" "/workspace/cargo-home/bin/cargo" "+nightly-2024-02-05" "metadata" "--manifest-path" "Cargo.toml" "--no-deps", kill_on_drop: false }`
[INFO] started tweaking crates.io crate anyint 0.1.0
[INFO] finished tweaking crates.io crate anyint 0.1.0
[INFO] tweaked toml for crates.io crate anyint 0.1.0 written to /workspace/builds/worker-1-tc2/source/Cargo.toml
[INFO] running `Command { std: CARGO_HOME="/workspace/cargo-home" RUSTUP_HOME="/workspace/rustup-home" "/workspace/cargo-home/bin/cargo" "+nightly-2024-02-05" "generate-lockfile" "--manifest-path" "Cargo.toml", kill_on_drop: false }`
[INFO] [stderr]     Updating crates.io index
[INFO] running `Command { std: CARGO_HOME="/workspace/cargo-home" RUSTUP_HOME="/workspace/rustup-home" "/workspace/cargo-home/bin/cargo" "+nightly-2024-02-05" "fetch" "--manifest-path" "Cargo.toml", kill_on_drop: false }`
[INFO] running `Command { std: "docker" "create" "-v" "/var/lib/crater-agent-workspace/builds/worker-1-tc2/target:/opt/rustwide/target:rw,Z" "-v" "/var/lib/crater-agent-workspace/builds/worker-1-tc2/source:/opt/rustwide/workdir:ro,Z" "-v" "/var/lib/crater-agent-workspace/cargo-home:/opt/rustwide/cargo-home:ro,Z" "-v" "/var/lib/crater-agent-workspace/rustup-home:/opt/rustwide/rustup-home:ro,Z" "-e" "SOURCE_DIR=/opt/rustwide/workdir" "-e" "CARGO_TARGET_DIR=/opt/rustwide/target" "-e" "CARGO_HOME=/opt/rustwide/cargo-home" "-e" "RUSTUP_HOME=/opt/rustwide/rustup-home" "-w" "/opt/rustwide/workdir" "-m" "1610612736" "--user" "0:0" "--network" "none" "ghcr.io/rust-lang/crates-build-env/linux@sha256:2788e3201cd34a07e3172128adcd8b3090168a8e3bcc40d7c032b9dda1df7d1c" "/opt/rustwide/cargo-home/bin/cargo" "+nightly-2024-02-05" "metadata" "--no-deps" "--format-version=1", kill_on_drop: false }`
[INFO] [stdout] cd61ee92fbc7bacaf3f99db2131aaa0e175f42595787e7eae178e280176ee1ee
[INFO] running `Command { std: "docker" "start" "-a" "cd61ee92fbc7bacaf3f99db2131aaa0e175f42595787e7eae178e280176ee1ee", kill_on_drop: false }`
[INFO] running `Command { std: "docker" "inspect" "cd61ee92fbc7bacaf3f99db2131aaa0e175f42595787e7eae178e280176ee1ee", kill_on_drop: false }`
[INFO] running `Command { std: "docker" "rm" "-f" "cd61ee92fbc7bacaf3f99db2131aaa0e175f42595787e7eae178e280176ee1ee", kill_on_drop: false }`
[INFO] [stdout] cd61ee92fbc7bacaf3f99db2131aaa0e175f42595787e7eae178e280176ee1ee
[INFO] running `Command { std: "docker" "create" "-v" "/var/lib/crater-agent-workspace/builds/worker-1-tc2/target:/opt/rustwide/target:rw,Z" "-v" "/var/lib/crater-agent-workspace/builds/worker-1-tc2/source:/opt/rustwide/workdir:ro,Z" "-v" "/var/lib/crater-agent-workspace/cargo-home:/opt/rustwide/cargo-home:ro,Z" "-v" "/var/lib/crater-agent-workspace/rustup-home:/opt/rustwide/rustup-home:ro,Z" "-e" "SOURCE_DIR=/opt/rustwide/workdir" "-e" "CARGO_TARGET_DIR=/opt/rustwide/target" "-e" "CARGO_INCREMENTAL=0" "-e" "RUST_BACKTRACE=full" "-e" "RUSTFLAGS=--cap-lints=forbid -Dunexpected_cfgs" "-e" "RUSTDOCFLAGS=--cap-lints=forbid" "-e" "CARGO_HOME=/opt/rustwide/cargo-home" "-e" "RUSTUP_HOME=/opt/rustwide/rustup-home" "-w" "/opt/rustwide/workdir" "-m" "1610612736" "--user" "0:0" "--network" "none" "ghcr.io/rust-lang/crates-build-env/linux@sha256:2788e3201cd34a07e3172128adcd8b3090168a8e3bcc40d7c032b9dda1df7d1c" "/opt/rustwide/cargo-home/bin/cargo" "+nightly-2024-02-05" "check" "--frozen" "--all" "--all-targets" "--message-format=json" "-Zcheck-cfg", kill_on_drop: false }`
[INFO] [stdout] b8e20feab5c7672075e1989e33641125949cf22278186be2a02a217a0bd24a1c
[INFO] running `Command { std: "docker" "start" "-a" "b8e20feab5c7672075e1989e33641125949cf22278186be2a02a217a0bd24a1c", kill_on_drop: false }`
[INFO] [stderr]    Compiling hashbrown v0.14.3
[INFO] [stderr]    Compiling equivalent v1.0.1
[INFO] [stderr]    Compiling winnow v0.5.37
[INFO] [stderr]    Compiling toml_datetime v0.6.5
[INFO] [stderr]    Compiling once_cell v1.19.0
[INFO] [stderr]    Compiling thiserror v1.0.56
[INFO] [stderr]    Compiling syn v2.0.48
[INFO] [stderr]    Compiling syn v1.0.109
[INFO] [stderr]    Compiling indexmap v2.2.2
[INFO] [stderr]    Compiling toml_edit v0.19.15
[INFO] [stderr]    Compiling thiserror-impl v1.0.56
[INFO] [stderr]    Compiling displaydoc v0.2.4
[INFO] [stderr]    Compiling proc-macro-crate v1.3.1
[INFO] [stderr]    Compiling anyint_macros v0.1.0
[INFO] [stderr]     Checking anyint v0.1.0 (/opt/rustwide/workdir)
[INFO] [stdout] error[E0201]: duplicate definitions with name `wrapping_rem`:
[INFO] [stdout]    --> src/integer.rs:345:13
[INFO] [stdout]     |
[INFO] [stdout] 203 | /         fn wrapping_rem(self, rhs: Self) -> Self {
[INFO] [stdout] 204 | |             Self(self.0.wrapping_rem(rhs.0))
[INFO] [stdout] 205 | |         }
[INFO] [stdout]     | |_________- previous definition here
[INFO] [stdout] ...
[INFO] [stdout] 345 | /             fn wrapping_rem(self, rhs: Self) -> Self {
[INFO] [stdout] 346 | |                 self.overflowing_rem(rhs).0
[INFO] [stdout] 347 | |             }
[INFO] [stdout]     | |_____________^ duplicate definition
[INFO] [stdout] ...
[INFO] [stdout] 528 |   impl_nonstandard_int!(unsigned: u8);
[INFO] [stdout]     |   ----------------------------------- in this macro invocation
[INFO] [stdout]     |
[INFO] [stdout]    ::: src/non_standard_integer.rs:112:5
[INFO] [stdout]     |
[INFO] [stdout] 112 |       fn wrapping_rem(self, rhs: Self) -> Self;
[INFO] [stdout]     |       ----------------------------------------- item in trait
[INFO] [stdout]     |
[INFO] [stdout]     = note: this error originates in the macro `impl_nonstandard_int` (in Nightly builds, run with -Z macro-backtrace for more info)
[INFO] [stdout] 
[INFO] [stdout] 
[INFO] [stdout] error[E0201]: duplicate definitions with name `wrapping_rem`:
[INFO] [stdout]    --> src/integer.rs:345:13
[INFO] [stdout]     |
[INFO] [stdout] 203 | /         fn wrapping_rem(self, rhs: Self) -> Self {
[INFO] [stdout] 204 | |             Self(self.0.wrapping_rem(rhs.0))
[INFO] [stdout] 205 | |         }
[INFO] [stdout]     | |_________- previous definition here
[INFO] [stdout] ...
[INFO] [stdout] 345 | /             fn wrapping_rem(self, rhs: Self) -> Self {
[INFO] [stdout] 346 | |                 self.overflowing_rem(rhs).0
[INFO] [stdout] 347 | |             }
[INFO] [stdout]     | |_____________^ duplicate definition
[INFO] [stdout] ...
[INFO] [stdout] 529 |   impl_nonstandard_int!(unsigned: u16);
[INFO] [stdout]     |   ------------------------------------ in this macro invocation
[INFO] [stdout]     |
[INFO] [stdout]    ::: src/non_standard_integer.rs:112:5
[INFO] [stdout]     |
[INFO] [stdout] 112 |       fn wrapping_rem(self, rhs: Self) -> Self;
[INFO] [stdout]     |       ----------------------------------------- item in trait
[INFO] [stdout]     |
[INFO] [stdout]     = note: this error originates in the macro `impl_nonstandard_int` (in Nightly builds, run with -Z macro-backtrace for more info)
[INFO] [stdout] 
[INFO] [stdout] 
[INFO] [stdout] error[E0201]: duplicate definitions with name `wrapping_rem`:
[INFO] [stdout]    --> src/integer.rs:345:13
[INFO] [stdout]     |
[INFO] [stdout] 203 | /         fn wrapping_rem(self, rhs: Self) -> Self {
[INFO] [stdout] 204 | |             Self(self.0.wrapping_rem(rhs.0))
[INFO] [stdout] 205 | |         }
[INFO] [stdout]     | |_________- previous definition here
[INFO] [stdout] ...
[INFO] [stdout] 345 | /             fn wrapping_rem(self, rhs: Self) -> Self {
[INFO] [stdout] 346 | |                 self.overflowing_rem(rhs).0
[INFO] [stdout] 347 | |             }
[INFO] [stdout]     | |_____________^ duplicate definition
[INFO] [stdout] ...
[INFO] [stdout] 530 |   impl_nonstandard_int!(unsigned: u32);
[INFO] [stdout]     |   ------------------------------------ in this macro invocation
[INFO] [stdout]     |
[INFO] [stdout]    ::: src/non_standard_integer.rs:112:5
[INFO] [stdout]     |
[INFO] [stdout] 112 |       fn wrapping_rem(self, rhs: Self) -> Self;
[INFO] [stdout]     |       ----------------------------------------- item in trait
[INFO] [stdout]     |
[INFO] [stdout]     = note: this error originates in the macro `impl_nonstandard_int` (in Nightly builds, run with -Z macro-backtrace for more info)
[INFO] [stdout] 
[INFO] [stdout] 
[INFO] [stdout] error[E0201]: duplicate definitions with name `wrapping_rem`:
[INFO] [stdout]    --> src/integer.rs:345:13
[INFO] [stdout]     |
[INFO] [stdout] 203 | /         fn wrapping_rem(self, rhs: Self) -> Self {
[INFO] [stdout] 204 | |             Self(self.0.wrapping_rem(rhs.0))
[INFO] [stdout] 205 | |         }
[INFO] [stdout]     | |_________- previous definition here
[INFO] [stdout] ...
[INFO] [stdout] 345 | /             fn wrapping_rem(self, rhs: Self) -> Self {
[INFO] [stdout] 346 | |                 self.overflowing_rem(rhs).0
[INFO] [stdout] 347 | |             }
[INFO] [stdout]     | |_____________^ duplicate definition
[INFO] [stdout] ...
[INFO] [stdout] 531 |   impl_nonstandard_int!(unsigned: u64);
[INFO] [stdout]     |   ------------------------------------ in this macro invocation
[INFO] [stdout]     |
[INFO] [stdout]    ::: src/non_standard_integer.rs:112:5
[INFO] [stdout]     |
[INFO] [stdout] 112 |       fn wrapping_rem(self, rhs: Self) -> Self;
[INFO] [stdout]     |       ----------------------------------------- item in trait
[INFO] [stdout]     |
[INFO] [stdout]     = note: this error originates in the macro `impl_nonstandard_int` (in Nightly builds, run with -Z macro-backtrace for more info)
[INFO] [stdout] 
[INFO] [stdout] 
[INFO] [stdout] error[E0201]: duplicate definitions with name `wrapping_rem`:
[INFO] [stdout]    --> src/integer.rs:345:13
[INFO] [stdout]     |
[INFO] [stdout] 203 | /         fn wrapping_rem(self, rhs: Self) -> Self {
[INFO] [stdout] 204 | |             Self(self.0.wrapping_rem(rhs.0))
[INFO] [stdout] 205 | |         }
[INFO] [stdout]     | |_________- previous definition here
[INFO] [stdout] ...
[INFO] [stdout] 345 | /             fn wrapping_rem(self, rhs: Self) -> Self {
[INFO] [stdout] 346 | |                 self.overflowing_rem(rhs).0
[INFO] [stdout] 347 | |             }
[INFO] [stdout]     | |_____________^ duplicate definition
[INFO] [stdout] ...
[INFO] [stdout] 532 |   impl_nonstandard_int!(unsigned: u128);
[INFO] [stdout]     |   ------------------------------------- in this macro invocation
[INFO] [stdout]     |
[INFO] [stdout]    ::: src/non_standard_integer.rs:112:5
[INFO] [stdout]     |
[INFO] [stdout] 112 |       fn wrapping_rem(self, rhs: Self) -> Self;
[INFO] [stdout]     |       ----------------------------------------- item in trait
[INFO] [stdout]     |
[INFO] [stdout]     = note: this error originates in the macro `impl_nonstandard_int` (in Nightly builds, run with -Z macro-backtrace for more info)
[INFO] [stdout] 
[INFO] [stdout] 
[INFO] [stdout] error[E0201]: duplicate definitions with name `wrapping_rem`:
[INFO] [stdout]    --> src/integer.rs:345:13
[INFO] [stdout]     |
[INFO] [stdout] 203 | /         fn wrapping_rem(self, rhs: Self) -> Self {
[INFO] [stdout] 204 | |             Self(self.0.wrapping_rem(rhs.0))
[INFO] [stdout] 205 | |         }
[INFO] [stdout]     | |_________- previous definition here
[INFO] [stdout] ...
[INFO] [stdout] 345 | /             fn wrapping_rem(self, rhs: Self) -> Self {
[INFO] [stdout] 346 | |                 self.overflowing_rem(rhs).0
[INFO] [stdout] 347 | |             }
[INFO] [stdout]     | |_____________^ duplicate definition
[INFO] [stdout] ...
[INFO] [stdout] 533 |   impl_nonstandard_int!(unsigned: usize);
[INFO] [stdout]     |   -------------------------------------- in this macro invocation
[INFO] [stdout]     |
[INFO] [stdout]    ::: src/non_standard_integer.rs:112:5
[INFO] [stdout]     |
[INFO] [stdout] 112 |       fn wrapping_rem(self, rhs: Self) -> Self;
[INFO] [stdout]     |       ----------------------------------------- item in trait
[INFO] [stdout]     |
[INFO] [stdout]     = note: this error originates in the macro `impl_nonstandard_int` (in Nightly builds, run with -Z macro-backtrace for more info)
[INFO] [stdout] 
[INFO] [stdout] 
[INFO] [stdout] error[E0201]: duplicate definitions with name `wrapping_rem`:
[INFO] [stdout]    --> src/integer.rs:521:13
[INFO] [stdout]     |
[INFO] [stdout] 203 | /         fn wrapping_rem(self, rhs: Self) -> Self {
[INFO] [stdout] 204 | |             Self(self.0.wrapping_rem(rhs.0))
[INFO] [stdout] 205 | |         }
[INFO] [stdout]     | |_________- previous definition here
[INFO] [stdout] ...
[INFO] [stdout] 521 | /             fn wrapping_rem(self, rhs: Self) -> Self {
[INFO] [stdout] 522 | |                 self.overflowing_rem(rhs).0
[INFO] [stdout] 523 | |             }
[INFO] [stdout]     | |_____________^ duplicate definition
[INFO] [stdout] ...
[INFO] [stdout] 535 |   impl_nonstandard_int!(signed: i8);
[INFO] [stdout]     |   --------------------------------- in this macro invocation
[INFO] [stdout]     |
[INFO] [stdout]    ::: src/non_standard_integer.rs:112:5
[INFO] [stdout]     |
[INFO] [stdout] 112 |       fn wrapping_rem(self, rhs: Self) -> Self;
[INFO] [stdout]     |       ----------------------------------------- item in trait
[INFO] [stdout]     |
[INFO] [stdout]     = note: this error originates in the macro `impl_nonstandard_int` (in Nightly builds, run with -Z macro-backtrace for more info)
[INFO] [stdout] 
[INFO] [stdout] 
[INFO] [stdout] error[E0201]: duplicate definitions with name `wrapping_rem`:
[INFO] [stdout]    --> src/integer.rs:521:13
[INFO] [stdout]     |
[INFO] [stdout] 203 | /         fn wrapping_rem(self, rhs: Self) -> Self {
[INFO] [stdout] 204 | |             Self(self.0.wrapping_rem(rhs.0))
[INFO] [stdout] 205 | |         }
[INFO] [stdout]     | |_________- previous definition here
[INFO] [stdout] ...
[INFO] [stdout] 521 | /             fn wrapping_rem(self, rhs: Self) -> Self {
[INFO] [stdout] 522 | |                 self.overflowing_rem(rhs).0
[INFO] [stdout] 523 | |             }
[INFO] [stdout]     | |_____________^ duplicate definition
[INFO] [stdout] ...
[INFO] [stdout] 536 |   impl_nonstandard_int!(signed: i16);
[INFO] [stdout]     |   ---------------------------------- in this macro invocation
[INFO] [stdout]     |
[INFO] [stdout]    ::: src/non_standard_integer.rs:112:5
[INFO] [stdout]     |
[INFO] [stdout] 112 |       fn wrapping_rem(self, rhs: Self) -> Self;
[INFO] [stdout]     |       ----------------------------------------- item in trait
[INFO] [stdout]     |
[INFO] [stdout]     = note: this error originates in the macro `impl_nonstandard_int` (in Nightly builds, run with -Z macro-backtrace for more info)
[INFO] [stdout] 
[INFO] [stdout] 
[INFO] [stdout] error[E0201]: duplicate definitions with name `wrapping_rem`:
[INFO] [stdout]    --> src/integer.rs:521:13
[INFO] [stdout]     |
[INFO] [stdout] 203 | /         fn wrapping_rem(self, rhs: Self) -> Self {
[INFO] [stdout] 204 | |             Self(self.0.wrapping_rem(rhs.0))
[INFO] [stdout] 205 | |         }
[INFO] [stdout]     | |_________- previous definition here
[INFO] [stdout] ...
[INFO] [stdout] 521 | /             fn wrapping_rem(self, rhs: Self) -> Self {
[INFO] [stdout] 522 | |                 self.overflowing_rem(rhs).0
[INFO] [stdout] 523 | |             }
[INFO] [stdout]     | |_____________^ duplicate definition
[INFO] [stdout] ...
[INFO] [stdout] 537 |   impl_nonstandard_int!(signed: i32);
[INFO] [stdout]     |   ---------------------------------- in this macro invocation
[INFO] [stdout]     |
[INFO] [stdout]    ::: src/non_standard_integer.rs:112:5
[INFO] [stdout]     |
[INFO] [stdout] 112 |       fn wrapping_rem(self, rhs: Self) -> Self;
[INFO] [stdout]     |       ----------------------------------------- item in trait
[INFO] [stdout]     |
[INFO] [stdout]     = note: this error originates in the macro `impl_nonstandard_int` (in Nightly builds, run with -Z macro-backtrace for more info)
[INFO] [stdout] 
[INFO] [stdout] 
[INFO] [stdout] error[E0201]: duplicate definitions with name `wrapping_rem`:
[INFO] [stdout]    --> src/integer.rs:521:13
[INFO] [stdout]     |
[INFO] [stdout] 203 | /         fn wrapping_rem(self, rhs: Self) -> Self {
[INFO] [stdout] 204 | |             Self(self.0.wrapping_rem(rhs.0))
[INFO] [stdout] 205 | |         }
[INFO] [stdout]     | |_________- previous definition here
[INFO] [stdout] ...
[INFO] [stdout] 521 | /             fn wrapping_rem(self, rhs: Self) -> Self {
[INFO] [stdout] 522 | |                 self.overflowing_rem(rhs).0
[INFO] [stdout] 523 | |             }
[INFO] [stdout]     | |_____________^ duplicate definition
[INFO] [stdout] ...
[INFO] [stdout] 538 |   impl_nonstandard_int!(signed: i64);
[INFO] [stdout]     |   ---------------------------------- in this macro invocation
[INFO] [stdout]     |
[INFO] [stdout]    ::: src/non_standard_integer.rs:112:5
[INFO] [stdout]     |
[INFO] [stdout] 112 |       fn wrapping_rem(self, rhs: Self) -> Self;
[INFO] [stdout]     |       ----------------------------------------- item in trait
[INFO] [stdout]     |
[INFO] [stdout]     = note: this error originates in the macro `impl_nonstandard_int` (in Nightly builds, run with -Z macro-backtrace for more info)
[INFO] [stdout] 
[INFO] [stdout] 
[INFO] [stdout] error[E0201]: duplicate definitions with name `wrapping_rem`:
[INFO] [stdout]    --> src/integer.rs:521:13
[INFO] [stdout]     |
[INFO] [stdout] 203 | /         fn wrapping_rem(self, rhs: Self) -> Self {
[INFO] [stdout] 204 | |             Self(self.0.wrapping_rem(rhs.0))
[INFO] [stdout] 205 | |         }
[INFO] [stdout]     | |_________- previous definition here
[INFO] [stdout] ...
[INFO] [stdout] 521 | /             fn wrapping_rem(self, rhs: Self) -> Self {
[INFO] [stdout] 522 | |                 self.overflowing_rem(rhs).0
[INFO] [stdout] 523 | |             }
[INFO] [stdout]     | |_____________^ duplicate definition
[INFO] [stdout] ...
[INFO] [stdout] 539 |   impl_nonstandard_int!(signed: i128);
[INFO] [stdout]     |   ----------------------------------- in this macro invocation
[INFO] [stdout]     |
[INFO] [stdout]    ::: src/non_standard_integer.rs:112:5
[INFO] [stdout]     |
[INFO] [stdout] 112 |       fn wrapping_rem(self, rhs: Self) -> Self;
[INFO] [stdout]     |       ----------------------------------------- item in trait
[INFO] [stdout]     |
[INFO] [stdout]     = note: this error originates in the macro `impl_nonstandard_int` (in Nightly builds, run with -Z macro-backtrace for more info)
[INFO] [stdout] 
[INFO] [stdout] 
[INFO] [stdout] error[E0201]: duplicate definitions with name `wrapping_rem`:
[INFO] [stdout]    --> src/integer.rs:521:13
[INFO] [stdout]     |
[INFO] [stdout] 203 | /         fn wrapping_rem(self, rhs: Self) -> Self {
[INFO] [stdout] 204 | |             Self(self.0.wrapping_rem(rhs.0))
[INFO] [stdout] 205 | |         }
[INFO] [stdout]     | |_________- previous definition here
[INFO] [stdout] ...
[INFO] [stdout] 521 | /             fn wrapping_rem(self, rhs: Self) -> Self {
[INFO] [stdout] 522 | |                 self.overflowing_rem(rhs).0
[INFO] [stdout] 523 | |             }
[INFO] [stdout]     | |_____________^ duplicate definition
[INFO] [stdout] ...
[INFO] [stdout] 540 |   impl_nonstandard_int!(signed: isize);
[INFO] [stdout]     |   ------------------------------------ in this macro invocation
[INFO] [stdout]     |
[INFO] [stdout]    ::: src/non_standard_integer.rs:112:5
[INFO] [stdout]     |
[INFO] [stdout] 112 |       fn wrapping_rem(self, rhs: Self) -> Self;
[INFO] [stdout]     |       ----------------------------------------- item in trait
[INFO] [stdout]     |
[INFO] [stdout]     = note: this error originates in the macro `impl_nonstandard_int` (in Nightly builds, run with -Z macro-backtrace for more info)
[INFO] [stdout] 
[INFO] [stdout] 
[INFO] [stdout] error: unexpected `cfg` condition name: `displaydoc`
[INFO] [stdout]  --> src/error.rs:3:7
[INFO] [stdout]   |
[INFO] [stdout] 3 | #[cfg(displaydoc)]
[INFO] [stdout]   |       ^^^^^^^^^^
[INFO] [stdout]   |
[INFO] [stdout]   = help: expected names are: `debug_assertions`, `doc`, `doctest`, `feature`, `miri`, `overflow_checks`, `panic`, `proc_macro`, `relocation_model`, `sanitize`, `sanitizer_cfi_generalize_pointers`, `sanitizer_cfi_normalize_integers`, `target_abi`, `target_arch`, `target_endian`, `target_env`, `target_family`, `target_feature`, `target_has_atomic`, `target_has_atomic_equal_alignment`, `target_has_atomic_load_store`, `target_os`, `target_pointer_width`, `target_thread_local`, `target_vendor`, `test`, `unix`, `windows`
[INFO] [stdout]   = help: consider using a Cargo feature instead or adding `println!("cargo:rustc-check-cfg=cfg(displaydoc)");` to the top of a `build.rs`
[INFO] [stdout]   = note: see <https://doc.rust-lang.org/nightly/cargo/reference/unstable.html#check-cfg> for more information about checking conditional configuration
[INFO] [stdout]   = note: requested on the command line with `-D unexpected-cfgs`
[INFO] [stdout] 
[INFO] [stdout] 
[INFO] [stdout] error: unexpected `cfg` condition name: `std`
[INFO] [stdout]  --> src/error.rs:8:5
[INFO] [stdout]   |
[INFO] [stdout] 8 |     std,
[INFO] [stdout]   |     ^^^
[INFO] [stdout]   |
[INFO] [stdout]   = help: consider using a Cargo feature instead or adding `println!("cargo:rustc-check-cfg=cfg(std)");` to the top of a `build.rs`
[INFO] [stdout]   = note: see <https://doc.rust-lang.org/nightly/cargo/reference/unstable.html#check-cfg> for more information about checking conditional configuration
[INFO] [stdout] 
[INFO] [stdout] 
[INFO] [stdout] error: unexpected `cfg` condition name: `displaydoc`
[INFO] [stdout]   --> src/error.rs:12:12
[INFO] [stdout]    |
[INFO] [stdout] 12 | #[cfg_attr(displaydoc, derive(Display))]
[INFO] [stdout]    |            ^^^^^^^^^^
[INFO] [stdout]    |
[INFO] [stdout]    = help: consider using a Cargo feature instead or adding `println!("cargo:rustc-check-cfg=cfg(displaydoc)");` to the top of a `build.rs`
[INFO] [stdout]    = note: see <https://doc.rust-lang.org/nightly/cargo/reference/unstable.html#check-cfg> for more information about checking conditional configuration
[INFO] [stdout] 
[INFO] [stdout] 
[INFO] [stdout] error: unexpected `cfg` condition name: `std`
[INFO] [stdout]   --> src/error.rs:28:12
[INFO] [stdout]    |
[INFO] [stdout] 28 | #[cfg_attr(std, derive(thiserror::Error))]
[INFO] [stdout]    |            ^^^
[INFO] [stdout]    |
[INFO] [stdout]    = help: consider using a Cargo feature instead or adding `println!("cargo:rustc-check-cfg=cfg(std)");` to the top of a `build.rs`
[INFO] [stdout]    = note: see <https://doc.rust-lang.org/nightly/cargo/reference/unstable.html#check-cfg> for more information about checking conditional configuration
[INFO] [stdout] 
[INFO] [stdout] 
[INFO] [stdout] error: unexpected `cfg` condition name: `displaydoc`
[INFO] [stdout]   --> src/error.rs:29:12
[INFO] [stdout]    |
[INFO] [stdout] 29 | #[cfg_attr(displaydoc, derive(Display))]
[INFO] [stdout]    |            ^^^^^^^^^^
[INFO] [stdout]    |
[INFO] [stdout]    = help: consider using a Cargo feature instead or adding `println!("cargo:rustc-check-cfg=cfg(displaydoc)");` to the top of a `build.rs`
[INFO] [stdout]    = note: see <https://doc.rust-lang.org/nightly/cargo/reference/unstable.html#check-cfg> for more information about checking conditional configuration
[INFO] [stdout] 
[INFO] [stdout] 
[INFO] [stdout] error[E0201]: duplicate definitions with name `wrapping_rem`:
[INFO] [stdout]    --> src/integer.rs:345:13
[INFO] [stdout]     |
[INFO] [stdout] 203 | /         fn wrapping_rem(self, rhs: Self) -> Self {
[INFO] [stdout] 204 | |             Self(self.0.wrapping_rem(rhs.0))
[INFO] [stdout] 205 | |         }
[INFO] [stdout]     | |_________- previous definition here
[INFO] [stdout] ...
[INFO] [stdout] 345 | /             fn wrapping_rem(self, rhs: Self) -> Self {
[INFO] [stdout] 346 | |                 self.overflowing_rem(rhs).0
[INFO] [stdout] 347 | |             }
[INFO] [stdout]     | |_____________^ duplicate definition
[INFO] [stdout] ...
[INFO] [stdout] 528 |   impl_nonstandard_int!(unsigned: u8);
[INFO] [stdout]     |   ----------------------------------- in this macro invocation
[INFO] [stdout]     |
[INFO] [stdout]    ::: src/non_standard_integer.rs:112:5
[INFO] [stdout]     |
[INFO] [stdout] 112 |       fn wrapping_rem(self, rhs: Self) -> Self;
[INFO] [stdout]     |       ----------------------------------------- item in trait
[INFO] [stdout]     |
[INFO] [stdout]     = note: this error originates in the macro `impl_nonstandard_int` (in Nightly builds, run with -Z macro-backtrace for more info)
[INFO] [stdout] 
[INFO] [stdout] 
[INFO] [stdout] error[E0201]: duplicate definitions with name `wrapping_rem`:
[INFO] [stdout]    --> src/integer.rs:345:13
[INFO] [stdout]     |
[INFO] [stdout] 203 | /         fn wrapping_rem(self, rhs: Self) -> Self {
[INFO] [stdout] 204 | |             Self(self.0.wrapping_rem(rhs.0))
[INFO] [stdout] 205 | |         }
[INFO] [stdout]     | |_________- previous definition here
[INFO] [stdout] ...
[INFO] [stdout] 345 | /             fn wrapping_rem(self, rhs: Self) -> Self {
[INFO] [stdout] 346 | |                 self.overflowing_rem(rhs).0
[INFO] [stdout] 347 | |             }
[INFO] [stdout]     | |_____________^ duplicate definition
[INFO] [stdout] ...
[INFO] [stdout] 529 |   impl_nonstandard_int!(unsigned: u16);
[INFO] [stdout]     |   ------------------------------------ in this macro invocation
[INFO] [stdout]     |
[INFO] [stdout]    ::: src/non_standard_integer.rs:112:5
[INFO] [stdout]     |
[INFO] [stdout] 112 |       fn wrapping_rem(self, rhs: Self) -> Self;
[INFO] [stdout]     |       ----------------------------------------- item in trait
[INFO] [stdout]     |
[INFO] [stdout]     = note: this error originates in the macro `impl_nonstandard_int` (in Nightly builds, run with -Z macro-backtrace for more info)
[INFO] [stdout] 
[INFO] [stdout] 
[INFO] [stdout] error[E0201]: duplicate definitions with name `wrapping_rem`:
[INFO] [stdout]    --> src/integer.rs:345:13
[INFO] [stdout]     |
[INFO] [stdout] 203 | /         fn wrapping_rem(self, rhs: Self) -> Self {
[INFO] [stdout] 204 | |             Self(self.0.wrapping_rem(rhs.0))
[INFO] [stdout] 205 | |         }
[INFO] [stdout]     | |_________- previous definition here
[INFO] [stdout] ...
[INFO] [stdout] 345 | /             fn wrapping_rem(self, rhs: Self) -> Self {
[INFO] [stdout] 346 | |                 self.overflowing_rem(rhs).0
[INFO] [stdout] 347 | |             }
[INFO] [stdout]     | |_____________^ duplicate definition
[INFO] [stdout] ...
[INFO] [stdout] 530 |   impl_nonstandard_int!(unsigned: u32);
[INFO] [stdout]     |   ------------------------------------ in this macro invocation
[INFO] [stdout]     |
[INFO] [stdout]    ::: src/non_standard_integer.rs:112:5
[INFO] [stdout]     |
[INFO] [stdout] 112 |       fn wrapping_rem(self, rhs: Self) -> Self;
[INFO] [stdout]     |       ----------------------------------------- item in trait
[INFO] [stdout]     |
[INFO] [stdout]     = note: this error originates in the macro `impl_nonstandard_int` (in Nightly builds, run with -Z macro-backtrace for more info)
[INFO] [stdout] 
[INFO] [stdout] 
[INFO] [stdout] error[E0201]: duplicate definitions with name `wrapping_rem`:
[INFO] [stdout]    --> src/integer.rs:345:13
[INFO] [stdout]     |
[INFO] [stdout] 203 | /         fn wrapping_rem(self, rhs: Self) -> Self {
[INFO] [stdout] 204 | |             Self(self.0.wrapping_rem(rhs.0))
[INFO] [stdout] 205 | |         }
[INFO] [stdout]     | |_________- previous definition here
[INFO] [stdout] ...
[INFO] [stdout] 345 | /             fn wrapping_rem(self, rhs: Self) -> Self {
[INFO] [stdout] 346 | |                 self.overflowing_rem(rhs).0
[INFO] [stdout] 347 | |             }
[INFO] [stdout]     | |_____________^ duplicate definition
[INFO] [stdout] ...
[INFO] [stdout] 531 |   impl_nonstandard_int!(unsigned: u64);
[INFO] [stdout]     |   ------------------------------------ in this macro invocation
[INFO] [stdout]     |
[INFO] [stdout]    ::: src/non_standard_integer.rs:112:5
[INFO] [stdout]     |
[INFO] [stdout] 112 |       fn wrapping_rem(self, rhs: Self) -> Self;
[INFO] [stdout]     |       ----------------------------------------- item in trait
[INFO] [stdout]     |
[INFO] [stdout]     = note: this error originates in the macro `impl_nonstandard_int` (in Nightly builds, run with -Z macro-backtrace for more info)
[INFO] [stdout] 
[INFO] [stdout] 
[INFO] [stdout] error[E0201]: duplicate definitions with name `wrapping_rem`:
[INFO] [stdout]    --> src/integer.rs:345:13
[INFO] [stdout]     |
[INFO] [stdout] 203 | /         fn wrapping_rem(self, rhs: Self) -> Self {
[INFO] [stdout] 204 | |             Self(self.0.wrapping_rem(rhs.0))
[INFO] [stdout] 205 | |         }
[INFO] [stdout]     | |_________- previous definition here
[INFO] [stdout] ...
[INFO] [stdout] 345 | /             fn wrapping_rem(self, rhs: Self) -> Self {
[INFO] [stdout] 346 | |                 self.overflowing_rem(rhs).0
[INFO] [stdout] 347 | |             }
[INFO] [stdout]     | |_____________^ duplicate definition
[INFO] [stdout] ...
[INFO] [stdout] 532 |   impl_nonstandard_int!(unsigned: u128);
[INFO] [stdout]     |   ------------------------------------- in this macro invocation
[INFO] [stdout]     |
[INFO] [stdout]    ::: src/non_standard_integer.rs:112:5
[INFO] [stdout]     |
[INFO] [stdout] 112 |       fn wrapping_rem(self, rhs: Self) -> Self;
[INFO] [stdout]     |       ----------------------------------------- item in trait
[INFO] [stdout]     |
[INFO] [stdout]     = note: this error originates in the macro `impl_nonstandard_int` (in Nightly builds, run with -Z macro-backtrace for more info)
[INFO] [stdout] 
[INFO] [stdout] 
[INFO] [stdout] error[E0201]: duplicate definitions with name `wrapping_rem`:
[INFO] [stdout]    --> src/integer.rs:345:13
[INFO] [stdout]     |
[INFO] [stdout] 203 | /         fn wrapping_rem(self, rhs: Self) -> Self {
[INFO] [stdout] 204 | |             Self(self.0.wrapping_rem(rhs.0))
[INFO] [stdout] 205 | |         }
[INFO] [stdout]     | |_________- previous definition here
[INFO] [stdout] ...
[INFO] [stdout] 345 | /             fn wrapping_rem(self, rhs: Self) -> Self {
[INFO] [stdout] 346 | |                 self.overflowing_rem(rhs).0
[INFO] [stdout] 347 | |             }
[INFO] [stdout]     | |_____________^ duplicate definition
[INFO] [stdout] ...
[INFO] [stdout] 533 |   impl_nonstandard_int!(unsigned: usize);
[INFO] [stdout]     |   -------------------------------------- in this macro invocation
[INFO] [stdout]     |
[INFO] [stdout]    ::: src/non_standard_integer.rs:112:5
[INFO] [stdout]     |
[INFO] [stdout] 112 |       fn wrapping_rem(self, rhs: Self) -> Self;
[INFO] [stdout]     |       ----------------------------------------- item in trait
[INFO] [stdout]     |
[INFO] [stdout]     = note: this error originates in the macro `impl_nonstandard_int` (in Nightly builds, run with -Z macro-backtrace for more info)
[INFO] [stdout] 
[INFO] [stdout] 
[INFO] [stdout] error[E0201]: duplicate definitions with name `wrapping_rem`:
[INFO] [stdout]    --> src/integer.rs:521:13
[INFO] [stdout]     |
[INFO] [stdout] 203 | /         fn wrapping_rem(self, rhs: Self) -> Self {
[INFO] [stdout] 204 | |             Self(self.0.wrapping_rem(rhs.0))
[INFO] [stdout] 205 | |         }
[INFO] [stdout]     | |_________- previous definition here
[INFO] [stdout] ...
[INFO] [stdout] 521 | /             fn wrapping_rem(self, rhs: Self) -> Self {
[INFO] [stdout] 522 | |                 self.overflowing_rem(rhs).0
[INFO] [stdout] 523 | |             }
[INFO] [stdout]     | |_____________^ duplicate definition
[INFO] [stdout] ...
[INFO] [stdout] 535 |   impl_nonstandard_int!(signed: i8);
[INFO] [stdout]     |   --------------------------------- in this macro invocation
[INFO] [stdout]     |
[INFO] [stdout]    ::: src/non_standard_integer.rs:112:5
[INFO] [stdout]     |
[INFO] [stdout] 112 |       fn wrapping_rem(self, rhs: Self) -> Self;
[INFO] [stdout]     |       ----------------------------------------- item in trait
[INFO] [stdout]     |
[INFO] [stdout]     = note: this error originates in the macro `impl_nonstandard_int` (in Nightly builds, run with -Z macro-backtrace for more info)
[INFO] [stdout] 
[INFO] [stdout] 
[INFO] [stdout] error[E0201]: duplicate definitions with name `wrapping_rem`:
[INFO] [stdout]    --> src/integer.rs:521:13
[INFO] [stdout]     |
[INFO] [stdout] 203 | /         fn wrapping_rem(self, rhs: Self) -> Self {
[INFO] [stdout] 204 | |             Self(self.0.wrapping_rem(rhs.0))
[INFO] [stdout] 205 | |         }
[INFO] [stdout]     | |_________- previous definition here
[INFO] [stdout] ...
[INFO] [stdout] 521 | /             fn wrapping_rem(self, rhs: Self) -> Self {
[INFO] [stdout] 522 | |                 self.overflowing_rem(rhs).0
[INFO] [stdout] 523 | |             }
[INFO] [stdout]     | |_____________^ duplicate definition
[INFO] [stdout] ...
[INFO] [stdout] 536 |   impl_nonstandard_int!(signed: i16);
[INFO] [stdout]     |   ---------------------------------- in this macro invocation
[INFO] [stdout]     |
[INFO] [stdout]    ::: src/non_standard_integer.rs:112:5
[INFO] [stdout]     |
[INFO] [stdout] 112 |       fn wrapping_rem(self, rhs: Self) -> Self;
[INFO] [stdout]     |       ----------------------------------------- item in trait
[INFO] [stdout]     |
[INFO] [stdout]     = note: this error originates in the macro `impl_nonstandard_int` (in Nightly builds, run with -Z macro-backtrace for more info)
[INFO] [stdout] 
[INFO] [stdout] 
[INFO] [stdout] error[E0201]: duplicate definitions with name `wrapping_rem`:
[INFO] [stdout]    --> src/integer.rs:521:13
[INFO] [stdout]     |
[INFO] [stdout] 203 | /         fn wrapping_rem(self, rhs: Self) -> Self {
[INFO] [stdout] 204 | |             Self(self.0.wrapping_rem(rhs.0))
[INFO] [stdout] 205 | |         }
[INFO] [stdout]     | |_________- previous definition here
[INFO] [stdout] ...
[INFO] [stdout] 521 | /             fn wrapping_rem(self, rhs: Self) -> Self {
[INFO] [stdout] 522 | |                 self.overflowing_rem(rhs).0
[INFO] [stdout] 523 | |             }
[INFO] [stdout]     | |_____________^ duplicate definition
[INFO] [stdout] ...
[INFO] [stdout] 537 |   impl_nonstandard_int!(signed: i32);
[INFO] [stdout]     |   ---------------------------------- in this macro invocation
[INFO] [stdout]     |
[INFO] [stdout]    ::: src/non_standard_integer.rs:112:5
[INFO] [stdout]     |
[INFO] [stdout] 112 |       fn wrapping_rem(self, rhs: Self) -> Self;
[INFO] [stdout]     |       ----------------------------------------- item in trait
[INFO] [stdout]     |
[INFO] [stdout]     = note: this error originates in the macro `impl_nonstandard_int` (in Nightly builds, run with -Z macro-backtrace for more info)
[INFO] [stdout] 
[INFO] [stdout] 
[INFO] [stdout] error[E0201]: duplicate definitions with name `wrapping_rem`:
[INFO] [stdout]    --> src/integer.rs:521:13
[INFO] [stdout]     |
[INFO] [stdout] 203 | /         fn wrapping_rem(self, rhs: Self) -> Self {
[INFO] [stdout] 204 | |             Self(self.0.wrapping_rem(rhs.0))
[INFO] [stdout] 205 | |         }
[INFO] [stdout]     | |_________- previous definition here
[INFO] [stdout] ...
[INFO] [stdout] 521 | /             fn wrapping_rem(self, rhs: Self) -> Self {
[INFO] [stdout] 522 | |                 self.overflowing_rem(rhs).0
[INFO] [stdout] 523 | |             }
[INFO] [stdout]     | |_____________^ duplicate definition
[INFO] [stdout] ...
[INFO] [stdout] 538 |   impl_nonstandard_int!(signed: i64);
[INFO] [stdout]     |   ---------------------------------- in this macro invocation
[INFO] [stdout]     |
[INFO] [stdout]    ::: src/non_standard_integer.rs:112:5
[INFO] [stdout]     |
[INFO] [stdout] 112 |       fn wrapping_rem(self, rhs: Self) -> Self;
[INFO] [stdout]     |       ----------------------------------------- item in trait
[INFO] [stdout]     |
[INFO] [stdout]     = note: this error originates in the macro `impl_nonstandard_int` (in Nightly builds, run with -Z macro-backtrace for more info)
[INFO] [stdout] 
[INFO] [stdout] 
[INFO] [stdout] error[E0201]: duplicate definitions with name `wrapping_rem`:
[INFO] [stdout]    --> src/integer.rs:521:13
[INFO] [stdout]     |
[INFO] [stdout] 203 | /         fn wrapping_rem(self, rhs: Self) -> Self {
[INFO] [stdout] 204 | |             Self(self.0.wrapping_rem(rhs.0))
[INFO] [stdout] 205 | |         }
[INFO] [stdout]     | |_________- previous definition here
[INFO] [stdout] ...
[INFO] [stdout] 521 | /             fn wrapping_rem(self, rhs: Self) -> Self {
[INFO] [stdout] 522 | |                 self.overflowing_rem(rhs).0
[INFO] [stdout] 523 | |             }
[INFO] [stdout]     | |_____________^ duplicate definition
[INFO] [stdout] ...
[INFO] [stdout] 539 |   impl_nonstandard_int!(signed: i128);
[INFO] [stdout]     |   ----------------------------------- in this macro invocation
[INFO] [stdout]     |
[INFO] [stdout]    ::: src/non_standard_integer.rs:112:5
[INFO] [stdout]     |
[INFO] [stdout] 112 |       fn wrapping_rem(self, rhs: Self) -> Self;
[INFO] [stdout]     |       ----------------------------------------- item in trait
[INFO] [stdout]     |
[INFO] [stdout]     = note: this error originates in the macro `impl_nonstandard_int` (in Nightly builds, run with -Z macro-backtrace for more info)
[INFO] [stdout] 
[INFO] [stdout] 
[INFO] [stdout] error[E0201]: duplicate definitions with name `wrapping_rem`:
[INFO] [stdout]    --> src/integer.rs:521:13
[INFO] [stdout]     |
[INFO] [stdout] 203 | /         fn wrapping_rem(self, rhs: Self) -> Self {
[INFO] [stdout] 204 | |             Self(self.0.wrapping_rem(rhs.0))
[INFO] [stdout] 205 | |         }
[INFO] [stdout]     | |_________- previous definition here
[INFO] [stdout] ...
[INFO] [stdout] 521 | /             fn wrapping_rem(self, rhs: Self) -> Self {
[INFO] [stdout] 522 | |                 self.overflowing_rem(rhs).0
[INFO] [stdout] 523 | |             }
[INFO] [stdout]     | |_____________^ duplicate definition
[INFO] [stdout] ...
[INFO] [stdout] 540 |   impl_nonstandard_int!(signed: isize);
[INFO] [stdout]     |   ------------------------------------ in this macro invocation
[INFO] [stdout]     |
[INFO] [stdout]    ::: src/non_standard_integer.rs:112:5
[INFO] [stdout]     |
[INFO] [stdout] 112 |       fn wrapping_rem(self, rhs: Self) -> Self;
[INFO] [stdout]     |       ----------------------------------------- item in trait
[INFO] [stdout]     |
[INFO] [stdout]     = note: this error originates in the macro `impl_nonstandard_int` (in Nightly builds, run with -Z macro-backtrace for more info)
[INFO] [stdout] 
[INFO] [stdout] 
[INFO] [stdout] error: unexpected `cfg` condition name: `displaydoc`
[INFO] [stdout]  --> src/error.rs:3:7
[INFO] [stdout]   |
[INFO] [stdout] 3 | #[cfg(displaydoc)]
[INFO] [stdout]   |       ^^^^^^^^^^
[INFO] [stdout]   |
[INFO] [stdout]   = help: expected names are: `debug_assertions`, `doc`, `doctest`, `feature`, `miri`, `overflow_checks`, `panic`, `proc_macro`, `relocation_model`, `sanitize`, `sanitizer_cfi_generalize_pointers`, `sanitizer_cfi_normalize_integers`, `target_abi`, `target_arch`, `target_endian`, `target_env`, `target_family`, `target_feature`, `target_has_atomic`, `target_has_atomic_equal_alignment`, `target_has_atomic_load_store`, `target_os`, `target_pointer_width`, `target_thread_local`, `target_vendor`, `test`, `unix`, `windows`
[INFO] [stdout]   = help: consider using a Cargo feature instead or adding `println!("cargo:rustc-check-cfg=cfg(displaydoc)");` to the top of a `build.rs`
[INFO] [stdout]   = note: see <https://doc.rust-lang.org/nightly/cargo/reference/unstable.html#check-cfg> for more information about checking conditional configuration
[INFO] [stdout]   = note: requested on the command line with `-D unexpected-cfgs`
[INFO] [stdout] 
[INFO] [stdout] 
[INFO] [stdout] error: unexpected `cfg` condition name: `std`
[INFO] [stdout]  --> src/error.rs:8:5
[INFO] [stdout]   |
[INFO] [stdout] 8 |     std,
[INFO] [stdout]   |     ^^^
[INFO] [stdout]   |
[INFO] [stdout]   = help: consider using a Cargo feature instead or adding `println!("cargo:rustc-check-cfg=cfg(std)");` to the top of a `build.rs`
[INFO] [stdout]   = note: see <https://doc.rust-lang.org/nightly/cargo/reference/unstable.html#check-cfg> for more information about checking conditional configuration
[INFO] [stdout] 
[INFO] [stdout] 
[INFO] [stdout] error: unexpected `cfg` condition name: `displaydoc`
[INFO] [stdout]   --> src/error.rs:12:12
[INFO] [stdout]    |
[INFO] [stdout] 12 | #[cfg_attr(displaydoc, derive(Display))]
[INFO] [stdout]    |            ^^^^^^^^^^
[INFO] [stdout]    |
[INFO] [stdout]    = help: consider using a Cargo feature instead or adding `println!("cargo:rustc-check-cfg=cfg(displaydoc)");` to the top of a `build.rs`
[INFO] [stdout]    = note: see <https://doc.rust-lang.org/nightly/cargo/reference/unstable.html#check-cfg> for more information about checking conditional configuration
[INFO] [stdout] 
[INFO] [stdout] 
[INFO] [stdout] error: unexpected `cfg` condition name: `std`
[INFO] [stdout]   --> src/error.rs:28:12
[INFO] [stdout]    |
[INFO] [stdout] 28 | #[cfg_attr(std, derive(thiserror::Error))]
[INFO] [stdout]    |            ^^^
[INFO] [stdout]    |
[INFO] [stdout]    = help: consider using a Cargo feature instead or adding `println!("cargo:rustc-check-cfg=cfg(std)");` to the top of a `build.rs`
[INFO] [stdout]    = note: see <https://doc.rust-lang.org/nightly/cargo/reference/unstable.html#check-cfg> for more information about checking conditional configuration
[INFO] [stdout] 
[INFO] [stdout] 
[INFO] [stdout] error: unexpected `cfg` condition name: `displaydoc`
[INFO] [stdout]   --> src/error.rs:29:12
[INFO] [stdout]    |
[INFO] [stdout] 29 | #[cfg_attr(displaydoc, derive(Display))]
[INFO] [stdout]    |            ^^^^^^^^^^
[INFO] [stdout]    |
[INFO] [stdout]    = help: consider using a Cargo feature instead or adding `println!("cargo:rustc-check-cfg=cfg(displaydoc)");` to the top of a `build.rs`
[INFO] [stdout]    = note: see <https://doc.rust-lang.org/nightly/cargo/reference/unstable.html#check-cfg> for more information about checking conditional configuration
[INFO] [stdout] 
[INFO] [stdout] 
[INFO] [stdout] error: aborting due to 17 previous errors
[INFO] [stdout] 
[INFO] [stdout] 
[INFO] [stdout] For more information about this error, try `rustc --explain E0201`.
[INFO] [stdout] 
[INFO] [stderr] error: could not compile `anyint` (lib) due to 18 previous errors
[INFO] [stderr] warning: build failed, waiting for other jobs to finish...
[INFO] [stdout] error: aborting due to 17 previous errors
[INFO] [stdout] 
[INFO] [stdout] 
[INFO] [stdout] For more information about this error, try `rustc --explain E0201`.
[INFO] [stdout] 
[INFO] [stderr] error: could not compile `anyint` (lib test) due to 18 previous errors
[INFO] running `Command { std: "docker" "inspect" "b8e20feab5c7672075e1989e33641125949cf22278186be2a02a217a0bd24a1c", kill_on_drop: false }`
[INFO] running `Command { std: "docker" "rm" "-f" "b8e20feab5c7672075e1989e33641125949cf22278186be2a02a217a0bd24a1c", kill_on_drop: false }`
[INFO] [stdout] b8e20feab5c7672075e1989e33641125949cf22278186be2a02a217a0bd24a1c
