[INFO] fetching crate anthill-service-system 1.2.3...
[INFO] checking anthill-service-system-1.2.3 against nightly-2024-02-05 for check-cfg
[INFO] extracting crate anthill-service-system 1.2.3 into /workspace/builds/worker-0-tc1/source
[INFO] validating manifest of crates.io crate anthill-service-system 1.2.3 on toolchain nightly-2024-02-05
[INFO] running `Command { std: CARGO_HOME="/workspace/cargo-home" RUSTUP_HOME="/workspace/rustup-home" "/workspace/cargo-home/bin/cargo" "+nightly-2024-02-05" "metadata" "--manifest-path" "Cargo.toml" "--no-deps", kill_on_drop: false }`
[INFO] started tweaking crates.io crate anthill-service-system 1.2.3
[INFO] finished tweaking crates.io crate anthill-service-system 1.2.3
[INFO] tweaked toml for crates.io crate anthill-service-system 1.2.3 written to /workspace/builds/worker-0-tc1/source/Cargo.toml
[INFO] running `Command { std: CARGO_HOME="/workspace/cargo-home" RUSTUP_HOME="/workspace/rustup-home" "/workspace/cargo-home/bin/cargo" "+nightly-2024-02-05" "generate-lockfile" "--manifest-path" "Cargo.toml", kill_on_drop: false }`
[INFO] [stderr]     Updating crates.io index
[INFO] running `Command { std: CARGO_HOME="/workspace/cargo-home" RUSTUP_HOME="/workspace/rustup-home" "/workspace/cargo-home/bin/cargo" "+nightly-2024-02-05" "fetch" "--manifest-path" "Cargo.toml", kill_on_drop: false }`
[INFO] [stderr]  Downloading crates ...
[INFO] [stderr]   Downloaded anthill-di-configuration-extension v1.2.5
[INFO] [stderr]   Downloaded ctrlc v3.4.2
[INFO] [stderr]   Downloaded anthill-di v1.2.4
[INFO] [stderr]   Downloaded anthill-di-derive v1.2.4
[INFO] [stderr]   Downloaded async-trait-with-sync v0.1.36
[INFO] running `Command { std: "docker" "create" "-v" "/var/lib/crater-agent-workspace/builds/worker-0-tc1/target:/opt/rustwide/target:rw,Z" "-v" "/var/lib/crater-agent-workspace/builds/worker-0-tc1/source:/opt/rustwide/workdir:ro,Z" "-v" "/var/lib/crater-agent-workspace/cargo-home:/opt/rustwide/cargo-home:ro,Z" "-v" "/var/lib/crater-agent-workspace/rustup-home:/opt/rustwide/rustup-home:ro,Z" "-e" "SOURCE_DIR=/opt/rustwide/workdir" "-e" "CARGO_TARGET_DIR=/opt/rustwide/target" "-e" "CARGO_HOME=/opt/rustwide/cargo-home" "-e" "RUSTUP_HOME=/opt/rustwide/rustup-home" "-w" "/opt/rustwide/workdir" "-m" "1610612736" "--user" "0:0" "--network" "none" "ghcr.io/rust-lang/crates-build-env/linux@sha256:2788e3201cd34a07e3172128adcd8b3090168a8e3bcc40d7c032b9dda1df7d1c" "/opt/rustwide/cargo-home/bin/cargo" "+nightly-2024-02-05" "metadata" "--no-deps" "--format-version=1", kill_on_drop: false }`
[INFO] [stdout] 2e2869f82021ffc9fe7cca0d2ffbecaa3d3a4e11249ee9b55a65a5c3f94f2e54
[INFO] running `Command { std: "docker" "start" "-a" "2e2869f82021ffc9fe7cca0d2ffbecaa3d3a4e11249ee9b55a65a5c3f94f2e54", kill_on_drop: false }`
[INFO] running `Command { std: "docker" "inspect" "2e2869f82021ffc9fe7cca0d2ffbecaa3d3a4e11249ee9b55a65a5c3f94f2e54", kill_on_drop: false }`
[INFO] running `Command { std: "docker" "rm" "-f" "2e2869f82021ffc9fe7cca0d2ffbecaa3d3a4e11249ee9b55a65a5c3f94f2e54", kill_on_drop: false }`
[INFO] [stdout] 2e2869f82021ffc9fe7cca0d2ffbecaa3d3a4e11249ee9b55a65a5c3f94f2e54
[INFO] running `Command { std: "docker" "create" "-v" "/var/lib/crater-agent-workspace/builds/worker-0-tc1/target:/opt/rustwide/target:rw,Z" "-v" "/var/lib/crater-agent-workspace/builds/worker-0-tc1/source:/opt/rustwide/workdir:ro,Z" "-v" "/var/lib/crater-agent-workspace/cargo-home:/opt/rustwide/cargo-home:ro,Z" "-v" "/var/lib/crater-agent-workspace/rustup-home:/opt/rustwide/rustup-home:ro,Z" "-e" "SOURCE_DIR=/opt/rustwide/workdir" "-e" "CARGO_TARGET_DIR=/opt/rustwide/target" "-e" "CARGO_INCREMENTAL=0" "-e" "RUST_BACKTRACE=full" "-e" "RUSTFLAGS=--cap-lints=forbid" "-e" "RUSTDOCFLAGS=--cap-lints=forbid" "-e" "CARGO_HOME=/opt/rustwide/cargo-home" "-e" "RUSTUP_HOME=/opt/rustwide/rustup-home" "-w" "/opt/rustwide/workdir" "-m" "1610612736" "--user" "0:0" "--network" "none" "ghcr.io/rust-lang/crates-build-env/linux@sha256:2788e3201cd34a07e3172128adcd8b3090168a8e3bcc40d7c032b9dda1df7d1c" "/opt/rustwide/cargo-home/bin/cargo" "+nightly-2024-02-05" "check" "--frozen" "--all" "--all-targets" "--message-format=json", kill_on_drop: false }`
[INFO] [stdout] 18a9460f52fe6214bab3f31ff63b2b5cbb5ccd7352807c4b830c0722f62607a5
[INFO] running `Command { std: "docker" "start" "-a" "18a9460f52fe6214bab3f31ff63b2b5cbb5ccd7352807c4b830c0722f62607a5", kill_on_drop: false }`
[INFO] [stderr]    Compiling libc v0.2.153
[INFO] [stderr]    Compiling syn v1.0.109
[INFO] [stderr]    Compiling parking_lot_core v0.9.9
[INFO] [stderr]     Checking scopeguard v1.2.0
[INFO] [stderr]    Compiling lock_api v0.4.11
[INFO] [stderr]     Checking smallvec v1.13.1
[INFO] [stderr]    Compiling anyhow v1.0.79
[INFO] [stderr]    Compiling syn v2.0.48
[INFO] [stderr]    Compiling serde v1.0.196
[INFO] [stderr]    Compiling thiserror v1.0.56
[INFO] [stderr]     Checking pin-project-lite v0.2.13
[INFO] [stderr]     Checking bytes v1.5.0
[INFO] [stderr]     Checking bitflags v2.4.2
[INFO] [stderr]     Checking log v0.4.20
[INFO] [stderr]     Checking socket2 v0.5.5
[INFO] [stderr]     Checking num_cpus v1.16.0
[INFO] [stderr]     Checking signal-hook-registry v1.4.1
[INFO] [stderr]     Checking mio v0.8.10
[INFO] [stderr]     Checking nix v0.27.1
[INFO] [stderr]     Checking parking_lot v0.12.1
[INFO] [stderr]    Compiling tokio-macros v2.2.0
[INFO] [stderr]    Compiling thiserror-impl v1.0.56
[INFO] [stderr]    Compiling serde_derive v1.0.196
[INFO] [stderr]     Checking ctrlc v3.4.2
[INFO] [stderr]     Checking tokio v1.36.0
[INFO] [stderr]    Compiling async-trait-with-sync v0.1.36
[INFO] [stderr]    Compiling derive-new v0.5.9
[INFO] [stderr]    Compiling anthill-di-derive v1.2.4
[INFO] [stderr]     Checking anthill-di v1.2.4
[INFO] [stderr]     Checking serde_json v1.0.113
[INFO] [stderr]     Checking anthill-di-configuration-extension v1.2.5
[INFO] [stdout] error[E0432]: unresolved imports `anthill_di::DependencyLifeCycle`, `anthill_di::DependencyBuilder`
[INFO] [stdout]  --> /opt/rustwide/cargo-home/registry/src/index.crates.io-6f17d22bba15001f/anthill-di-configuration-extension-1.2.5/src/extensions/register_source.rs:5:37
[INFO] [stdout]   |
[INFO] [stdout] 5 | use anthill_di::{DependencyContext, DependencyLifeCycle, types::AddDependencyResult, DependencyBuilder, types::BuildDependencyResult};
[INFO] [stdout]   |                                     ^^^^^^^^^^^^^^^^^^^                              ^^^^^^^^^^^^^^^^^ no `DependencyBuilder` in the root
[INFO] [stdout]   |                                     |
[INFO] [stdout]   |                                     no `DependencyLifeCycle` in the root
[INFO] [stdout] 
[INFO] [stdout] 
[INFO] [stdout] error[E0432]: unresolved imports `anthill_di::DependencyLifeCycle`, `anthill_di::DependencyBuilder`
[INFO] [stdout]  --> /opt/rustwide/cargo-home/registry/src/index.crates.io-6f17d22bba15001f/anthill-di-configuration-extension-1.2.5/src/extensions/register_configuration.rs:3:37
[INFO] [stdout]   |
[INFO] [stdout] 3 | use anthill_di::{DependencyContext, DependencyLifeCycle, types::AddDependencyResult, DependencyBuilder, types::BuildDependencyError};
[INFO] [stdout]   |                                     ^^^^^^^^^^^^^^^^^^^                              ^^^^^^^^^^^^^^^^^ no `DependencyBuilder` in the root
[INFO] [stdout]   |                                     |
[INFO] [stdout]   |                                     no `DependencyLifeCycle` in the root
[INFO] [stdout] 
[INFO] [stdout] 
[INFO] [stdout] error[E0559]: variant `BuildDependencyError::Custom` has no field named `message`
[INFO] [stdout]   --> /opt/rustwide/cargo-home/registry/src/index.crates.io-6f17d22bba15001f/anthill-di-configuration-extension-1.2.5/src/extensions/register_configuration.rs:23:115
[INFO] [stdout]    |
[INFO] [stdout] 23 | ...|e| BuildDependencyError::Custom { message: e.to_string() })?;
[INFO] [stdout]    |                                       ^^^^^^^ `BuildDependencyError::Custom` does not have this field
[INFO] [stdout]    |
[INFO] [stdout]    = note: available fields are: `err`
[INFO] [stdout] 
[INFO] [stdout] 
[INFO] [stdout] error[E0559]: variant `BuildDependencyError::Custom` has no field named `message`
[INFO] [stdout]   --> /opt/rustwide/cargo-home/registry/src/index.crates.io-6f17d22bba15001f/anthill-di-configuration-extension-1.2.5/src/configuration_snapshot.rs:14:83
[INFO] [stdout]    |
[INFO] [stdout] 14 |         let value = source.get().await.map_err(|e| BuildDependencyError::Custom { message: e.to_string() })?;
[INFO] [stdout]    |                                                                                   ^^^^^^^ `BuildDependencyError::Custom` does not have this field
[INFO] [stdout]    |
[INFO] [stdout]    = note: available fields are: `err`
[INFO] [stdout] 
[INFO] [stdout] 
[INFO] [stdout] error: aborting due to 4 previous errors
[INFO] [stdout] 
[INFO] [stdout] 
[INFO] [stdout] Some errors have detailed explanations: E0432, E0559.
[INFO] [stdout] 
[INFO] [stdout] For more information about an error, try `rustc --explain E0432`.
[INFO] [stdout] 
[INFO] [stderr] error: could not compile `anthill-di-configuration-extension` (lib) due to 5 previous errors
[INFO] running `Command { std: "docker" "inspect" "18a9460f52fe6214bab3f31ff63b2b5cbb5ccd7352807c4b830c0722f62607a5", kill_on_drop: false }`
[INFO] running `Command { std: "docker" "rm" "-f" "18a9460f52fe6214bab3f31ff63b2b5cbb5ccd7352807c4b830c0722f62607a5", kill_on_drop: false }`
[INFO] [stdout] 18a9460f52fe6214bab3f31ff63b2b5cbb5ccd7352807c4b830c0722f62607a5
[INFO] checking anthill-service-system-1.2.3 against nightly-2024-02-05+rustflags=-Dunexpected_cfgs+cargoflags=-Zcheck-cfg for check-cfg
[INFO] extracting crate anthill-service-system 1.2.3 into /workspace/builds/worker-0-tc2/source
[INFO] validating manifest of crates.io crate anthill-service-system 1.2.3 on toolchain nightly-2024-02-05
[INFO] running `Command { std: CARGO_HOME="/workspace/cargo-home" RUSTUP_HOME="/workspace/rustup-home" "/workspace/cargo-home/bin/cargo" "+nightly-2024-02-05" "metadata" "--manifest-path" "Cargo.toml" "--no-deps", kill_on_drop: false }`
[INFO] started tweaking crates.io crate anthill-service-system 1.2.3
[INFO] finished tweaking crates.io crate anthill-service-system 1.2.3
[INFO] tweaked toml for crates.io crate anthill-service-system 1.2.3 written to /workspace/builds/worker-0-tc2/source/Cargo.toml
[INFO] running `Command { std: CARGO_HOME="/workspace/cargo-home" RUSTUP_HOME="/workspace/rustup-home" "/workspace/cargo-home/bin/cargo" "+nightly-2024-02-05" "generate-lockfile" "--manifest-path" "Cargo.toml", kill_on_drop: false }`
[INFO] [stderr]     Updating crates.io index
[INFO] running `Command { std: CARGO_HOME="/workspace/cargo-home" RUSTUP_HOME="/workspace/rustup-home" "/workspace/cargo-home/bin/cargo" "+nightly-2024-02-05" "fetch" "--manifest-path" "Cargo.toml", kill_on_drop: false }`
[INFO] running `Command { std: "docker" "create" "-v" "/var/lib/crater-agent-workspace/builds/worker-0-tc2/target:/opt/rustwide/target:rw,Z" "-v" "/var/lib/crater-agent-workspace/builds/worker-0-tc2/source:/opt/rustwide/workdir:ro,Z" "-v" "/var/lib/crater-agent-workspace/cargo-home:/opt/rustwide/cargo-home:ro,Z" "-v" "/var/lib/crater-agent-workspace/rustup-home:/opt/rustwide/rustup-home:ro,Z" "-e" "SOURCE_DIR=/opt/rustwide/workdir" "-e" "CARGO_TARGET_DIR=/opt/rustwide/target" "-e" "CARGO_HOME=/opt/rustwide/cargo-home" "-e" "RUSTUP_HOME=/opt/rustwide/rustup-home" "-w" "/opt/rustwide/workdir" "-m" "1610612736" "--user" "0:0" "--network" "none" "ghcr.io/rust-lang/crates-build-env/linux@sha256:2788e3201cd34a07e3172128adcd8b3090168a8e3bcc40d7c032b9dda1df7d1c" "/opt/rustwide/cargo-home/bin/cargo" "+nightly-2024-02-05" "metadata" "--no-deps" "--format-version=1", kill_on_drop: false }`
[INFO] [stdout] 8825e23db4683b3f81fd5cc026dce0398b6c49b46ce2412a58ac091b31662d5d
[INFO] running `Command { std: "docker" "start" "-a" "8825e23db4683b3f81fd5cc026dce0398b6c49b46ce2412a58ac091b31662d5d", kill_on_drop: false }`
[INFO] running `Command { std: "docker" "inspect" "8825e23db4683b3f81fd5cc026dce0398b6c49b46ce2412a58ac091b31662d5d", kill_on_drop: false }`
[INFO] running `Command { std: "docker" "rm" "-f" "8825e23db4683b3f81fd5cc026dce0398b6c49b46ce2412a58ac091b31662d5d", kill_on_drop: false }`
[INFO] [stdout] 8825e23db4683b3f81fd5cc026dce0398b6c49b46ce2412a58ac091b31662d5d
[INFO] running `Command { std: "docker" "create" "-v" "/var/lib/crater-agent-workspace/builds/worker-0-tc2/target:/opt/rustwide/target:rw,Z" "-v" "/var/lib/crater-agent-workspace/builds/worker-0-tc2/source:/opt/rustwide/workdir:ro,Z" "-v" "/var/lib/crater-agent-workspace/cargo-home:/opt/rustwide/cargo-home:ro,Z" "-v" "/var/lib/crater-agent-workspace/rustup-home:/opt/rustwide/rustup-home:ro,Z" "-e" "SOURCE_DIR=/opt/rustwide/workdir" "-e" "CARGO_TARGET_DIR=/opt/rustwide/target" "-e" "CARGO_INCREMENTAL=0" "-e" "RUST_BACKTRACE=full" "-e" "RUSTFLAGS=--cap-lints=forbid -Dunexpected_cfgs" "-e" "RUSTDOCFLAGS=--cap-lints=forbid" "-e" "CARGO_HOME=/opt/rustwide/cargo-home" "-e" "RUSTUP_HOME=/opt/rustwide/rustup-home" "-w" "/opt/rustwide/workdir" "-m" "1610612736" "--user" "0:0" "--network" "none" "ghcr.io/rust-lang/crates-build-env/linux@sha256:2788e3201cd34a07e3172128adcd8b3090168a8e3bcc40d7c032b9dda1df7d1c" "/opt/rustwide/cargo-home/bin/cargo" "+nightly-2024-02-05" "check" "--frozen" "--all" "--all-targets" "--message-format=json" "-Zcheck-cfg", kill_on_drop: false }`
[INFO] [stdout] 843c34428753bc21502b2dce87a5bade535e42452ff173c889ead8096a3903ac
[INFO] running `Command { std: "docker" "start" "-a" "843c34428753bc21502b2dce87a5bade535e42452ff173c889ead8096a3903ac", kill_on_drop: false }`
[INFO] [stderr]    Compiling libc v0.2.153
[INFO] [stderr]    Compiling syn v1.0.109
[INFO] [stderr]    Compiling parking_lot_core v0.9.9
[INFO] [stderr]     Checking scopeguard v1.2.0
[INFO] [stderr]    Compiling lock_api v0.4.11
[INFO] [stderr]     Checking smallvec v1.13.1
[INFO] [stderr]    Compiling anyhow v1.0.79
[INFO] [stderr]    Compiling syn v2.0.48
[INFO] [stderr]    Compiling thiserror v1.0.56
[INFO] [stderr]    Compiling serde v1.0.196
[INFO] [stderr]     Checking bytes v1.5.0
[INFO] [stderr]     Checking pin-project-lite v0.2.13
[INFO] [stderr]     Checking bitflags v2.4.2
[INFO] [stderr]     Checking log v0.4.20
[INFO] [stderr]     Checking num_cpus v1.16.0
[INFO] [stderr]     Checking signal-hook-registry v1.4.1
[INFO] [stderr]     Checking mio v0.8.10
[INFO] [stderr]     Checking socket2 v0.5.5
[INFO] [stderr]     Checking nix v0.27.1
[INFO] [stderr]     Checking parking_lot v0.12.1
[INFO] [stderr]     Checking ctrlc v3.4.2
[INFO] [stderr]    Compiling serde_derive v1.0.196
[INFO] [stderr]    Compiling tokio-macros v2.2.0
[INFO] [stderr]    Compiling thiserror-impl v1.0.56
[INFO] [stderr]    Compiling async-trait-with-sync v0.1.36
[INFO] [stderr]    Compiling derive-new v0.5.9
[INFO] [stderr]    Compiling anthill-di-derive v1.2.4
[INFO] [stderr]     Checking tokio v1.36.0
[INFO] [stderr]     Checking anthill-di v1.2.4
[INFO] [stderr]     Checking serde_json v1.0.113
[INFO] [stderr]     Checking anthill-di-configuration-extension v1.2.5
[INFO] [stdout] error[E0432]: unresolved imports `anthill_di::DependencyLifeCycle`, `anthill_di::DependencyBuilder`
[INFO] [stdout]  --> /opt/rustwide/cargo-home/registry/src/index.crates.io-6f17d22bba15001f/anthill-di-configuration-extension-1.2.5/src/extensions/register_source.rs:5:37
[INFO] [stdout]   |
[INFO] [stdout] 5 | use anthill_di::{DependencyContext, DependencyLifeCycle, types::AddDependencyResult, DependencyBuilder, types::BuildDependencyResult};
[INFO] [stdout]   |                                     ^^^^^^^^^^^^^^^^^^^                              ^^^^^^^^^^^^^^^^^ no `DependencyBuilder` in the root
[INFO] [stdout]   |                                     |
[INFO] [stdout]   |                                     no `DependencyLifeCycle` in the root
[INFO] [stdout] 
[INFO] [stdout] 
[INFO] [stdout] error[E0432]: unresolved imports `anthill_di::DependencyLifeCycle`, `anthill_di::DependencyBuilder`
[INFO] [stdout]  --> /opt/rustwide/cargo-home/registry/src/index.crates.io-6f17d22bba15001f/anthill-di-configuration-extension-1.2.5/src/extensions/register_configuration.rs:3:37
[INFO] [stdout]   |
[INFO] [stdout] 3 | use anthill_di::{DependencyContext, DependencyLifeCycle, types::AddDependencyResult, DependencyBuilder, types::BuildDependencyError};
[INFO] [stdout]   |                                     ^^^^^^^^^^^^^^^^^^^                              ^^^^^^^^^^^^^^^^^ no `DependencyBuilder` in the root
[INFO] [stdout]   |                                     |
[INFO] [stdout]   |                                     no `DependencyLifeCycle` in the root
[INFO] [stdout] 
[INFO] [stdout] 
[INFO] [stdout] error[E0559]: variant `BuildDependencyError::Custom` has no field named `message`
[INFO] [stdout]   --> /opt/rustwide/cargo-home/registry/src/index.crates.io-6f17d22bba15001f/anthill-di-configuration-extension-1.2.5/src/extensions/register_configuration.rs:23:115
[INFO] [stdout]    |
[INFO] [stdout] 23 | ...|e| BuildDependencyError::Custom { message: e.to_string() })?;
[INFO] [stdout]    |                                       ^^^^^^^ `BuildDependencyError::Custom` does not have this field
[INFO] [stdout]    |
[INFO] [stdout]    = note: available fields are: `err`
[INFO] [stdout] 
[INFO] [stdout] 
[INFO] [stdout] error[E0559]: variant `BuildDependencyError::Custom` has no field named `message`
[INFO] [stdout]   --> /opt/rustwide/cargo-home/registry/src/index.crates.io-6f17d22bba15001f/anthill-di-configuration-extension-1.2.5/src/configuration_snapshot.rs:14:83
[INFO] [stdout]    |
[INFO] [stdout] 14 |         let value = source.get().await.map_err(|e| BuildDependencyError::Custom { message: e.to_string() })?;
[INFO] [stdout]    |                                                                                   ^^^^^^^ `BuildDependencyError::Custom` does not have this field
[INFO] [stdout]    |
[INFO] [stdout]    = note: available fields are: `err`
[INFO] [stdout] 
[INFO] [stdout] 
[INFO] [stdout] error: aborting due to 4 previous errors
[INFO] [stdout] 
[INFO] [stdout] 
[INFO] [stdout] Some errors have detailed explanations: E0432, E0559.
[INFO] [stdout] 
[INFO] [stdout] For more information about an error, try `rustc --explain E0432`.
[INFO] [stdout] 
[INFO] [stderr] error: could not compile `anthill-di-configuration-extension` (lib) due to 5 previous errors
[INFO] running `Command { std: "docker" "inspect" "843c34428753bc21502b2dce87a5bade535e42452ff173c889ead8096a3903ac", kill_on_drop: false }`
[INFO] running `Command { std: "docker" "rm" "-f" "843c34428753bc21502b2dce87a5bade535e42452ff173c889ead8096a3903ac", kill_on_drop: false }`
[INFO] [stdout] 843c34428753bc21502b2dce87a5bade535e42452ff173c889ead8096a3903ac
