[INFO] fetching crate ansi-to-tui-forked 3.0.0-ratatui...
[INFO] checking ansi-to-tui-forked-3.0.0-ratatui against nightly-2024-02-05 for check-cfg
[INFO] extracting crate ansi-to-tui-forked 3.0.0-ratatui into /workspace/builds/worker-1-tc1/source
[INFO] validating manifest of crates.io crate ansi-to-tui-forked 3.0.0-ratatui on toolchain nightly-2024-02-05
[INFO] running `Command { std: CARGO_HOME="/workspace/cargo-home" RUSTUP_HOME="/workspace/rustup-home" "/workspace/cargo-home/bin/cargo" "+nightly-2024-02-05" "metadata" "--manifest-path" "Cargo.toml" "--no-deps", kill_on_drop: false }`
[INFO] started tweaking crates.io crate ansi-to-tui-forked 3.0.0-ratatui
[INFO] finished tweaking crates.io crate ansi-to-tui-forked 3.0.0-ratatui
[INFO] tweaked toml for crates.io crate ansi-to-tui-forked 3.0.0-ratatui written to /workspace/builds/worker-1-tc1/source/Cargo.toml
[INFO] running `Command { std: CARGO_HOME="/workspace/cargo-home" RUSTUP_HOME="/workspace/rustup-home" "/workspace/cargo-home/bin/cargo" "+nightly-2024-02-05" "generate-lockfile" "--manifest-path" "Cargo.toml", kill_on_drop: false }`
[INFO] [stderr]     Updating crates.io index
[INFO] running `Command { std: CARGO_HOME="/workspace/cargo-home" RUSTUP_HOME="/workspace/rustup-home" "/workspace/cargo-home/bin/cargo" "+nightly-2024-02-05" "fetch" "--manifest-path" "Cargo.toml", kill_on_drop: false }`
[INFO] [stderr]  Downloading crates ...
[INFO] [stderr]   Downloaded indoc v2.0.4
[INFO] [stderr]   Downloaded lru v0.12.2
[INFO] [stderr]   Downloaded strum v0.26.1
[INFO] [stderr]   Downloaded compact_str v0.7.1
[INFO] [stderr]   Downloaded stability v0.1.1
[INFO] [stderr]   Downloaded castaway v0.2.2
[INFO] [stderr]   Downloaded strum_macros v0.26.1
[INFO] [stderr]   Downloaded cassowary v0.3.0
[INFO] [stderr]   Downloaded simdutf8 v0.1.4
[INFO] [stderr]   Downloaded itertools v0.12.1
[INFO] [stderr]   Downloaded ratatui v0.26.0
[INFO] running `Command { std: "docker" "create" "-v" "/var/lib/crater-agent-workspace/builds/worker-1-tc1/target:/opt/rustwide/target:rw,Z" "-v" "/var/lib/crater-agent-workspace/builds/worker-1-tc1/source:/opt/rustwide/workdir:ro,Z" "-v" "/var/lib/crater-agent-workspace/cargo-home:/opt/rustwide/cargo-home:ro,Z" "-v" "/var/lib/crater-agent-workspace/rustup-home:/opt/rustwide/rustup-home:ro,Z" "-e" "SOURCE_DIR=/opt/rustwide/workdir" "-e" "CARGO_TARGET_DIR=/opt/rustwide/target" "-e" "CARGO_HOME=/opt/rustwide/cargo-home" "-e" "RUSTUP_HOME=/opt/rustwide/rustup-home" "-w" "/opt/rustwide/workdir" "-m" "1610612736" "--user" "0:0" "--network" "none" "ghcr.io/rust-lang/crates-build-env/linux@sha256:2788e3201cd34a07e3172128adcd8b3090168a8e3bcc40d7c032b9dda1df7d1c" "/opt/rustwide/cargo-home/bin/cargo" "+nightly-2024-02-05" "metadata" "--no-deps" "--format-version=1", kill_on_drop: false }`
[INFO] [stdout] c81341d4f8b14e5e2b7af711a05a2e3292ad744907cd86cc4384dfbe0cbf9d50
[INFO] running `Command { std: "docker" "start" "-a" "c81341d4f8b14e5e2b7af711a05a2e3292ad744907cd86cc4384dfbe0cbf9d50", kill_on_drop: false }`
[INFO] running `Command { std: "docker" "inspect" "c81341d4f8b14e5e2b7af711a05a2e3292ad744907cd86cc4384dfbe0cbf9d50", kill_on_drop: false }`
[INFO] running `Command { std: "docker" "rm" "-f" "c81341d4f8b14e5e2b7af711a05a2e3292ad744907cd86cc4384dfbe0cbf9d50", kill_on_drop: false }`
[INFO] [stdout] c81341d4f8b14e5e2b7af711a05a2e3292ad744907cd86cc4384dfbe0cbf9d50
[INFO] running `Command { std: "docker" "create" "-v" "/var/lib/crater-agent-workspace/builds/worker-1-tc1/target:/opt/rustwide/target:rw,Z" "-v" "/var/lib/crater-agent-workspace/builds/worker-1-tc1/source:/opt/rustwide/workdir:ro,Z" "-v" "/var/lib/crater-agent-workspace/cargo-home:/opt/rustwide/cargo-home:ro,Z" "-v" "/var/lib/crater-agent-workspace/rustup-home:/opt/rustwide/rustup-home:ro,Z" "-e" "SOURCE_DIR=/opt/rustwide/workdir" "-e" "CARGO_TARGET_DIR=/opt/rustwide/target" "-e" "CARGO_INCREMENTAL=0" "-e" "RUST_BACKTRACE=full" "-e" "RUSTFLAGS=--cap-lints=forbid" "-e" "RUSTDOCFLAGS=--cap-lints=forbid" "-e" "CARGO_HOME=/opt/rustwide/cargo-home" "-e" "RUSTUP_HOME=/opt/rustwide/rustup-home" "-w" "/opt/rustwide/workdir" "-m" "1610612736" "--user" "0:0" "--network" "none" "ghcr.io/rust-lang/crates-build-env/linux@sha256:2788e3201cd34a07e3172128adcd8b3090168a8e3bcc40d7c032b9dda1df7d1c" "/opt/rustwide/cargo-home/bin/cargo" "+nightly-2024-02-05" "check" "--frozen" "--all" "--all-targets" "--message-format=json", kill_on_drop: false }`
[INFO] [stdout] 90825bf4849c4c84fdf879c660ba853cbef0fa8f05b448321fde146a715327f4
[INFO] running `Command { std: "docker" "start" "-a" "90825bf4849c4c84fdf879c660ba853cbef0fa8f05b448321fde146a715327f4", kill_on_drop: false }`
[INFO] [stderr]    Compiling proc-macro2 v1.0.78
[INFO] [stderr]    Compiling unicode-ident v1.0.12
[INFO] [stderr]    Compiling rustversion v1.0.14
[INFO] [stderr]    Compiling version_check v0.9.4
[INFO] [stderr]     Checking zerocopy v0.7.32
[INFO] [stderr]     Checking once_cell v1.19.0
[INFO] [stderr]    Compiling syn v1.0.109
[INFO] [stderr]     Checking allocator-api2 v0.2.16
[INFO] [stderr]    Compiling heck v0.4.1
[INFO] [stderr]    Compiling paste v1.0.14
[INFO] [stderr]    Compiling thiserror v1.0.56
[INFO] [stderr]     Checking itoa v1.0.10
[INFO] [stderr]     Checking static_assertions v1.1.0
[INFO] [stderr]     Checking ryu v1.0.16
[INFO] [stderr]     Checking either v1.9.0
[INFO] [stderr]    Compiling indoc v2.0.4
[INFO] [stderr]     Checking unicode-segmentation v1.10.1
[INFO] [stderr]     Checking bitflags v2.4.2
[INFO] [stderr]     Checking cassowary v0.3.0
[INFO] [stderr]    Compiling anyhow v1.0.79
[INFO] [stderr]     Checking minimal-lexical v0.2.1
[INFO] [stderr]     Checking itertools v0.12.1
[INFO] [stderr]    Compiling ahash v0.8.7
[INFO] [stderr]     Checking nom v7.1.3
[INFO] [stderr]     Checking hashbrown v0.14.3
[INFO] [stderr]    Compiling quote v1.0.35
[INFO] [stderr]    Compiling syn v2.0.48
[INFO] [stderr]     Checking castaway v0.2.2
[INFO] [stderr]     Checking compact_str v0.7.1
[INFO] [stderr]     Checking lru v0.12.2
[INFO] [stderr]    Compiling strum_macros v0.26.1
[INFO] [stderr]    Compiling thiserror-impl v1.0.56
[INFO] [stderr]    Compiling stability v0.1.1
[INFO] [stderr]     Checking strum v0.26.1
[INFO] [stderr]     Checking ratatui v0.26.0
[INFO] [stderr]     Checking ansi-to-tui-forked v3.0.0-ratatui (/opt/rustwide/workdir)
[INFO] [stdout] error[E0432]: unresolved import `tui::text::Spans`
[INFO] [stdout]   --> src/parser.rs:17:18
[INFO] [stdout]    |
[INFO] [stdout] 17 |     text::{Span, Spans, Text},
[INFO] [stdout]    |                  ^^^^^
[INFO] [stdout]    |                  |
[INFO] [stdout]    |                  no `Spans` in `text`
[INFO] [stdout]    |                  help: a similar name exists in the module: `Span`
[INFO] [stdout] 
[INFO] [stdout] 
[INFO] [stdout] error[E0432]: unresolved import `tui::text::Spans`
[INFO] [stdout]   --> src/parser.rs:17:18
[INFO] [stdout]    |
[INFO] [stdout] 17 |     text::{Span, Spans, Text},
[INFO] [stdout]    |                  ^^^^^
[INFO] [stdout]    |                  |
[INFO] [stdout]    |                  no `Spans` in `text`
[INFO] [stdout]    |                  help: a similar name exists in the module: `Span`
[INFO] [stdout] 
[INFO] [stdout] 
[INFO] [stdout] error: aborting due to 1 previous error
[INFO] [stdout] 
[INFO] [stdout] 
[INFO] [stdout] For more information about this error, try `rustc --explain E0432`.
[INFO] [stdout] 
[INFO] [stdout] error: aborting due to 1 previous error
[INFO] [stdout] 
[INFO] [stdout] 
[INFO] [stdout] For more information about this error, try `rustc --explain E0432`.
[INFO] [stdout] 
[INFO] [stderr] error: could not compile `ansi-to-tui-forked` (lib) due to 2 previous errors
[INFO] [stderr] warning: build failed, waiting for other jobs to finish...
[INFO] [stderr] error: could not compile `ansi-to-tui-forked` (lib test) due to 2 previous errors
[INFO] running `Command { std: "docker" "inspect" "90825bf4849c4c84fdf879c660ba853cbef0fa8f05b448321fde146a715327f4", kill_on_drop: false }`
[INFO] running `Command { std: "docker" "rm" "-f" "90825bf4849c4c84fdf879c660ba853cbef0fa8f05b448321fde146a715327f4", kill_on_drop: false }`
[INFO] [stdout] 90825bf4849c4c84fdf879c660ba853cbef0fa8f05b448321fde146a715327f4
[INFO] checking ansi-to-tui-forked-3.0.0-ratatui against nightly-2024-02-05+rustflags=-Dunexpected_cfgs+cargoflags=-Zcheck-cfg for check-cfg
[INFO] extracting crate ansi-to-tui-forked 3.0.0-ratatui into /workspace/builds/worker-1-tc2/source
[INFO] validating manifest of crates.io crate ansi-to-tui-forked 3.0.0-ratatui on toolchain nightly-2024-02-05
[INFO] running `Command { std: CARGO_HOME="/workspace/cargo-home" RUSTUP_HOME="/workspace/rustup-home" "/workspace/cargo-home/bin/cargo" "+nightly-2024-02-05" "metadata" "--manifest-path" "Cargo.toml" "--no-deps", kill_on_drop: false }`
[INFO] started tweaking crates.io crate ansi-to-tui-forked 3.0.0-ratatui
[INFO] finished tweaking crates.io crate ansi-to-tui-forked 3.0.0-ratatui
[INFO] tweaked toml for crates.io crate ansi-to-tui-forked 3.0.0-ratatui written to /workspace/builds/worker-1-tc2/source/Cargo.toml
[INFO] running `Command { std: CARGO_HOME="/workspace/cargo-home" RUSTUP_HOME="/workspace/rustup-home" "/workspace/cargo-home/bin/cargo" "+nightly-2024-02-05" "generate-lockfile" "--manifest-path" "Cargo.toml", kill_on_drop: false }`
[INFO] [stderr]     Updating crates.io index
[INFO] running `Command { std: CARGO_HOME="/workspace/cargo-home" RUSTUP_HOME="/workspace/rustup-home" "/workspace/cargo-home/bin/cargo" "+nightly-2024-02-05" "fetch" "--manifest-path" "Cargo.toml", kill_on_drop: false }`
[INFO] running `Command { std: "docker" "create" "-v" "/var/lib/crater-agent-workspace/builds/worker-1-tc2/target:/opt/rustwide/target:rw,Z" "-v" "/var/lib/crater-agent-workspace/builds/worker-1-tc2/source:/opt/rustwide/workdir:ro,Z" "-v" "/var/lib/crater-agent-workspace/cargo-home:/opt/rustwide/cargo-home:ro,Z" "-v" "/var/lib/crater-agent-workspace/rustup-home:/opt/rustwide/rustup-home:ro,Z" "-e" "SOURCE_DIR=/opt/rustwide/workdir" "-e" "CARGO_TARGET_DIR=/opt/rustwide/target" "-e" "CARGO_HOME=/opt/rustwide/cargo-home" "-e" "RUSTUP_HOME=/opt/rustwide/rustup-home" "-w" "/opt/rustwide/workdir" "-m" "1610612736" "--user" "0:0" "--network" "none" "ghcr.io/rust-lang/crates-build-env/linux@sha256:2788e3201cd34a07e3172128adcd8b3090168a8e3bcc40d7c032b9dda1df7d1c" "/opt/rustwide/cargo-home/bin/cargo" "+nightly-2024-02-05" "metadata" "--no-deps" "--format-version=1", kill_on_drop: false }`
[INFO] [stdout] aa995f58c0a42cf8833dbe9610af100440977c40d5531cd7e32df29189e90ddf
[INFO] running `Command { std: "docker" "start" "-a" "aa995f58c0a42cf8833dbe9610af100440977c40d5531cd7e32df29189e90ddf", kill_on_drop: false }`
[INFO] running `Command { std: "docker" "inspect" "aa995f58c0a42cf8833dbe9610af100440977c40d5531cd7e32df29189e90ddf", kill_on_drop: false }`
[INFO] running `Command { std: "docker" "rm" "-f" "aa995f58c0a42cf8833dbe9610af100440977c40d5531cd7e32df29189e90ddf", kill_on_drop: false }`
[INFO] [stdout] aa995f58c0a42cf8833dbe9610af100440977c40d5531cd7e32df29189e90ddf
[INFO] running `Command { std: "docker" "create" "-v" "/var/lib/crater-agent-workspace/builds/worker-1-tc2/target:/opt/rustwide/target:rw,Z" "-v" "/var/lib/crater-agent-workspace/builds/worker-1-tc2/source:/opt/rustwide/workdir:ro,Z" "-v" "/var/lib/crater-agent-workspace/cargo-home:/opt/rustwide/cargo-home:ro,Z" "-v" "/var/lib/crater-agent-workspace/rustup-home:/opt/rustwide/rustup-home:ro,Z" "-e" "SOURCE_DIR=/opt/rustwide/workdir" "-e" "CARGO_TARGET_DIR=/opt/rustwide/target" "-e" "CARGO_INCREMENTAL=0" "-e" "RUST_BACKTRACE=full" "-e" "RUSTFLAGS=--cap-lints=forbid -Dunexpected_cfgs" "-e" "RUSTDOCFLAGS=--cap-lints=forbid" "-e" "CARGO_HOME=/opt/rustwide/cargo-home" "-e" "RUSTUP_HOME=/opt/rustwide/rustup-home" "-w" "/opt/rustwide/workdir" "-m" "1610612736" "--user" "0:0" "--network" "none" "ghcr.io/rust-lang/crates-build-env/linux@sha256:2788e3201cd34a07e3172128adcd8b3090168a8e3bcc40d7c032b9dda1df7d1c" "/opt/rustwide/cargo-home/bin/cargo" "+nightly-2024-02-05" "check" "--frozen" "--all" "--all-targets" "--message-format=json" "-Zcheck-cfg", kill_on_drop: false }`
[INFO] [stdout] d7f90767f993b1925496599d8c85d1a67cc154656b7adb6941467c04f26bc7b3
[INFO] running `Command { std: "docker" "start" "-a" "d7f90767f993b1925496599d8c85d1a67cc154656b7adb6941467c04f26bc7b3", kill_on_drop: false }`
[INFO] [stderr]    Compiling proc-macro2 v1.0.78
[INFO] [stderr]    Compiling unicode-ident v1.0.12
[INFO] [stderr]    Compiling rustversion v1.0.14
[INFO] [stderr]    Compiling version_check v0.9.4
[INFO] [stderr]     Checking once_cell v1.19.0
[INFO] [stderr]    Compiling syn v1.0.109
[INFO] [stderr]     Checking zerocopy v0.7.32
[INFO] [stderr]    Compiling heck v0.4.1
[INFO] [stderr]    Compiling paste v1.0.14
[INFO] [stderr]     Checking allocator-api2 v0.2.16
[INFO] [stderr]     Checking ryu v1.0.16
[INFO] [stderr]     Checking either v1.9.0
[INFO] [stderr]    Compiling thiserror v1.0.56
[INFO] [stderr]     Checking itoa v1.0.10
[INFO] [stderr]     Checking static_assertions v1.1.0
[INFO] [stderr]    Compiling indoc v2.0.4
[INFO] [stderr]     Checking unicode-segmentation v1.10.1
[INFO] [stderr]     Checking bitflags v2.4.2
[INFO] [stderr]    Compiling anyhow v1.0.79
[INFO] [stderr]     Checking minimal-lexical v0.2.1
[INFO] [stderr]     Checking cassowary v0.3.0
[INFO] [stderr]     Checking itertools v0.12.1
[INFO] [stderr]    Compiling ahash v0.8.7
[INFO] [stderr]     Checking nom v7.1.3
[INFO] [stderr]    Compiling quote v1.0.35
[INFO] [stderr]     Checking hashbrown v0.14.3
[INFO] [stderr]     Checking castaway v0.2.2
[INFO] [stderr]    Compiling syn v2.0.48
[INFO] [stderr]     Checking compact_str v0.7.1
[INFO] [stderr]     Checking lru v0.12.2
[INFO] [stderr]    Compiling strum_macros v0.26.1
[INFO] [stderr]    Compiling thiserror-impl v1.0.56
[INFO] [stderr]    Compiling stability v0.1.1
[INFO] [stderr]     Checking strum v0.26.1
[INFO] [stderr]     Checking ratatui v0.26.0
[INFO] [stderr]     Checking ansi-to-tui-forked v3.0.0-ratatui (/opt/rustwide/workdir)
[INFO] [stdout] error[E0432]: unresolved import `tui::text::Spans`
[INFO] [stdout]   --> src/parser.rs:17:18
[INFO] [stdout]    |
[INFO] [stdout] 17 |     text::{Span, Spans, Text},
[INFO] [stdout]    |                  ^^^^^
[INFO] [stdout]    |                  |
[INFO] [stdout]    |                  no `Spans` in `text`
[INFO] [stdout]    |                  help: a similar name exists in the module: `Span`
[INFO] [stdout] 
[INFO] [stdout] 
[INFO] [stdout] error[E0432]: unresolved import `tui::text::Spans`
[INFO] [stdout]   --> src/parser.rs:17:18
[INFO] [stdout]    |
[INFO] [stdout] 17 |     text::{Span, Spans, Text},
[INFO] [stdout]    |                  ^^^^^
[INFO] [stdout]    |                  |
[INFO] [stdout]    |                  no `Spans` in `text`
[INFO] [stdout]    |                  help: a similar name exists in the module: `Span`
[INFO] [stdout] 
[INFO] [stdout] 
[INFO] [stdout] error: aborting due to 1 previous error
[INFO] [stdout] 
[INFO] [stdout] 
[INFO] [stdout] For more information about this error, try `rustc --explain E0432`.
[INFO] [stdout] 
[INFO] [stdout] error: aborting due to 1 previous error
[INFO] [stdout] 
[INFO] [stdout] 
[INFO] [stdout] For more information about this error, try `rustc --explain E0432`.
[INFO] [stdout] 
[INFO] [stderr] error: could not compile `ansi-to-tui-forked` (lib) due to 2 previous errors
[INFO] [stderr] warning: build failed, waiting for other jobs to finish...
[INFO] [stderr] error: could not compile `ansi-to-tui-forked` (lib test) due to 2 previous errors
[INFO] running `Command { std: "docker" "inspect" "d7f90767f993b1925496599d8c85d1a67cc154656b7adb6941467c04f26bc7b3", kill_on_drop: false }`
[INFO] running `Command { std: "docker" "rm" "-f" "d7f90767f993b1925496599d8c85d1a67cc154656b7adb6941467c04f26bc7b3", kill_on_drop: false }`
[INFO] [stdout] d7f90767f993b1925496599d8c85d1a67cc154656b7adb6941467c04f26bc7b3
