[INFO] fetching crate amethyst_animation 0.15.3...
[INFO] checking amethyst_animation-0.15.3 against nightly-2024-02-05 for check-cfg
[INFO] extracting crate amethyst_animation 0.15.3 into /workspace/builds/worker-5-tc1/source
[INFO] validating manifest of crates.io crate amethyst_animation 0.15.3 on toolchain nightly-2024-02-05
[INFO] running `Command { std: CARGO_HOME="/workspace/cargo-home" RUSTUP_HOME="/workspace/rustup-home" "/workspace/cargo-home/bin/cargo" "+nightly-2024-02-05" "metadata" "--manifest-path" "Cargo.toml" "--no-deps", kill_on_drop: false }`
[INFO] started tweaking crates.io crate amethyst_animation 0.15.3
[INFO] finished tweaking crates.io crate amethyst_animation 0.15.3
[INFO] tweaked toml for crates.io crate amethyst_animation 0.15.3 written to /workspace/builds/worker-5-tc1/source/Cargo.toml
[INFO] running `Command { std: CARGO_HOME="/workspace/cargo-home" RUSTUP_HOME="/workspace/rustup-home" "/workspace/cargo-home/bin/cargo" "+nightly-2024-02-05" "generate-lockfile" "--manifest-path" "Cargo.toml", kill_on_drop: false }`
[INFO] [stderr]     Updating crates.io index
[INFO] running `Command { std: CARGO_HOME="/workspace/cargo-home" RUSTUP_HOME="/workspace/rustup-home" "/workspace/cargo-home/bin/cargo" "+nightly-2024-02-05" "fetch" "--manifest-path" "Cargo.toml", kill_on_drop: false }`
[INFO] [stderr]     Blocking waiting for file lock on package cache
[INFO] [stderr]     Blocking waiting for file lock on package cache
[INFO] [stderr]  Downloading crates ...
[INFO] [stderr]   Downloaded rand_jitter v0.1.4
[INFO] [stderr]   Downloaded rendy-util v0.4.1
[INFO] [stderr]   Downloaded rand_os v0.1.3
[INFO] [stderr]   Downloaded memoffset v0.5.6
[INFO] [stderr]   Downloaded paste v0.1.18
[INFO] [stderr]   Downloaded phf_codegen v0.7.24
[INFO] [stderr]   Downloaded relevant v0.4.2
[INFO] [stderr]   Downloaded rand_xorshift v0.1.1
[INFO] [stderr]   Downloaded wayland-sys v0.21.13
[INFO] [stderr]   Downloaded rendy-shader v0.4.1
[INFO] [stderr]   Downloaded rand_hc v0.1.0
[INFO] [stderr]   Downloaded gltf-derive v0.15.2
[INFO] [stderr]   Downloaded rendy-mesh v0.4.1
[INFO] [stderr]   Downloaded amethyst_input v0.15.3
[INFO] [stderr]   Downloaded amethyst_audio v0.15.3
[INFO] [stderr]   Downloaded lexical v2.2.4
[INFO] [stderr]   Downloaded image v0.23.14
[INFO] [stderr]   Downloaded image v0.22.5
[INFO] [stderr]   Downloaded spirv_cross v0.15.0
[INFO] [stderr]   Downloaded servo-freetype-sys v4.0.5
[INFO] [stderr]   Downloaded servo-fontconfig-sys v4.0.9
[INFO] [stderr]   Downloaded expat-sys v2.1.6
[INFO] [stderr]   Downloaded lexical-core v0.4.8
[INFO] [stderr]   Downloaded genmesh v0.6.2
[INFO] [stderr]   Downloaded bytemuck v1.14.1
[INFO] [stderr]   Downloaded gltf v0.15.2
[INFO] [stderr]   Downloaded rendy-chain v0.4.1
[INFO] [stderr]   Downloaded deflate v0.8.6
[INFO] [stderr]   Downloaded static_assertions v0.3.4
[INFO] [stderr]   Downloaded gltf-json v0.15.2
[INFO] [stderr]   Downloaded wavefront_obj v6.0.0
[INFO] [stderr]   Downloaded png v0.16.8
[INFO] [stderr]   Downloaded winit v0.19.5
[INFO] [stderr]   Downloaded ash v0.29.0
[INFO] [stderr]   Downloaded rand v0.6.5
[INFO] [stderr]   Downloaded xcb v0.8.2
[INFO] [stderr]   Downloaded syn v0.14.9
[INFO] [stderr]   Downloaded smithay-client-toolkit v0.4.6
[INFO] [stderr]   Downloaded wayland-client v0.21.13
[INFO] [stderr]   Downloaded amethyst_ui v0.15.3
[INFO] [stderr]   Downloaded gfx-backend-metal v0.3.3
[INFO] [stderr]   Downloaded derivative v1.0.4
[INFO] [stderr]   Downloaded x11 v2.21.0
[INFO] [stderr]   Downloaded euclid v0.20.14
[INFO] [stderr]   Downloaded font-kit v0.5.0
[INFO] [stderr]   Downloaded cocoa v0.18.5
[INFO] [stderr]   Downloaded itertools v0.8.2
[INFO] [stderr]   Downloaded xi-unicode v0.2.1
[INFO] [stderr]   Downloaded png v0.15.3
[INFO] [stderr]   Downloaded num-rational v0.3.2
[INFO] [stderr]   Downloaded rendy-graph v0.4.1
[INFO] [stderr]   Downloaded tiff v0.3.1
[INFO] [stderr]   Downloaded wayland-commons v0.21.13
[INFO] [stderr]   Downloaded wayland-scanner v0.21.13
[INFO] [stderr]   Downloaded libloading v0.6.7
[INFO] [stderr]   Downloaded dlib v0.4.2
[INFO] [stderr]   Downloaded palette_derive v0.4.1
[INFO] [stderr]   Downloaded clipboard v0.5.0
[INFO] [stderr]   Downloaded lyon_geom v0.14.1
[INFO] [stderr]   Downloaded glsl-layout v0.3.2
[INFO] [stderr]   Downloaded rusttype v0.7.9
[INFO] [stderr]   Downloaded rendy v0.4.1
[INFO] [stderr]   Downloaded clipboard-win v2.2.0
[INFO] [stderr]   Downloaded phf v0.7.24
[INFO] [stderr]   Downloaded rand_chacha v0.1.1
[INFO] [stderr]   Downloaded rand_pcg v0.1.2
[INFO] [stderr]   Downloaded parking_lot_core v0.6.3
[INFO] [stderr]   Downloaded dirs-sys v0.3.7
[INFO] [stderr]   Downloaded nodrop v0.1.14
[INFO] [stderr]   Downloaded cmake v0.1.50
[INFO] [stderr]   Downloaded servo-fontconfig v0.4.0
[INFO] [stderr]   Downloaded glyph_brush_layout v0.1.9
[INFO] [stderr]   Downloaded rand_isaac v0.1.1
[INFO] [stderr]   Downloaded autocfg v0.1.8
[INFO] [stderr]   Downloaded siphasher v0.2.3
[INFO] [stderr]   Downloaded palette v0.4.1
[INFO] [stderr]   Downloaded rendy-factory v0.4.1
[INFO] [stderr]   Downloaded storage-map v0.2.0
[INFO] [stderr]   Downloaded rendy-wsi v0.4.1
[INFO] [stderr]   Downloaded crossbeam-deque v0.7.4
[INFO] [stderr]   Downloaded amethyst_config v0.15.3
[INFO] [stderr]   Downloaded objc-foundation v0.1.1
[INFO] [stderr]   Downloaded phf_generator v0.7.24
[INFO] [stderr]   Downloaded x11-clipboard v0.3.3
[INFO] [stderr]   Downloaded core-text v15.0.0
[INFO] [stderr]   Downloaded float-ord v0.2.0
[INFO] [stderr]   Downloaded freetype v0.4.1
[INFO] [stderr]   Downloaded arrayvec v0.4.12
[INFO] [stderr]   Downloaded glsl-layout-derive v0.3.2
[INFO] [stderr]   Downloaded rendy-descriptor v0.4.1
[INFO] [stderr]   Downloaded cocoa v0.19.1
[INFO] [stderr]   Downloaded gfx-hal v0.3.1
[INFO] [stderr]   Downloaded miniz_oxide v0.3.7
[INFO] [stderr]   Downloaded objc_id v0.1.1
[INFO] [stderr]   Downloaded xdg v2.5.2
[INFO] [stderr]   Downloaded dwrote v0.9.0
[INFO] [stderr]   Downloaded lyon_path v0.14.0
[INFO] [stderr]   Downloaded rendy-command v0.4.1
[INFO] [stderr]   Downloaded rendy-texture v0.4.1
[INFO] [stderr]   Downloaded rendy-memory v0.4.1
[INFO] [stderr]   Downloaded line_drawing v0.7.0
[INFO] [stderr]   Downloaded raw-window-handle v0.1.2
[INFO] [stderr]   Downloaded phf_shared v0.7.24
[INFO] [stderr]   Downloaded crossbeam-channel v0.3.9
[INFO] [stderr]   Downloaded rendy-resource v0.4.1
[INFO] [stderr]   Downloaded andrew v0.2.1
[INFO] [stderr]   Downloaded gfx-backend-vulkan v0.3.3
[INFO] [stderr]   Downloaded amethyst_window v0.15.3
[INFO] [stderr]   Downloaded glyph_brush v0.6.3
[INFO] [stderr]   Downloaded paste-impl v0.1.18
[INFO] [stderr]   Downloaded core-graphics v0.17.3
[INFO] [stderr]   Downloaded ordered-float v1.1.1
[INFO] [stderr]   Downloaded proc-macro-hack v0.5.20+deprecated
[INFO] [stderr]   Downloaded parking_lot v0.9.0
[INFO] [stderr]   Downloaded stb_truetype v0.3.1
[INFO] [stderr]   Downloaded wayland-protocols v0.21.13
[INFO] [stderr]   Downloaded raw-window-handle v0.3.4
[INFO] [stderr]   Downloaded rusttype v0.8.3
[INFO] [stderr]   Downloaded rendy-frame v0.4.1
[INFO] [stderr]   Downloaded colorful v0.2.2
[INFO] [stderr]   Downloaded metal v0.16.0
[INFO] [stderr]   Downloaded amethyst_rendy v0.15.3
[INFO] [stderr]   Downloaded minterpolate v0.4.0
[INFO] [stderr]   Downloaded gfx-backend-empty v0.3.1
[INFO] running `Command { std: "docker" "create" "-v" "/var/lib/crater-agent-workspace/builds/worker-5-tc1/target:/opt/rustwide/target:rw,Z" "-v" "/var/lib/crater-agent-workspace/builds/worker-5-tc1/source:/opt/rustwide/workdir:ro,Z" "-v" "/var/lib/crater-agent-workspace/cargo-home:/opt/rustwide/cargo-home:ro,Z" "-v" "/var/lib/crater-agent-workspace/rustup-home:/opt/rustwide/rustup-home:ro,Z" "-e" "SOURCE_DIR=/opt/rustwide/workdir" "-e" "CARGO_TARGET_DIR=/opt/rustwide/target" "-e" "CARGO_HOME=/opt/rustwide/cargo-home" "-e" "RUSTUP_HOME=/opt/rustwide/rustup-home" "-w" "/opt/rustwide/workdir" "-m" "1610612736" "--user" "0:0" "--network" "none" "ghcr.io/rust-lang/crates-build-env/linux@sha256:2788e3201cd34a07e3172128adcd8b3090168a8e3bcc40d7c032b9dda1df7d1c" "/opt/rustwide/cargo-home/bin/cargo" "+nightly-2024-02-05" "metadata" "--no-deps" "--format-version=1", kill_on_drop: false }`
[INFO] [stdout] 33e64661ced4667c6931641900ab5c7d49e3776c4d02f5a103a45ce069cf28e6
[INFO] running `Command { std: "docker" "start" "-a" "33e64661ced4667c6931641900ab5c7d49e3776c4d02f5a103a45ce069cf28e6", kill_on_drop: false }`
[INFO] running `Command { std: "docker" "inspect" "33e64661ced4667c6931641900ab5c7d49e3776c4d02f5a103a45ce069cf28e6", kill_on_drop: false }`
[INFO] running `Command { std: "docker" "rm" "-f" "33e64661ced4667c6931641900ab5c7d49e3776c4d02f5a103a45ce069cf28e6", kill_on_drop: false }`
[INFO] [stdout] 33e64661ced4667c6931641900ab5c7d49e3776c4d02f5a103a45ce069cf28e6
[INFO] running `Command { std: "docker" "create" "-v" "/var/lib/crater-agent-workspace/builds/worker-5-tc1/target:/opt/rustwide/target:rw,Z" "-v" "/var/lib/crater-agent-workspace/builds/worker-5-tc1/source:/opt/rustwide/workdir:ro,Z" "-v" "/var/lib/crater-agent-workspace/cargo-home:/opt/rustwide/cargo-home:ro,Z" "-v" "/var/lib/crater-agent-workspace/rustup-home:/opt/rustwide/rustup-home:ro,Z" "-e" "SOURCE_DIR=/opt/rustwide/workdir" "-e" "CARGO_TARGET_DIR=/opt/rustwide/target" "-e" "CARGO_INCREMENTAL=0" "-e" "RUST_BACKTRACE=full" "-e" "RUSTFLAGS=--cap-lints=forbid" "-e" "RUSTDOCFLAGS=--cap-lints=forbid" "-e" "CARGO_HOME=/opt/rustwide/cargo-home" "-e" "RUSTUP_HOME=/opt/rustwide/rustup-home" "-w" "/opt/rustwide/workdir" "-m" "1610612736" "--user" "0:0" "--network" "none" "ghcr.io/rust-lang/crates-build-env/linux@sha256:2788e3201cd34a07e3172128adcd8b3090168a8e3bcc40d7c032b9dda1df7d1c" "/opt/rustwide/cargo-home/bin/cargo" "+nightly-2024-02-05" "check" "--frozen" "--all" "--all-targets" "--message-format=json", kill_on_drop: false }`
[INFO] [stdout] 6c9bb40ad493b683068821190921a027c4d30fcd386fb361de312056adb5c47c
[INFO] running `Command { std: "docker" "start" "-a" "6c9bb40ad493b683068821190921a027c4d30fcd386fb361de312056adb5c47c", kill_on_drop: false }`
[INFO] [stderr]    Compiling libc v0.2.153
[INFO] [stderr]    Compiling libm v0.2.8
[INFO] [stderr]    Compiling num-traits v0.2.17
[INFO] [stderr]     Checking cfg-if v0.1.10
[INFO] [stderr]    Compiling syn v1.0.109
[INFO] [stderr]     Checking byteorder v1.5.0
[INFO] [stderr]     Checking lazy_static v1.4.0
[INFO] [stderr]    Compiling proc-macro2 v0.4.30
[INFO] [stderr]    Compiling unicode-xid v0.1.0
[INFO] [stderr]    Compiling maybe-uninit v2.0.0
[INFO] [stderr]    Compiling crossbeam-utils v0.8.19
[INFO] [stderr]    Compiling semver-parser v0.7.0
[INFO] [stderr]    Compiling rayon-core v1.12.1
[INFO] [stderr]     Checking either v1.9.0
[INFO] [stderr]     Checking adler v1.0.2
[INFO] [stderr]    Compiling syn v2.0.48
[INFO] [stderr]     Checking gimli v0.28.1
[INFO] [stderr]     Checking object v0.32.2
[INFO] [stderr]     Checking miniz_oxide v0.7.2
[INFO] [stderr]    Compiling pkg-config v0.3.29
[INFO] [stderr]    Compiling syn v0.15.44
[INFO] [stderr]     Checking rustc-demangle v0.1.23
[INFO] [stderr]    Compiling semver v0.9.0
[INFO] [stderr]    Compiling num-integer v0.1.45
[INFO] [stderr]    Compiling unicode-xid v0.2.4
[INFO] [stderr]    Compiling rustc_version v0.2.3
[INFO] [stderr]    Compiling crossbeam-utils v0.7.2
[INFO] [stderr]     Checking lock_api v0.3.4
[INFO] [stderr]    Compiling failure_derive v0.1.8
[INFO] [stderr]    Compiling getrandom v0.1.16
[INFO] [stderr]    Compiling parking_lot_core v0.6.3
[INFO] [stderr]     Checking crossbeam-epoch v0.9.18
[INFO] [stderr]    Compiling serde_json v1.0.113
[INFO] [stderr]    Compiling parking_lot v0.9.0
[INFO] [stderr]    Compiling autocfg v0.1.8
[INFO] [stderr]     Checking crossbeam-deque v0.8.5
[INFO] [stderr]     Checking adler32 v1.2.0
[INFO] [stderr]    Compiling quote v0.6.13
[INFO] [stderr]    Compiling rand_core v0.4.2
[INFO] [stderr]     Checking fxhash v0.2.1
[INFO] [stderr]    Compiling num-iter v0.1.43
[INFO] [stderr]     Checking crossbeam-utils v0.6.6
[INFO] [stderr]    Compiling cc v1.0.83
[INFO] [stderr]    Compiling num-rational v0.2.4
[INFO] [stderr]    Compiling rand_core v0.3.1
[INFO] [stderr]    Compiling memoffset v0.5.6
[INFO] [stderr]    Compiling slab v0.4.9
[INFO] [stderr]    Compiling crossbeam-epoch v0.8.2
[INFO] [stderr]     Checking time v0.1.45
[INFO] [stderr]    Compiling cfg-if v1.0.0
[INFO] [stderr]    Compiling memchr v2.7.1
[INFO] [stderr]    Compiling num-derive v0.2.5
[INFO] [stderr]     Checking rayon v1.8.1
[INFO] [stderr]    Compiling rand_pcg v0.1.2
[INFO] [stderr]    Compiling rand_chacha v0.1.1
[INFO] [stderr]    Compiling hashbrown v0.7.2
[INFO] [stderr]    Compiling arrayvec v0.4.12
[INFO] [stderr]     Checking lzw v0.10.0
[INFO] [stderr]     Checking minimal-lexical v0.2.1
[INFO] [stderr]    Compiling xml-rs v0.8.19
[INFO] [stderr]     Checking colorful v0.2.2
[INFO] [stderr]     Checking approx v0.3.2
[INFO] [stderr]    Compiling cmake v0.1.50
[INFO] [stderr]    Compiling regex-syntax v0.8.2
[INFO] [stderr]     Checking color_quant v1.1.0
[INFO] [stderr]     Checking nom v7.1.3
[INFO] [stderr]     Checking rand_core v0.5.1
[INFO] [stderr]    Compiling aho-corasick v1.1.2
[INFO] [stderr]     Checking crossbeam-channel v0.3.9
[INFO] [stderr]     Checking addr2line v0.21.0
[INFO] [stderr]     Checking deflate v0.7.20
[INFO] [stderr]     Checking inflate v0.4.5
[INFO] [stderr]    Compiling rand v0.6.5
[INFO] [stderr]    Compiling num-complex v0.2.4
[INFO] [stderr]    Compiling typenum v1.17.0
[INFO] [stderr]    Compiling wayland-scanner v0.21.13
[INFO] [stderr]    Compiling backtrace v0.3.69
[INFO] [stderr]     Checking nodrop v0.1.14
[INFO] [stderr]    Compiling crc32fast v1.3.2
[INFO] [stderr]     Checking ahash v0.3.8
[INFO] [stderr]     Checking mint v0.5.9
[INFO] [stderr]    Compiling ppv-lite86 v0.2.17
[INFO] [stderr]     Checking crossbeam-deque v0.7.4
[INFO] [stderr]     Checking rand_chacha v0.2.2
[INFO] [stderr]     Checking ordered-float v1.1.1
[INFO] [stderr]     Checking num_cpus v1.16.0
[INFO] [stderr]    Compiling rand_hc v0.1.0
[INFO] [stderr]    Compiling rand_isaac v0.1.1
[INFO] [stderr]     Checking tynm v0.1.9
[INFO] [stderr]    Compiling rand_xorshift v0.1.1
[INFO] [stderr]    Compiling rand_jitter v0.1.4
[INFO] [stderr]    Compiling rand_os v0.1.3
[INFO] [stderr]     Checking stb_truetype v0.3.1
[INFO] [stderr]     Checking libloading v0.6.7
[INFO] [stderr]     Checking rustc-hash v1.1.0
[INFO] [stderr]    Compiling log v0.4.20
[INFO] [stderr]     Checking linked-hash-map v0.5.6
[INFO] [stderr]    Compiling siphasher v0.2.3
[INFO] [stderr]    Compiling nix v0.14.1
[INFO] [stderr]     Checking mopa v0.2.2
[INFO] [stderr]     Checking dlib v0.4.2
[INFO] [stderr]    Compiling phf_shared v0.7.24
[INFO] [stderr]    Compiling rand v0.7.3
[INFO] [stderr]    Compiling regex-automata v0.4.5
[INFO] [stderr]     Checking rusttype v0.8.3
[INFO] [stderr]     Checking gif v0.10.3
[INFO] [stderr]     Checking crossbeam-queue v0.2.3
[INFO] [stderr]     Checking shrev v1.1.3
[INFO] [stderr]     Checking void v1.0.2
[INFO] [stderr]     Checking rawpointer v0.2.1
[INFO] [stderr]     Checking tuple_utils v0.3.0
[INFO] [stderr]     Checking scoped_threadpool v0.1.9
[INFO] [stderr]     Checking matrixmultiply v0.2.4
[INFO] [stderr]    Compiling phf_generator v0.7.24
[INFO] [stderr]    Compiling wayland-client v0.21.13
[INFO] [stderr]     Checking relevant v0.4.2
[INFO] [stderr]     Checking wayland-sys v0.21.13
[INFO] [stderr]    Compiling proc-macro-error-attr v1.0.4
[INFO] [stderr]    Compiling servo-freetype-sys v4.0.5
[INFO] [stderr]     Checking hibitset v0.6.4
[INFO] [stderr]     Checking jpeg-decoder v0.1.22
[INFO] [stderr]     Checking generic-array v0.13.3
[INFO] [stderr]    Compiling lexical-core v0.4.8
[INFO] [stderr]     Checking base64 v0.10.1
[INFO] [stderr]     Checking same-file v1.0.6
[INFO] [stderr]    Compiling edit-distance v2.1.0
[INFO] [stderr]     Checking walkdir v2.4.0
[INFO] [stderr]     Checking amethyst_error v0.15.3
[INFO] [stderr]    Compiling phf_codegen v0.7.24
[INFO] [stderr]    Compiling wayland-protocols v0.21.13
[INFO] [stderr]    Compiling proc-macro-error v1.0.4
[INFO] [stderr]     Checking rand_distr v0.2.2
[INFO] [stderr]    Compiling expat-sys v2.1.6
[INFO] [stderr]    Compiling alsa-sys v0.1.2
[INFO] [stderr]    Compiling derivative v1.0.4
[INFO] [stderr]    Compiling lexical v2.2.4
[INFO] [stderr]     Checking fnv v1.0.7
[INFO] [stderr]     Checking approx v0.1.1
[INFO] [stderr]     Checking static_assertions v0.3.4
[INFO] [stderr]    Compiling palette v0.4.1
[INFO] [stderr]    Compiling synstructure v0.12.6
[INFO] [stderr]    Compiling err-derive v0.2.4
[INFO] [stderr]     Checking rusttype v0.7.9
[INFO] [stderr]    Compiling minimp3-sys v0.3.2
[INFO] [stderr]     Checking line_drawing v0.7.0
[INFO] [stderr]     Checking getrandom v0.2.12
[INFO] [stderr]    Compiling syn v0.14.9
[INFO] [stderr]    Compiling x11-dl v2.21.0
[INFO] [stderr]    Compiling num-rational v0.3.2
[INFO] [stderr]     Checking cty v0.2.2
[INFO] [stderr]    Compiling unicode-segmentation v1.10.1
[INFO] [stderr]     Checking tinyvec_macros v0.1.1
[INFO] [stderr]    Compiling inventory v0.1.11
[INFO] [stderr]    Compiling thiserror v1.0.56
[INFO] [stderr]     Checking xdg v2.5.2
[INFO] [stderr]     Checking tinyvec v1.6.0
[INFO] [stderr]    Compiling heck v0.3.3
[INFO] [stderr]     Checking andrew v0.2.1
[INFO] [stderr]     Checking raw-window-handle v0.4.3
[INFO] [stderr]     Checking rand_core v0.6.4
[INFO] [stderr]     Checking phf v0.7.24
[INFO] [stderr]    Compiling proc_macro_roids v0.7.0
[INFO] [stderr]     Checking png v0.15.3
[INFO] [stderr]     Checking png v0.14.1
[INFO] [stderr]    Compiling serde_derive v1.0.196
[INFO] [stderr]    Compiling thiserror-impl v1.0.56
[INFO] [stderr]    Compiling ghost v0.1.17
[INFO] [stderr]     Checking memmap v0.7.0
[INFO] [stderr]    Compiling xcb v0.8.2
[INFO] [stderr]     Checking wayland-commons v0.21.13
[INFO] [stderr]     Checking deflate v0.8.6
[INFO] [stderr]    Compiling regex v1.10.3
[INFO] [stderr]     Checking miniz_oxide v0.3.7
[INFO] [stderr]     Checking tiff v0.3.1
[INFO] [stderr]     Checking tiff v0.2.2
[INFO] [stderr]    Compiling servo-fontconfig-sys v4.0.9
[INFO] [stderr]    Compiling num-bigint v0.4.4
[INFO] [stderr]    Compiling inflections v1.1.1
[INFO] [stderr]    Compiling cpal v0.11.0
[INFO] [stderr]    Compiling cgmath v0.16.1
[INFO] [stderr]    Compiling env_logger v0.7.1
[INFO] [stderr]    Compiling proc-macro-hack v0.5.20+deprecated
[INFO] [stderr]     Checking once_cell v1.19.0
[INFO] [stderr]     Checking png v0.16.8
[INFO] [stderr]     Checking image v0.22.5
[INFO] [stderr]     Checking image v0.21.3
[INFO] [stderr]    Compiling quickcheck v0.9.2
[INFO] [stderr]     Checking rand_chacha v0.3.1
[INFO] [stderr]     Checking wavefront_obj v6.0.0
[INFO] [stderr]     Checking raw-window-handle v0.3.4
[INFO] [stderr]     Checking num-traits v0.1.43
[INFO] [stderr]     Checking euclid v0.20.14
[INFO] [stderr]    Compiling shred-derive v0.6.3
[INFO] [stderr]    Compiling specs-derive v0.4.1
[INFO] [stderr] error: failed to run custom build command for `xcb v0.8.2`
[INFO] [stderr] note: To improve backtraces for build dependencies, set the CARGO_PROFILE_DEV_BUILD_OVERRIDE_DEBUG=true environment variable to enable debug information generation.
[INFO] [stderr] 
[INFO] [stderr] Caused by:
[INFO] [stderr]   process didn't exit successfully: `/opt/rustwide/target/debug/build/xcb-cf0acac8e5718d6b/build-script-build` (exit status: 101)
[INFO] [stderr]   --- stderr
[INFO] [stderr]   error occured in handler:  ('request: ', ('xcb', 'SELinux', 'GetClientContext'))
[INFO] [stderr]   Traceback (most recent call last):
[INFO] [stderr]     File "/opt/rustwide/cargo-home/registry/src/index.crates.io-6f17d22bba15001f/xcb-0.8.2/rs_client.py", line 2448, in <module>
[INFO] [stderr]       module.generate()
[INFO] [stderr]     File "/opt/rustwide/cargo-home/registry/src/index.crates.io-6f17d22bba15001f/xcb-0.8.2/xcbgen/state.py", line 108, in generate
[INFO] [stderr]       self.close()
[INFO] [stderr]     File "/opt/rustwide/cargo-home/registry/src/index.crates.io-6f17d22bba15001f/xcb-0.8.2/rs_client.py", line 296, in rs_close
[INFO] [stderr]       _f.writeout(os.path.join(module.rs_srcdir, "ffi", "%s.rs" % _module_name(_ns.ext_name)))
[INFO] [stderr]     File "/opt/rustwide/cargo-home/registry/src/index.crates.io-6f17d22bba15001f/xcb-0.8.2/rs_client.py", line 114, in writeout
[INFO] [stderr]       with open(path, 'w') as f:
[INFO] [stderr]   OSError: [Errno 30] Read-only file system: '/opt/rustwide/cargo-home/registry/src/index.crates.io-6f17d22bba15001f/xcb-0.8.2/src/ffi/selinux.rs'
[INFO] [stderr]   thread 'main' panicked at /opt/rustwide/cargo-home/registry/src/index.crates.io-6f17d22bba15001f/xcb-0.8.2/build.rs:75:17:
[INFO] [stderr]   processing of /opt/rustwide/cargo-home/registry/src/index.crates.io-6f17d22bba15001f/xcb-0.8.2/xml/xselinux.xml returned non-zero (1)
[INFO] [stderr]   stack backtrace:
[INFO] [stderr]      0:     0x5568d09f2566 - std::backtrace_rs::backtrace::libunwind::trace::heebc7766b165eb2a
[INFO] [stderr]                                  at /rustc/268dbbbc4b3fd71c5f360a4d0728295252430b5b/library/std/src/../../backtrace/src/backtrace/libunwind.rs:104:5
[INFO] [stderr]      1:     0x5568d09f2566 - std::backtrace_rs::backtrace::trace_unsynchronized::ha677020d8fc0296d
[INFO] [stderr]                                  at /rustc/268dbbbc4b3fd71c5f360a4d0728295252430b5b/library/std/src/../../backtrace/src/backtrace/mod.rs:66:5
[INFO] [stderr]      2:     0x5568d09f2566 - std::sys_common::backtrace::_print_fmt::hcaff2fd86a1aeaa3
[INFO] [stderr]                                  at /rustc/268dbbbc4b3fd71c5f360a4d0728295252430b5b/library/std/src/sys_common/backtrace.rs:68:5
[INFO] [stderr]      3:     0x5568d09f2566 - <std::sys_common::backtrace::_print::DisplayBacktrace as core::fmt::Display>::fmt::hc2446d8aa0059188
[INFO] [stderr]                                  at /rustc/268dbbbc4b3fd71c5f360a4d0728295252430b5b/library/std/src/sys_common/backtrace.rs:44:22
[INFO] [stderr]      4:     0x5568d0a149a0 - core::fmt::rt::Argument::fmt::h2fbb6454da37999b
[INFO] [stderr]                                  at /rustc/268dbbbc4b3fd71c5f360a4d0728295252430b5b/library/core/src/fmt/rt.rs:142:9
[INFO] [stderr]      5:     0x5568d0a149a0 - core::fmt::write::had96bdeda7d49d3a
[INFO] [stderr]                                  at /rustc/268dbbbc4b3fd71c5f360a4d0728295252430b5b/library/core/src/fmt/mod.rs:1120:17
[INFO] [stderr]      6:     0x5568d09f01bf - std::io::Write::write_fmt::h30b1f36eea05b391
[INFO] [stderr]                                  at /rustc/268dbbbc4b3fd71c5f360a4d0728295252430b5b/library/std/src/io/mod.rs:1849:15
[INFO] [stderr]      7:     0x5568d09f2344 - std::sys_common::backtrace::_print::hc333bb91ae972137
[INFO] [stderr]                                  at /rustc/268dbbbc4b3fd71c5f360a4d0728295252430b5b/library/std/src/sys_common/backtrace.rs:47:5
[INFO] [stderr]      8:     0x5568d09f2344 - std::sys_common::backtrace::print::h18fd3c71a95a3169
[INFO] [stderr]                                  at /rustc/268dbbbc4b3fd71c5f360a4d0728295252430b5b/library/std/src/sys_common/backtrace.rs:34:9
[INFO] [stderr]      9:     0x5568d09f3a37 - std::panicking::default_hook::{{closure}}::ha3473f9bcb4e9a37
[INFO] [stderr]     10:     0x5568d09f3799 - std::panicking::default_hook::h23d9d43185db6584
[INFO] [stderr]                                  at /rustc/268dbbbc4b3fd71c5f360a4d0728295252430b5b/library/std/src/panicking.rs:292:9
[INFO] [stderr]     11:     0x5568d09f3ec8 - std::panicking::rust_panic_with_hook::h94aceaa7df3a6edd
[INFO] [stderr]                                  at /rustc/268dbbbc4b3fd71c5f360a4d0728295252430b5b/library/std/src/panicking.rs:781:13
[INFO] [stderr]     12:     0x5568d09f3da2 - std::panicking::begin_panic_handler::{{closure}}::h9905d45d1d82fc42
[INFO] [stderr]                                  at /rustc/268dbbbc4b3fd71c5f360a4d0728295252430b5b/library/std/src/panicking.rs:659:13
[INFO] [stderr]     13:     0x5568d09f2a66 - std::sys_common::backtrace::__rust_end_short_backtrace::hb02085545dc143b9
[INFO] [stderr]                                  at /rustc/268dbbbc4b3fd71c5f360a4d0728295252430b5b/library/std/src/sys_common/backtrace.rs:171:18
[INFO] [stderr]     14:     0x5568d09f3af4 - rust_begin_unwind
[INFO] [stderr]                                  at /rustc/268dbbbc4b3fd71c5f360a4d0728295252430b5b/library/std/src/panicking.rs:647:5
[INFO] [stderr]     15:     0x5568d09cc285 - core::panicking::panic_fmt::h6dca3983f8a9f4d0
[INFO] [stderr]                                  at /rustc/268dbbbc4b3fd71c5f360a4d0728295252430b5b/library/core/src/panicking.rs:72:14
[INFO] [stderr]     16:     0x5568d09d2381 - build_script_build::main::{{closure}}::hede346a2a2214cc1
[INFO] [stderr]     17:     0x5568d09d0f13 - build_script_build::visit_xml::heb1691e8c98a9a31
[INFO] [stderr]     18:     0x5568d09d183c - build_script_build::main::hccfffb23fb5d1ef5
[INFO] [stderr]     19:     0x5568d09cde73 - core::ops::function::FnOnce::call_once::h5b5c02528e14a62c
[INFO] [stderr]     20:     0x5568d09ccdb6 - std::sys_common::backtrace::__rust_begin_short_backtrace::hc11793b472496171
[INFO] [stderr]     21:     0x5568d09cd4e9 - std::rt::lang_start::{{closure}}::h2bf1dd9da5e8e3f1
[INFO] [stderr]     22:     0x5568d09ecd91 - core::ops::function::impls::<impl core::ops::function::FnOnce<A> for &F>::call_once::h298d8ff12ebcec8c
[INFO] [stderr]                                  at /rustc/268dbbbc4b3fd71c5f360a4d0728295252430b5b/library/core/src/ops/function.rs:284:13
[INFO] [stderr]     23:     0x5568d09ecd91 - std::panicking::try::do_call::hbd0ffb05da5bd343
[INFO] [stderr]                                  at /rustc/268dbbbc4b3fd71c5f360a4d0728295252430b5b/library/std/src/panicking.rs:554:40
[INFO] [stderr]     24:     0x5568d09ecd91 - std::panicking::try::h11c9a152defd5d2a
[INFO] [stderr]                                  at /rustc/268dbbbc4b3fd71c5f360a4d0728295252430b5b/library/std/src/panicking.rs:518:19
[INFO] [stderr]     25:     0x5568d09ecd91 - std::panic::catch_unwind::h0d6db2fa902b4d64
[INFO] [stderr]                                  at /rustc/268dbbbc4b3fd71c5f360a4d0728295252430b5b/library/std/src/panic.rs:142:14
[INFO] [stderr]     26:     0x5568d09ecd91 - std::rt::lang_start_internal::{{closure}}::hdcc09b4aad7ef821
[INFO] [stderr]                                  at /rustc/268dbbbc4b3fd71c5f360a4d0728295252430b5b/library/std/src/rt.rs:148:48
[INFO] [stderr]     27:     0x5568d09ecd91 - std::panicking::try::do_call::h3ffd2f162d60900f
[INFO] [stderr]                                  at /rustc/268dbbbc4b3fd71c5f360a4d0728295252430b5b/library/std/src/panicking.rs:554:40
[INFO] [stderr]     28:     0x5568d09ecd91 - std::panicking::try::heeba82b9c3e190fb
[INFO] [stderr]                                  at /rustc/268dbbbc4b3fd71c5f360a4d0728295252430b5b/library/std/src/panicking.rs:518:19
[INFO] [stderr]     29:     0x5568d09ecd91 - std::panic::catch_unwind::hdaab8f1c188f387f
[INFO] [stderr]                                  at /rustc/268dbbbc4b3fd71c5f360a4d0728295252430b5b/library/std/src/panic.rs:142:14
[INFO] [stderr]     30:     0x5568d09ecd91 - std::rt::lang_start_internal::h9989e088c48b7903
[INFO] [stderr]                                  at /rustc/268dbbbc4b3fd71c5f360a4d0728295252430b5b/library/std/src/rt.rs:148:20
[INFO] [stderr]     31:     0x5568d09cd4c7 - std::rt::lang_start::h1031b595c169dfd4
[INFO] [stderr]     32:     0x5568d09d2405 - main
[INFO] [stderr]     33:     0x7f8d0d64fd90 - <unknown>
[INFO] [stderr]     34:     0x7f8d0d64fe40 - __libc_start_main
[INFO] [stderr]     35:     0x5568d09cc9b5 - _start
[INFO] [stderr]     36:                0x0 - <unknown>
[INFO] [stderr] warning: build failed, waiting for other jobs to finish...
[INFO] running `Command { std: "docker" "inspect" "6c9bb40ad493b683068821190921a027c4d30fcd386fb361de312056adb5c47c", kill_on_drop: false }`
[INFO] running `Command { std: "docker" "rm" "-f" "6c9bb40ad493b683068821190921a027c4d30fcd386fb361de312056adb5c47c", kill_on_drop: false }`
[INFO] [stdout] 6c9bb40ad493b683068821190921a027c4d30fcd386fb361de312056adb5c47c
[INFO] checking amethyst_animation-0.15.3 against nightly-2024-02-05+rustflags=-Dunexpected_cfgs+cargoflags=-Zcheck-cfg for check-cfg
[INFO] extracting crate amethyst_animation 0.15.3 into /workspace/builds/worker-5-tc2/source
[INFO] validating manifest of crates.io crate amethyst_animation 0.15.3 on toolchain nightly-2024-02-05
[INFO] running `Command { std: CARGO_HOME="/workspace/cargo-home" RUSTUP_HOME="/workspace/rustup-home" "/workspace/cargo-home/bin/cargo" "+nightly-2024-02-05" "metadata" "--manifest-path" "Cargo.toml" "--no-deps", kill_on_drop: false }`
[INFO] started tweaking crates.io crate amethyst_animation 0.15.3
[INFO] finished tweaking crates.io crate amethyst_animation 0.15.3
[INFO] tweaked toml for crates.io crate amethyst_animation 0.15.3 written to /workspace/builds/worker-5-tc2/source/Cargo.toml
[INFO] running `Command { std: CARGO_HOME="/workspace/cargo-home" RUSTUP_HOME="/workspace/rustup-home" "/workspace/cargo-home/bin/cargo" "+nightly-2024-02-05" "generate-lockfile" "--manifest-path" "Cargo.toml", kill_on_drop: false }`
[INFO] [stderr]     Updating crates.io index
[INFO] running `Command { std: CARGO_HOME="/workspace/cargo-home" RUSTUP_HOME="/workspace/rustup-home" "/workspace/cargo-home/bin/cargo" "+nightly-2024-02-05" "fetch" "--manifest-path" "Cargo.toml", kill_on_drop: false }`
[INFO] running `Command { std: "docker" "create" "-v" "/var/lib/crater-agent-workspace/builds/worker-5-tc2/target:/opt/rustwide/target:rw,Z" "-v" "/var/lib/crater-agent-workspace/builds/worker-5-tc2/source:/opt/rustwide/workdir:ro,Z" "-v" "/var/lib/crater-agent-workspace/cargo-home:/opt/rustwide/cargo-home:ro,Z" "-v" "/var/lib/crater-agent-workspace/rustup-home:/opt/rustwide/rustup-home:ro,Z" "-e" "SOURCE_DIR=/opt/rustwide/workdir" "-e" "CARGO_TARGET_DIR=/opt/rustwide/target" "-e" "CARGO_HOME=/opt/rustwide/cargo-home" "-e" "RUSTUP_HOME=/opt/rustwide/rustup-home" "-w" "/opt/rustwide/workdir" "-m" "1610612736" "--user" "0:0" "--network" "none" "ghcr.io/rust-lang/crates-build-env/linux@sha256:2788e3201cd34a07e3172128adcd8b3090168a8e3bcc40d7c032b9dda1df7d1c" "/opt/rustwide/cargo-home/bin/cargo" "+nightly-2024-02-05" "metadata" "--no-deps" "--format-version=1", kill_on_drop: false }`
[INFO] [stdout] 5100310b6cb1a5d22313f20e05eb443b281ebfd48fb7ba3b457683060d0c085f
[INFO] running `Command { std: "docker" "start" "-a" "5100310b6cb1a5d22313f20e05eb443b281ebfd48fb7ba3b457683060d0c085f", kill_on_drop: false }`
[INFO] running `Command { std: "docker" "inspect" "5100310b6cb1a5d22313f20e05eb443b281ebfd48fb7ba3b457683060d0c085f", kill_on_drop: false }`
[INFO] running `Command { std: "docker" "rm" "-f" "5100310b6cb1a5d22313f20e05eb443b281ebfd48fb7ba3b457683060d0c085f", kill_on_drop: false }`
[INFO] [stdout] 5100310b6cb1a5d22313f20e05eb443b281ebfd48fb7ba3b457683060d0c085f
[INFO] running `Command { std: "docker" "create" "-v" "/var/lib/crater-agent-workspace/builds/worker-5-tc2/target:/opt/rustwide/target:rw,Z" "-v" "/var/lib/crater-agent-workspace/builds/worker-5-tc2/source:/opt/rustwide/workdir:ro,Z" "-v" "/var/lib/crater-agent-workspace/cargo-home:/opt/rustwide/cargo-home:ro,Z" "-v" "/var/lib/crater-agent-workspace/rustup-home:/opt/rustwide/rustup-home:ro,Z" "-e" "SOURCE_DIR=/opt/rustwide/workdir" "-e" "CARGO_TARGET_DIR=/opt/rustwide/target" "-e" "CARGO_INCREMENTAL=0" "-e" "RUST_BACKTRACE=full" "-e" "RUSTFLAGS=--cap-lints=forbid -Dunexpected_cfgs" "-e" "RUSTDOCFLAGS=--cap-lints=forbid" "-e" "CARGO_HOME=/opt/rustwide/cargo-home" "-e" "RUSTUP_HOME=/opt/rustwide/rustup-home" "-w" "/opt/rustwide/workdir" "-m" "1610612736" "--user" "0:0" "--network" "none" "ghcr.io/rust-lang/crates-build-env/linux@sha256:2788e3201cd34a07e3172128adcd8b3090168a8e3bcc40d7c032b9dda1df7d1c" "/opt/rustwide/cargo-home/bin/cargo" "+nightly-2024-02-05" "check" "--frozen" "--all" "--all-targets" "--message-format=json" "-Zcheck-cfg", kill_on_drop: false }`
[INFO] [stdout] 57b7c4fc8f298d1a73d761ebfe9525ecb88d57870bbcc5a339337a1b86e1a373
[INFO] running `Command { std: "docker" "start" "-a" "57b7c4fc8f298d1a73d761ebfe9525ecb88d57870bbcc5a339337a1b86e1a373", kill_on_drop: false }`
[INFO] [stderr]    Compiling libc v0.2.153
[INFO] [stderr]    Compiling libm v0.2.8
[INFO] [stderr]     Checking cfg-if v0.1.10
[INFO] [stderr]    Compiling syn v1.0.109
[INFO] [stderr]     Checking byteorder v1.5.0
[INFO] [stderr]     Checking lazy_static v1.4.0
[INFO] [stderr]    Compiling proc-macro2 v0.4.30
[INFO] [stderr]    Compiling unicode-xid v0.1.0
[INFO] [stderr]    Compiling maybe-uninit v2.0.0
[INFO] [stderr]    Compiling crossbeam-utils v0.8.19
[INFO] [stderr]    Compiling num-traits v0.2.17
[INFO] [stderr]    Compiling semver-parser v0.7.0
[INFO] [stderr]    Compiling rayon-core v1.12.1
[INFO] [stderr]     Checking either v1.9.0
[INFO] [stderr]     Checking gimli v0.28.1
[INFO] [stderr]    Compiling syn v2.0.48
[INFO] [stderr]     Checking adler v1.0.2
[INFO] [stderr]     Checking object v0.32.2
[INFO] [stderr]    Compiling syn v0.15.44
[INFO] [stderr]    Compiling pkg-config v0.3.29
[INFO] [stderr]     Checking miniz_oxide v0.7.2
[INFO] [stderr]     Checking rustc-demangle v0.1.23
[INFO] [stderr]    Compiling semver v0.9.0
[INFO] [stderr]    Compiling num-integer v0.1.45
[INFO] [stderr]    Compiling unicode-xid v0.2.4
[INFO] [stderr]    Compiling crossbeam-utils v0.7.2
[INFO] [stderr]     Checking lock_api v0.3.4
[INFO] [stderr]    Compiling rustc_version v0.2.3
[INFO] [stderr]    Compiling getrandom v0.1.16
[INFO] [stderr]    Compiling failure_derive v0.1.8
[INFO] [stderr]    Compiling serde_json v1.0.113
[INFO] [stderr]    Compiling autocfg v0.1.8
[INFO] [stderr]     Checking crossbeam-epoch v0.9.18
[INFO] [stderr]    Compiling parking_lot_core v0.6.3
[INFO] [stderr]    Compiling parking_lot v0.9.0
[INFO] [stderr]    Compiling quote v0.6.13
[INFO] [stderr]     Checking adler32 v1.2.0
[INFO] [stderr]    Compiling cc v1.0.83
[INFO] [stderr]    Compiling rand_core v0.4.2
[INFO] [stderr]     Checking fxhash v0.2.1
[INFO] [stderr]    Compiling num-iter v0.1.43
[INFO] [stderr]     Checking crossbeam-utils v0.6.6
[INFO] [stderr]     Checking crossbeam-deque v0.8.5
[INFO] [stderr]    Compiling num-rational v0.2.4
[INFO] [stderr]    Compiling rand_core v0.3.1
[INFO] [stderr]    Compiling memoffset v0.5.6
[INFO] [stderr]    Compiling slab v0.4.9
[INFO] [stderr]    Compiling crossbeam-epoch v0.8.2
[INFO] [stderr]     Checking time v0.1.45
[INFO] [stderr]    Compiling memchr v2.7.1
[INFO] [stderr]    Compiling num-derive v0.2.5
[INFO] [stderr]    Compiling cfg-if v1.0.0
[INFO] [stderr]    Compiling cmake v0.1.50
[INFO] [stderr]     Checking rayon v1.8.1
[INFO] [stderr]     Checking approx v0.3.2
[INFO] [stderr]    Compiling rand_chacha v0.1.1
[INFO] [stderr]    Compiling rand_pcg v0.1.2
[INFO] [stderr]    Compiling hashbrown v0.7.2
[INFO] [stderr]     Checking colorful v0.2.2
[INFO] [stderr]    Compiling aho-corasick v1.1.2
[INFO] [stderr]     Checking minimal-lexical v0.2.1
[INFO] [stderr]    Compiling arrayvec v0.4.12
[INFO] [stderr]     Checking lzw v0.10.0
[INFO] [stderr]    Compiling regex-syntax v0.8.2
[INFO] [stderr]     Checking color_quant v1.1.0
[INFO] [stderr]     Checking addr2line v0.21.0
[INFO] [stderr]    Compiling xml-rs v0.8.19
[INFO] [stderr]     Checking nom v7.1.3
[INFO] [stderr]     Checking rand_core v0.5.1
[INFO] [stderr]     Checking crossbeam-channel v0.3.9
[INFO] [stderr]     Checking deflate v0.7.20
[INFO] [stderr]     Checking inflate v0.4.5
[INFO] [stderr]    Compiling rand v0.6.5
[INFO] [stderr]    Compiling num-complex v0.2.4
[INFO] [stderr]    Compiling backtrace v0.3.69
[INFO] [stderr]     Checking ahash v0.3.8
[INFO] [stderr]     Checking mint v0.5.9
[INFO] [stderr]    Compiling typenum v1.17.0
[INFO] [stderr]    Compiling crc32fast v1.3.2
[INFO] [stderr]     Checking nodrop v0.1.14
[INFO] [stderr]    Compiling ppv-lite86 v0.2.17
[INFO] [stderr]    Compiling wayland-scanner v0.21.13
[INFO] [stderr]     Checking crossbeam-deque v0.7.4
[INFO] [stderr]     Checking rand_chacha v0.2.2
[INFO] [stderr]     Checking ordered-float v1.1.1
[INFO] [stderr]     Checking num_cpus v1.16.0
[INFO] [stderr]    Compiling rand_hc v0.1.0
[INFO] [stderr]    Compiling rand_isaac v0.1.1
[INFO] [stderr]    Compiling rand_xorshift v0.1.1
[INFO] [stderr]    Compiling rand_jitter v0.1.4
[INFO] [stderr]    Compiling rand_os v0.1.3
[INFO] [stderr]     Checking stb_truetype v0.3.1
[INFO] [stderr]     Checking hibitset v0.6.4
[INFO] [stderr]     Checking relevant v0.4.2
[INFO] [stderr]     Checking jpeg-decoder v0.1.22
[INFO] [stderr]     Checking libloading v0.6.7
[INFO] [stderr]     Checking mopa v0.2.2
[INFO] [stderr]    Compiling log v0.4.20
[INFO] [stderr]    Compiling nix v0.14.1
[INFO] [stderr]     Checking linked-hash-map v0.5.6
[INFO] [stderr]     Checking rustc-hash v1.1.0
[INFO] [stderr]    Compiling siphasher v0.2.3
[INFO] [stderr]     Checking dlib v0.4.2
[INFO] [stderr]    Compiling phf_shared v0.7.24
[INFO] [stderr]     Checking rand v0.7.3
[INFO] [stderr]     Checking rusttype v0.8.3
[INFO] [stderr]     Checking tynm v0.1.9
[INFO] [stderr]     Checking gif v0.10.3
[INFO] [stderr]     Checking crossbeam-queue v0.2.3
[INFO] [stderr]     Checking rawpointer v0.2.1
[INFO] [stderr]    Compiling synstructure v0.12.6
[INFO] [stderr]     Checking scoped_threadpool v0.1.9
[INFO] [stderr]     Checking shrev v1.1.3
[INFO] [stderr]     Checking tuple_utils v0.3.0
[INFO] [stderr]     Checking void v1.0.2
[INFO] [stderr]     Checking matrixmultiply v0.2.4
[INFO] [stderr]     Checking wayland-sys v0.21.13
[INFO] [stderr]    Compiling regex-automata v0.4.5
[INFO] [stderr]    Compiling proc-macro-error-attr v1.0.4
[INFO] [stderr]    Compiling servo-freetype-sys v4.0.5
[INFO] [stderr]    Compiling lexical-core v0.4.8
[INFO] [stderr]     Checking generic-array v0.13.3
[INFO] [stderr]    Compiling wayland-client v0.21.13
[INFO] [stderr]     Checking rand_distr v0.2.2
[INFO] [stderr]     Checking base64 v0.10.1
[INFO] [stderr]    Compiling edit-distance v2.1.0
[INFO] [stderr]    Compiling phf_generator v0.7.24
[INFO] [stderr]    Compiling derivative v1.0.4
[INFO] [stderr]     Checking same-file v1.0.6
[INFO] [stderr]    Compiling phf_codegen v0.7.24
[INFO] [stderr]    Compiling wayland-protocols v0.21.13
[INFO] [stderr]     Checking amethyst_error v0.15.3
[INFO] [stderr]    Compiling proc-macro-error v1.0.4
[INFO] [stderr]    Compiling expat-sys v2.1.6
[INFO] [stderr]     Checking walkdir v2.4.0
[INFO] [stderr]    Compiling alsa-sys v0.1.2
[INFO] [stderr]    Compiling lexical v2.2.4
[INFO] [stderr]     Checking static_assertions v0.3.4
[INFO] [stderr]     Checking approx v0.1.1
[INFO] [stderr]     Checking fnv v1.0.7
[INFO] [stderr]    Compiling palette v0.4.1
[INFO] [stderr]    Compiling err-derive v0.2.4
[INFO] [stderr]     Checking rusttype v0.7.9
[INFO] [stderr]    Compiling minimp3-sys v0.3.2
[INFO] [stderr]     Checking line_drawing v0.7.0
[INFO] [stderr]     Checking getrandom v0.2.12
[INFO] [stderr]    Compiling syn v0.14.9
[INFO] [stderr]    Compiling x11-dl v2.21.0
[INFO] [stderr]    Compiling num-rational v0.3.2
[INFO] [stderr]     Checking tinyvec_macros v0.1.1
[INFO] [stderr]     Checking xdg v2.5.2
[INFO] [stderr]    Compiling inventory v0.1.11
[INFO] [stderr]    Compiling unicode-segmentation v1.10.1
[INFO] [stderr]    Compiling thiserror v1.0.56
[INFO] [stderr]     Checking cty v0.2.2
[INFO] [stderr]     Checking raw-window-handle v0.4.3
[INFO] [stderr]    Compiling heck v0.3.3
[INFO] [stderr]     Checking tinyvec v1.6.0
[INFO] [stderr]     Checking rand_core v0.6.4
[INFO] [stderr]     Checking phf v0.7.24
[INFO] [stderr]    Compiling proc_macro_roids v0.7.0
[INFO] [stderr]     Checking andrew v0.2.1
[INFO] [stderr]     Checking png v0.15.3
[INFO] [stderr]     Checking png v0.14.1
[INFO] [stderr]     Checking memmap v0.7.0
[INFO] [stderr]    Compiling xcb v0.8.2
[INFO] [stderr]     Checking deflate v0.8.6
[INFO] [stderr]     Checking wayland-commons v0.21.13
[INFO] [stderr]     Checking tiff v0.2.2
[INFO] [stderr]     Checking tiff v0.3.1
[INFO] [stderr]     Checking miniz_oxide v0.3.7
[INFO] [stderr]    Compiling servo-fontconfig-sys v4.0.9
[INFO] [stderr]    Compiling num-bigint v0.4.4
[INFO] [stderr]    Compiling serde_derive v1.0.196
[INFO] [stderr]    Compiling regex v1.10.3
[INFO] [stderr]    Compiling thiserror-impl v1.0.56
[INFO] [stderr]    Compiling ghost v0.1.17
[INFO] [stderr]    Compiling cpal v0.11.0
[INFO] [stderr]    Compiling inflections v1.1.1
[INFO] [stderr]    Compiling cgmath v0.16.1
[INFO] [stderr]    Compiling proc-macro-hack v0.5.20+deprecated
[INFO] [stderr]     Checking once_cell v1.19.0
[INFO] [stderr]     Checking png v0.16.8
[INFO] [stderr]    Compiling shred-derive v0.6.3
[INFO] [stderr]    Compiling specs-derive v0.4.1
[INFO] [stderr]    Compiling env_logger v0.7.1
[INFO] [stderr]    Compiling getset v0.0.9
[INFO] [stderr]    Compiling derivative v2.2.0
[INFO] [stderr]    Compiling derive-new v0.5.9
[INFO] [stderr]    Compiling inventory-impl v0.1.11
[INFO] [stderr]    Compiling quickcheck v0.9.2
[INFO] [stderr]    Compiling ctor v0.1.26
[INFO] [stderr]    Compiling gltf-derive v0.15.2
[INFO] [stderr]     Checking image v0.22.5
[INFO] [stderr]     Checking failure v0.1.8
[INFO] [stderr]     Checking image v0.21.3
[INFO] [stderr]     Checking rand_chacha v0.3.1
[INFO] [stderr] error: failed to run custom build command for `xcb v0.8.2`
[INFO] [stderr] note: To improve backtraces for build dependencies, set the CARGO_PROFILE_DEV_BUILD_OVERRIDE_DEBUG=true environment variable to enable debug information generation.
[INFO] [stderr] 
[INFO] [stderr] Caused by:
[INFO] [stderr]   process didn't exit successfully: `/opt/rustwide/target/debug/build/xcb-cf0acac8e5718d6b/build-script-build` (exit status: 101)
[INFO] [stderr]   --- stderr
[INFO] [stderr]   error occured in handler:  ('request: ', ('xcb', 'SELinux', 'GetClientContext'))
[INFO] [stderr]   Traceback (most recent call last):
[INFO] [stderr]     File "/opt/rustwide/cargo-home/registry/src/index.crates.io-6f17d22bba15001f/xcb-0.8.2/rs_client.py", line 2448, in <module>
[INFO] [stderr]       module.generate()
[INFO] [stderr]     File "/opt/rustwide/cargo-home/registry/src/index.crates.io-6f17d22bba15001f/xcb-0.8.2/xcbgen/state.py", line 108, in generate
[INFO] [stderr]       self.close()
[INFO] [stderr]     File "/opt/rustwide/cargo-home/registry/src/index.crates.io-6f17d22bba15001f/xcb-0.8.2/rs_client.py", line 296, in rs_close
[INFO] [stderr]       _f.writeout(os.path.join(module.rs_srcdir, "ffi", "%s.rs" % _module_name(_ns.ext_name)))
[INFO] [stderr]     File "/opt/rustwide/cargo-home/registry/src/index.crates.io-6f17d22bba15001f/xcb-0.8.2/rs_client.py", line 114, in writeout
[INFO] [stderr]       with open(path, 'w') as f:
[INFO] [stderr]   OSError: [Errno 30] Read-only file system: '/opt/rustwide/cargo-home/registry/src/index.crates.io-6f17d22bba15001f/xcb-0.8.2/src/ffi/selinux.rs'
[INFO] [stderr]   thread 'main' panicked at /opt/rustwide/cargo-home/registry/src/index.crates.io-6f17d22bba15001f/xcb-0.8.2/build.rs:75:17:
[INFO] [stderr]   processing of /opt/rustwide/cargo-home/registry/src/index.crates.io-6f17d22bba15001f/xcb-0.8.2/xml/xselinux.xml returned non-zero (1)
[INFO] [stderr]   stack backtrace:
[INFO] [stderr]      0:     0x5614b17be566 - std::backtrace_rs::backtrace::libunwind::trace::heebc7766b165eb2a
[INFO] [stderr]                                  at /rustc/268dbbbc4b3fd71c5f360a4d0728295252430b5b/library/std/src/../../backtrace/src/backtrace/libunwind.rs:104:5
[INFO] [stderr]      1:     0x5614b17be566 - std::backtrace_rs::backtrace::trace_unsynchronized::ha677020d8fc0296d
[INFO] [stderr]                                  at /rustc/268dbbbc4b3fd71c5f360a4d0728295252430b5b/library/std/src/../../backtrace/src/backtrace/mod.rs:66:5
[INFO] [stderr]      2:     0x5614b17be566 - std::sys_common::backtrace::_print_fmt::hcaff2fd86a1aeaa3
[INFO] [stderr]                                  at /rustc/268dbbbc4b3fd71c5f360a4d0728295252430b5b/library/std/src/sys_common/backtrace.rs:68:5
[INFO] [stderr]      3:     0x5614b17be566 - <std::sys_common::backtrace::_print::DisplayBacktrace as core::fmt::Display>::fmt::hc2446d8aa0059188
[INFO] [stderr]                                  at /rustc/268dbbbc4b3fd71c5f360a4d0728295252430b5b/library/std/src/sys_common/backtrace.rs:44:22
[INFO] [stderr]      4:     0x5614b17e09a0 - core::fmt::rt::Argument::fmt::h2fbb6454da37999b
[INFO] [stderr]                                  at /rustc/268dbbbc4b3fd71c5f360a4d0728295252430b5b/library/core/src/fmt/rt.rs:142:9
[INFO] [stderr]      5:     0x5614b17e09a0 - core::fmt::write::had96bdeda7d49d3a
[INFO] [stderr]                                  at /rustc/268dbbbc4b3fd71c5f360a4d0728295252430b5b/library/core/src/fmt/mod.rs:1120:17
[INFO] [stderr]      6:     0x5614b17bc1bf - std::io::Write::write_fmt::h30b1f36eea05b391
[INFO] [stderr]                                  at /rustc/268dbbbc4b3fd71c5f360a4d0728295252430b5b/library/std/src/io/mod.rs:1849:15
[INFO] [stderr]      7:     0x5614b17be344 - std::sys_common::backtrace::_print::hc333bb91ae972137
[INFO] [stderr]                                  at /rustc/268dbbbc4b3fd71c5f360a4d0728295252430b5b/library/std/src/sys_common/backtrace.rs:47:5
[INFO] [stderr]      8:     0x5614b17be344 - std::sys_common::backtrace::print::h18fd3c71a95a3169
[INFO] [stderr]                                  at /rustc/268dbbbc4b3fd71c5f360a4d0728295252430b5b/library/std/src/sys_common/backtrace.rs:34:9
[INFO] [stderr]      9:     0x5614b17bfa37 - std::panicking::default_hook::{{closure}}::ha3473f9bcb4e9a37
[INFO] [stderr]     10:     0x5614b17bf799 - std::panicking::default_hook::h23d9d43185db6584
[INFO] [stderr]                                  at /rustc/268dbbbc4b3fd71c5f360a4d0728295252430b5b/library/std/src/panicking.rs:292:9
[INFO] [stderr]     11:     0x5614b17bfec8 - std::panicking::rust_panic_with_hook::h94aceaa7df3a6edd
[INFO] [stderr]                                  at /rustc/268dbbbc4b3fd71c5f360a4d0728295252430b5b/library/std/src/panicking.rs:781:13
[INFO] [stderr]     12:     0x5614b17bfda2 - std::panicking::begin_panic_handler::{{closure}}::h9905d45d1d82fc42
[INFO] [stderr]                                  at /rustc/268dbbbc4b3fd71c5f360a4d0728295252430b5b/library/std/src/panicking.rs:659:13
[INFO] [stderr]     13:     0x5614b17bea66 - std::sys_common::backtrace::__rust_end_short_backtrace::hb02085545dc143b9
[INFO] [stderr]                                  at /rustc/268dbbbc4b3fd71c5f360a4d0728295252430b5b/library/std/src/sys_common/backtrace.rs:171:18
[INFO] [stderr]     14:     0x5614b17bfaf4 - rust_begin_unwind
[INFO] [stderr]                                  at /rustc/268dbbbc4b3fd71c5f360a4d0728295252430b5b/library/std/src/panicking.rs:647:5
[INFO] [stderr]     15:     0x5614b1798285 - core::panicking::panic_fmt::h6dca3983f8a9f4d0
[INFO] [stderr]                                  at /rustc/268dbbbc4b3fd71c5f360a4d0728295252430b5b/library/core/src/panicking.rs:72:14
[INFO] [stderr]     16:     0x5614b179e381 - build_script_build::main::{{closure}}::hede346a2a2214cc1
[INFO] [stderr]     17:     0x5614b179cf13 - build_script_build::visit_xml::heb1691e8c98a9a31
[INFO] [stderr]     18:     0x5614b179d83c - build_script_build::main::hccfffb23fb5d1ef5
[INFO] [stderr]     19:     0x5614b1799e73 - core::ops::function::FnOnce::call_once::h5b5c02528e14a62c
[INFO] [stderr]     20:     0x5614b1798db6 - std::sys_common::backtrace::__rust_begin_short_backtrace::hc11793b472496171
[INFO] [stderr]     21:     0x5614b17994e9 - std::rt::lang_start::{{closure}}::h2bf1dd9da5e8e3f1
[INFO] [stderr]     22:     0x5614b17b8d91 - core::ops::function::impls::<impl core::ops::function::FnOnce<A> for &F>::call_once::h298d8ff12ebcec8c
[INFO] [stderr]                                  at /rustc/268dbbbc4b3fd71c5f360a4d0728295252430b5b/library/core/src/ops/function.rs:284:13
[INFO] [stderr]     23:     0x5614b17b8d91 - std::panicking::try::do_call::hbd0ffb05da5bd343
[INFO] [stderr]                                  at /rustc/268dbbbc4b3fd71c5f360a4d0728295252430b5b/library/std/src/panicking.rs:554:40
[INFO] [stderr]     24:     0x5614b17b8d91 - std::panicking::try::h11c9a152defd5d2a
[INFO] [stderr]                                  at /rustc/268dbbbc4b3fd71c5f360a4d0728295252430b5b/library/std/src/panicking.rs:518:19
[INFO] [stderr]     25:     0x5614b17b8d91 - std::panic::catch_unwind::h0d6db2fa902b4d64
[INFO] [stderr]                                  at /rustc/268dbbbc4b3fd71c5f360a4d0728295252430b5b/library/std/src/panic.rs:142:14
[INFO] [stderr]     26:     0x5614b17b8d91 - std::rt::lang_start_internal::{{closure}}::hdcc09b4aad7ef821
[INFO] [stderr]                                  at /rustc/268dbbbc4b3fd71c5f360a4d0728295252430b5b/library/std/src/rt.rs:148:48
[INFO] [stderr]     27:     0x5614b17b8d91 - std::panicking::try::do_call::h3ffd2f162d60900f
[INFO] [stderr]                                  at /rustc/268dbbbc4b3fd71c5f360a4d0728295252430b5b/library/std/src/panicking.rs:554:40
[INFO] [stderr]     28:     0x5614b17b8d91 - std::panicking::try::heeba82b9c3e190fb
[INFO] [stderr]                                  at /rustc/268dbbbc4b3fd71c5f360a4d0728295252430b5b/library/std/src/panicking.rs:518:19
[INFO] [stderr]     29:     0x5614b17b8d91 - std::panic::catch_unwind::hdaab8f1c188f387f
[INFO] [stderr]                                  at /rustc/268dbbbc4b3fd71c5f360a4d0728295252430b5b/library/std/src/panic.rs:142:14
[INFO] [stderr]     30:     0x5614b17b8d91 - std::rt::lang_start_internal::h9989e088c48b7903
[INFO] [stderr]                                  at /rustc/268dbbbc4b3fd71c5f360a4d0728295252430b5b/library/std/src/rt.rs:148:20
[INFO] [stderr]     31:     0x5614b17994c7 - std::rt::lang_start::h1031b595c169dfd4
[INFO] [stderr]     32:     0x5614b179e405 - main
[INFO] [stderr]     33:     0x7f4535f6ad90 - <unknown>
[INFO] [stderr]     34:     0x7f4535f6ae40 - __libc_start_main
[INFO] [stderr]     35:     0x5614b17989b5 - _start
[INFO] [stderr]     36:                0x0 - <unknown>
[INFO] [stderr] warning: build failed, waiting for other jobs to finish...
[INFO] running `Command { std: "docker" "inspect" "57b7c4fc8f298d1a73d761ebfe9525ecb88d57870bbcc5a339337a1b86e1a373", kill_on_drop: false }`
[INFO] running `Command { std: "docker" "rm" "-f" "57b7c4fc8f298d1a73d761ebfe9525ecb88d57870bbcc5a339337a1b86e1a373", kill_on_drop: false }`
[INFO] [stdout] 57b7c4fc8f298d1a73d761ebfe9525ecb88d57870bbcc5a339337a1b86e1a373
