[INFO] fetching crate algae-merkle 0.1.19...
[INFO] checking algae-merkle-0.1.19 against nightly-2024-02-05 for check-cfg
[INFO] extracting crate algae-merkle 0.1.19 into /workspace/builds/worker-4-tc1/source
[INFO] validating manifest of crates.io crate algae-merkle 0.1.19 on toolchain nightly-2024-02-05
[INFO] running `Command { std: CARGO_HOME="/workspace/cargo-home" RUSTUP_HOME="/workspace/rustup-home" "/workspace/cargo-home/bin/cargo" "+nightly-2024-02-05" "metadata" "--manifest-path" "Cargo.toml" "--no-deps", kill_on_drop: false }`
[INFO] started tweaking crates.io crate algae-merkle 0.1.19
[INFO] finished tweaking crates.io crate algae-merkle 0.1.19
[INFO] tweaked toml for crates.io crate algae-merkle 0.1.19 written to /workspace/builds/worker-4-tc1/source/Cargo.toml
[INFO] running `Command { std: CARGO_HOME="/workspace/cargo-home" RUSTUP_HOME="/workspace/rustup-home" "/workspace/cargo-home/bin/cargo" "+nightly-2024-02-05" "generate-lockfile" "--manifest-path" "Cargo.toml", kill_on_drop: false }`
[INFO] [stderr]     Updating crates.io index
[INFO] running `Command { std: CARGO_HOME="/workspace/cargo-home" RUSTUP_HOME="/workspace/rustup-home" "/workspace/cargo-home/bin/cargo" "+nightly-2024-02-05" "fetch" "--manifest-path" "Cargo.toml", kill_on_drop: false }`
[INFO] [stderr]  Downloading crates ...
[INFO] [stderr]   Downloaded hex-literal v0.3.4
[INFO] [stderr]   Downloaded smart-default v0.6.0
[INFO] [stderr]   Downloaded arrayref v0.3.7
[INFO] [stderr]   Downloaded decanter-derive v0.1.6
[INFO] [stderr]   Downloaded decanter v0.1.5
[INFO] [stderr]   Downloaded constant_time_eq v0.3.0
[INFO] [stderr]   Downloaded vrf v0.2.4
[INFO] [stderr]   Downloaded decanter-crypto v0.1.5
[INFO] [stderr]   Downloaded hmac-sha256 v1.1.7
[INFO] [stderr]   Downloaded blake3 v1.5.0
[INFO] running `Command { std: "docker" "create" "-v" "/var/lib/crater-agent-workspace/builds/worker-4-tc1/target:/opt/rustwide/target:rw,Z" "-v" "/var/lib/crater-agent-workspace/builds/worker-4-tc1/source:/opt/rustwide/workdir:ro,Z" "-v" "/var/lib/crater-agent-workspace/cargo-home:/opt/rustwide/cargo-home:ro,Z" "-v" "/var/lib/crater-agent-workspace/rustup-home:/opt/rustwide/rustup-home:ro,Z" "-e" "SOURCE_DIR=/opt/rustwide/workdir" "-e" "CARGO_TARGET_DIR=/opt/rustwide/target" "-e" "CARGO_HOME=/opt/rustwide/cargo-home" "-e" "RUSTUP_HOME=/opt/rustwide/rustup-home" "-w" "/opt/rustwide/workdir" "-m" "1610612736" "--user" "0:0" "--network" "none" "ghcr.io/rust-lang/crates-build-env/linux@sha256:2788e3201cd34a07e3172128adcd8b3090168a8e3bcc40d7c032b9dda1df7d1c" "/opt/rustwide/cargo-home/bin/cargo" "+nightly-2024-02-05" "metadata" "--no-deps" "--format-version=1", kill_on_drop: false }`
[INFO] [stdout] 022417fb0740e4330eb60f33d5c71d8b3cc26c8cc7f3e0ea4742ba9b301ba574
[INFO] running `Command { std: "docker" "start" "-a" "022417fb0740e4330eb60f33d5c71d8b3cc26c8cc7f3e0ea4742ba9b301ba574", kill_on_drop: false }`
[INFO] running `Command { std: "docker" "inspect" "022417fb0740e4330eb60f33d5c71d8b3cc26c8cc7f3e0ea4742ba9b301ba574", kill_on_drop: false }`
[INFO] running `Command { std: "docker" "rm" "-f" "022417fb0740e4330eb60f33d5c71d8b3cc26c8cc7f3e0ea4742ba9b301ba574", kill_on_drop: false }`
[INFO] [stdout] 022417fb0740e4330eb60f33d5c71d8b3cc26c8cc7f3e0ea4742ba9b301ba574
[INFO] running `Command { std: "docker" "create" "-v" "/var/lib/crater-agent-workspace/builds/worker-4-tc1/target:/opt/rustwide/target:rw,Z" "-v" "/var/lib/crater-agent-workspace/builds/worker-4-tc1/source:/opt/rustwide/workdir:ro,Z" "-v" "/var/lib/crater-agent-workspace/cargo-home:/opt/rustwide/cargo-home:ro,Z" "-v" "/var/lib/crater-agent-workspace/rustup-home:/opt/rustwide/rustup-home:ro,Z" "-e" "SOURCE_DIR=/opt/rustwide/workdir" "-e" "CARGO_TARGET_DIR=/opt/rustwide/target" "-e" "CARGO_INCREMENTAL=0" "-e" "RUST_BACKTRACE=full" "-e" "RUSTFLAGS=--cap-lints=forbid" "-e" "RUSTDOCFLAGS=--cap-lints=forbid" "-e" "CARGO_HOME=/opt/rustwide/cargo-home" "-e" "RUSTUP_HOME=/opt/rustwide/rustup-home" "-w" "/opt/rustwide/workdir" "-m" "1610612736" "--user" "0:0" "--network" "none" "ghcr.io/rust-lang/crates-build-env/linux@sha256:2788e3201cd34a07e3172128adcd8b3090168a8e3bcc40d7c032b9dda1df7d1c" "/opt/rustwide/cargo-home/bin/cargo" "+nightly-2024-02-05" "check" "--frozen" "--all" "--all-targets" "--message-format=json", kill_on_drop: false }`
[INFO] [stdout] 68b76e7a3d6e4f359f7f5f5d4be83b71254361722cfe56c58ee9528af4bc53dc
[INFO] running `Command { std: "docker" "start" "-a" "68b76e7a3d6e4f359f7f5f5d4be83b71254361722cfe56c58ee9528af4bc53dc", kill_on_drop: false }`
[INFO] [stderr]    Compiling libc v0.2.153
[INFO] [stderr]    Compiling syn v1.0.109
[INFO] [stderr]    Compiling serde_json v1.0.113
[INFO] [stderr]    Compiling pkg-config v0.3.29
[INFO] [stderr]    Compiling vcpkg v0.2.15
[INFO] [stderr]    Compiling typenum v1.17.0
[INFO] [stderr]    Compiling syn v2.0.48
[INFO] [stderr]    Compiling generic-array v0.14.7
[INFO] [stderr]     Checking spin v0.5.2
[INFO] [stderr]     Checking memchr v2.7.1
[INFO] [stderr]    Compiling unicode-xid v0.2.4
[INFO] [stderr]     Checking untrusted v0.7.1
[INFO] [stderr]    Compiling cc v1.0.83
[INFO] [stderr]     Checking getrandom v0.2.12
[INFO] [stderr]     Checking itoa v1.0.10
[INFO] [stderr]     Checking adler v1.0.2
[INFO] [stderr]    Compiling failure_derive v0.1.8
[INFO] [stderr]     Checking ryu v1.0.16
[INFO] [stderr]     Checking gimli v0.28.1
[INFO] [stderr]     Checking rand_core v0.6.4
[INFO] [stderr]     Checking miniz_oxide v0.7.2
[INFO] [stderr]     Checking object v0.32.2
[INFO] [stderr]     Checking rand_chacha v0.3.1
[INFO] [stderr]     Checking rustc-demangle v0.1.23
[INFO] [stderr]     Checking constant_time_eq v0.3.0
[INFO] [stderr]     Checking foreign-types-shared v0.1.1
[INFO] [stderr]    Compiling openssl v0.10.63
[INFO] [stderr]    Compiling anyhow v1.0.79
[INFO] [stderr]     Checking arrayvec v0.7.4
[INFO] [stderr]     Checking arrayref v0.3.7
[INFO] [stderr]     Checking foreign-types v0.3.2
[INFO] [stderr]     Checking rand v0.8.5
[INFO] [stderr]     Checking either v1.9.0
[INFO] [stderr]     Checking bitflags v2.4.2
[INFO] [stderr]     Checking itertools v0.10.5
[INFO] [stderr]    Compiling ring v0.16.20
[INFO] [stderr]    Compiling openssl-sys v0.9.99
[INFO] [stderr]    Compiling backtrace v0.3.69
[INFO] [stderr]    Compiling blake3 v1.5.0
[INFO] [stderr]     Checking addr2line v0.21.0
[INFO] [stderr]     Checking hex v0.4.3
[INFO] [stderr]     Checking hmac-sha256 v1.1.7
[INFO] [stderr]    Compiling hex-literal v0.3.4
[INFO] [stderr]     Checking log v0.4.20
[INFO] [stderr]    Compiling synstructure v0.12.6
[INFO] [stderr]    Compiling serde_derive v1.0.196
[INFO] [stderr]    Compiling openssl-macros v0.1.1
[INFO] [stderr]    Compiling strum_macros v0.24.3
[INFO] [stderr]    Compiling smart-default v0.6.0
[INFO] [stderr]     Checking failure v0.1.8
[INFO] [stderr]     Checking strum v0.24.1
[INFO] [stderr]    Compiling serde v1.0.196
[INFO] [stderr]     Checking vrf v0.2.4
[INFO] [stderr]     Checking decanter-crypto v0.1.5
[INFO] [stderr]    Compiling decanter-derive v0.1.6
[INFO] [stderr]     Checking decanter v0.1.5
[INFO] [stderr]     Checking algae-merkle v0.1.19 (/opt/rustwide/workdir)
[INFO] [stdout] error[E0425]: cannot find function `hash_serialize` in module `decanter::hash`
[INFO] [stdout]   --> src/payloads.rs:20:5
[INFO] [stdout]    |
[INFO] [stdout] 20 |     Hashable,
[INFO] [stdout]    |     ^^^^^^^^ not found in `decanter::hash`
[INFO] [stdout]    |
[INFO] [stdout]    = note: this error originates in the derive macro `Hashable` (in Nightly builds, run with -Z macro-backtrace for more info)
[INFO] [stdout] 
[INFO] [stdout] 
[INFO] [stdout] error[E0425]: cannot find function `hash_serialize` in module `decanter::hash`
[INFO] [stdout]   --> src/payloads.rs:20:5
[INFO] [stdout]    |
[INFO] [stdout] 20 |     Hashable,
[INFO] [stdout]    |     ^^^^^^^^ not found in `decanter::hash`
[INFO] [stdout]    |
[INFO] [stdout]    = note: this error originates in the derive macro `Hashable` (in Nightly builds, run with -Z macro-backtrace for more info)
[INFO] [stdout] 
[INFO] [stdout] 
[INFO] [stdout] error: aborting due to 1 previous error
[INFO] [stdout] 
[INFO] [stdout] 
[INFO] [stdout] error: aborting due to 1 previous error
[INFO] [stdout] 
[INFO] [stdout] 
[INFO] [stdout] For more information about this error, try `rustc --explain E0425`.
[INFO] [stdout] 
[INFO] [stdout] For more information about this error, try `rustc --explain E0425`.
[INFO] [stdout] 
[INFO] [stderr] error: could not compile `algae-merkle` (lib) due to 2 previous errors
[INFO] [stderr] warning: build failed, waiting for other jobs to finish...
[INFO] [stderr] error: could not compile `algae-merkle` (lib test) due to 2 previous errors
[INFO] running `Command { std: "docker" "inspect" "68b76e7a3d6e4f359f7f5f5d4be83b71254361722cfe56c58ee9528af4bc53dc", kill_on_drop: false }`
[INFO] running `Command { std: "docker" "rm" "-f" "68b76e7a3d6e4f359f7f5f5d4be83b71254361722cfe56c58ee9528af4bc53dc", kill_on_drop: false }`
[INFO] [stdout] 68b76e7a3d6e4f359f7f5f5d4be83b71254361722cfe56c58ee9528af4bc53dc
[INFO] checking algae-merkle-0.1.19 against nightly-2024-02-05+rustflags=-Dunexpected_cfgs+cargoflags=-Zcheck-cfg for check-cfg
[INFO] extracting crate algae-merkle 0.1.19 into /workspace/builds/worker-4-tc2/source
[INFO] validating manifest of crates.io crate algae-merkle 0.1.19 on toolchain nightly-2024-02-05
[INFO] running `Command { std: CARGO_HOME="/workspace/cargo-home" RUSTUP_HOME="/workspace/rustup-home" "/workspace/cargo-home/bin/cargo" "+nightly-2024-02-05" "metadata" "--manifest-path" "Cargo.toml" "--no-deps", kill_on_drop: false }`
[INFO] started tweaking crates.io crate algae-merkle 0.1.19
[INFO] finished tweaking crates.io crate algae-merkle 0.1.19
[INFO] tweaked toml for crates.io crate algae-merkle 0.1.19 written to /workspace/builds/worker-4-tc2/source/Cargo.toml
[INFO] running `Command { std: CARGO_HOME="/workspace/cargo-home" RUSTUP_HOME="/workspace/rustup-home" "/workspace/cargo-home/bin/cargo" "+nightly-2024-02-05" "generate-lockfile" "--manifest-path" "Cargo.toml", kill_on_drop: false }`
[INFO] [stderr]     Updating crates.io index
[INFO] running `Command { std: CARGO_HOME="/workspace/cargo-home" RUSTUP_HOME="/workspace/rustup-home" "/workspace/cargo-home/bin/cargo" "+nightly-2024-02-05" "fetch" "--manifest-path" "Cargo.toml", kill_on_drop: false }`
[INFO] running `Command { std: "docker" "create" "-v" "/var/lib/crater-agent-workspace/builds/worker-4-tc2/target:/opt/rustwide/target:rw,Z" "-v" "/var/lib/crater-agent-workspace/builds/worker-4-tc2/source:/opt/rustwide/workdir:ro,Z" "-v" "/var/lib/crater-agent-workspace/cargo-home:/opt/rustwide/cargo-home:ro,Z" "-v" "/var/lib/crater-agent-workspace/rustup-home:/opt/rustwide/rustup-home:ro,Z" "-e" "SOURCE_DIR=/opt/rustwide/workdir" "-e" "CARGO_TARGET_DIR=/opt/rustwide/target" "-e" "CARGO_HOME=/opt/rustwide/cargo-home" "-e" "RUSTUP_HOME=/opt/rustwide/rustup-home" "-w" "/opt/rustwide/workdir" "-m" "1610612736" "--user" "0:0" "--network" "none" "ghcr.io/rust-lang/crates-build-env/linux@sha256:2788e3201cd34a07e3172128adcd8b3090168a8e3bcc40d7c032b9dda1df7d1c" "/opt/rustwide/cargo-home/bin/cargo" "+nightly-2024-02-05" "metadata" "--no-deps" "--format-version=1", kill_on_drop: false }`
[INFO] [stdout] 82a7187bd86f359bc729173cdb23156a2fef4608076935e6c374c60a043d0461
[INFO] running `Command { std: "docker" "start" "-a" "82a7187bd86f359bc729173cdb23156a2fef4608076935e6c374c60a043d0461", kill_on_drop: false }`
[INFO] running `Command { std: "docker" "inspect" "82a7187bd86f359bc729173cdb23156a2fef4608076935e6c374c60a043d0461", kill_on_drop: false }`
[INFO] running `Command { std: "docker" "rm" "-f" "82a7187bd86f359bc729173cdb23156a2fef4608076935e6c374c60a043d0461", kill_on_drop: false }`
[INFO] [stdout] 82a7187bd86f359bc729173cdb23156a2fef4608076935e6c374c60a043d0461
[INFO] running `Command { std: "docker" "create" "-v" "/var/lib/crater-agent-workspace/builds/worker-4-tc2/target:/opt/rustwide/target:rw,Z" "-v" "/var/lib/crater-agent-workspace/builds/worker-4-tc2/source:/opt/rustwide/workdir:ro,Z" "-v" "/var/lib/crater-agent-workspace/cargo-home:/opt/rustwide/cargo-home:ro,Z" "-v" "/var/lib/crater-agent-workspace/rustup-home:/opt/rustwide/rustup-home:ro,Z" "-e" "SOURCE_DIR=/opt/rustwide/workdir" "-e" "CARGO_TARGET_DIR=/opt/rustwide/target" "-e" "CARGO_INCREMENTAL=0" "-e" "RUST_BACKTRACE=full" "-e" "RUSTFLAGS=--cap-lints=forbid -Dunexpected_cfgs" "-e" "RUSTDOCFLAGS=--cap-lints=forbid" "-e" "CARGO_HOME=/opt/rustwide/cargo-home" "-e" "RUSTUP_HOME=/opt/rustwide/rustup-home" "-w" "/opt/rustwide/workdir" "-m" "1610612736" "--user" "0:0" "--network" "none" "ghcr.io/rust-lang/crates-build-env/linux@sha256:2788e3201cd34a07e3172128adcd8b3090168a8e3bcc40d7c032b9dda1df7d1c" "/opt/rustwide/cargo-home/bin/cargo" "+nightly-2024-02-05" "check" "--frozen" "--all" "--all-targets" "--message-format=json" "-Zcheck-cfg", kill_on_drop: false }`
[INFO] [stdout] dff1edb8e8c9e2c3a2f84d9f8ed2b539a1ca91e2d2aeccd761b5d555700e179c
[INFO] running `Command { std: "docker" "start" "-a" "dff1edb8e8c9e2c3a2f84d9f8ed2b539a1ca91e2d2aeccd761b5d555700e179c", kill_on_drop: false }`
[INFO] [stderr]    Compiling libc v0.2.153
[INFO] [stderr]    Compiling syn v1.0.109
[INFO] [stderr]    Compiling serde_json v1.0.113
[INFO] [stderr]    Compiling vcpkg v0.2.15
[INFO] [stderr]    Compiling pkg-config v0.3.29
[INFO] [stderr]    Compiling typenum v1.17.0
[INFO] [stderr]    Compiling syn v2.0.48
[INFO] [stderr]    Compiling generic-array v0.14.7
[INFO] [stderr]     Checking ryu v1.0.16
[INFO] [stderr]     Checking gimli v0.28.1
[INFO] [stderr]     Checking getrandom v0.2.12
[INFO] [stderr]     Checking untrusted v0.7.1
[INFO] [stderr]    Compiling cc v1.0.83
[INFO] [stderr]     Checking rand_core v0.6.4
[INFO] [stderr]    Compiling unicode-xid v0.2.4
[INFO] [stderr]     Checking adler v1.0.2
[INFO] [stderr]    Compiling failure_derive v0.1.8
[INFO] [stderr]     Checking memchr v2.7.1
[INFO] [stderr]     Checking itoa v1.0.10
[INFO] [stderr]     Checking spin v0.5.2
[INFO] [stderr]     Checking rand_chacha v0.3.1
[INFO] [stderr]     Checking miniz_oxide v0.7.2
[INFO] [stderr]     Checking arrayref v0.3.7
[INFO] [stderr]     Checking foreign-types-shared v0.1.1
[INFO] [stderr]     Checking constant_time_eq v0.3.0
[INFO] [stderr]     Checking arrayvec v0.7.4
[INFO] [stderr]    Compiling anyhow v1.0.79
[INFO] [stderr]     Checking object v0.32.2
[INFO] [stderr]     Checking rustc-demangle v0.1.23
[INFO] [stderr]    Compiling openssl v0.10.63
[INFO] [stderr]     Checking foreign-types v0.3.2
[INFO] [stderr]     Checking rand v0.8.5
[INFO] [stderr]     Checking bitflags v2.4.2
[INFO] [stderr]     Checking either v1.9.0
[INFO] [stderr]     Checking addr2line v0.21.0
[INFO] [stderr]     Checking itertools v0.10.5
[INFO] [stderr]    Compiling ring v0.16.20
[INFO] [stderr]    Compiling openssl-sys v0.9.99
[INFO] [stderr]    Compiling backtrace v0.3.69
[INFO] [stderr]    Compiling blake3 v1.5.0
[INFO] [stderr]     Checking hex v0.4.3
[INFO] [stderr]     Checking hmac-sha256 v1.1.7
[INFO] [stderr]    Compiling hex-literal v0.3.4
[INFO] [stderr]     Checking log v0.4.20
[INFO] [stderr]    Compiling synstructure v0.12.6
[INFO] [stderr]    Compiling serde_derive v1.0.196
[INFO] [stderr]    Compiling openssl-macros v0.1.1
[INFO] [stderr]    Compiling strum_macros v0.24.3
[INFO] [stderr]    Compiling smart-default v0.6.0
[INFO] [stderr]     Checking failure v0.1.8
[INFO] [stderr]     Checking strum v0.24.1
[INFO] [stderr]     Checking serde v1.0.196
[INFO] [stderr]     Checking vrf v0.2.4
[INFO] [stderr]     Checking decanter-crypto v0.1.5
[INFO] [stderr]    Compiling decanter-derive v0.1.6
[INFO] [stderr]     Checking decanter v0.1.5
[INFO] [stderr]     Checking algae-merkle v0.1.19 (/opt/rustwide/workdir)
[INFO] [stdout] error[E0425]: cannot find function `hash_serialize` in module `decanter::hash`
[INFO] [stdout]   --> src/payloads.rs:20:5
[INFO] [stdout]    |
[INFO] [stdout] 20 |     Hashable,
[INFO] [stdout]    |     ^^^^^^^^ not found in `decanter::hash`
[INFO] [stdout]    |
[INFO] [stdout]    = note: this error originates in the derive macro `Hashable` (in Nightly builds, run with -Z macro-backtrace for more info)
[INFO] [stdout] 
[INFO] [stdout] 
[INFO] [stdout] error[E0425]: cannot find function `hash_serialize` in module `decanter::hash`
[INFO] [stdout]   --> src/payloads.rs:20:5
[INFO] [stdout]    |
[INFO] [stdout] 20 |     Hashable,
[INFO] [stdout]    |     ^^^^^^^^ not found in `decanter::hash`
[INFO] [stdout]    |
[INFO] [stdout]    = note: this error originates in the derive macro `Hashable` (in Nightly builds, run with -Z macro-backtrace for more info)
[INFO] [stdout] 
[INFO] [stdout] 
[INFO] [stdout] error: aborting due to 1 previous error
[INFO] [stdout] 
[INFO] [stdout] 
[INFO] [stdout] For more information about this error, try `rustc --explain E0425`.
[INFO] [stdout] 
[INFO] [stderr] error: could not compile `algae-merkle` (lib) due to 2 previous errors
[INFO] [stderr] warning: build failed, waiting for other jobs to finish...
[INFO] [stdout] error: aborting due to 1 previous error
[INFO] [stdout] 
[INFO] [stdout] 
[INFO] [stdout] For more information about this error, try `rustc --explain E0425`.
[INFO] [stdout] 
[INFO] [stderr] error: could not compile `algae-merkle` (lib test) due to 2 previous errors
[INFO] running `Command { std: "docker" "inspect" "dff1edb8e8c9e2c3a2f84d9f8ed2b539a1ca91e2d2aeccd761b5d555700e179c", kill_on_drop: false }`
[INFO] running `Command { std: "docker" "rm" "-f" "dff1edb8e8c9e2c3a2f84d9f8ed2b539a1ca91e2d2aeccd761b5d555700e179c", kill_on_drop: false }`
[INFO] [stdout] dff1edb8e8c9e2c3a2f84d9f8ed2b539a1ca91e2d2aeccd761b5d555700e179c
