[INFO] fetching crate aleo-account 0.3.3...
[INFO] checking aleo-account-0.3.3 against nightly-2024-02-05 for check-cfg
[INFO] extracting crate aleo-account 0.3.3 into /workspace/builds/worker-2-tc1/source
[INFO] validating manifest of crates.io crate aleo-account 0.3.3 on toolchain nightly-2024-02-05
[INFO] running `Command { std: CARGO_HOME="/workspace/cargo-home" RUSTUP_HOME="/workspace/rustup-home" "/workspace/cargo-home/bin/cargo" "+nightly-2024-02-05" "metadata" "--manifest-path" "Cargo.toml" "--no-deps", kill_on_drop: false }`
[INFO] started tweaking crates.io crate aleo-account 0.3.3
[INFO] finished tweaking crates.io crate aleo-account 0.3.3
[INFO] tweaked toml for crates.io crate aleo-account 0.3.3 written to /workspace/builds/worker-2-tc1/source/Cargo.toml
[INFO] running `Command { std: CARGO_HOME="/workspace/cargo-home" RUSTUP_HOME="/workspace/rustup-home" "/workspace/cargo-home/bin/cargo" "+nightly-2024-02-05" "generate-lockfile" "--manifest-path" "Cargo.toml", kill_on_drop: false }`
[INFO] [stderr]     Updating crates.io index
[INFO] running `Command { std: CARGO_HOME="/workspace/cargo-home" RUSTUP_HOME="/workspace/rustup-home" "/workspace/cargo-home/bin/cargo" "+nightly-2024-02-05" "fetch" "--manifest-path" "Cargo.toml", kill_on_drop: false }`
[INFO] [stderr]  Downloading crates ...
[INFO] [stderr]   Downloaded aleo-std-profiler v0.1.15
[INFO] [stderr]   Downloaded rand_xorshift v0.3.0
[INFO] [stderr]   Downloaded aleo-std-cpu v0.1.4
[INFO] [stderr]   Downloaded aleo-std v0.1.24
[INFO] [stderr]   Downloaded aleo-std-storage v0.1.7
[INFO] [stderr]   Downloaded unicode-xid v0.0.4
[INFO] [stderr]   Downloaded http-body v0.4.6
[INFO] [stderr]   Downloaded schannel v0.1.23
[INFO] [stderr]   Downloaded aleo-std-timer v0.1.2
[INFO] [stderr]   Downloaded aleo-std-time v0.1.2
[INFO] [stderr]   Downloaded hoot v0.1.3
[INFO] [stderr]   Downloaded redox_users v0.4.4
[INFO] [stderr]   Downloaded system-configuration-sys v0.5.0
[INFO] [stderr]   Downloaded security-framework v2.9.2
[INFO] [stderr]   Downloaded rustls v0.22.2
[INFO] [stderr]   Downloaded synom v0.11.3
[INFO] [stderr]   Downloaded enum_index_derive v0.2.0
[INFO] [stderr]   Downloaded socket2 v0.4.10
[INFO] [stderr]   Downloaded ring v0.17.7
[INFO] [stderr]   Downloaded bencher v0.1.5
[INFO] [stderr]   Downloaded snarkvm-wasm v0.9.15
[INFO] [stderr]   Downloaded libz-sys v1.1.15
[INFO] [stderr]   Downloaded snarkvm-curves v0.9.15
[INFO] [stderr]   Downloaded snarkvm-synthesizer v0.9.15
[INFO] [stderr]   Downloaded snarkvm-circuit-algorithms v0.9.15
[INFO] [stderr]   Downloaded snarkvm-console-account v0.9.15
[INFO] [stderr]   Downloaded snarkvm-console-types-group v0.9.15
[INFO] [stderr]   Downloaded snarkvm-utilities-derives v0.9.16
[INFO] [stderr]   Downloaded snarkvm-console-types-integers v0.9.15
[INFO] [stderr]   Downloaded snarkvm-circuit-account v0.9.15
[INFO] [stderr]   Downloaded snarkvm-circuit-collections v0.9.15
[INFO] [stderr]   Downloaded snarkvm-circuit-program v0.9.15
[INFO] [stderr]   Downloaded snarkvm-circuit-types-address v0.9.15
[INFO] [stderr]   Downloaded snarkvm-circuit-types-group v0.9.15
[INFO] [stderr]   Downloaded snarkvm-circuit-environment-witness v0.9.16
[INFO] [stderr]   Downloaded snarkvm-circuit-environment v0.9.15
[INFO] [stderr]   Downloaded snarkvm-circuit-types-boolean v0.9.15
[INFO] [stderr]   Downloaded snarkvm-console-program v0.9.15
[INFO] [stderr]   Downloaded snarkvm-circuit-types-string v0.9.15
[INFO] [stderr]   Downloaded snarkvm-circuit-types-integers v0.9.15
[INFO] [stderr]   Downloaded snarkvm-circuit-types-field v0.9.15
[INFO] [stderr]   Downloaded snarkvm-circuit-types v0.9.15
[INFO] [stderr]   Downloaded snarkvm-circuit v0.9.15
[INFO] [stderr]   Downloaded snarkvm-r1cs v0.9.15
[INFO] [stderr]   Downloaded snarkvm-console-collections v0.9.15
[INFO] [stderr]   Downloaded snarkvm-console-network v0.9.15
[INFO] [stderr]   Downloaded snarkvm-console-types-address v0.9.15
[INFO] [stderr]   Downloaded snarkvm-console-types-scalar v0.9.15
[INFO] [stderr]   Downloaded snarkvm-console-network-environment v0.9.15
[INFO] [stderr]   Downloaded snarkvm-console-algorithms v0.9.15
[INFO] [stderr]   Downloaded snarkvm-console-types v0.9.15
[INFO] [stderr]   Downloaded snarkvm-algorithms v0.9.15
[INFO] [stderr]   Downloaded snarkvm-console v0.9.15
[INFO] [stderr]   Downloaded snarkvm-fields v0.9.15
[INFO] [stderr]   Downloaded snarkvm-utilities v0.9.15
[INFO] [stderr]   Downloaded snarkvm-console-types-boolean v0.9.15
[INFO] [stderr]   Downloaded snarkvm-console-types-string v0.9.15
[INFO] [stderr]   Downloaded curl-sys v0.4.71+curl-8.6.0
[INFO] [stderr]   Downloaded blake2 v0.10.6
[INFO] [stderr]   Downloaded snarkvm-circuit-network v0.9.15
[INFO] [stderr]   Downloaded snarkvm-parameters v0.9.15
[INFO] [stderr]   Downloaded snarkvm-circuit-types-scalar v0.9.15
[INFO] [stderr]   Downloaded enum_index v0.2.0
[INFO] [stderr]   Downloaded quote v0.3.15
[INFO] [stderr]   Downloaded hashbrown v0.13.2
[INFO] [stderr]   Downloaded fxhash v0.2.1
[INFO] [stderr]   Downloaded blake2s_simd v1.0.2
[INFO] [stderr]   Downloaded colored v2.1.0
[INFO] [stderr]   Downloaded h2 v0.3.24
[INFO] [stderr]   Downloaded hyper v0.14.28
[INFO] [stderr]   Downloaded security-framework-sys v2.9.1
[INFO] [stderr]   Downloaded winreg v0.50.0
[INFO] [stderr]   Downloaded reqwest v0.11.24
[INFO] [stderr]   Downloaded wasm-bindgen-futures v0.4.40
[INFO] [stderr]   Downloaded snarkvm-console-types-field v0.9.15
[INFO] [stderr]   Downloaded tracing-attributes v0.1.27
[INFO] [stderr]   Downloaded rustls-webpki v0.102.2
[INFO] [stderr]   Downloaded rustls-pki-types v1.2.0
[INFO] [stderr]   Downloaded webpki-roots v0.26.1
[INFO] [stderr]   Downloaded ureq v2.9.4
[INFO] [stderr]   Downloaded libredox v0.0.1
[INFO] [stderr]   Downloaded sync_wrapper v0.1.2
[INFO] [stderr]   Downloaded system-configuration v0.5.1
[INFO] [stderr]   Downloaded hootbin v0.1.1
[INFO] [stderr]   Downloaded syn v0.11.11
[INFO] [stderr]   Downloaded curl v0.4.44
[INFO] [stderr]   Downloaded core-foundation v0.9.4
[INFO] [stderr]   Downloaded zeroize v1.7.0
[INFO] [stderr]   Downloaded aleo-std-timed v0.1.2
[INFO] [stderr]   Downloaded rustls-pemfile v1.0.4
[INFO] running `Command { std: "docker" "create" "-v" "/var/lib/crater-agent-workspace/builds/worker-2-tc1/target:/opt/rustwide/target:rw,Z" "-v" "/var/lib/crater-agent-workspace/builds/worker-2-tc1/source:/opt/rustwide/workdir:ro,Z" "-v" "/var/lib/crater-agent-workspace/cargo-home:/opt/rustwide/cargo-home:ro,Z" "-v" "/var/lib/crater-agent-workspace/rustup-home:/opt/rustwide/rustup-home:ro,Z" "-e" "SOURCE_DIR=/opt/rustwide/workdir" "-e" "CARGO_TARGET_DIR=/opt/rustwide/target" "-e" "CARGO_HOME=/opt/rustwide/cargo-home" "-e" "RUSTUP_HOME=/opt/rustwide/rustup-home" "-w" "/opt/rustwide/workdir" "-m" "1610612736" "--user" "0:0" "--network" "none" "ghcr.io/rust-lang/crates-build-env/linux@sha256:2788e3201cd34a07e3172128adcd8b3090168a8e3bcc40d7c032b9dda1df7d1c" "/opt/rustwide/cargo-home/bin/cargo" "+nightly-2024-02-05" "metadata" "--no-deps" "--format-version=1", kill_on_drop: false }`
[INFO] [stdout] 4dcd9093bec379e306787a387b3427366011f8fc07cc68820da529cdab94e7ae
[INFO] running `Command { std: "docker" "start" "-a" "4dcd9093bec379e306787a387b3427366011f8fc07cc68820da529cdab94e7ae", kill_on_drop: false }`
[INFO] running `Command { std: "docker" "inspect" "4dcd9093bec379e306787a387b3427366011f8fc07cc68820da529cdab94e7ae", kill_on_drop: false }`
[INFO] running `Command { std: "docker" "rm" "-f" "4dcd9093bec379e306787a387b3427366011f8fc07cc68820da529cdab94e7ae", kill_on_drop: false }`
[INFO] [stdout] 4dcd9093bec379e306787a387b3427366011f8fc07cc68820da529cdab94e7ae
[INFO] running `Command { std: "docker" "create" "-v" "/var/lib/crater-agent-workspace/builds/worker-2-tc1/target:/opt/rustwide/target:rw,Z" "-v" "/var/lib/crater-agent-workspace/builds/worker-2-tc1/source:/opt/rustwide/workdir:ro,Z" "-v" "/var/lib/crater-agent-workspace/cargo-home:/opt/rustwide/cargo-home:ro,Z" "-v" "/var/lib/crater-agent-workspace/rustup-home:/opt/rustwide/rustup-home:ro,Z" "-e" "SOURCE_DIR=/opt/rustwide/workdir" "-e" "CARGO_TARGET_DIR=/opt/rustwide/target" "-e" "CARGO_INCREMENTAL=0" "-e" "RUST_BACKTRACE=full" "-e" "RUSTFLAGS=--cap-lints=forbid" "-e" "RUSTDOCFLAGS=--cap-lints=forbid" "-e" "CARGO_HOME=/opt/rustwide/cargo-home" "-e" "RUSTUP_HOME=/opt/rustwide/rustup-home" "-w" "/opt/rustwide/workdir" "-m" "1610612736" "--user" "0:0" "--network" "none" "ghcr.io/rust-lang/crates-build-env/linux@sha256:2788e3201cd34a07e3172128adcd8b3090168a8e3bcc40d7c032b9dda1df7d1c" "/opt/rustwide/cargo-home/bin/cargo" "+nightly-2024-02-05" "check" "--frozen" "--all" "--all-targets" "--message-format=json", kill_on_drop: false }`
[INFO] [stdout] 30fed959ef0d49f007786d86344ff6cb0f66cc9a3ea0a148d8a147abc34d7711
[INFO] running `Command { std: "docker" "start" "-a" "30fed959ef0d49f007786d86344ff6cb0f66cc9a3ea0a148d8a147abc34d7711", kill_on_drop: false }`
[INFO] [stderr]    Compiling libc v0.2.153
[INFO] [stderr]    Compiling serde v1.0.196
[INFO] [stderr]     Checking hashbrown v0.14.3
[INFO] [stderr]     Checking equivalent v1.0.1
[INFO] [stderr]    Compiling syn v1.0.109
[INFO] [stderr]    Compiling serde_json v1.0.113
[INFO] [stderr]    Compiling crossbeam-utils v0.8.19
[INFO] [stderr]    Compiling syn v2.0.48
[INFO] [stderr]    Compiling num-traits v0.2.17
[INFO] [stderr]    Compiling rayon-core v1.12.1
[INFO] [stderr]    Compiling num-integer v0.1.45
[INFO] [stderr]    Compiling pkg-config v0.3.29
[INFO] [stderr]     Checking either v1.9.0
[INFO] [stderr]     Checking indexmap v2.2.2
[INFO] [stderr]     Checking crossbeam-epoch v0.9.18
[INFO] [stderr]     Checking crossbeam-deque v0.8.5
[INFO] [stderr]    Compiling num-bigint v0.4.4
[INFO] [stderr]    Compiling vcpkg v0.2.15
[INFO] [stderr]    Compiling anyhow v1.0.79
[INFO] [stderr]     Checking getrandom v0.2.12
[INFO] [stderr]     Checking dirs-sys v0.3.7
[INFO] [stderr]     Checking rayon v1.8.1
[INFO] [stderr]     Checking aleo-std-profiler v0.1.15
[INFO] [stderr]    Compiling cc v1.0.83
[INFO] [stderr]     Checking rand_core v0.6.4
[INFO] [stderr]     Checking dirs v4.0.0
[INFO] [stderr]     Checking aleo-std-storage v0.1.7
[INFO] [stderr]     Checking rand_chacha v0.3.1
[INFO] [stderr]     Checking aleo-std-timer v0.1.2
[INFO] [stderr]     Checking aleo-std-cpu v0.1.4
[INFO] [stderr]     Checking rand_xorshift v0.3.0
[INFO] [stderr]     Checking num_cpus v1.16.0
[INFO] [stderr]     Checking rand v0.8.5
[INFO] [stderr]     Checking itertools v0.10.5
[INFO] [stderr]     Checking minimal-lexical v0.2.1
[INFO] [stderr]     Checking memchr v2.7.1
[INFO] [stderr]     Checking bech32 v0.9.1
[INFO] [stderr]     Checking nom v7.1.3
[INFO] [stderr]    Compiling wasm-bindgen-shared v0.2.90
[INFO] [stderr]     Checking mio v0.8.10
[INFO] [stderr]    Compiling openssl-sys v0.9.99
[INFO] [stderr]     Checking socket2 v0.5.5
[INFO] [stderr]    Compiling libz-sys v1.1.15
[INFO] [stderr]     Checking tokio v1.36.0
[INFO] [stderr]     Checking foreign-types-shared v0.1.1
[INFO] [stderr]    Compiling bumpalo v3.14.0
[INFO] [stderr]    Compiling openssl v0.10.63
[INFO] [stderr]    Compiling once_cell v1.19.0
[INFO] [stderr]     Checking foreign-types v0.3.2
[INFO] [stderr]     Checking openssl-probe v0.1.5
[INFO] [stderr]     Checking futures-task v0.3.30
[INFO] [stderr]    Compiling native-tls v0.2.11
[INFO] [stderr]    Compiling wasm-bindgen-backend v0.2.90
[INFO] [stderr]     Checking subtle v2.5.0
[INFO] [stderr]     Checking bitflags v2.4.2
[INFO] [stderr]     Checking futures-util v0.3.30
[INFO] [stderr]     Checking unicode-normalization v0.1.22
[INFO] [stderr]    Compiling curl-sys v0.4.71+curl-8.6.0
[INFO] [stderr]    Compiling wasm-bindgen v0.2.90
[INFO] [stderr]     Checking unicode-bidi v0.3.15
[INFO] [stderr]     Checking smallvec v1.13.1
[INFO] [stderr]     Checking try-lock v0.2.5
[INFO] [stderr]     Checking want v0.3.1
[INFO] [stderr]     Checking crypto-common v0.1.6
[INFO] [stderr]    Compiling wasm-bindgen-macro-support v0.2.90
[INFO] [stderr]     Checking http-body v0.4.6
[INFO] [stderr]     Checking idna v0.3.0
[INFO] [stderr]     Checking futures-channel v0.3.30
[INFO] [stderr]    Compiling indexmap v1.9.3
[INFO] [stderr]     Checking tower-service v0.3.2
[INFO] [stderr]     Checking url v2.3.1
[INFO] [stderr]     Checking digest v0.10.7
[INFO] [stderr]    Compiling ahash v0.8.7
[INFO] [stderr]    Compiling curl v0.4.44
[INFO] [stderr]     Checking hashbrown v0.12.3
[INFO] [stderr]     Checking parking_lot_core v0.9.9
[INFO] [stderr]     Checking rustls-pemfile v1.0.4
[INFO] [stderr]     Checking socket2 v0.4.10
[INFO] [stderr]     Checking ipnet v2.9.0
[INFO] [stderr]    Compiling aleo-std-timed v0.1.2
[INFO] [stderr]    Compiling aleo-std-time v0.1.2
[INFO] [stderr]    Compiling derivative v2.2.0
[INFO] [stderr]     Checking constant_time_eq v0.3.0
[INFO] [stderr]    Compiling serde_derive v1.0.196
[INFO] [stderr]    Compiling thiserror-impl v1.0.56
[INFO] [stderr]    Compiling snarkvm-utilities-derives v0.9.16
[INFO] [stderr]    Compiling tracing-attributes v0.1.27
[INFO] [stderr]    Compiling openssl-macros v0.1.1
[INFO] [stderr]    Compiling wasm-bindgen-macro v0.2.90
[INFO] [stderr]     Checking aleo-std v0.1.24
[INFO] [stderr]     Checking sync_wrapper v0.1.2
[INFO] [stderr]     Checking arrayref v0.3.7
[INFO] [stderr]     Checking byteorder v1.5.0
[INFO] [stderr]     Checking arrayvec v0.7.4
[INFO] [stderr]     Checking blake2s_simd v1.0.2
[INFO] [stderr]     Checking fxhash v0.2.1
[INFO] [stderr]     Checking colored v2.1.0
[INFO] [stderr]     Checking parking_lot v0.12.1
[INFO] [stderr]     Checking sha2 v0.10.8
[INFO] [stderr]     Checking hex v0.4.3
[INFO] [stderr]     Checking hashbrown v0.13.2
[INFO] [stderr]    Compiling snarkvm-circuit-types-boolean v0.9.15
[INFO] [stderr]    Compiling snarkvm-circuit-environment-witness v0.9.16
[INFO] [stderr]    Compiling snarkvm-circuit-types-field v0.9.15
[INFO] [stderr]    Compiling snarkvm-circuit-types-scalar v0.9.15
[INFO] [stderr]    Compiling snarkvm-circuit-types-integers v0.9.15
[INFO] [stderr]    Compiling snarkvm-circuit-types-group v0.9.15
[INFO] [stderr]     Checking thiserror v1.0.56
[INFO] [stderr]    Compiling snarkvm-circuit-types-string v0.9.15
[INFO] [stderr]     Checking tracing v0.1.40
[INFO] [stderr]    Compiling snarkvm-circuit-types-address v0.9.15
[INFO] [stderr]    Compiling unicode-xid v0.0.4
[INFO] [stderr]    Compiling snarkvm-circuit-algorithms v0.9.15
[INFO] [stderr]     Checking tokio-util v0.7.10
[INFO] [stderr]    Compiling synom v0.11.3
[INFO] [stderr]    Compiling ring v0.17.7
[INFO] [stderr]    Compiling snarkvm-circuit-collections v0.9.15
[INFO] [stderr]    Compiling quote v0.3.15
[INFO] [stderr]     Checking bs58 v0.4.0
[INFO] [stderr]    Compiling snarkvm-circuit-network v0.9.15
[INFO] [stderr]    Compiling syn v0.11.11
[INFO] [stderr]    Compiling num-derive v0.3.3
[INFO] [stderr]     Checking untrusted v0.9.0
[INFO] [stderr]     Checking rustls-pki-types v1.2.0
[INFO] [stderr]     Checking h2 v0.3.24
[INFO] [stderr]     Checking enum_index v0.2.0
[INFO] [stderr]    Compiling snarkvm-circuit-account v0.9.15
[INFO] [stderr]    Compiling crc32fast v1.3.2
[INFO] [stderr]     Checking spin v0.9.8
[INFO] [stderr]    Compiling snarkvm-circuit-program v0.9.15
[INFO] [stderr]     Checking adler v1.0.2
[INFO] [stderr]    Compiling rustls v0.22.2
[INFO] [stderr]     Checking miniz_oxide v0.7.2
[INFO] [stderr]     Checking hoot v0.1.3
[INFO] [stderr]     Checking fastrand v2.0.1
[INFO] [stderr]     Checking zeroize v1.7.0
[INFO] [stderr]     Checking flate2 v1.0.28
[INFO] [stderr]     Checking webpki-roots v0.26.1
[INFO] [stderr]     Checking tokio-native-tls v0.3.1
[INFO] [stderr]    Compiling enum_index_derive v0.2.0
[INFO] [stderr]     Checking blake2 v0.10.6
[INFO] [stderr]     Checking bencher v0.1.5
[INFO] [stderr]     Checking hyper v0.14.28
[INFO] [stderr]     Checking hyper-tls v0.5.0
[INFO] [stderr]     Checking bincode v1.3.3
[INFO] [stderr]     Checking serde_urlencoded v0.7.1
[INFO] [stderr]     Checking reqwest v0.11.24
[INFO] [stderr]     Checking rustls-webpki v0.102.2
[INFO] [stderr]     Checking snarkvm-utilities v0.9.15
[INFO] [stderr]     Checking hootbin v0.1.1
[INFO] [stderr]     Checking snarkvm-fields v0.9.15
[INFO] [stderr]     Checking js-sys v0.3.67
[INFO] [stderr]     Checking snarkvm-curves v0.9.15
[INFO] [stderr]     Checking snarkvm-console-network-environment v0.9.15
[INFO] [stderr]     Checking snarkvm-r1cs v0.9.15
[INFO] [stderr]     Checking ureq v2.9.4
[INFO] [stderr]     Checking snarkvm-console-types-boolean v0.9.15
[INFO] [stderr]     Checking snarkvm-console-types-field v0.9.15
[INFO] [stderr]     Checking snarkvm-console-types-scalar v0.9.15
[INFO] [stderr]     Checking snarkvm-console-types-integers v0.9.15
[INFO] [stderr]     Checking snarkvm-console-types-group v0.9.15
[INFO] [stderr]     Checking snarkvm-console-types-string v0.9.15
[INFO] [stderr]     Checking snarkvm-console-types-address v0.9.15
[INFO] [stderr]     Checking snarkvm-console-types v0.9.15
[INFO] [stderr]     Checking snarkvm-console-algorithms v0.9.15
[INFO] [stderr]     Checking wasm-bindgen-futures v0.4.40
[INFO] [stderr]     Checking snarkvm-console-collections v0.9.15
[INFO] [stderr]     Checking snarkvm-parameters v0.9.15
[INFO] [stderr]     Checking snarkvm-algorithms v0.9.15
[INFO] [stderr]     Checking snarkvm-console-network v0.9.15
[INFO] [stderr]     Checking snarkvm-circuit-environment v0.9.15
[INFO] [stderr]     Checking snarkvm-console-account v0.9.15
[INFO] [stderr]     Checking snarkvm-console-program v0.9.15
[INFO] [stderr]     Checking snarkvm-console v0.9.15
[INFO] [stderr]     Checking snarkvm-circuit-types v0.9.15
[INFO] [stderr]     Checking snarkvm-circuit v0.9.15
[INFO] [stderr]     Checking snarkvm-synthesizer v0.9.15
[INFO] [stderr]     Checking snarkvm-wasm v0.9.15
[INFO] [stderr]     Checking aleo-account v0.3.3 (/opt/rustwide/workdir)
[INFO] [stdout] error[E0432]: unresolved import `snarkvm_wasm::program`
[INFO] [stdout]   --> src/lib.rs:30:5
[INFO] [stdout]    |
[INFO] [stdout] 30 |     program::{Ciphertext as AleoCiphertext, Plaintext as AleoPlaintext, Record as AleoRecord},
[INFO] [stdout]    |     ^^^^^^^ could not find `program` in `snarkvm_wasm`
[INFO] [stdout] 
[INFO] [stdout] 
[INFO] [stdout] error[E0432]: unresolved import `snarkvm_wasm::program`
[INFO] [stdout]   --> src/lib.rs:30:5
[INFO] [stdout]    |
[INFO] [stdout] 30 |     program::{Ciphertext as AleoCiphertext, Plaintext as AleoPlaintext, Record as AleoRecord},
[INFO] [stdout]    |     ^^^^^^^ could not find `program` in `snarkvm_wasm`
[INFO] [stdout] 
[INFO] [stdout] 
[INFO] [stdout] error: aborting due to 1 previous error
[INFO] [stdout] 
[INFO] [stdout] 
[INFO] [stdout] For more information about this error, try `rustc --explain E0432`.
[INFO] [stdout] 
[INFO] [stderr] error: could not compile `aleo-account` (lib) due to 2 previous errors
[INFO] [stderr] warning: build failed, waiting for other jobs to finish...
[INFO] [stdout] error: aborting due to 1 previous error
[INFO] [stdout] 
[INFO] [stdout] 
[INFO] [stdout] For more information about this error, try `rustc --explain E0432`.
[INFO] [stdout] 
[INFO] [stderr] error: could not compile `aleo-account` (lib test) due to 2 previous errors
[INFO] running `Command { std: "docker" "inspect" "30fed959ef0d49f007786d86344ff6cb0f66cc9a3ea0a148d8a147abc34d7711", kill_on_drop: false }`
[INFO] running `Command { std: "docker" "rm" "-f" "30fed959ef0d49f007786d86344ff6cb0f66cc9a3ea0a148d8a147abc34d7711", kill_on_drop: false }`
[INFO] [stdout] 30fed959ef0d49f007786d86344ff6cb0f66cc9a3ea0a148d8a147abc34d7711
[INFO] checking aleo-account-0.3.3 against nightly-2024-02-05+rustflags=-Dunexpected_cfgs+cargoflags=-Zcheck-cfg for check-cfg
[INFO] extracting crate aleo-account 0.3.3 into /workspace/builds/worker-2-tc2/source
[INFO] validating manifest of crates.io crate aleo-account 0.3.3 on toolchain nightly-2024-02-05
[INFO] running `Command { std: CARGO_HOME="/workspace/cargo-home" RUSTUP_HOME="/workspace/rustup-home" "/workspace/cargo-home/bin/cargo" "+nightly-2024-02-05" "metadata" "--manifest-path" "Cargo.toml" "--no-deps", kill_on_drop: false }`
[INFO] started tweaking crates.io crate aleo-account 0.3.3
[INFO] finished tweaking crates.io crate aleo-account 0.3.3
[INFO] tweaked toml for crates.io crate aleo-account 0.3.3 written to /workspace/builds/worker-2-tc2/source/Cargo.toml
[INFO] running `Command { std: CARGO_HOME="/workspace/cargo-home" RUSTUP_HOME="/workspace/rustup-home" "/workspace/cargo-home/bin/cargo" "+nightly-2024-02-05" "generate-lockfile" "--manifest-path" "Cargo.toml", kill_on_drop: false }`
[INFO] [stderr]     Updating crates.io index
[INFO] running `Command { std: CARGO_HOME="/workspace/cargo-home" RUSTUP_HOME="/workspace/rustup-home" "/workspace/cargo-home/bin/cargo" "+nightly-2024-02-05" "fetch" "--manifest-path" "Cargo.toml", kill_on_drop: false }`
[INFO] running `Command { std: "docker" "create" "-v" "/var/lib/crater-agent-workspace/builds/worker-2-tc2/target:/opt/rustwide/target:rw,Z" "-v" "/var/lib/crater-agent-workspace/builds/worker-2-tc2/source:/opt/rustwide/workdir:ro,Z" "-v" "/var/lib/crater-agent-workspace/cargo-home:/opt/rustwide/cargo-home:ro,Z" "-v" "/var/lib/crater-agent-workspace/rustup-home:/opt/rustwide/rustup-home:ro,Z" "-e" "SOURCE_DIR=/opt/rustwide/workdir" "-e" "CARGO_TARGET_DIR=/opt/rustwide/target" "-e" "CARGO_HOME=/opt/rustwide/cargo-home" "-e" "RUSTUP_HOME=/opt/rustwide/rustup-home" "-w" "/opt/rustwide/workdir" "-m" "1610612736" "--user" "0:0" "--network" "none" "ghcr.io/rust-lang/crates-build-env/linux@sha256:2788e3201cd34a07e3172128adcd8b3090168a8e3bcc40d7c032b9dda1df7d1c" "/opt/rustwide/cargo-home/bin/cargo" "+nightly-2024-02-05" "metadata" "--no-deps" "--format-version=1", kill_on_drop: false }`
[INFO] [stdout] 50ba65ccbf610ac48590e8021929fcf07a5a9fe784c9ef554ad7112000fb211d
[INFO] running `Command { std: "docker" "start" "-a" "50ba65ccbf610ac48590e8021929fcf07a5a9fe784c9ef554ad7112000fb211d", kill_on_drop: false }`
[INFO] running `Command { std: "docker" "inspect" "50ba65ccbf610ac48590e8021929fcf07a5a9fe784c9ef554ad7112000fb211d", kill_on_drop: false }`
[INFO] running `Command { std: "docker" "rm" "-f" "50ba65ccbf610ac48590e8021929fcf07a5a9fe784c9ef554ad7112000fb211d", kill_on_drop: false }`
[INFO] [stdout] 50ba65ccbf610ac48590e8021929fcf07a5a9fe784c9ef554ad7112000fb211d
[INFO] running `Command { std: "docker" "create" "-v" "/var/lib/crater-agent-workspace/builds/worker-2-tc2/target:/opt/rustwide/target:rw,Z" "-v" "/var/lib/crater-agent-workspace/builds/worker-2-tc2/source:/opt/rustwide/workdir:ro,Z" "-v" "/var/lib/crater-agent-workspace/cargo-home:/opt/rustwide/cargo-home:ro,Z" "-v" "/var/lib/crater-agent-workspace/rustup-home:/opt/rustwide/rustup-home:ro,Z" "-e" "SOURCE_DIR=/opt/rustwide/workdir" "-e" "CARGO_TARGET_DIR=/opt/rustwide/target" "-e" "CARGO_INCREMENTAL=0" "-e" "RUST_BACKTRACE=full" "-e" "RUSTFLAGS=--cap-lints=forbid -Dunexpected_cfgs" "-e" "RUSTDOCFLAGS=--cap-lints=forbid" "-e" "CARGO_HOME=/opt/rustwide/cargo-home" "-e" "RUSTUP_HOME=/opt/rustwide/rustup-home" "-w" "/opt/rustwide/workdir" "-m" "1610612736" "--user" "0:0" "--network" "none" "ghcr.io/rust-lang/crates-build-env/linux@sha256:2788e3201cd34a07e3172128adcd8b3090168a8e3bcc40d7c032b9dda1df7d1c" "/opt/rustwide/cargo-home/bin/cargo" "+nightly-2024-02-05" "check" "--frozen" "--all" "--all-targets" "--message-format=json" "-Zcheck-cfg", kill_on_drop: false }`
[INFO] [stdout] a0fe0e9dbfd067b0b77d099ea4012ad2a1d3b20a924c9db2bfde070cc0e01598
[INFO] running `Command { std: "docker" "start" "-a" "a0fe0e9dbfd067b0b77d099ea4012ad2a1d3b20a924c9db2bfde070cc0e01598", kill_on_drop: false }`
[INFO] [stderr]    Compiling libc v0.2.153
[INFO] [stderr]    Compiling serde v1.0.196
[INFO] [stderr]     Checking equivalent v1.0.1
[INFO] [stderr]     Checking hashbrown v0.14.3
[INFO] [stderr]    Compiling crossbeam-utils v0.8.19
[INFO] [stderr]    Compiling syn v1.0.109
[INFO] [stderr]    Compiling serde_json v1.0.113
[INFO] [stderr]    Compiling syn v2.0.48
[INFO] [stderr]    Compiling num-traits v0.2.17
[INFO] [stderr]    Compiling rayon-core v1.12.1
[INFO] [stderr]    Compiling num-integer v0.1.45
[INFO] [stderr]    Compiling pkg-config v0.3.29
[INFO] [stderr]     Checking indexmap v2.2.2
[INFO] [stderr]     Checking either v1.9.0
[INFO] [stderr]     Checking crossbeam-epoch v0.9.18
[INFO] [stderr]     Checking crossbeam-deque v0.8.5
[INFO] [stderr]    Compiling num-bigint v0.4.4
[INFO] [stderr]    Compiling vcpkg v0.2.15
[INFO] [stderr]    Compiling anyhow v1.0.79
[INFO] [stderr]     Checking rayon v1.8.1
[INFO] [stderr]     Checking aleo-std-cpu v0.1.4
[INFO] [stderr]     Checking getrandom v0.2.12
[INFO] [stderr]    Compiling cc v1.0.83
[INFO] [stderr]     Checking dirs-sys v0.3.7
[INFO] [stderr]     Checking rand_core v0.6.4
[INFO] [stderr]     Checking dirs v4.0.0
[INFO] [stderr]     Checking aleo-std-timer v0.1.2
[INFO] [stderr]     Checking aleo-std-storage v0.1.7
[INFO] [stderr]     Checking aleo-std-profiler v0.1.15
[INFO] [stderr]     Checking num_cpus v1.16.0
[INFO] [stderr]     Checking rand_chacha v0.3.1
[INFO] [stderr]     Checking rand_xorshift v0.3.0
[INFO] [stderr]     Checking itertools v0.10.5
[INFO] [stderr]     Checking rand v0.8.5
[INFO] [stderr]     Checking minimal-lexical v0.2.1
[INFO] [stderr]     Checking memchr v2.7.1
[INFO] [stderr]     Checking nom v7.1.3
[INFO] [stderr]     Checking bech32 v0.9.1
[INFO] [stderr]    Compiling wasm-bindgen-shared v0.2.90
[INFO] [stderr]    Compiling openssl-sys v0.9.99
[INFO] [stderr]     Checking mio v0.8.10
[INFO] [stderr]     Checking socket2 v0.5.5
[INFO] [stderr]    Compiling libz-sys v1.1.15
[INFO] [stderr]     Checking foreign-types-shared v0.1.1
[INFO] [stderr]     Checking tokio v1.36.0
[INFO] [stderr]    Compiling once_cell v1.19.0
[INFO] [stderr]    Compiling bumpalo v3.14.0
[INFO] [stderr]    Compiling openssl v0.10.63
[INFO] [stderr]    Compiling wasm-bindgen-backend v0.2.90
[INFO] [stderr]     Checking foreign-types v0.3.2
[INFO] [stderr]     Checking bitflags v2.4.2
[INFO] [stderr]    Compiling native-tls v0.2.11
[INFO] [stderr]     Checking openssl-probe v0.1.5
[INFO] [stderr]     Checking subtle v2.5.0
[INFO] [stderr]     Checking futures-task v0.3.30
[INFO] [stderr]     Checking unicode-normalization v0.1.22
[INFO] [stderr]    Compiling curl-sys v0.4.71+curl-8.6.0
[INFO] [stderr]     Checking futures-util v0.3.30
[INFO] [stderr]     Checking unicode-bidi v0.3.15
[INFO] [stderr]     Checking smallvec v1.13.1
[INFO] [stderr]     Checking try-lock v0.2.5
[INFO] [stderr]    Compiling wasm-bindgen-macro-support v0.2.90
[INFO] [stderr]    Compiling wasm-bindgen v0.2.90
[INFO] [stderr]     Checking idna v0.3.0
[INFO] [stderr]     Checking want v0.3.1
[INFO] [stderr]     Checking crypto-common v0.1.6
[INFO] [stderr]     Checking http-body v0.4.6
[INFO] [stderr]     Checking futures-channel v0.3.30
[INFO] [stderr]    Compiling indexmap v1.9.3
[INFO] [stderr]     Checking tower-service v0.3.2
[INFO] [stderr]     Checking url v2.3.1
[INFO] [stderr]     Checking digest v0.10.7
[INFO] [stderr]    Compiling ahash v0.8.7
[INFO] [stderr]    Compiling curl v0.4.44
[INFO] [stderr]     Checking hashbrown v0.12.3
[INFO] [stderr]     Checking parking_lot_core v0.9.9
[INFO] [stderr]     Checking rustls-pemfile v1.0.4
[INFO] [stderr]    Compiling serde_derive v1.0.196
[INFO] [stderr]    Compiling thiserror-impl v1.0.56
[INFO] [stderr]    Compiling snarkvm-utilities-derives v0.9.16
[INFO] [stderr]    Compiling tracing-attributes v0.1.27
[INFO] [stderr]    Compiling openssl-macros v0.1.1
[INFO] [stderr]    Compiling wasm-bindgen-macro v0.2.90
[INFO] [stderr]     Checking socket2 v0.4.10
[INFO] [stderr]    Compiling aleo-std-timed v0.1.2
[INFO] [stderr]    Compiling aleo-std-time v0.1.2
[INFO] [stderr]    Compiling derivative v2.2.0
[INFO] [stderr]     Checking ipnet v2.9.0
[INFO] [stderr]     Checking byteorder v1.5.0
[INFO] [stderr]     Checking arrayvec v0.7.4
[INFO] [stderr]     Checking aleo-std v0.1.24
[INFO] [stderr]     Checking constant_time_eq v0.3.0
[INFO] [stderr]     Checking arrayref v0.3.7
[INFO] [stderr]     Checking sync_wrapper v0.1.2
[INFO] [stderr]     Checking fxhash v0.2.1
[INFO] [stderr]     Checking colored v2.1.0
[INFO] [stderr]     Checking blake2s_simd v1.0.2
[INFO] [stderr]     Checking sha2 v0.10.8
[INFO] [stderr]     Checking parking_lot v0.12.1
[INFO] [stderr]     Checking hex v0.4.3
[INFO] [stderr]     Checking thiserror v1.0.56
[INFO] [stderr]     Checking hashbrown v0.13.2
[INFO] [stderr]    Compiling snarkvm-circuit-environment-witness v0.9.16
[INFO] [stderr]    Compiling snarkvm-circuit-types-boolean v0.9.15
[INFO] [stderr]    Compiling snarkvm-circuit-types-field v0.9.15
[INFO] [stderr]    Compiling snarkvm-circuit-types-scalar v0.9.15
[INFO] [stderr]    Compiling snarkvm-circuit-types-integers v0.9.15
[INFO] [stderr]     Checking tracing v0.1.40
[INFO] [stderr]    Compiling snarkvm-circuit-types-group v0.9.15
[INFO] [stderr]    Compiling snarkvm-circuit-types-string v0.9.15
[INFO] [stderr]    Compiling snarkvm-circuit-types-address v0.9.15
[INFO] [stderr]     Checking tokio-util v0.7.10
[INFO] [stderr]    Compiling unicode-xid v0.0.4
[INFO] [stderr]    Compiling snarkvm-circuit-algorithms v0.9.15
[INFO] [stderr]    Compiling synom v0.11.3
[INFO] [stderr]    Compiling ring v0.17.7
[INFO] [stderr]     Checking bs58 v0.4.0
[INFO] [stderr]    Compiling snarkvm-circuit-collections v0.9.15
[INFO] [stderr]    Compiling quote v0.3.15
[INFO] [stderr]    Compiling snarkvm-circuit-network v0.9.15
[INFO] [stderr]     Checking h2 v0.3.24
[INFO] [stderr]    Compiling num-derive v0.3.3
[INFO] [stderr]    Compiling syn v0.11.11
[INFO] [stderr]     Checking enum_index v0.2.0
[INFO] [stderr]     Checking untrusted v0.9.0
[INFO] [stderr]    Compiling snarkvm-circuit-account v0.9.15
[INFO] [stderr]     Checking spin v0.9.8
[INFO] [stderr]     Checking rustls-pki-types v1.2.0
[INFO] [stderr]    Compiling crc32fast v1.3.2
[INFO] [stderr]    Compiling snarkvm-circuit-program v0.9.15
[INFO] [stderr]    Compiling rustls v0.22.2
[INFO] [stderr]     Checking adler v1.0.2
[INFO] [stderr]     Checking miniz_oxide v0.7.2
[INFO] [stderr]     Checking hoot v0.1.3
[INFO] [stderr]     Checking tokio-native-tls v0.3.1
[INFO] [stderr]    Compiling enum_index_derive v0.2.0
[INFO] [stderr]     Checking fastrand v2.0.1
[INFO] [stderr]     Checking zeroize v1.7.0
[INFO] [stderr]     Checking webpki-roots v0.26.1
[INFO] [stderr]     Checking flate2 v1.0.28
[INFO] [stderr]     Checking blake2 v0.10.6
[INFO] [stderr]     Checking bencher v0.1.5
[INFO] [stderr]     Checking hyper v0.14.28
[INFO] [stderr]     Checking rustls-webpki v0.102.2
[INFO] [stderr]     Checking bincode v1.3.3
[INFO] [stderr]     Checking serde_urlencoded v0.7.1
[INFO] [stderr]     Checking hyper-tls v0.5.0
[INFO] [stderr]     Checking reqwest v0.11.24
[INFO] [stderr]     Checking snarkvm-utilities v0.9.15
[INFO] [stderr]     Checking hootbin v0.1.1
[INFO] [stderr]     Checking snarkvm-fields v0.9.15
[INFO] [stderr]     Checking js-sys v0.3.67
[INFO] [stderr]     Checking snarkvm-curves v0.9.15
[INFO] [stderr]     Checking ureq v2.9.4
[INFO] [stderr]     Checking snarkvm-console-network-environment v0.9.15
[INFO] [stderr]     Checking snarkvm-r1cs v0.9.15
[INFO] [stderr]     Checking snarkvm-console-types-boolean v0.9.15
[INFO] [stderr]     Checking snarkvm-console-types-field v0.9.15
[INFO] [stderr]     Checking snarkvm-console-types-scalar v0.9.15
[INFO] [stderr]     Checking snarkvm-console-types-integers v0.9.15
[INFO] [stderr]     Checking snarkvm-console-types-group v0.9.15
[INFO] [stderr]     Checking snarkvm-console-types-string v0.9.15
[INFO] [stderr]     Checking snarkvm-console-types-address v0.9.15
[INFO] [stderr]     Checking snarkvm-console-types v0.9.15
[INFO] [stderr]     Checking snarkvm-console-algorithms v0.9.15
[INFO] [stderr]     Checking wasm-bindgen-futures v0.4.40
[INFO] [stderr]     Checking snarkvm-parameters v0.9.15
[INFO] [stderr]     Checking snarkvm-console-collections v0.9.15
[INFO] [stderr]     Checking snarkvm-algorithms v0.9.15
[INFO] [stderr]     Checking snarkvm-console-network v0.9.15
[INFO] [stderr]     Checking snarkvm-circuit-environment v0.9.15
[INFO] [stderr]     Checking snarkvm-console-account v0.9.15
[INFO] [stderr]     Checking snarkvm-console-program v0.9.15
[INFO] [stderr]     Checking snarkvm-circuit-types v0.9.15
[INFO] [stderr]     Checking snarkvm-console v0.9.15
[INFO] [stderr]     Checking snarkvm-circuit v0.9.15
[INFO] [stderr]     Checking snarkvm-synthesizer v0.9.15
[INFO] [stderr]     Checking snarkvm-wasm v0.9.15
[INFO] [stderr]     Checking aleo-account v0.3.3 (/opt/rustwide/workdir)
[INFO] [stdout] error[E0432]: unresolved import `snarkvm_wasm::program`
[INFO] [stdout]   --> src/lib.rs:30:5
[INFO] [stdout]    |
[INFO] [stdout] 30 |     program::{Ciphertext as AleoCiphertext, Plaintext as AleoPlaintext, Record as AleoRecord},
[INFO] [stdout]    |     ^^^^^^^ could not find `program` in `snarkvm_wasm`
[INFO] [stdout] 
[INFO] [stdout] 
[INFO] [stdout] error: aborting due to 1 previous error
[INFO] [stdout] 
[INFO] [stdout] 
[INFO] [stdout] For more information about this error, try `rustc --explain E0432`.
[INFO] [stdout] 
[INFO] [stdout] error[E0432]: unresolved import `snarkvm_wasm::program`
[INFO] [stdout]   --> src/lib.rs:30:5
[INFO] [stdout]    |
[INFO] [stdout] 30 |     program::{Ciphertext as AleoCiphertext, Plaintext as AleoPlaintext, Record as AleoRecord},
[INFO] [stdout]    |     ^^^^^^^ could not find `program` in `snarkvm_wasm`
[INFO] [stdout] 
[INFO] [stdout] 
[INFO] [stderr] error: could not compile `aleo-account` (lib test) due to 2 previous errors
[INFO] [stderr] warning: build failed, waiting for other jobs to finish...
[INFO] [stdout] error: aborting due to 1 previous error
[INFO] [stdout] 
[INFO] [stdout] 
[INFO] [stdout] For more information about this error, try `rustc --explain E0432`.
[INFO] [stdout] 
[INFO] [stderr] error: could not compile `aleo-account` (lib) due to 2 previous errors
[INFO] running `Command { std: "docker" "inspect" "a0fe0e9dbfd067b0b77d099ea4012ad2a1d3b20a924c9db2bfde070cc0e01598", kill_on_drop: false }`
[INFO] running `Command { std: "docker" "rm" "-f" "a0fe0e9dbfd067b0b77d099ea4012ad2a1d3b20a924c9db2bfde070cc0e01598", kill_on_drop: false }`
[INFO] [stdout] a0fe0e9dbfd067b0b77d099ea4012ad2a1d3b20a924c9db2bfde070cc0e01598
